000
CDHW41 PHFO 230317
CLILIH


CLIMATE REPORT
NATIONAL WEATHER SERVICE HONOLULU HI
513 PM HST THU JUN 22 2017


...................................

...THE LIHUE HI CLIMATE SUMMARY FOR JUNE 22 2017...
VALID TODAY AS OF 0500 PM LOCAL TIME.

CLIMATE NORMAL PERIOD 1981 TO 2010
CLIMATE RECORD PERIOD 1946 TO 2017


WEATHER ITEM   OBSERVED TIME   RECORD YEAR NORMAL DEPARTURE LAST
                VALUE   (LST)  VALUE       VALUE  FROM      YEAR
                                                  NORMAL
..................................................................
TEMPERATURE (F)
 TODAY
  MAXIMUM         86    257 PM  87    1981  84      2       82
  MINIMUM         75    136 AM  68    1973  73      2       72
                                      1961
  AVERAGE         81                        79      2       77

PRECIPITATION (IN)
  TODAY            0.01          0.33 1994   0.06  -0.05     0.01
  MONTH TO DATE    0.62                      1.16  -0.54     0.81
  SINCE JUN 1      0.62                      1.16  -0.54     0.81
  SINCE JAN 1     15.18                     17.00  -1.82     7.25

SNOWFALL (IN)
  TODAY            0.0
  MONTH TO DATE    0.0
  SINCE JUN 1      0.0
  SINCE JUL 1      0.0
  SNOW DEPTH      MM

DEGREE DAYS
 HEATING
  TODAY            0                         0      0        0
  MONTH TO DATE    0                         0      0        0
  SINCE JUN 1      0                         0      0        0
  SINCE JUL 1      0                         0      0        0

 COOLING
  TODAY           16                        14      2       12
  MONTH TO DATE  286                       283      3      247
  SINCE JUN 1    286                       283      3      247
  SINCE JAN 1   1754                      1522    232     1649
..................................................................


WIND (MPH)
  HIGHEST WIND SPEED    21   HIGHEST WIND DIRECTION     E (80)
  HIGHEST GUST SPEED    25   HIGHEST GUST DIRECTION     E (80)
  AVERAGE WIND SPEED    MM


SKY COVER
  POSSIBLE SUNSHINE  MM
  AVERAGE SKY COVER  MM


WEATHER CONDITIONS
 THE FOLLOWING WEATHER WAS RECORDED TODAY.
  NO SIGNIFICANT WEATHER WAS OBSERVED.


RELATIVE HUMIDITY (PERCENT)
 HIGHEST    MM
 LOWEST     MM
 AVERAGE    MM

..........................................................


THE LIHUE HI CLIMATE NORMALS FOR TOMORROW
                         NORMAL    RECORD    YEAR
 MAXIMUM TEMPERATURE (F)   84        88      1981
                                             1959
 MINIMUM TEMPERATURE (F)   73        67      1978
                                             1952


SUNRISE AND SUNSET
JUNE 22 2017..........SUNRISE   555 AM HST   SUNSET   724 PM HST
JUNE 23 2017..........SUNRISE   555 AM HST   SUNSET   724 PM HST


-  INDICATES NEGATIVE NUMBERS.
R  INDICATES RECORD WAS SET OR TIED.
MM INDICATES DATA IS MISSING.
T  INDICATES TRACE AMOUNT.




$$
