000
CDHW41 PHFO 121245
CLILIH


CLIMATE REPORT
NATIONAL WEATHER SERVICE HONOLULU HI
245 AM HST FRI FEB 12 2016


...................................

...THE LIHUE HI CLIMATE SUMMARY FOR FEBRUARY 11 2016...

CLIMATE NORMAL PERIOD 1981 TO 2010
CLIMATE RECORD PERIOD 1946 TO 2016


WEATHER ITEM   OBSERVED TIME   RECORD YEAR NORMAL DEPARTURE LAST
                VALUE   (LST)  VALUE       VALUE  FROM      YEAR
                                                  NORMAL
..................................................................
TEMPERATURE (F)
 YESTERDAY
  MAXIMUM         80    223 PM  85    1958  78      2       79
  MINIMUM         65    719 AM  56    1983  65      0       60
                                      1982
                                      1965
  AVERAGE         73                        72      1       70

PRECIPITATION (IN)
  YESTERDAY        0.01          0.61 1967   0.11  -0.10     0.00
  MONTH TO DATE    0.01                      1.22  -1.21     0.31
  SINCE DEC 1      1.75                     10.17  -8.42     2.87
  SINCE JAN 1      0.33                      4.97  -4.64     1.47

SNOWFALL (IN)
  YESTERDAY        0.0
  MONTH TO DATE    0.0
  SINCE DEC 1      0.0
  SINCE JUL 1      0.0
  SNOW DEPTH       0

DEGREE DAYS
 HEATING
  YESTERDAY        0                         0      0        0
  MONTH TO DATE    0                         0      0        0
  SINCE DEC 1      0                         0      0        0
  SINCE JUL 1      0                         0      0        0

 COOLING
  YESTERDAY        8                         7      1        5
  MONTH TO DATE   74                        77     -3       96
  SINCE DEC 1    672                       540    132      520
  SINCE JAN 1    316                       286     30      304
..................................................................


WIND (MPH)
  HIGHEST WIND SPEED    18   HIGHEST WIND DIRECTION     E (70)
  HIGHEST GUST SPEED    22   HIGHEST GUST DIRECTION     E (70)
  AVERAGE WIND SPEED     9.0


SKY COVER
  POSSIBLE SUNSHINE  MM
  AVERAGE SKY COVER 0.5


WEATHER CONDITIONS
 THE FOLLOWING WEATHER WAS RECORDED YESTERDAY.
  LIGHT RAIN


RELATIVE HUMIDITY (PERCENT)
 HIGHEST    87           500 AM
 LOWEST     62          1100 AM
 AVERAGE    75

..........................................................


THE LIHUE HI CLIMATE NORMALS FOR TODAY
                         NORMAL    RECORD    YEAR
 MAXIMUM TEMPERATURE (F)   78        85      1986
 MINIMUM TEMPERATURE (F)   65        55      1963


SUNRISE AND SUNSET
FEBRUARY 12 2016......SUNRISE   710 AM HST   SUNSET   633 PM HST
FEBRUARY 13 2016......SUNRISE   710 AM HST   SUNSET   634 PM HST


-  INDICATES NEGATIVE NUMBERS.
R  INDICATES RECORD WAS SET OR TIED.
MM INDICATES DATA IS MISSING.
T  INDICATES TRACE AMOUNT.




$$
