407
CDHW41 PHFO 180242
CLILIH


CLIMATE REPORT
NATIONAL WEATHER SERVICE HONOLULU HI
441 PM HST THU AUG 17 2017


...................................

...THE LIHUE HI CLIMATE SUMMARY FOR AUGUST 17 2017...
VALID TODAY AS OF 0400 PM LOCAL TIME.

CLIMATE NORMAL PERIOD 1981 TO 2010
CLIMATE RECORD PERIOD 1946 TO 2017


WEATHER ITEM   OBSERVED TIME   RECORD YEAR NORMAL DEPARTURE LAST
                VALUE   (LST)  VALUE       VALUE  FROM      YEAR
                                                  NORMAL
..................................................................
TEMPERATURE (F)
 TODAY
  MAXIMUM         89    113 PM  90    1981  85      4       86
  MINIMUM         78    534 AM  69    1955  75      3       74
  AVERAGE         84                        80      4       80

PRECIPITATION (IN)
  TODAY            T             0.60 1993   0.06  -0.06      T
  MONTH TO DATE    0.17                      1.24  -1.07     0.72
  SINCE JUN 1      1.82                      4.72  -2.90     3.50
  SINCE JAN 1     16.38                     20.56  -4.18     9.94

SNOWFALL (IN)
  TODAY            0.0
  MONTH TO DATE    0.0
  SINCE JUN 1      0.0
  SINCE JUL 1      0.0
  SNOW DEPTH      MM

DEGREE DAYS
 HEATING
  TODAY            0                         0      0        0
  MONTH TO DATE    0                         0      0        0
  SINCE JUN 1      0                         0      0        0
  SINCE JUL 1      0                         0      0        0

 COOLING
  TODAY           19                        15      4       15
  MONTH TO DATE  307                       254     53      264
  SINCE JUN 1   1157                      1087     70     1028
  SINCE JAN 1   2625                      2326    299     2430
..................................................................


WIND (MPH)
  HIGHEST WIND SPEED    17   HIGHEST WIND DIRECTION    NE (40)
  HIGHEST GUST SPEED    21   HIGHEST GUST DIRECTION    NE (50)
  AVERAGE WIND SPEED    MM


SKY COVER
  POSSIBLE SUNSHINE  MM
  AVERAGE SKY COVER  MM


WEATHER CONDITIONS
 THE FOLLOWING WEATHER WAS RECORDED TODAY.
  NO SIGNIFICANT WEATHER WAS OBSERVED.


RELATIVE HUMIDITY (PERCENT)
 HIGHEST    MM
 LOWEST     MM
 AVERAGE    MM

..........................................................


THE LIHUE HI CLIMATE NORMALS FOR TOMORROW
                         NORMAL    RECORD    YEAR
 MAXIMUM TEMPERATURE (F)   85        88      1981
 MINIMUM TEMPERATURE (F)   75        69      1955


SUNRISE AND SUNSET
AUGUST 17 2017........SUNRISE   616 AM HST   SUNSET   706 PM HST
AUGUST 18 2017........SUNRISE   616 AM HST   SUNSET   706 PM HST


-  INDICATES NEGATIVE NUMBERS.
R  INDICATES RECORD WAS SET OR TIED.
MM INDICATES DATA IS MISSING.
T  INDICATES TRACE AMOUNT.




$$
