000
CDHW41 PHFO 051245
CLILIH


CLIMATE REPORT
NATIONAL WEATHER SERVICE HONOLULU HI
245 AM HST THU MAR 5 2015


...................................

...THE LIHUE HI CLIMATE SUMMARY FOR MARCH 4 2015...

CLIMATE NORMAL PERIOD 1981 TO 2010
CLIMATE RECORD PERIOD 1946 TO 2015


WEATHER ITEM   OBSERVED TIME   RECORD YEAR NORMAL DEPARTURE LAST
                VALUE   (LST)  VALUE       VALUE  FROM      YEAR
                                                  NORMAL
..................................................................
TEMPERATURE (F)
 YESTERDAY
  MAXIMUM         77    352 PM  85    1986  78     -1       76
  MINIMUM         67   1124 PM  57    1950  66      1       58
  AVERAGE         72                        72      0       67

PRECIPITATION (IN)
  YESTERDAY        0.14          3.31 2012   0.15  -0.01     0.00
  MONTH TO DATE    0.23                      0.58  -0.35     0.17
  SINCE MAR 1      0.23                      0.58  -0.35     0.17
  SINCE JAN 1      2.14                      7.49  -5.35    10.57

SNOWFALL (IN)
  YESTERDAY        0.0
  MONTH TO DATE    0.0
  SINCE MAR 1      0.0
  SINCE JUL 1      0.0
  SNOW DEPTH       0

DEGREE DAYS
 HEATING
  YESTERDAY        0                         0      0        0
  MONTH TO DATE    0                         0      0        0
  SINCE MAR 1      0                         0      0        0
  SINCE JUL 1      0                         0      0        0

 COOLING
  YESTERDAY        7                         7      0        2
  MONTH TO DATE   41                        28     13       16
  SINCE MAR 1     41                        28     13       16
  SINCE JAN 1    497                       423     74      392
..................................................................


WIND (MPH)
  HIGHEST WIND SPEED    25   HIGHEST WIND DIRECTION     N (20)
  HIGHEST GUST SPEED    30   HIGHEST GUST DIRECTION     N (10)
  AVERAGE WIND SPEED    15.9


SKY COVER
  POSSIBLE SUNSHINE  MM
  AVERAGE SKY COVER 0.6


WEATHER CONDITIONS
 THE FOLLOWING WEATHER WAS RECORDED YESTERDAY.
  HEAVY RAIN
  LIGHT RAIN


RELATIVE HUMIDITY (PERCENT)
 HIGHEST    87          1000 PM
 LOWEST     60           100 PM
 AVERAGE    74

..........................................................


THE LIHUE HI CLIMATE NORMALS FOR TODAY
                         NORMAL    RECORD    YEAR
 MAXIMUM TEMPERATURE (F)   78        84      1978
 MINIMUM TEMPERATURE (F)   66        56      1987


SUNRISE AND SUNSET
MARCH  5 2015.........SUNRISE   655 AM HST   SUNSET   643 PM HST
MARCH  6 2015.........SUNRISE   654 AM HST   SUNSET   643 PM HST


-  INDICATES NEGATIVE NUMBERS.
R  INDICATES RECORD WAS SET OR TIED.
MM INDICATES DATA IS MISSING.
T  INDICATES TRACE AMOUNT.




$$
