000
CDHW41 PHFO 301245
CLILIH


CLIMATE REPORT
NATIONAL WEATHER SERVICE HONOLULU HI
245 AM HST TUE AUG 30 2016


...................................

...THE LIHUE HI CLIMATE SUMMARY FOR AUGUST 29 2016...

CLIMATE NORMAL PERIOD 1981 TO 2010
CLIMATE RECORD PERIOD 1946 TO 2016


WEATHER ITEM   OBSERVED TIME   RECORD YEAR NORMAL DEPARTURE LAST
                VALUE   (LST)  VALUE       VALUE  FROM      YEAR
                                                  NORMAL
..................................................................
TEMPERATURE (F)
 YESTERDAY
  MAXIMUM         87    130 PM  88    1996  85      2       86
                                      1987
                                      1981
  MINIMUM         78    622 AM  67    1964  75      3       76
  AVERAGE         83                        80      3       81

PRECIPITATION (IN)
  YESTERDAY        0.00          0.32 2004   0.06  -0.06     0.02
  MONTH TO DATE    1.47                      2.01  -0.54     8.78
  SINCE JUN 1      4.25                      5.49  -1.24    10.18
  SINCE JAN 1     10.69                     21.33 -10.64    16.07

SNOWFALL (IN)
  YESTERDAY        0.0
  MONTH TO DATE    0.0
  SINCE JUN 1      0.0
  SINCE JUL 1      0.0
  SNOW DEPTH       0

DEGREE DAYS
 HEATING
  YESTERDAY        0                         0      0        0
  MONTH TO DATE    0                         0      0        0
  SINCE JUN 1      0                         0      0        0
  SINCE JUL 1      0                         0      0        0

 COOLING
  YESTERDAY       18                        15      3       16
  MONTH TO DATE  457                       434     23      482
  SINCE JUN 1   1221                      1267    -46     1326
  SINCE JAN 1   2623                      2506    117     2745
..................................................................


WIND (MPH)
  HIGHEST WIND SPEED    20   HIGHEST WIND DIRECTION    NE (60)
  HIGHEST GUST SPEED    23   HIGHEST GUST DIRECTION     E (70)
  AVERAGE WIND SPEED    14.7


SKY COVER
  POSSIBLE SUNSHINE  MM
  AVERAGE SKY COVER 0.4


WEATHER CONDITIONS
 THE FOLLOWING WEATHER WAS RECORDED YESTERDAY.
  NO SIGNIFICANT WEATHER WAS OBSERVED.


RELATIVE HUMIDITY (PERCENT)
 HIGHEST    74           500 AM
 LOWEST     51           200 PM
 AVERAGE    63

..........................................................


THE LIHUE HI CLIMATE NORMALS FOR TODAY
                         NORMAL    RECORD    YEAR
 MAXIMUM TEMPERATURE (F)   85        90      1996
 MINIMUM TEMPERATURE (F)   75        67      1954


SUNRISE AND SUNSET
AUGUST 30 2016........SUNRISE   620 AM HST   SUNSET   655 PM HST
AUGUST 31 2016........SUNRISE   620 AM HST   SUNSET   654 PM HST


-  INDICATES NEGATIVE NUMBERS.
R  INDICATES RECORD WAS SET OR TIED.
MM INDICATES DATA IS MISSING.
T  INDICATES TRACE AMOUNT.




$$
