000
CDHW41 PHFO 301245
CLILIH


CLIMATE REPORT
NATIONAL WEATHER SERVICE HONOLULU HI
245 AM HST SAT AUG 30 2014


...................................

...THE LIHUE HI CLIMATE SUMMARY FOR AUGUST 29 2014...

CLIMATE NORMAL PERIOD 1981 TO 2010
CLIMATE RECORD PERIOD 1946 TO 2014


WEATHER ITEM   OBSERVED TIME   RECORD YEAR NORMAL DEPARTURE LAST
                VALUE   (LST)  VALUE       VALUE  FROM      YEAR
                                                  NORMAL
..................................................................
TEMPERATURE (F)
 YESTERDAY
  MAXIMUM         85    230 PM  88    1996  85      0       85
                                      1987
                                      1981
  MINIMUM         71    712 AM  67    1964  75     -4       72
  AVERAGE         78                        80     -2       79

PRECIPITATION (IN)
  YESTERDAY        0.00          0.32 2004   0.06  -0.06     0.07
  MONTH TO DATE    3.75                      2.01   1.74     0.74
  SINCE JUN 1      8.33                      5.49   2.84     2.40
  SINCE JAN 1     24.12                     21.33   2.79    17.20

SNOWFALL (IN)
  YESTERDAY        0.0
  MONTH TO DATE    0.0
  SINCE JUN 1      0.0
  SINCE JUL 1      0.0
  SNOW DEPTH       0

DEGREE DAYS
 HEATING
  YESTERDAY        0                         0      0        0
  MONTH TO DATE    0                         0      0        0
  SINCE JUN 1      0                         0      0        0
  SINCE JUL 1      0                         0      0        0

 COOLING
  YESTERDAY       13                        15     -2       14
  MONTH TO DATE  425                       434     -9      418
  SINCE JUN 1   1268                      1267      1     1181
  SINCE JAN 1   2489                      2506    -17     2263
..................................................................


WIND (MPH)
  HIGHEST WIND SPEED    16   HIGHEST WIND DIRECTION    NE (40)
  HIGHEST GUST SPEED    18   HIGHEST GUST DIRECTION    NE (50)
  AVERAGE WIND SPEED     8.2


SKY COVER
  POSSIBLE SUNSHINE  MM
  AVERAGE SKY COVER 0.3


WEATHER CONDITIONS
 THE FOLLOWING WEATHER WAS RECORDED YESTERDAY.
  NO SIGNIFICANT WEATHER WAS OBSERVED.


RELATIVE HUMIDITY (PERCENT)
 HIGHEST    84           400 AM
 LOWEST     59          1100 AM
 AVERAGE    72

..........................................................


THE LIHUE HI CLIMATE NORMALS FOR TODAY
                         NORMAL    RECORD    YEAR
 MAXIMUM TEMPERATURE (F)   85        90      1996
 MINIMUM TEMPERATURE (F)   75        67      1954


SUNRISE AND SUNSET
AUGUST 30 2014........SUNRISE   620 AM HST   SUNSET   656 PM HST
AUGUST 31 2014........SUNRISE   620 AM HST   SUNSET   655 PM HST


-  INDICATES NEGATIVE NUMBERS.
R  INDICATES RECORD WAS SET OR TIED.
MM INDICATES DATA IS MISSING.
T  INDICATES TRACE AMOUNT.




$$
