000
CDHW41 PHFO 101245
CLILIH


CLIMATE REPORT
NATIONAL WEATHER SERVICE HONOLULU HI
245 AM HST SAT DEC 10 2016


...................................

...THE LIHUE HI CLIMATE SUMMARY FOR DECEMBER 9 2016...

CLIMATE NORMAL PERIOD 1981 TO 2010
CLIMATE RECORD PERIOD 1946 TO 2016


WEATHER ITEM   OBSERVED TIME   RECORD YEAR NORMAL DEPARTURE LAST
                VALUE   (LST)  VALUE       VALUE  FROM      YEAR
                                                  NORMAL
..................................................................
TEMPERATURE (F)
 YESTERDAY
  MAXIMUM         80    112 PM  86    1995  79      1       83
  MINIMUM         67    653 AM  60    1966  68     -1       72
  AVERAGE         74                        74      0       78

PRECIPITATION (IN)
  YESTERDAY        T             2.58 2010   0.17  -0.17     0.07
  MONTH TO DATE    0.59                      1.44  -0.85     0.37
  SINCE DEC 1      0.59                      1.44  -0.85     0.37
  SINCE JAN 1     12.82                     33.29 -20.47    28.65

SNOWFALL (IN)
  YESTERDAY        0.0
  MONTH TO DATE    0.0
  SINCE DEC 1      0.0
  SINCE JUL 1      0.0
  SNOW DEPTH       0

DEGREE DAYS
 HEATING
  YESTERDAY        0                         0      0        0
  MONTH TO DATE    0                         0      0        0
  SINCE DEC 1      0                         0      0        0
  SINCE JUL 1      0                         0      0        0

 COOLING
  YESTERDAY        9                         9      0       13
  MONTH TO DATE   83                        81      2      106
  SINCE DEC 1     83                        81      2      106
  SINCE JAN 1   4043                      3772    271     4185
..................................................................


WIND (MPH)
  HIGHEST WIND SPEED    13   HIGHEST WIND DIRECTION    SE (140)
  HIGHEST GUST SPEED    16   HIGHEST GUST DIRECTION    SE (140)
  AVERAGE WIND SPEED     5.6


SKY COVER
  POSSIBLE SUNSHINE  MM
  AVERAGE SKY COVER 0.4


WEATHER CONDITIONS
 THE FOLLOWING WEATHER WAS RECORDED YESTERDAY.
  NO SIGNIFICANT WEATHER WAS OBSERVED.


RELATIVE HUMIDITY (PERCENT)
 HIGHEST    93           400 AM
 LOWEST     71           400 PM
 AVERAGE    82

..........................................................


THE LIHUE HI CLIMATE NORMALS FOR TODAY
                         NORMAL    RECORD    YEAR
 MAXIMUM TEMPERATURE (F)   79        MM      2010
 MINIMUM TEMPERATURE (F)   68        56      1972


SUNRISE AND SUNSET
DECEMBER 10 2016......SUNRISE   706 AM HST   SUNSET   555 PM HST
DECEMBER 11 2016......SUNRISE   707 AM HST   SUNSET   555 PM HST


-  INDICATES NEGATIVE NUMBERS.
R  INDICATES RECORD WAS SET OR TIED.
MM INDICATES DATA IS MISSING.
T  INDICATES TRACE AMOUNT.




$$
