000
CDHW41 PHFO 251245
CLILIH


CLIMATE REPORT
NATIONAL WEATHER SERVICE HONOLULU HI
245 AM HST SUN JAN 25 2015


...................................

...THE LIHUE HI CLIMATE SUMMARY FOR JANUARY 24 2015...

CLIMATE NORMAL PERIOD 1981 TO 2010
CLIMATE RECORD PERIOD 1946 TO 2015


WEATHER ITEM   OBSERVED TIME   RECORD YEAR NORMAL DEPARTURE LAST
                VALUE   (LST)  VALUE       VALUE  FROM      YEAR
                                                  NORMAL
..................................................................
TEMPERATURE (F)
 YESTERDAY
  MAXIMUM         77    238 PM  84    1981  78     -1       78
  MINIMUM         66    833 PM  54    1969  65      1       58
  AVERAGE         72                        72      0       68

PRECIPITATION (IN)
  YESTERDAY        0.00         10.73 1956   0.11  -0.11     0.00
  MONTH TO DATE    1.16                      2.94  -1.78     1.09
  SINCE DEC 1      2.56                      8.14  -5.58     6.37
  SINCE JAN 1      1.16                      2.94  -1.78     1.09

SNOWFALL (IN)
  YESTERDAY        0.0
  MONTH TO DATE    0.0
  SINCE DEC 1      0.0
  SINCE JUL 1      0.0
  SNOW DEPTH       0

DEGREE DAYS
 HEATING
  YESTERDAY        0                         0      0        0
  MONTH TO DATE    0                         0      0        0
  SINCE DEC 1      0                         0      0        0
  SINCE JUL 1      0                         0      0        0

 COOLING
  YESTERDAY        7                         7      0        3
  MONTH TO DATE  158                       168    -10      155
  SINCE DEC 1    374                       422    -48      440
  SINCE JAN 1    158                       168    -10      155
..................................................................


WIND (MPH)
  HIGHEST WIND SPEED    23   HIGHEST WIND DIRECTION     N (350)
  HIGHEST GUST SPEED    29   HIGHEST GUST DIRECTION     N (360)
  AVERAGE WIND SPEED    11.9


SKY COVER
  POSSIBLE SUNSHINE  MM
  AVERAGE SKY COVER 0.8


WEATHER CONDITIONS
 THE FOLLOWING WEATHER WAS RECORDED YESTERDAY.
  NO SIGNIFICANT WEATHER WAS OBSERVED.


RELATIVE HUMIDITY (PERCENT)
 HIGHEST    84          1200 AM
 LOWEST     60           100 PM
 AVERAGE    72

..........................................................


THE LIHUE HI CLIMATE NORMALS FOR TODAY
                         NORMAL    RECORD    YEAR
 MAXIMUM TEMPERATURE (F)   78        83      2007
                                             1981
 MINIMUM TEMPERATURE (F)   65        53      1969


SUNRISE AND SUNSET
JANUARY 25 2015.......SUNRISE   718 AM HST   SUNSET   622 PM HST
JANUARY 26 2015.......SUNRISE   717 AM HST   SUNSET   623 PM HST


-  INDICATES NEGATIVE NUMBERS.
R  INDICATES RECORD WAS SET OR TIED.
MM INDICATES DATA IS MISSING.
T  INDICATES TRACE AMOUNT.




$$
