418
CDHW41 PHFO 291245
CLILIH


CLIMATE REPORT
NATIONAL WEATHER SERVICE HONOLULU HI
245 AM HST FRI JUL 29 2016


...................................

...THE LIHUE HI CLIMATE SUMMARY FOR JULY 28 2016...

CLIMATE NORMAL PERIOD 1981 TO 2010
CLIMATE RECORD PERIOD 1946 TO 2016


WEATHER ITEM   OBSERVED TIME   RECORD YEAR NORMAL DEPARTURE LAST
                VALUE   (LST)  VALUE       VALUE  FROM      YEAR
                                                  NORMAL
..................................................................
TEMPERATURE (F)
 YESTERDAY
  MAXIMUM         87    150 PM  88    2015  84      3       88
                                      1982
  MINIMUM         78   1159 PM  68    1965  74      4       79
  AVERAGE         83                        79      4       84

PRECIPITATION (IN)
  YESTERDAY        0.00          0.64 1954   0.07  -0.07      T
  MONTH TO DATE    1.43                      1.66  -0.23     0.42
  SINCE JUN 1      2.51                      3.27  -0.76     1.40
  SINCE JAN 1      8.95                     19.11 -10.16     7.29

SNOWFALL (IN)
  YESTERDAY        0.0
  MONTH TO DATE    0.0
  SINCE JUN 1      0.0
  SINCE JUL 1      0.0
  SNOW DEPTH       0

DEGREE DAYS
 HEATING
  YESTERDAY        0                         0      0        0
  MONTH TO DATE    0                         0      0        0
  SINCE JUN 1      0                         0      0        0
  SINCE JUL 1      0                         0      0        0

 COOLING
  YESTERDAY       18                        14      4       19
  MONTH TO DATE  373                       392    -19      398
  SINCE JUN 1    718                       786    -68      807
  SINCE JAN 1   2120                      2025     95     2226
..................................................................


WIND (MPH)
  HIGHEST WIND SPEED    23   HIGHEST WIND DIRECTION    NE (50)
  HIGHEST GUST SPEED    27   HIGHEST GUST DIRECTION    NE (40)
  AVERAGE WIND SPEED    17.1


SKY COVER
  POSSIBLE SUNSHINE  MM
  AVERAGE SKY COVER 0.7


WEATHER CONDITIONS
 THE FOLLOWING WEATHER WAS RECORDED YESTERDAY.
  NO SIGNIFICANT WEATHER WAS OBSERVED.


RELATIVE HUMIDITY (PERCENT)
 HIGHEST    79           700 PM
 LOWEST     57          1200 PM
 AVERAGE    68

..........................................................


THE LIHUE HI CLIMATE NORMALS FOR TODAY
                         NORMAL    RECORD    YEAR
 MAXIMUM TEMPERATURE (F)   84        88      2008
                                             1982
 MINIMUM TEMPERATURE (F)   75        67      1965


SUNRISE AND SUNSET
JULY 29 2016..........SUNRISE   609 AM HST   SUNSET   719 PM HST
JULY 30 2016..........SUNRISE   609 AM HST   SUNSET   718 PM HST


-  INDICATES NEGATIVE NUMBERS.
R  INDICATES RECORD WAS SET OR TIED.
MM INDICATES DATA IS MISSING.
T  INDICATES TRACE AMOUNT.




$$
