000
CDHW41 PHFO 010528
CLILIH


CLIMATE REPORT
NATIONAL WEATHER SERVICE HONOLULU HI
718 PM HST TUE MAY 31 2016


...................................

...THE LIHUE HI CLIMATE SUMMARY FOR MAY 31 2016...
VALID TODAY AS OF 0500 PM LOCAL TIME.

CLIMATE NORMAL PERIOD 1981 TO 2010
CLIMATE RECORD PERIOD 1946 TO 2016


WEATHER ITEM   OBSERVED TIME   RECORD YEAR NORMAL DEPARTURE LAST
                VALUE   (LST)  VALUE       VALUE  FROM      YEAR
                                                  NORMAL
..................................................................
TEMPERATURE (F)
 TODAY
  MAXIMUM         80   1133 AM  87    1962  82     -2       83
  MINIMUM         70    700 AM  65    1982  72     -2       74
                                      1950
  AVERAGE         75                        77     -2       79

PRECIPITATION (IN)
  TODAY            0.17          0.22 1970   0.05   0.12     0.00
  MONTH TO DATE    1.76                      2.07  -0.31     0.86
  SINCE MAR 1      5.22                      8.93  -3.71     3.98
  SINCE JAN 1      6.39                     15.84  -9.45     5.89

SNOWFALL (IN)
  TODAY            0.0
  MONTH TO DATE    0.0
  SINCE MAR 1      0.0
  SINCE JUL 1      0.0
  SNOW DEPTH       0

DEGREE DAYS
 HEATING
  TODAY            0                         0      0        0
  MONTH TO DATE    0                         0      0        0
  SINCE MAR 1      0                         0      0        0
  SINCE JUL 1      0                         0      0        0

 COOLING
  TODAY           10                        12     -2       14
  MONTH TO DATE  379                       335     44      358
  SINCE MAR 1    947                       844    103      963
  SINCE JAN 1   1402                      1239    163     1419
..................................................................


WIND (MPH)
  HIGHEST WIND SPEED    26   HIGHEST WIND DIRECTION     N (10)
  HIGHEST GUST SPEED    31   HIGHEST GUST DIRECTION     N (20)
  AVERAGE WIND SPEED    15.6


SKY COVER
  POSSIBLE SUNSHINE  MM
  AVERAGE SKY COVER 0.7


WEATHER CONDITIONS
 THE FOLLOWING WEATHER WAS RECORDED TODAY.
  RAIN
  LIGHT RAIN
  FOG
  HAZE


RELATIVE HUMIDITY (PERCENT)
 HIGHEST    90           300 PM
 LOWEST     60          1000 AM
 AVERAGE    75

..........................................................


THE LIHUE HI CLIMATE NORMALS FOR TOMORROW
                         NORMAL    RECORD    YEAR
 MAXIMUM TEMPERATURE (F)   83        86      1979
 MINIMUM TEMPERATURE (F)   72        65      1978


SUNRISE AND SUNSET
MAY 31 2016...........SUNRISE   554 AM HST   SUNSET   717 PM HST
JUNE  1 2016..........SUNRISE   554 AM HST   SUNSET   717 PM HST


-  INDICATES NEGATIVE NUMBERS.
R  INDICATES RECORD WAS SET OR TIED.
MM INDICATES DATA IS MISSING.
T  INDICATES TRACE AMOUNT.




$$
