000
CDHW41 PHFO 260226
CLILIH


CLIMATE REPORT
NATIONAL WEATHER SERVICE HONOLULU HI
426 PM HST MON MAY 25 2015


...................................

...THE LIHUE HI CLIMATE SUMMARY FOR MAY 25 2015...
VALID TODAY AS OF 0400 PM LOCAL TIME.

CLIMATE NORMAL PERIOD 1981 TO 2010
CLIMATE RECORD PERIOD 1946 TO 2015


WEATHER ITEM   OBSERVED TIME   RECORD YEAR NORMAL DEPARTURE LAST
                VALUE   (LST)  VALUE       VALUE  FROM      YEAR
                                                  NORMAL
..................................................................
TEMPERATURE (F)
 TODAY
  MAXIMUM         82    223 PM  84    2007  82      0       82
                                      2005
                                      2004
  MINIMUM         66    657 AM  64    1959  71     -5       68
  AVERAGE         74                        77     -3       75

PRECIPITATION (IN)
  TODAY            T             1.44 1959   0.05  -0.05     0.67
  MONTH TO DATE    0.58                      1.76  -1.18     2.73
  SINCE MAR 1      3.70                      8.62  -4.92     5.31
  SINCE JAN 1      5.61                     15.53  -9.92    15.71

SNOWFALL (IN)
  TODAY            0.0
  MONTH TO DATE    0.0
  SINCE MAR 1      0.0
  SINCE JUL 1      0.0
  SNOW DEPTH       0

DEGREE DAYS
 HEATING
  TODAY            0                         0      0        0
  MONTH TO DATE    0                         0      0        0
  SINCE MAR 1      0                         0      0        0
  SINCE JUL 1      0                         0      0        0

 COOLING
  TODAY            9                        12     -3       10
  MONTH TO DATE  303                       264     39      271
  SINCE MAR 1    908                       773    135      771
  SINCE JAN 1   1364                      1168    196     1147
..................................................................


WIND (MPH)
  HIGHEST WIND SPEED    24   HIGHEST WIND DIRECTION     N (360)
  HIGHEST GUST SPEED    33   HIGHEST GUST DIRECTION    NE (40)
  AVERAGE WIND SPEED    11.1


SKY COVER
  POSSIBLE SUNSHINE  MM
  AVERAGE SKY COVER 0.8


WEATHER CONDITIONS
 THE FOLLOWING WEATHER WAS RECORDED TODAY.
  NO SIGNIFICANT WEATHER WAS OBSERVED.


RELATIVE HUMIDITY (PERCENT)
 HIGHEST    87           700 AM
 LOWEST     45           200 PM
 AVERAGE    66

..........................................................


THE LIHUE HI CLIMATE NORMALS FOR TOMORROW
                         NORMAL    RECORD    YEAR
 MAXIMUM TEMPERATURE (F)   82        85      1979
                                             1960
 MINIMUM TEMPERATURE (F)   71        62      1959


SUNRISE AND SUNSET
MAY 25 2015...........SUNRISE   555 AM HST   SUNSET   714 PM HST
MAY 26 2015...........SUNRISE   555 AM HST   SUNSET   714 PM HST


-  INDICATES NEGATIVE NUMBERS.
R  INDICATES RECORD WAS SET OR TIED.
MM INDICATES DATA IS MISSING.
T  INDICATES TRACE AMOUNT.




$$
