000
CDUS44 KLZK 270644
CLILIT


CLIMATE REPORT
NATIONAL WEATHER SERVICE LITTLE ROCK AR
144 AM CDT THU APR 27 2017


...................................

...THE LITTLE ROCK ADAMS FIELD CLIMATE SUMMARY FOR APRIL 26 2017...

CLIMATE NORMAL PERIOD 1981 TO 2010
CLIMATE RECORD PERIOD 1874 TO 2017


WEATHER ITEM   OBSERVED TIME   RECORD YEAR NORMAL DEPARTURE LAST
                VALUE   (LST)  VALUE       VALUE  FROM      YEAR
                                                  NORMAL
..................................................................
TEMPERATURE (F)
 YESTERDAY
  MAXIMUM         73   1117 AM  90    1987  76     -3       83
  MINIMUM         51   1159 PM  33    1910  54     -3       68
  AVERAGE         62                        65     -3       76

PRECIPITATION (IN)
  YESTERDAY        1.71          2.51 1877   0.19   1.52     0.00
  MONTH TO DATE    4.99                      4.44   0.55     1.95
  SINCE MAR 1      8.86                      9.12  -0.26    14.28
  SINCE JAN 1     13.86                     16.33  -2.47    19.97

SNOWFALL (IN)
  YESTERDAY        0.0          MM      MM   0.0    0.0      0.0
  MONTH TO DATE    0.0                       0.0    0.0      0.0
  SINCE MAR 1      0.0                       0.4   -0.4      0.0
  SINCE JUL 1      0.2                       3.5   -3.3      5.7
  SNOW DEPTH       0

DEGREE DAYS
 HEATING
  YESTERDAY        3                         3      0        0
  MONTH TO DATE   62                       137    -75       70
  SINCE MAR 1    342                       512   -170      294
  SINCE JUL 1   2256                      3025   -769     2183

 COOLING
  YESTERDAY        0                         3     -3       11
  MONTH TO DATE   60                        44     16       44
  SINCE MAR 1     81                        58     23       65
  SINCE JAN 1     93                        60     33       71
..................................................................


WIND (MPH)
  HIGHEST WIND SPEED    23   HIGHEST WIND DIRECTION    SE (150)
  HIGHEST GUST SPEED    29   HIGHEST GUST DIRECTION    NW (300)
  AVERAGE WIND SPEED    11.1


SKY COVER
  POSSIBLE SUNSHINE  MM
  AVERAGE SKY COVER 1.0


WEATHER CONDITIONS
 THE FOLLOWING WEATHER WAS RECORDED YESTERDAY.
  THUNDERSTORM
  HEAVY RAIN
  RAIN
  LIGHT RAIN
  FOG


RELATIVE HUMIDITY (PERCENT)
 HIGHEST   100           400 PM
 LOWEST     73          1200 AM
 AVERAGE    87

..........................................................


THE LITTLE ROCK ADAMS FIELD CLIMATE NORMALS FOR TODAY
                         NORMAL    RECORD    YEAR
 MAXIMUM TEMPERATURE (F)   76        93      1987
 MINIMUM TEMPERATURE (F)   55        40      1976


SUNRISE AND SUNSET
APRIL 27 2017.........SUNRISE   623 AM CDT   SUNSET   751 PM CDT
APRIL 28 2017.........SUNRISE   621 AM CDT   SUNSET   752 PM CDT


-  INDICATES NEGATIVE NUMBERS.
R  INDICATES RECORD WAS SET OR TIED.
MM INDICATES DATA IS MISSING.
T  INDICATES TRACE AMOUNT.




$$
