000
CDUS44 KLZK 212203
CLILIT


CLIMATE REPORT
NATIONAL WEATHER SERVICE LITTLE ROCK AR
402 PM CST TUE FEB 21 2017


...................................

...THE LITTLE ROCK ADAMS FIELD CLIMATE SUMMARY FOR FEBRUARY 21 2017...
VALID TODAY AS OF 0400 PM LOCAL TIME.

CLIMATE NORMAL PERIOD 1981 TO 2010
CLIMATE RECORD PERIOD 1874 TO 2017


WEATHER ITEM   OBSERVED TIME   RECORD YEAR NORMAL DEPARTURE LAST
                VALUE   (LST)  VALUE       VALUE  FROM      YEAR
                                                  NORMAL
..................................................................
TEMPERATURE (F)
 TODAY
  MAXIMUM         62    159 PM  82    1980  57      5       75
  MINIMUM         57    815 AM  16    1968  36     21       62
                                      1963
  AVERAGE         60                        46     14       69

PRECIPITATION (IN)
  TODAY            0.55          1.36 2015   0.14   0.41      T
  MONTH TO DATE    3.09                      2.66   0.43     0.49
  SINCE DEC 1      8.95                     11.18  -2.23    12.42
  SINCE JAN 1      4.56                      6.21  -1.65     4.04

SNOWFALL (IN)
  TODAY            0.0           2.1  1968   0.0    0.0      0.0
  MONTH TO DATE    0.0                       1.0   -1.0      0.0
  SINCE DEC 1      0.2                       2.8   -2.6      5.7
  SINCE JUL 1      0.2                       2.8   -2.6      5.7
  SNOW DEPTH       0

DEGREE DAYS
 HEATING
  TODAY            5                        19    -14        0
  MONTH TO DATE  261                       446   -185      329
  SINCE DEC 1   1502                      1878   -376     1441
  SINCE JUL 1   1841                      2392   -551     1765

 COOLING
  TODAY            0                         0      0        4
  MONTH TO DATE    8                         0      8        5
  SINCE DEC 1     10                         3      7       17
  SINCE JAN 1      8                         1      7        6
..................................................................


WIND (MPH)
  HIGHEST WIND SPEED    17   HIGHEST WIND DIRECTION    NE (30)
  HIGHEST GUST SPEED    23   HIGHEST GUST DIRECTION    NE (30)
  AVERAGE WIND SPEED     5.4


SKY COVER
  POSSIBLE SUNSHINE  MM
  AVERAGE SKY COVER 1.0


WEATHER CONDITIONS
 THE FOLLOWING WEATHER WAS RECORDED TODAY.
  RAIN
  LIGHT RAIN
  FOG


RELATIVE HUMIDITY (PERCENT)
 HIGHEST   100          1200 AM
 LOWEST     97          1200 PM
 AVERAGE    99

..........................................................


THE LITTLE ROCK ADAMS FIELD CLIMATE NORMALS FOR TOMORROW
                         NORMAL    RECORD    YEAR
 MAXIMUM TEMPERATURE (F)   57        76      1988
 MINIMUM TEMPERATURE (F)   36        10      1963


SUNRISE AND SUNSET
FEBRUARY 21 2017......SUNRISE   647 AM CST   SUNSET   558 PM CST
FEBRUARY 22 2017......SUNRISE   646 AM CST   SUNSET   559 PM CST


-  INDICATES NEGATIVE NUMBERS.
R  INDICATES RECORD WAS SET OR TIED.
MM INDICATES DATA IS MISSING.
T  INDICATES TRACE AMOUNT.




$$
