000
CDUS44 KLZK 090641
CLILIT


CLIMATE REPORT
NATIONAL WEATHER SERVICE LITTLE ROCK AR
1240 AM CST FRI DEC 9 2016


...................................

...THE LITTLE ROCK ADAMS FIELD CLIMATE SUMMARY FOR DECEMBER 8 2016...

CLIMATE NORMAL PERIOD 1981 TO 2010
CLIMATE RECORD PERIOD 1874 TO 2016


WEATHER ITEM   OBSERVED TIME   RECORD YEAR NORMAL DEPARTURE LAST
                VALUE   (LST)  VALUE       VALUE  FROM      YEAR
                                                  NORMAL
..................................................................
TEMPERATURE (F)
 YESTERDAY
  MAXIMUM         40        MM  74    1952  54    -14       68
                                      1923
  MINIMUM         27        MM   9    1917  35     -8       36
  AVERAGE         34                        44    -10       52

PRECIPITATION (IN)
  YESTERDAY        0.00          2.93 1978   0.16  -0.16     0.00
  MONTH TO DATE    0.99                      1.40  -0.41     0.00
  SINCE DEC 1      0.99                      1.40  -0.41     0.00
  SINCE JAN 1     52.72                     46.18   6.54    52.85

SNOWFALL (IN)
  YESTERDAY        0.0           3.5  1917   0.0    0.0      0.0
  MONTH TO DATE    0.0                       0.0    0.0      0.0
  SINCE DEC 1      0.0                       0.0    0.0      0.0
  SINCE JUL 1      0.0                       T      0.0      0.0
  SNOW DEPTH       0

DEGREE DAYS
 HEATING
  YESTERDAY       31                        21     10       13
  MONTH TO DATE  172                       156     16      143
  SINCE DEC 1    172                       156     16      143
  SINCE JUL 1    511                       670   -159      467

 COOLING
  YESTERDAY        0                         0      0        0
  MONTH TO DATE    0                         0      0        0
  SINCE DEC 1      0                         0      0        0
  SINCE JAN 1   2650                      2204    446     2489
..................................................................


WIND (MPH)
  HIGHEST WIND SPEED    20   HIGHEST WIND DIRECTION     N (350)
  HIGHEST GUST SPEED    25   HIGHEST GUST DIRECTION     N (350)
  AVERAGE WIND SPEED    10.5


SKY COVER
  POSSIBLE SUNSHINE  MM
  AVERAGE SKY COVER 0.7


WEATHER CONDITIONS
 THE FOLLOWING WEATHER WAS RECORDED YESTERDAY.
  NO SIGNIFICANT WEATHER WAS OBSERVED.


RELATIVE HUMIDITY (PERCENT)
 HIGHEST    75           600 AM
 LOWEST     32           400 PM
 AVERAGE    54

..........................................................


THE LITTLE ROCK ADAMS FIELD CLIMATE NORMALS FOR TODAY
                         NORMAL    RECORD    YEAR
 MAXIMUM TEMPERATURE (F)   54        77      2007
 MINIMUM TEMPERATURE (F)   35         5      1917


SUNRISE AND SUNSET
DECEMBER  9 2016......SUNRISE   705 AM CST   SUNSET   458 PM CST
DECEMBER 10 2016......SUNRISE   706 AM CST   SUNSET   458 PM CST


-  INDICATES NEGATIVE NUMBERS.
R  INDICATES RECORD WAS SET OR TIED.
MM INDICATES DATA IS MISSING.
T  INDICATES TRACE AMOUNT.




$$
