000
CDUS44 KLZK 292202
CLILIT


CLIMATE REPORT
NATIONAL WEATHER SERVICE LITTLE ROCK AR
402 PM CST THU JAN 29 2015


...................................

...THE LITTLE ROCK ADAMS FIELD CLIMATE SUMMARY FOR JANUARY 29 2015...
VALID TODAY AS OF 0400 PM LOCAL TIME.

CLIMATE NORMAL PERIOD 1981 TO 2010
CLIMATE RECORD PERIOD 1874 TO 2015


WEATHER ITEM   OBSERVED TIME   RECORD YEAR NORMAL DEPARTURE LAST
                VALUE   (LST)  VALUE       VALUE  FROM      YEAR
                                                  NORMAL
..................................................................
TEMPERATURE (F)
 TODAY
  MAXIMUM         67    129 PM  78    1975  52     15       41
  MINIMUM         54    752 AM   7    1966  31     23       13
  AVERAGE         61                        42     19       27

PRECIPITATION (IN)
  TODAY            0.00          3.58 1956   0.11  -0.11     0.00
  MONTH TO DATE    2.97                      3.32  -0.35     2.34
  SINCE DEC 1      6.13                      8.29  -2.16     9.28
  SINCE JAN 1      2.97                      3.32  -0.35     2.34

SNOWFALL (IN)
  TODAY            0.0           1.5  2010   0.1   -0.1      0.0
  MONTH TO DATE    T                         1.5   -1.5       T
  SINCE DEC 1      T                         1.7   -1.7      1.3
  SINCE JUL 1      0.1                       1.7   -1.6      1.3
  SNOW DEPTH       0

DEGREE DAYS
 HEATING
  TODAY            4                        24    -20       38
  MONTH TO DATE  672                       696    -24      786
  SINCE DEC 1   1277                      1379   -102     1472
  SINCE JUL 1   1848                      1893    -45     2056

 COOLING
  TODAY            0                         0      0        0
  MONTH TO DATE    0                         0      0        0
  SINCE DEC 1      0                         2     -2        5
  SINCE JAN 1      0                         0      0        0
..................................................................


WIND (MPH)
  HIGHEST WIND SPEED    21   HIGHEST WIND DIRECTION    NW (300)
  HIGHEST GUST SPEED    29   HIGHEST GUST DIRECTION    SW (220)
  AVERAGE WIND SPEED    14.6


SKY COVER
  POSSIBLE SUNSHINE  MM
  AVERAGE SKY COVER 0.6


WEATHER CONDITIONS
 THE FOLLOWING WEATHER WAS RECORDED TODAY.
  NO SIGNIFICANT WEATHER WAS OBSERVED.


RELATIVE HUMIDITY (PERCENT)
 HIGHEST    62          1000 AM
 LOWEST     34          1200 PM
 AVERAGE    48

..........................................................


THE LITTLE ROCK ADAMS FIELD CLIMATE NORMALS FOR TOMORROW
                         NORMAL    RECORD    YEAR
 MAXIMUM TEMPERATURE (F)   52        80      2002
 MINIMUM TEMPERATURE (F)   32         2      1966


SUNRISE AND SUNSET
JANUARY 29 2015.......SUNRISE   709 AM CST   SUNSET   535 PM CST
JANUARY 30 2015.......SUNRISE   709 AM CST   SUNSET   536 PM CST


-  INDICATES NEGATIVE NUMBERS.
R  INDICATES RECORD WAS SET OR TIED.
MM INDICATES DATA IS MISSING.
T  INDICATES TRACE AMOUNT.




$$
