884
CDUS44 KLZK 170636
CLILIT


CLIMATE REPORT
NATIONAL WEATHER SERVICE LITTLE ROCK AR
1235 AM CST TUE JAN 17 2017


...................................

...THE LITTLE ROCK ADAMS FIELD CLIMATE SUMMARY FOR JANUARY 16 2017...

CLIMATE NORMAL PERIOD 1981 TO 2010
CLIMATE RECORD PERIOD 1874 TO 2017


WEATHER ITEM   OBSERVED TIME   RECORD YEAR NORMAL DEPARTURE LAST
                VALUE   (LST)  VALUE       VALUE  FROM      YEAR
                                                  NORMAL
..................................................................
TEMPERATURE (F)
 YESTERDAY
  MAXIMUM         67    444 PM  78    1943  50     17       44
  MINIMUM         44    134 AM   7    1888  31     13       34
  AVERAGE         56                        41     15       39

PRECIPITATION (IN)
  YESTERDAY        0.51          2.02 1889   0.11   0.40     0.00
  MONTH TO DATE    0.80                      1.90  -1.10     1.54
  SINCE DEC 1      5.19                      6.87  -1.68     9.92
  SINCE JAN 1      0.80                      1.90  -1.10     1.54

SNOWFALL (IN)
  YESTERDAY        0.0           2.0  1888   0.1   -0.1      0.0
  MONTH TO DATE    0.2                       0.8   -0.6       T
  SINCE DEC 1      0.2                       1.0   -0.8       T
  SINCE JUL 1      0.2                       1.0   -0.8       T
  SNOW DEPTH       0

DEGREE DAYS
 HEATING
  YESTERDAY        9                        24    -15       26
  MONTH TO DATE  344                       384    -40      360
  SINCE DEC 1   1011                      1067    -56      768
  SINCE JUL 1   1350                      1581   -231     1092

 COOLING
  YESTERDAY        0                         0      0        0
  MONTH TO DATE    0                         0      0        0
  SINCE DEC 1      2                         2      0       11
  SINCE JAN 1      0                         0      0        0
..................................................................


WIND (MPH)
  HIGHEST WIND SPEED    18   HIGHEST WIND DIRECTION     S (160)
  HIGHEST GUST SPEED    26   HIGHEST GUST DIRECTION     S (160)
  AVERAGE WIND SPEED     7.9


SKY COVER
  POSSIBLE SUNSHINE  MM
  AVERAGE SKY COVER 1.0


WEATHER CONDITIONS
 THE FOLLOWING WEATHER WAS RECORDED YESTERDAY.
  THUNDERSTORM
  HEAVY RAIN
  RAIN
  LIGHT RAIN
  FOG
  FOG W/VISIBILITY <= 1/4 MILE


RELATIVE HUMIDITY (PERCENT)
 HIGHEST   100          1200 AM
 LOWEST     93           100 PM
 AVERAGE    97

..........................................................


THE LITTLE ROCK ADAMS FIELD CLIMATE NORMALS FOR TODAY
                         NORMAL    RECORD    YEAR
 MAXIMUM TEMPERATURE (F)   50        78      1952
 MINIMUM TEMPERATURE (F)   31         5      1982


SUNRISE AND SUNSET
JANUARY 17 2017.......SUNRISE   715 AM CST   SUNSET   523 PM CST
JANUARY 18 2017.......SUNRISE   715 AM CST   SUNSET   524 PM CST


-  INDICATES NEGATIVE NUMBERS.
R  INDICATES RECORD WAS SET OR TIED.
MM INDICATES DATA IS MISSING.
T  INDICATES TRACE AMOUNT.




$$
