000
CDUS45 KPIH 180731
CLILLJ


CLIMATE REPORT
NATIONAL WEATHER SERVICE POCATELLO ID
129 AM MDT WED OCT 18 2017


...................................

...THE CHALLIS ID CLIMATE SUMMARY FOR OCTOBER 17 2017...

CLIMATE NORMAL PERIOD 1981 TO 2010
CLIMATE RECORD PERIOD 1898 TO 2017


WEATHER ITEM   OBSERVED TIME   RECORD YEAR NORMAL DEPARTURE LAST
                VALUE   (LST)  VALUE       VALUE  FROM      YEAR
                                                  NORMAL
..................................................................
TEMPERATURE (F)
 YESTERDAY
  MAXIMUM         71    339 PM  78    2003  59     12       52
  MINIMUM         24    537 AM  17    1984  29     -5       34
  AVERAGE         48                        44      4       43

PRECIPITATION (IN)
  YESTERDAY        0.00          0.25 1938   0.03  -0.03     0.01
  MONTH TO DATE    0.25                      0.32  -0.07     0.97
  SINCE OCT 1      0.25                      0.32  -0.07     0.97
  SINCE JAN 1      7.33                      8.45  -1.12     4.95

SNOWFALL (IN)
  YESTERDAY       MM
  MONTH TO DATE   MM
  SINCE SEP 1     MM
  SINCE JUL 1     MM
  SNOW DEPTH      MM

DEGREE DAYS
 HEATING
  YESTERDAY       17                        21     -4       22
  MONTH TO DATE  406                       306    100      320
  SINCE SEP 1    713                       582    131      592
  SINCE JUL 1    717                       655     62      654

 COOLING
  YESTERDAY        0                         0      0        0
  MONTH TO DATE    0                         0      0        0
  SINCE SEP 1     37                         6     31        4
  SINCE JAN 1    378                       248    130      277
..................................................................


WIND (MPH)
  HIGHEST WIND SPEED    23   HIGHEST WIND DIRECTION    SW (240)
  HIGHEST GUST SPEED    30   HIGHEST GUST DIRECTION    SW (240)
  AVERAGE WIND SPEED     3.5


SKY COVER
  POSSIBLE SUNSHINE  MM
  AVERAGE SKY COVER 0.0


WEATHER CONDITIONS
 THE FOLLOWING WEATHER WAS RECORDED YESTERDAY.
  NO SIGNIFICANT WEATHER WAS OBSERVED.


RELATIVE HUMIDITY (PERCENT)
 HIGHEST    81           600 AM
 LOWEST     12           400 PM
 AVERAGE    47

..........................................................


THE CHALLIS ID CLIMATE NORMALS FOR TODAY
                         NORMAL    RECORD    YEAR
 MAXIMUM TEMPERATURE (F)   58        78      1973
 MINIMUM TEMPERATURE (F)   29        10      1917


SUNRISE AND SUNSET
OCTOBER 18 2017.......SUNRISE   756 AM MDT   SUNSET   647 PM MDT
OCTOBER 19 2017.......SUNRISE   758 AM MDT   SUNSET   645 PM MDT


-  INDICATES NEGATIVE NUMBERS.
R  INDICATES RECORD WAS SET OR TIED.
MM INDICATES DATA IS MISSING.
T  INDICATES TRACE AMOUNT.




$$
