000
CDUS45 KPIH 060733
CLILLJ


CLIMATE REPORT
NATIONAL WEATHER SERVICE POCATELLO ID
1229 AM MST FRI MAR 6 2015


...................................

...THE CHALLIS ID CLIMATE SUMMARY FOR MARCH 5 2015...

CLIMATE NORMAL PERIOD 1981 TO 2010
CLIMATE RECORD PERIOD 1898 TO 2015


WEATHER ITEM   OBSERVED TIME   RECORD YEAR NORMAL DEPARTURE LAST
                VALUE   (LST)  VALUE       VALUE  FROM      YEAR
                                                  NORMAL
..................................................................
TEMPERATURE (F)
 YESTERDAY
  MAXIMUM         54    535 PM  72    1925  44     10       55
  MINIMUM         16    720 AM  -7    1955  20     -4       30
  AVERAGE         35                        32      3       43

PRECIPITATION (IN)
  YESTERDAY        0.00          0.23 1952   0.01  -0.01     0.02
  MONTH TO DATE    0.01                      0.08  -0.07     0.28
  SINCE OCT 1      2.38                      3.14  -0.76     2.10
  SINCE JAN 1      0.59                      1.21  -0.62     1.37

SNOWFALL (IN)
  YESTERDAY       MM
  MONTH TO DATE   MM
  SINCE MAR 1     MM
  SINCE JUL 1     MM
  SNOW DEPTH      MM

DEGREE DAYS
 HEATING
  YESTERDAY       30                        33     -3       22
  MONTH TO DATE  183                       169     14      154
  SINCE MAR 1    183                       169     14      154
  SINCE JUL 1   5321                      6218   -897     5903

 COOLING
  YESTERDAY        0                         0      0        0
  MONTH TO DATE    0                         0      0        0
  SINCE MAR 1      0                         0      0        0
  SINCE JAN 1      0                         0      0        0
..................................................................


WIND (MPH)
  HIGHEST WIND SPEED    13   HIGHEST WIND DIRECTION     W (270)
  HIGHEST GUST SPEED    17   HIGHEST GUST DIRECTION     W (250)
  AVERAGE WIND SPEED     2.1


SKY COVER
  POSSIBLE SUNSHINE  MM
  AVERAGE SKY COVER 0.0


WEATHER CONDITIONS
 THE FOLLOWING WEATHER WAS RECORDED YESTERDAY.
  NO SIGNIFICANT WEATHER WAS OBSERVED.


RELATIVE HUMIDITY (PERCENT)
 HIGHEST    74           300 AM
 LOWEST     15           500 PM
 AVERAGE    45

..........................................................


THE CHALLIS ID CLIMATE NORMALS FOR TODAY
                         NORMAL    RECORD    YEAR
 MAXIMUM TEMPERATURE (F)   44        59      1968
 MINIMUM TEMPERATURE (F)   21        -6      1943


SUNRISE AND SUNSET
MARCH  6 2015.........SUNRISE   706 AM MST   SUNSET   631 PM MST
MARCH  7 2015.........SUNRISE   704 AM MST   SUNSET   632 PM MST


-  INDICATES NEGATIVE NUMBERS.
R  INDICATES RECORD WAS SET OR TIED.
MM INDICATES DATA IS MISSING.
T  INDICATES TRACE AMOUNT.




$$
