000
CDUS45 KPIH 032326
CLILLJ


CLIMATE REPORT
NATIONAL WEATHER SERVICE POCATELLO ID
524 PM MDT THU SEP 3 2015


...................................

...THE CHALLIS ID CLIMATE SUMMARY FOR SEPTEMBER 3 2015...
VALID TODAY AS OF 0500 PM LOCAL TIME.

CLIMATE NORMAL PERIOD 1981 TO 2010
CLIMATE RECORD PERIOD 1898 TO 2015


WEATHER ITEM   OBSERVED TIME   RECORD YEAR NORMAL DEPARTURE LAST
                VALUE   (LST)  VALUE       VALUE  FROM      YEAR
                                                  NORMAL
..................................................................
TEMPERATURE (F)
 TODAY
  MAXIMUM         75    204 PM  95    2007  79     -4       71
  MINIMUM         51    514 AM  30    1964  43      8       45
  AVERAGE         63                        60      3       58

PRECIPITATION (IN)
  TODAY            T             0.24 1985   0.02  -0.02     0.00
  MONTH TO DATE    T                         0.07  -0.07     0.00
  SINCE OCT 1      5.78                      9.39  -3.61     5.55
  SINCE JAN 1      3.99                      7.46  -3.47     4.82

SNOWFALL (IN)
  TODAY           MM
  MONTH TO DATE   MM
  SINCE SEP 1     MM
  SINCE JUL 1     MM
  SNOW DEPTH      MM

DEGREE DAYS
 HEATING
  TODAY            2                         5     -3        7
  MONTH TO DATE    2                        15    -13       14
  SINCE SEP 1      2                        15    -13       14
  SINCE JUL 1     65                        88    -23       82

 COOLING
  TODAY            0                         1     -1        0
  MONTH TO DATE    2                         3     -1        0
  SINCE SEP 1      2                         3     -1        0
  SINCE JAN 1    309                       245     64      305
..................................................................


WIND (MPH)
  HIGHEST WIND SPEED    17   HIGHEST WIND DIRECTION     S (190)
  HIGHEST GUST SPEED    22   HIGHEST GUST DIRECTION     S (190)
  AVERAGE WIND SPEED     3.9


SKY COVER
  POSSIBLE SUNSHINE  MM
  AVERAGE SKY COVER 0.4


WEATHER CONDITIONS
 THE FOLLOWING WEATHER WAS RECORDED TODAY.
  HAZE


RELATIVE HUMIDITY (PERCENT)
 HIGHEST    54           800 AM
 LOWEST     19           300 PM
 AVERAGE    37

..........................................................


THE CHALLIS ID CLIMATE NORMALS FOR TOMORROW
                         NORMAL    RECORD    YEAR
 MAXIMUM TEMPERATURE (F)   78        93      1988
 MINIMUM TEMPERATURE (F)   42        29      1921


SUNRISE AND SUNSET
SEPTEMBER  3 2015.....SUNRISE   702 AM MDT   SUNSET   810 PM MDT
SEPTEMBER  4 2015.....SUNRISE   703 AM MDT   SUNSET   808 PM MDT


-  INDICATES NEGATIVE NUMBERS.
R  INDICATES RECORD WAS SET OR TIED.
MM INDICATES DATA IS MISSING.
T  INDICATES TRACE AMOUNT.




$$
