000
CDUS45 KPIH 182327
CLILLJ


CLIMATE REPORT
NATIONAL WEATHER SERVICE POCATELLO ID
424 PM MST THU DEC 18 2014


...................................

...THE CHALLIS ID CLIMATE SUMMARY FOR DECEMBER 18 2014...
VALID TODAY AS OF 0400 PM LOCAL TIME.

CLIMATE NORMAL PERIOD 1981 TO 2010
CLIMATE RECORD PERIOD 1898 TO 2014


WEATHER ITEM   OBSERVED TIME   RECORD YEAR NORMAL DEPARTURE LAST
                VALUE   (LST)  VALUE       VALUE  FROM      YEAR
                                                  NORMAL
..................................................................
TEMPERATURE (F)
 TODAY
  MAXIMUM         28    359 PM  53    1917  27      1       31
  MINIMUM         12    125 AM -19    1924   8      4        8
  AVERAGE         20                        17      3       20

PRECIPITATION (IN)
  TODAY            0.00          0.17 1999   0.02  -0.02     0.00
  MONTH TO DATE    0.27                      0.44  -0.17     0.18
  SINCE OCT 1      1.36                      1.63  -0.27     0.63
  SINCE JAN 1      7.29                      9.76  -2.47     4.83

SNOWFALL (IN)
  TODAY           MM
  MONTH TO DATE   MM
  SINCE DEC 1     MM
  SINCE JUL 1     MM
  SNOW DEPTH      MM

DEGREE DAYS
 HEATING
  TODAY           45                        48     -3       45
  MONTH TO DATE  635                       827   -192      956
  SINCE DEC 1    635                       827   -192      956
  SINCE JUL 1   2469                      2870   -401     2882

 COOLING
  TODAY            0                         0      0        0
  MONTH TO DATE    0                         0      0        0
  SINCE DEC 1      0                         0      0        0
  SINCE JAN 1    310                       248     62      420
..................................................................


WIND (MPH)
  HIGHEST WIND SPEED     6   HIGHEST WIND DIRECTION    NE (50)
  HIGHEST GUST SPEED     7   HIGHEST GUST DIRECTION    NE (50)
  AVERAGE WIND SPEED     1.0


SKY COVER
  POSSIBLE SUNSHINE  MM
  AVERAGE SKY COVER 0.9


WEATHER CONDITIONS
 THE FOLLOWING WEATHER WAS RECORDED TODAY.
  NO SIGNIFICANT WEATHER WAS OBSERVED.


RELATIVE HUMIDITY (PERCENT)
 HIGHEST    92           100 AM
 LOWEST     69           300 PM
 AVERAGE    81

..........................................................


THE CHALLIS ID CLIMATE NORMALS FOR TOMORROW
                         NORMAL    RECORD    YEAR
 MAXIMUM TEMPERATURE (F)   27        58      1917
 MINIMUM TEMPERATURE (F)    7       -29      1924


SUNRISE AND SUNSET
DECEMBER 18 2014......SUNRISE   809 AM MST   SUNSET   459 PM MST
DECEMBER 19 2014......SUNRISE   809 AM MST   SUNSET   459 PM MST


-  INDICATES NEGATIVE NUMBERS.
R  INDICATES RECORD WAS SET OR TIED.
MM INDICATES DATA IS MISSING.
T  INDICATES TRACE AMOUNT.




$$
