000
CDUS45 KPIH 030730
CLILLJ


CLIMATE REPORT
NATIONAL WEATHER SERVICE POCATELLO ID
1229 AM MST SAT DEC 3 2016


...................................

...THE CHALLIS ID CLIMATE SUMMARY FOR DECEMBER 2 2016...

CLIMATE NORMAL PERIOD 1981 TO 2010
CLIMATE RECORD PERIOD 1898 TO 2016


WEATHER ITEM   OBSERVED TIME   RECORD YEAR NORMAL DEPARTURE LAST
                VALUE   (LST)  VALUE       VALUE  FROM      YEAR
                                                  NORMAL
..................................................................
TEMPERATURE (F)
 YESTERDAY
  MAXIMUM         33    350 PM  58    1939  30      3       23
  MINIMUM         15    754 AM -11    1931  13      2       -3
  AVERAGE         24                        22      2       10

PRECIPITATION (IN)
  YESTERDAY        0.00          0.47 2012   0.02  -0.02     0.00
  MONTH TO DATE    0.01                      0.05  -0.04     0.00
  SINCE OCT 1      2.09                      1.24   0.85     1.51
  SINCE JAN 1      6.07                      9.37  -3.30     6.39

SNOWFALL (IN)
  YESTERDAY       MM
  MONTH TO DATE   MM
  SINCE DEC 1     MM
  SINCE JUL 1     MM
  SNOW DEPTH      MM

DEGREE DAYS
 HEATING
  YESTERDAY       41                        43     -2       55
  MONTH TO DATE   82                        86     -4      113
  SINCE DEC 1     82                        86     -4      113
  SINCE JUL 1   1869                      2129   -260     1979

 COOLING
  YESTERDAY        0                         0      0        0
  MONTH TO DATE    0                         0      0        0
  SINCE DEC 1      0                         0      0        0
  SINCE JAN 1    277                       248     29      315
..................................................................


WIND (MPH)
  HIGHEST WIND SPEED     8   HIGHEST WIND DIRECTION    NW (330)
  HIGHEST GUST SPEED    11   HIGHEST GUST DIRECTION    SE (150)
  AVERAGE WIND SPEED     2.4


SKY COVER
  POSSIBLE SUNSHINE  MM
  AVERAGE SKY COVER 0.6


WEATHER CONDITIONS
 THE FOLLOWING WEATHER WAS RECORDED YESTERDAY.
  NO SIGNIFICANT WEATHER WAS OBSERVED.


RELATIVE HUMIDITY (PERCENT)
 HIGHEST   100           500 AM
 LOWEST     49           300 PM
 AVERAGE    75

..........................................................


THE CHALLIS ID CLIMATE NORMALS FOR TODAY
                         NORMAL    RECORD    YEAR
 MAXIMUM TEMPERATURE (F)   30        60      1918
 MINIMUM TEMPERATURE (F)   12        -9      1984


SUNRISE AND SUNSET
DECEMBER  3 2016......SUNRISE   756 AM MST   SUNSET   458 PM MST
DECEMBER  4 2016......SUNRISE   757 AM MST   SUNSET   457 PM MST


-  INDICATES NEGATIVE NUMBERS.
R  INDICATES RECORD WAS SET OR TIED.
MM INDICATES DATA IS MISSING.
T  INDICATES TRACE AMOUNT.




$$
