000
CDUS45 KPIH 160750
CLILLJ


CLIMATE REPORT
NATIONAL WEATHER SERVICE POCATELLO ID
140 AM MDT WED APR 16 2014


...................................

...THE CHALLIS ID CLIMATE SUMMARY FOR APRIL 15 2014...

CLIMATE NORMAL PERIOD 1981 TO 2010
CLIMATE RECORD PERIOD 1898 TO 2014


WEATHER ITEM   OBSERVED TIME   RECORD YEAR NORMAL DEPARTURE LAST
                VALUE   (LST)  VALUE       VALUE  FROM      YEAR
                                                  NORMAL
..................................................................
TEMPERATURE (F)
 YESTERDAY
  MAXIMUM         55   1148 AM  78    1962  57     -2       42
  MINIMUM         32    546 AM  10    1945  29      3       24
  AVERAGE         44                        43      1       33

PRECIPITATION (IN)
  YESTERDAY        T             0.14 1921   0.03  -0.03      T
  MONTH TO DATE    0.58                      0.36   0.22     0.01
  SINCE OCT 1      2.99                      4.13  -1.14     2.53
  SINCE JAN 1      2.26                      2.20   0.06     0.46

SNOWFALL (IN)
  YESTERDAY       MM
  MONTH TO DATE   MM
  SINCE MAR 1     MM
  SINCE JUL 1     MM
  SNOW DEPTH      MM

DEGREE DAYS
 HEATING
  YESTERDAY       21                        22     -1       32
  MONTH TO DATE  326                       347    -21      329
  SINCE MAR 1   1179                      1243    -64     1221
  SINCE JUL 1   6928                      7292   -364     6929

 COOLING
  YESTERDAY        0                         0      0        0
  MONTH TO DATE    0                         0      0        0
  SINCE MAR 1      0                         0      0        0
  SINCE JAN 1      0                         0      0        0
..................................................................


WIND (MPH)
  HIGHEST WIND SPEED    32   HIGHEST WIND DIRECTION    NW (320)
  HIGHEST GUST SPEED    41   HIGHEST GUST DIRECTION    NW (300)
  AVERAGE WIND SPEED    10.6


SKY COVER
  POSSIBLE SUNSHINE  MM
  AVERAGE SKY COVER 0.3


WEATHER CONDITIONS
 THE FOLLOWING WEATHER WAS RECORDED YESTERDAY.
  LIGHT RAIN


RELATIVE HUMIDITY (PERCENT)
 HIGHEST    47           700 AM
 LOWEST     24          1100 AM
 AVERAGE    36

..........................................................


THE CHALLIS ID CLIMATE NORMALS FOR TODAY
                         NORMAL    RECORD    YEAR
 MAXIMUM TEMPERATURE (F)   57        87      1915
 MINIMUM TEMPERATURE (F)   29        12      1896
                                             1982


SUNRISE AND SUNSET
APRIL 16 2014.........SUNRISE   651 AM MDT   SUNSET   823 PM MDT
APRIL 17 2014.........SUNRISE   649 AM MDT   SUNSET   824 PM MDT


-  INDICATES NEGATIVE NUMBERS.
R  INDICATES RECORD WAS SET OR TIED.
MM INDICATES DATA IS MISSING.
T  INDICATES TRACE AMOUNT.




$$
