000
CDUS45 KPIH 290001
CLILLJ


CLIMATE REPORT
NATIONAL WEATHER SERVICE POCATELLO ID
554 PM MDT TUE JUL 28 2015


...................................

...THE CHALLIS ID CLIMATE SUMMARY FOR JULY 28 2015...
VALID TODAY AS OF 0500 PM LOCAL TIME.

CLIMATE NORMAL PERIOD 1981 TO 2010
CLIMATE RECORD PERIOD 1898 TO 2015


WEATHER ITEM   OBSERVED TIME   RECORD YEAR NORMAL DEPARTURE LAST
                VALUE   (LST)  VALUE       VALUE  FROM      YEAR
                                                  NORMAL
..................................................................
TEMPERATURE (F)
 TODAY
  MAXIMUM         69    359 PM  99    2006  88    -19       85
  MINIMUM         38    526 AM  37    1948  52    -14       57
  AVERAGE         54                        70    -16       71

PRECIPITATION (IN)
  TODAY            0.00          0.86 1941   0.02  -0.02     0.00
  MONTH TO DATE    0.98                      0.75   0.23     0.04
  SINCE OCT 1      5.28                      8.45  -3.17     3.85
  SINCE JAN 1      3.49                      6.52  -3.03     3.12

SNOWFALL (IN)
  TODAY           MM
  MONTH TO DATE   MM
  SINCE JUN 1     MM
  SINCE JUL 1     MM
  SNOW DEPTH      MM

DEGREE DAYS
 HEATING
  TODAY           11                         0     11        0
  MONTH TO DATE   32                        18     14        1
  SINCE JUN 1     79                       183   -104      167
  SINCE JUL 1     32                        18     14        1

 COOLING
  TODAY            0                         5     -5        6
  MONTH TO DATE   81                       115    -34      214
  SINCE JUN 1    190                       137     53      220
  SINCE JAN 1    193                       139     54      220
..................................................................


WIND (MPH)
  HIGHEST WIND SPEED    10   HIGHEST WIND DIRECTION    SE (150)
  HIGHEST GUST SPEED    14   HIGHEST GUST DIRECTION     S (180)
  AVERAGE WIND SPEED     2.8


SKY COVER
  POSSIBLE SUNSHINE  MM
  AVERAGE SKY COVER 0.1


WEATHER CONDITIONS
 THE FOLLOWING WEATHER WAS RECORDED TODAY.
  NO SIGNIFICANT WEATHER WAS OBSERVED.


RELATIVE HUMIDITY (PERCENT)
 HIGHEST    92           200 AM
 LOWEST     26           400 PM
 AVERAGE    59

..........................................................


THE CHALLIS ID CLIMATE NORMALS FOR TOMORROW
                         NORMAL    RECORD    YEAR
 MAXIMUM TEMPERATURE (F)   88        97      2006
                                             1972
 MINIMUM TEMPERATURE (F)   52        37      1948


SUNRISE AND SUNSET
JULY 28 2015..........SUNRISE   619 AM MDT   SUNSET   907 PM MDT
JULY 29 2015..........SUNRISE   620 AM MDT   SUNSET   906 PM MDT


-  INDICATES NEGATIVE NUMBERS.
R  INDICATES RECORD WAS SET OR TIED.
MM INDICATES DATA IS MISSING.
T  INDICATES TRACE AMOUNT.




$$
