000
CDUS45 KPIH 070731
CLILLJ


CLIMATE REPORT
NATIONAL WEATHER SERVICE POCATELLO ID
131 AM MDT TUE JUL 7 2015


...................................

...THE CHALLIS ID CLIMATE SUMMARY FOR JULY 6 2015...

CLIMATE NORMAL PERIOD 1981 TO 2010
CLIMATE RECORD PERIOD 1898 TO 2015


WEATHER ITEM   OBSERVED TIME   RECORD YEAR NORMAL DEPARTURE LAST
                VALUE   (LST)  VALUE       VALUE  FROM      YEAR
                                                  NORMAL
..................................................................
TEMPERATURE (F)
 YESTERDAY
  MAXIMUM         87    210 PM  99    2007  83      4       96
  MINIMUM         56   1151 PM  34    1914  50      6       55
  AVERAGE         72                        67      5       76

PRECIPITATION (IN)
  YESTERDAY        0.16          0.69 1983   0.03   0.13     0.00
  MONTH TO DATE    0.16                      0.21  -0.05      T
  SINCE OCT 1      4.46                      7.91  -3.45     3.81
  SINCE JAN 1      2.67                      5.98  -3.31     3.08

SNOWFALL (IN)
  YESTERDAY       MM
  MONTH TO DATE   MM
  SINCE JUN 1     MM
  SINCE JUL 1     MM
  SNOW DEPTH      MM

DEGREE DAYS
 HEATING
  YESTERDAY        0                         1     -1        0
  MONTH TO DATE    0                        10    -10        0
  SINCE JUN 1     47                       175   -128      166
  SINCE JUL 1      0                        10    -10        0

 COOLING
  YESTERDAY        7                         3      4       11
  MONTH TO DATE   63                        15     48       45
  SINCE JUN 1    172                        37    135       51
  SINCE JAN 1    175                        39    136       51
..................................................................


WIND (MPH)
  HIGHEST WIND SPEED    23   HIGHEST WIND DIRECTION     W (290)
  HIGHEST GUST SPEED    30   HIGHEST GUST DIRECTION    NW (310)
  AVERAGE WIND SPEED     4.7


SKY COVER
  POSSIBLE SUNSHINE  MM
  AVERAGE SKY COVER 0.2


WEATHER CONDITIONS
 THE FOLLOWING WEATHER WAS RECORDED YESTERDAY.
  THUNDERSTORM
  RAIN
  LIGHT RAIN


RELATIVE HUMIDITY (PERCENT)
 HIGHEST    78          1100 PM
 LOWEST     21           200 PM
 AVERAGE    50

..........................................................


THE CHALLIS ID CLIMATE NORMALS FOR TODAY
                         NORMAL    RECORD    YEAR
 MAXIMUM TEMPERATURE (F)   84        99      1930
 MINIMUM TEMPERATURE (F)   50        37      1971


SUNRISE AND SUNSET
JULY  7 2015..........SUNRISE   600 AM MDT   SUNSET   924 PM MDT
JULY  8 2015..........SUNRISE   600 AM MDT   SUNSET   923 PM MDT


-  INDICATES NEGATIVE NUMBERS.
R  INDICATES RECORD WAS SET OR TIED.
MM INDICATES DATA IS MISSING.
T  INDICATES TRACE AMOUNT.




$$
