000
CDUS45 KPIH 220730
CLILLJ


CLIMATE REPORT
NATIONAL WEATHER SERVICE POCATELLO ID
1229 AM MST SUN JAN 22 2017


...................................

...THE CHALLIS ID CLIMATE SUMMARY FOR JANUARY 21 2017...

CLIMATE NORMAL PERIOD 1981 TO 2010
CLIMATE RECORD PERIOD 1898 TO 2017


WEATHER ITEM   OBSERVED TIME   RECORD YEAR NORMAL DEPARTURE LAST
                VALUE   (LST)  VALUE       VALUE  FROM      YEAR
                                                  NORMAL
..................................................................
TEMPERATURE (F)
 YESTERDAY
  MAXIMUM         26    114 PM  50    1950  30     -4       28
  MINIMUM          3   1020 PM -30    1937   9     -6        6
  AVERAGE         15                        20     -5       17

PRECIPITATION (IN)
  YESTERDAY        0.10          1.25 1943   0.01   0.09     0.00
  MONTH TO DATE    1.49                      0.37   1.12     0.33
  SINCE OCT 1      4.90                      2.30   2.60     2.67
  SINCE JAN 1      1.49                      0.37   1.12     0.33

SNOWFALL (IN)
  YESTERDAY       MM
  MONTH TO DATE   MM
  SINCE DEC 1     MM
  SINCE JUL 1     MM
  SNOW DEPTH      MM

DEGREE DAYS
 HEATING
  YESTERDAY       50                        45      5       48
  MONTH TO DATE 1376                       979    397     1070
  SINCE DEC 1   3054                      2432    622     2500
  SINCE JUL 1   4841                      4475    366     4366

 COOLING
  YESTERDAY        0                         0      0        0
  MONTH TO DATE    0                         0      0        0
  SINCE DEC 1      0                         0      0        0
  SINCE JAN 1      0                         0      0        0
..................................................................


WIND (MPH)
  HIGHEST WIND SPEED     7   HIGHEST WIND DIRECTION     S (190)
  HIGHEST GUST SPEED     9   HIGHEST GUST DIRECTION     W (250)
  AVERAGE WIND SPEED     1.0


SKY COVER
  POSSIBLE SUNSHINE  MM
  AVERAGE SKY COVER 0.9


WEATHER CONDITIONS
 THE FOLLOWING WEATHER WAS RECORDED YESTERDAY.
  LIGHT SNOW
  FOG


RELATIVE HUMIDITY (PERCENT)
 HIGHEST   100          1200 AM
 LOWEST     84          1200 PM
 AVERAGE    92

..........................................................


THE CHALLIS ID CLIMATE NORMALS FOR TODAY
                         NORMAL    RECORD    YEAR
 MAXIMUM TEMPERATURE (F)   30        53      1934
 MINIMUM TEMPERATURE (F)    9       -32      1962


SUNRISE AND SUNSET
JANUARY 22 2017.......SUNRISE   805 AM MST   SUNSET   533 PM MST
JANUARY 23 2017.......SUNRISE   804 AM MST   SUNSET   534 PM MST


-  INDICATES NEGATIVE NUMBERS.
R  INDICATES RECORD WAS SET OR TIED.
MM INDICATES DATA IS MISSING.
T  INDICATES TRACE AMOUNT.




$$
