000
CDUS45 KPIH 072325
CLILLJ


CLIMATE REPORT
NATIONAL WEATHER SERVICE POCATELLO ID
424 PM MST SUN FEB 7 2016


...................................

...THE CHALLIS ID CLIMATE SUMMARY FOR FEBRUARY 7 2016...
VALID TODAY AS OF 0400 PM LOCAL TIME.

CLIMATE NORMAL PERIOD 1981 TO 2010
CLIMATE RECORD PERIOD 1898 TO 2016


WEATHER ITEM   OBSERVED TIME   RECORD YEAR NORMAL DEPARTURE LAST
                VALUE   (LST)  VALUE       VALUE  FROM      YEAR
                                                  NORMAL
..................................................................
TEMPERATURE (F)
 TODAY
  MAXIMUM         33    337 PM  53    1996  33      0       51
  MINIMUM          8    750 AM -24    1933  12     -4       38
  AVERAGE         21                        22     -1       45

PRECIPITATION (IN)
  TODAY            0.00          0.35 1951   0.02  -0.02     0.25
  MONTH TO DATE    T                         0.16  -0.16     0.37
  SINCE OCT 1      2.90                      2.60   0.30     2.28
  SINCE JAN 1      0.56                      0.67  -0.11     0.49

SNOWFALL (IN)
  TODAY           MM
  MONTH TO DATE   MM
  SINCE DEC 1     MM
  SINCE JUL 1     MM
  SNOW DEPTH      MM

DEGREE DAYS
 HEATING
  TODAY           44                        43      1       20
  MONTH TO DATE  359                       304     55      203
  SINCE DEC 1   3331                      3183    148     2674
  SINCE JUL 1   5197                      5226    -29     4508

 COOLING
  TODAY            0                         0      0        0
  MONTH TO DATE    0                         0      0        0
  SINCE DEC 1      0                         0      0        0
  SINCE JAN 1      0                         0      0        0
..................................................................


WIND (MPH)
  HIGHEST WIND SPEED     7   HIGHEST WIND DIRECTION    SE (150)
  HIGHEST GUST SPEED     8   HIGHEST GUST DIRECTION    SW (240)
  AVERAGE WIND SPEED     0.3


SKY COVER
  POSSIBLE SUNSHINE  MM
  AVERAGE SKY COVER 0.2


WEATHER CONDITIONS
 THE FOLLOWING WEATHER WAS RECORDED TODAY.
  NO SIGNIFICANT WEATHER WAS OBSERVED.


RELATIVE HUMIDITY (PERCENT)
 HIGHEST    92           900 AM
 LOWEST     58           200 PM
 AVERAGE    75

..........................................................


THE CHALLIS ID CLIMATE NORMALS FOR TOMORROW
                         NORMAL    RECORD    YEAR
 MAXIMUM TEMPERATURE (F)   33        60      1898
 MINIMUM TEMPERATURE (F)   12       -22      1929


SUNRISE AND SUNSET
FEBRUARY  7 2016......SUNRISE   749 AM MST   SUNSET   554 PM MST
FEBRUARY  8 2016......SUNRISE   747 AM MST   SUNSET   555 PM MST


-  INDICATES NEGATIVE NUMBERS.
R  INDICATES RECORD WAS SET OR TIED.
MM INDICATES DATA IS MISSING.
T  INDICATES TRACE AMOUNT.




$$
