000
CDUS45 KPIH 162325
CLILLJ


CLIMATE REPORT
NATIONAL WEATHER SERVICE POCATELLO ID
523 PM MDT WED AUG 16 2017


...................................

...THE CHALLIS ID CLIMATE SUMMARY FOR AUGUST 16 2017...
VALID TODAY AS OF 0500 PM LOCAL TIME.

CLIMATE NORMAL PERIOD 1981 TO 2010
CLIMATE RECORD PERIOD 1898 TO 2017


WEATHER ITEM   OBSERVED TIME   RECORD YEAR NORMAL DEPARTURE LAST
                VALUE   (LST)  VALUE       VALUE  FROM      YEAR
                                                  NORMAL
..................................................................
TEMPERATURE (F)
 TODAY
  MAXIMUM         83    359 PM  97    2013  85     -2       93
  MINIMUM         46    516 AM  33    1927  48     -2       50
  AVERAGE         65                        66     -1       72

PRECIPITATION (IN)
  TODAY            0.00          0.48 2007   0.02  -0.02     0.00
  MONTH TO DATE    0.16                      0.43  -0.27     0.18
  SINCE OCT 1      9.42                      8.96   0.46     5.82
  SINCE JAN 1      6.01                      7.03  -1.02     3.48

SNOWFALL (IN)
  TODAY           MM
  MONTH TO DATE   MM
  SINCE JUN 1     MM
  SINCE JUL 1     MM
  SNOW DEPTH      MM

DEGREE DAYS
 HEATING
  TODAY            0                         1     -1        0
  MONTH TO DATE    0                        11    -11       14
  SINCE JUN 1    127                       197    -70      115
  SINCE JUL 1      4                        32    -28       42

 COOLING
  TODAY            0                         3     -3        7
  MONTH TO DATE   47                        63    -16       43
  SINCE JUN 1    286                       217     69      235
  SINCE JAN 1    288                       219     69      235
..................................................................


WIND (MPH)
  HIGHEST WIND SPEED     9   HIGHEST WIND DIRECTION     E (110)
  HIGHEST GUST SPEED    12   HIGHEST GUST DIRECTION    SE (120)
  AVERAGE WIND SPEED     2.4


SKY COVER
  POSSIBLE SUNSHINE  MM
  AVERAGE SKY COVER 0.0


WEATHER CONDITIONS
 THE FOLLOWING WEATHER WAS RECORDED TODAY.
  NO SIGNIFICANT WEATHER WAS OBSERVED.


RELATIVE HUMIDITY (PERCENT)
 HIGHEST    71           400 AM
 LOWEST     15           300 PM
 AVERAGE    43

..........................................................


THE CHALLIS ID CLIMATE NORMALS FOR TOMORROW
                         NORMAL    RECORD    YEAR
 MAXIMUM TEMPERATURE (F)   85        95      1967
 MINIMUM TEMPERATURE (F)   47        35      1978


SUNRISE AND SUNSET
AUGUST 16 2017........SUNRISE   641 AM MDT   SUNSET   840 PM MDT
AUGUST 17 2017........SUNRISE   642 AM MDT   SUNSET   838 PM MDT


-  INDICATES NEGATIVE NUMBERS.
R  INDICATES RECORD WAS SET OR TIED.
MM INDICATES DATA IS MISSING.
T  INDICATES TRACE AMOUNT.




$$
