000
CDUS45 KPIH 060729
CLILLJ


CLIMATE REPORT
NATIONAL WEATHER SERVICE POCATELLO ID
129 AM MDT FRI MAY 6 2016


...................................

...THE CHALLIS ID CLIMATE SUMMARY FOR MAY 5 2016...

CLIMATE NORMAL PERIOD 1981 TO 2010
CLIMATE RECORD PERIOD 1898 TO 2016


WEATHER ITEM   OBSERVED TIME   RECORD YEAR NORMAL DEPARTURE LAST
                VALUE   (LST)  VALUE       VALUE  FROM      YEAR
                                                  NORMAL
..................................................................
TEMPERATURE (F)
 YESTERDAY
  MAXIMUM         81    218 PM  87    1966  63     18       72
  MINIMUM         40    514 AM  15    1915  35      5       39
  AVERAGE         61                        49     12       56

PRECIPITATION (IN)
  YESTERDAY        0.00          0.31 2005   0.03  -0.03     0.01
  MONTH TO DATE    0.00                      0.17  -0.17     0.01
  SINCE OCT 1      4.11                      4.76  -0.65     3.05
  SINCE JAN 1      1.77                      2.83  -1.06     1.26

SNOWFALL (IN)
  YESTERDAY       MM
  MONTH TO DATE   MM
  SINCE MAR 1     MM
  SINCE JUL 1     MM
  SNOW DEPTH      MM

DEGREE DAYS
 HEATING
  YESTERDAY        4                        16    -12        9
  MONTH TO DATE   49                        85    -36       46
  SINCE MAR 1   1371                      1627   -256     1370
  SINCE JUL 1   7306                      7676   -370     6508

 COOLING
  YESTERDAY        0                         0      0        0
  MONTH TO DATE    0                         0      0        0
  SINCE MAR 1      0                         0      0        0
  SINCE JAN 1      0                         0      0        0
..................................................................


WIND (MPH)
  HIGHEST WIND SPEED    26   HIGHEST WIND DIRECTION     S (160)
  HIGHEST GUST SPEED    33   HIGHEST GUST DIRECTION     S (170)
  AVERAGE WIND SPEED     5.3


SKY COVER
  POSSIBLE SUNSHINE  MM
  AVERAGE SKY COVER 0.0


WEATHER CONDITIONS
 THE FOLLOWING WEATHER WAS RECORDED YESTERDAY.
  NO SIGNIFICANT WEATHER WAS OBSERVED.


RELATIVE HUMIDITY (PERCENT)
 HIGHEST    62           600 AM
 LOWEST     10           300 PM
 AVERAGE    36

..........................................................


THE CHALLIS ID CLIMATE NORMALS FOR TODAY
                         NORMAL    RECORD    YEAR
 MAXIMUM TEMPERATURE (F)   63        85      1992
 MINIMUM TEMPERATURE (F)   35        18      1915
                                             2003
                                             1968


SUNRISE AND SUNSET
MAY  6 2016...........SUNRISE   620 AM MDT   SUNSET   848 PM MDT
MAY  7 2016...........SUNRISE   618 AM MDT   SUNSET   849 PM MDT


-  INDICATES NEGATIVE NUMBERS.
R  INDICATES RECORD WAS SET OR TIED.
MM INDICATES DATA IS MISSING.
T  INDICATES TRACE AMOUNT.




$$
