000
CDUS46 KMFR 050842
CLILMT


CLIMATE REPORT
NATIONAL WEATHER SERVICE MEDFORD, OR
142 AM PDT SUN JUL 5 2015


...................................

...THE KLAMATH FALLS OR CLIMATE SUMMARY FOR JULY 4 2015...

CLIMATE NORMAL PERIOD 1981 TO 2010
CLIMATE RECORD PERIOD 1928 TO 2015


WEATHER ITEM   OBSERVED TIME   RECORD YEAR NORMAL DEPARTURE LAST
                VALUE   (LST)  VALUE       VALUE  FROM      YEAR
                                                  NORMAL
..................................................................
TEMPERATURE (F)
 YESTERDAY
  MAXIMUM         94    344 PM  95    2007  81     13       90
                                      2001
                                      1981
  MINIMUM         63    515 AM  34    1999  47     16       48
  AVERAGE         79                        64     15       69

PRECIPITATION (IN)
  YESTERDAY        0.00          0.04 1986   0.03  -0.03     0.00
  MONTH TO DATE    0.00                      0.11  -0.11      T
  SINCE OCT 1     11.88                     13.63  -1.75     7.13
  SINCE JAN 1      5.42                      8.94  -3.52     6.50

SNOWFALL (IN)
  YESTERDAY       MM                        MM     MM       MM
  MONTH TO DATE   MM                        MM     MM       MM
  SINCE JUL 1     MM                        MM     MM       MM
  SNOW DEPTH      MM

DEGREE DAYS
 HEATING
  YESTERDAY        0                         3     -3        0
  MONTH TO DATE    0                        12    -12        0
  SINCE JUN 1     52                       229   -177      175
  SINCE JUL 1      0                        12    -12        0

 COOLING
  YESTERDAY       14                         2     12        4
  MONTH TO DATE   54                         5     49       31
  SINCE JUN 1    145                        16    129       38
  SINCE JAN 1    148                        17    131       38
..................................................................


WIND (MPH)
  HIGHEST WIND SPEED    23   HIGHEST WIND DIRECTION    SW (210)
  HIGHEST GUST SPEED    28   HIGHEST GUST DIRECTION    SW (210)
  AVERAGE WIND SPEED     6.5


SKY COVER
  POSSIBLE SUNSHINE  MM
  AVERAGE SKY COVER 0.1


WEATHER CONDITIONS
 THE FOLLOWING WEATHER WAS RECORDED YESTERDAY.
  HAZE


RELATIVE HUMIDITY (PERCENT)
 HIGHEST    68           300 AM
 LOWEST     20           300 PM

..........................................................


THE KLAMATH FALLS OR CLIMATE NORMALS FOR TODAY
                         NORMAL    RECORD    YEAR
 MAXIMUM TEMPERATURE (F)   81        98      2007
 MINIMUM TEMPERATURE (F)   47        33      1986


SUNRISE AND SUNSET
JULY  5 2015..........SUNRISE   537 AM PDT   SUNSET   846 PM PDT
JULY  6 2015..........SUNRISE   537 AM PDT   SUNSET   846 PM PDT


-  INDICATES NEGATIVE NUMBERS.
R  INDICATES RECORD WAS SET OR TIED.
MM INDICATES DATA IS MISSING.
T  INDICATES TRACE AMOUNT.




$$
