000
CDUS46 KMFR 220836
CLILMT


CLIMATE REPORT
NATIONAL WEATHER SERVICE MEDFORD, OR
136 AM PDT FRI SEP 22 2017


...................................

...THE KLAMATH FALLS OR CLIMATE SUMMARY FOR SEPTEMBER 21 2017...

CLIMATE NORMAL PERIOD 1981 TO 2010
CLIMATE RECORD PERIOD 1928 TO 2017


WEATHER ITEM   OBSERVED TIME   RECORD YEAR NORMAL DEPARTURE LAST
                VALUE   (LST)  VALUE       VALUE  FROM      YEAR
                                                  NORMAL
..................................................................
TEMPERATURE (F)
 YESTERDAY
  MAXIMUM         54    229 PM  89    1987  74    -20       65
  MINIMUM         28    217 AM  23    1968  37     -9       38
  AVERAGE         41                        56    -15       52

PRECIPITATION (IN)
  YESTERDAY        0.00          0.09 1945   0.02  -0.02      T
  MONTH TO DATE    0.09                      0.40  -0.31      T
  SINCE OCT 1     12.61                     14.83  -2.22    11.64
  SINCE JAN 1      7.86                     10.14  -2.28     7.11

SNOWFALL (IN)
  YESTERDAY       MM                        MM     MM       MM
  MONTH TO DATE   MM                        MM     MM       MM
  SINCE JUL 1     MM                        MM     MM       MM
  SNOW DEPTH      MM

DEGREE DAYS
 HEATING
  YESTERDAY       24                         9     15       13
  MONTH TO DATE  112                       139    -27      183
  SINCE SEP 1    112                       139    -27      183
  SINCE JUL 1    116                       258   -142      290

 COOLING
  YESTERDAY        0                         0      0        0
  MONTH TO DATE   66                         9     57        0
  SINCE SEP 1     66                         9     57        0
  SINCE JAN 1    420                       168    252      215
..................................................................


WIND (MPH)
  HIGHEST WIND SPEED    17   HIGHEST WIND DIRECTION    NW (320)
  HIGHEST GUST SPEED    22   HIGHEST GUST DIRECTION    NW (330)
  AVERAGE WIND SPEED     4.5


SKY COVER
  POSSIBLE SUNSHINE  MM
  AVERAGE SKY COVER 0.4


WEATHER CONDITIONS
 THE FOLLOWING WEATHER WAS RECORDED YESTERDAY.
  NO SIGNIFICANT WEATHER WAS OBSERVED.


RELATIVE HUMIDITY (PERCENT)
 HIGHEST    92           200 AM
 LOWEST     35          1200 PM

..........................................................


THE KLAMATH FALLS OR CLIMATE NORMALS FOR TODAY
                         NORMAL    RECORD    YEAR
 MAXIMUM TEMPERATURE (F)   74        90      1987
 MINIMUM TEMPERATURE (F)   37        26      1968


SUNRISE AND SUNSET
SEPTEMBER 22 2017.....SUNRISE   655 AM PDT   SUNSET   703 PM PDT
SEPTEMBER 23 2017.....SUNRISE   656 AM PDT   SUNSET   702 PM PDT


-  INDICATES NEGATIVE NUMBERS.
R  INDICATES RECORD WAS SET OR TIED.
MM INDICATES DATA IS MISSING.
T  INDICATES TRACE AMOUNT.




$$
