000
CDUS46 KMFR 220035
CLILMT


CLIMATE REPORT
NATIONAL WEATHER SERVICE MEDFORD, OR
535 PM PDT TUE OCT 21 2014


...................................

...THE KLAMATH FALLS OR CLIMATE SUMMARY FOR OCTOBER 21 2014...
VALID TODAY AS OF 0500 PM LOCAL TIME.

CLIMATE NORMAL PERIOD 1981 TO 2010
CLIMATE RECORD PERIOD 1928 TO 2014


WEATHER ITEM   OBSERVED TIME   RECORD YEAR NORMAL DEPARTURE LAST
                VALUE   (LST)  VALUE       VALUE  FROM      YEAR
                                                  NORMAL
..................................................................
TEMPERATURE (F)
 TODAY
  MAXIMUM         53    308 PM  80    2003  60     -7       72
                                      1999
  MINIMUM         33    524 AM  18    2012  30      3       26
  AVERAGE         43                        45     -2       49

PRECIPITATION (IN)
  TODAY            0.00          0.49 1934   0.04  -0.04     0.00
  MONTH TO DATE    0.67                      0.45   0.22     0.01
  SINCE SEP 1      1.62                      0.98   0.64     0.12
  SINCE JAN 1      9.13                     10.72  -1.59     4.91

SNOWFALL (IN)
  TODAY           MM                        MM     MM       MM
  MONTH TO DATE   MM                        MM     MM       MM
  SINCE JUL 1     MM                        MM     MM       MM
  SNOW DEPTH      MM

DEGREE DAYS
 HEATING
  TODAY           22                        20      2       16
  MONTH TO DATE  262                       339    -77      427
  SINCE SEP 1    390                       576   -186      683
  SINCE JUL 1    438                       695   -257      751

 COOLING
  TODAY            0                         0      0        0
  MONTH TO DATE    0                         0      0        0
  SINCE SEP 1      6                        10     -4       17
  SINCE JAN 1    327                       169    158      285
..................................................................


WIND (MPH)
  HIGHEST WIND SPEED    10   HIGHEST WIND DIRECTION    SW (230)
  HIGHEST GUST SPEED    14   HIGHEST GUST DIRECTION    SE (140)
  AVERAGE WIND SPEED     3.9


SKY COVER
  POSSIBLE SUNSHINE  MM
  AVERAGE SKY COVER 0.6


WEATHER CONDITIONS
 THE FOLLOWING WEATHER WAS RECORDED TODAY.
  NO SIGNIFICANT WEATHER WAS OBSERVED.


RELATIVE HUMIDITY (PERCENT)
 HIGHEST   100           700 AM
 LOWEST     54           200 PM

..........................................................


THE KLAMATH FALLS OR CLIMATE NORMALS FOR TOMORROW
                         NORMAL    RECORD    YEAR
 MAXIMUM TEMPERATURE (F)   60        75      2003
                                             1965
 MINIMUM TEMPERATURE (F)   30        16      1961


SUNRISE AND SUNSET
OCTOBER 21 2014.......SUNRISE   727 AM PDT   SUNSET   616 PM PDT
OCTOBER 22 2014.......SUNRISE   728 AM PDT   SUNSET   614 PM PDT


-  INDICATES NEGATIVE NUMBERS.
R  INDICATES RECORD WAS SET OR TIED.
MM INDICATES DATA IS MISSING.
T  INDICATES TRACE AMOUNT.




$$
