000
CDUS45 KRIW 280735
CLILND


CLIMATE REPORT
NATIONAL WEATHER SERVICE RIVERTON WY
135 AM MDT MON JUL 28 2014


...................................

...THE LANDER WY CLIMATE SUMMARY FOR JULY 27 2014...

CLIMATE NORMAL PERIOD 1981 TO 2010
CLIMATE RECORD PERIOD 1891 TO 2014


WEATHER ITEM   OBSERVED TIME   RECORD YEAR NORMAL DEPARTURE LAST
                VALUE   (LST)  VALUE       VALUE  FROM      YEAR
                                                  NORMAL
..................................................................
TEMPERATURE (F)
 YESTERDAY
  MAXIMUM         89    444 PM 102    1935  88      1       82
  MINIMUM         57    546 AM  42    1894  57      0       57
  AVERAGE         73                        72      1       70

PRECIPITATION (IN)
  YESTERDAY        0.00          0.90 1982   0.03  -0.03      T
  MONTH TO DATE    0.28                      0.65  -0.37     0.27
  SINCE JUN 1      0.88                      1.92  -1.04     0.32
  SINCE JAN 1      5.07                      8.14  -3.07     7.84

SNOWFALL (IN)
  YESTERDAY        0.0                       0.0    0.0      0.0
  MONTH TO DATE    0.0                       0.0    0.0      0.0
  SINCE JUN 1      0.0                       0.1   -0.1      0.0
  SINCE JUL 1      0.0                       0.0    0.0      0.0
  SNOW DEPTH       0

DEGREE DAYS
 HEATING
  YESTERDAY        0                         0      0        0
  MONTH TO DATE    3                        11     -8        0
  SINCE JUN 1    139                       137      2       54
  SINCE JUL 1      3                        11     -8        0

 COOLING
  YESTERDAY        8                         8      0        5
  MONTH TO DATE  226                       180     46      277
  SINCE JUN 1    249                       244      5      391
  SINCE JAN 1    267                       249     18      400
..................................................................


WIND (MPH)
  HIGHEST WIND SPEED    16   HIGHEST WIND DIRECTION     W (250)
  HIGHEST GUST SPEED    18   HIGHEST GUST DIRECTION    SW (240)
  AVERAGE WIND SPEED     7.3


SKY COVER
  POSSIBLE SUNSHINE  MM
  AVERAGE SKY COVER 0.0


WEATHER CONDITIONS
 THE FOLLOWING WEATHER WAS RECORDED YESTERDAY.
  NO SIGNIFICANT WEATHER WAS OBSERVED.


RELATIVE HUMIDITY (PERCENT)
 HIGHEST    40           500 AM
 LOWEST      9           400 PM
 AVERAGE    25

..........................................................


THE LANDER WY CLIMATE NORMALS FOR TODAY
                         NORMAL    RECORD    YEAR
 MAXIMUM TEMPERATURE (F)   88        99      2006
 MINIMUM TEMPERATURE (F)   57        42      1911
                                             1909
                                             1894


SUNRISE AND SUNSET
JULY 28 2014..........SUNRISE   602 AM MDT   SUNSET   840 PM MDT
JULY 29 2014..........SUNRISE   603 AM MDT   SUNSET   839 PM MDT


-  INDICATES NEGATIVE NUMBERS.
R  INDICATES RECORD WAS SET OR TIED.
MM INDICATES DATA IS MISSING.
T  INDICATES TRACE AMOUNT.




$$
