000
CDUS45 KRIW 150030
CLILND


CLIMATE REPORT
NATIONAL WEATHER SERVICE RIVERTON WY
629 PM MDT SUN SEP 14 2014


...................................

...THE LANDER WY CLIMATE SUMMARY FOR SEPTEMBER 14 2014...
VALID TODAY AS OF 0500 PM LOCAL TIME.

CLIMATE NORMAL PERIOD 1981 TO 2010
CLIMATE RECORD PERIOD 1891 TO 2014


WEATHER ITEM   OBSERVED TIME   RECORD YEAR NORMAL DEPARTURE LAST
                VALUE   (LST)  VALUE       VALUE  FROM      YEAR
                                                  NORMAL
..................................................................
TEMPERATURE (F)
 TODAY
  MAXIMUM         82        MM  92    1948  74      8       69
  MINIMUM         37        MM  25    1904  45     -8       55
  AVERAGE         60                        59      1       62

PRECIPITATION (IN)
  TODAY            0.00          0.74 2001   0.03  -0.03     0.14
  MONTH TO DATE    0.17                      0.38  -0.21     1.64
  SINCE SEP 1      0.17                      0.38  -0.21     1.64
  SINCE JAN 1      7.19                      9.26  -2.07     9.50

SNOWFALL (IN)
  TODAY            0.0                       0.0    0.0      0.0
  MONTH TO DATE    T                         0.5   -0.5      0.0
  SINCE SEP 1      T                         0.5   -0.5      0.0
  SINCE JUL 1      T                         0.5   -0.5      0.0
  SNOW DEPTH       0

DEGREE DAYS
 HEATING
  TODAY            5                         6     -1        3
  MONTH TO DATE   98                        59     39       26
  SINCE SEP 1     98                        59     39       26
  SINCE JUL 1    142                        99     43       26

 COOLING
  TODAY            0                         1     -1        0
  MONTH TO DATE    8                        23    -15       64
  SINCE SEP 1      8                        23    -15       64
  SINCE JAN 1    414                       468    -54      742
..................................................................


WIND (MPH)
  HIGHEST WIND SPEED    17   HIGHEST WIND DIRECTION    NE (50)
  HIGHEST GUST SPEED    17   HIGHEST GUST DIRECTION    NE (30)
  AVERAGE WIND SPEED     7.5


SKY COVER
  POSSIBLE SUNSHINE  MM
  AVERAGE SKY COVER 0.0


WEATHER CONDITIONS
 THE FOLLOWING WEATHER WAS RECORDED TODAY.
  NO SIGNIFICANT WEATHER WAS OBSERVED.


RELATIVE HUMIDITY (PERCENT)
 HIGHEST    82           600 AM
 LOWEST     14           300 PM
 AVERAGE    48

..........................................................


THE LANDER WY CLIMATE NORMALS FOR TOMORROW
                         NORMAL    RECORD    YEAR
 MAXIMUM TEMPERATURE (F)   73        91      2000
 MINIMUM TEMPERATURE (F)   45        28      1915


SUNRISE AND SUNSET
SEPTEMBER 14 2014.....SUNRISE   654 AM MDT   SUNSET   726 PM MDT
SEPTEMBER 15 2014.....SUNRISE   655 AM MDT   SUNSET   725 PM MDT


-  INDICATES NEGATIVE NUMBERS.
R  INDICATES RECORD WAS SET OR TIED.
MM INDICATES DATA IS MISSING.
T  INDICATES TRACE AMOUNT.




$$
