000
CDUS45 KRIW 220735
CLILND


CLIMATE REPORT
NATIONAL WEATHER SERVICE RIVERTON WY
135 AM MDT FRI MAY 22 2015


...................................

...THE LANDER WY CLIMATE SUMMARY FOR MAY 21 2015...

CLIMATE NORMAL PERIOD 1981 TO 2010
CLIMATE RECORD PERIOD 1891 TO 2015


WEATHER ITEM   OBSERVED TIME   RECORD YEAR NORMAL DEPARTURE LAST
                VALUE   (LST)  VALUE       VALUE  FROM      YEAR
                                                  NORMAL
..................................................................
TEMPERATURE (F)
 YESTERDAY
  MAXIMUM         61    315 PM  85    2006  68     -7       69
                                      1964
                                      1948
  MINIMUM         36    545 AM  27    2001  42     -6       46
                                      1908
  AVERAGE         49                        55     -6       58

PRECIPITATION (IN)
  YESTERDAY        T             1.78 1904   0.07  -0.07     0.02
  MONTH TO DATE    3.92                      1.52   2.40     1.49
  SINCE MAR 1      6.78                      4.55   2.23     3.37
  SINCE JAN 1      8.34                      5.54   2.80     4.17

SNOWFALL (IN)
  YESTERDAY        0.0                       0.1   -0.1      0.0
  MONTH TO DATE    0.8                       4.4   -3.6      2.2
  SINCE MAR 1     20.0                      37.3  -17.3     20.4
  SINCE JUL 1     73.9                      90.9  -17.0     75.7
  SNOW DEPTH       0

DEGREE DAYS
 HEATING
  YESTERDAY       16                        10      6        7
  MONTH TO DATE  355                       280     75      310
  SINCE MAR 1   1713                      1830   -117     1826
  SINCE JUL 1   6837                      7534   -697     7562

 COOLING
  YESTERDAY        0                         0      0        0
  MONTH TO DATE    0                         0      0        2
  SINCE MAR 1      0                         0      0        2
  SINCE JAN 1      0                         0      0        2
..................................................................


WIND (MPH)
  HIGHEST WIND SPEED    18   HIGHEST WIND DIRECTION    SE (120)
  HIGHEST GUST SPEED    23   HIGHEST GUST DIRECTION    SE (120)
  AVERAGE WIND SPEED     5.6


SKY COVER
  POSSIBLE SUNSHINE  MM
  AVERAGE SKY COVER 0.6


WEATHER CONDITIONS
 THE FOLLOWING WEATHER WAS RECORDED YESTERDAY.
  THUNDERSTORM
  LIGHT RAIN


RELATIVE HUMIDITY (PERCENT)
 HIGHEST    92           100 AM
 LOWEST     47           500 PM
 AVERAGE    70

..........................................................


THE LANDER WY CLIMATE NORMALS FOR TODAY
                         NORMAL    RECORD    YEAR
 MAXIMUM TEMPERATURE (F)   69        83      2006
                                             1967
 MINIMUM TEMPERATURE (F)   42        30      1975
                                             1953


SUNRISE AND SUNSET
MAY 22 2015...........SUNRISE   546 AM MDT   SUNSET   838 PM MDT
MAY 23 2015...........SUNRISE   545 AM MDT   SUNSET   839 PM MDT


-  INDICATES NEGATIVE NUMBERS.
R  INDICATES RECORD WAS SET OR TIED.
MM INDICATES DATA IS MISSING.
T  INDICATES TRACE AMOUNT.




$$
