000
CDUS45 KRIW 040038
CLILND


CLIMATE REPORT
NATIONAL WEATHER SERVICE RIVERTON WY
637 PM MDT TUE MAY 3 2016


...................................

...THE LANDER WY CLIMATE SUMMARY FOR MAY 3 2016...
VALID TODAY AS OF 0500 PM LOCAL TIME.

CLIMATE NORMAL PERIOD 1981 TO 2010
CLIMATE RECORD PERIOD 1891 TO 2016


WEATHER ITEM   OBSERVED TIME   RECORD YEAR NORMAL DEPARTURE LAST
                VALUE   (LST)  VALUE       VALUE  FROM      YEAR
                                                  NORMAL
..................................................................
TEMPERATURE (F)
 TODAY
  MAXIMUM         70        MM  84    1947  62      8       68
  MINIMUM         36        MM  17    1899  36      0       50
  AVERAGE         53                        49      4       59

PRECIPITATION (IN)
  TODAY            0.00          1.24 1898   0.08  -0.08      T
  MONTH TO DATE    T                         0.23  -0.23      T
  SINCE MAR 1      9.20                      3.26   5.94     2.86
  SINCE JAN 1     10.12                      4.25   5.87     4.42

SNOWFALL (IN)
  TODAY            0.0                       0.4   -0.4      0.0
  MONTH TO DATE    0.0                       1.1   -1.1      0.0
  SINCE MAR 1     37.6                      34.0    3.6     19.2
  SINCE JUL 1     74.6                      87.6  -13.0     73.1
  SNOW DEPTH       0

DEGREE DAYS
 HEATING
  TODAY           12                        16     -4        6
  MONTH TO DATE   53                        48      5       22
  SINCE MAR 1   1479                      1598   -119     1380
  SINCE JUL 1   6630                      7302   -672     6504

 COOLING
  TODAY            0                         0      0        0
  MONTH TO DATE    0                         0      0        0
  SINCE MAR 1      0                         0      0        0
  SINCE JAN 1      0                         0      0        0
..................................................................


WIND (MPH)
  HIGHEST WIND SPEED     8   HIGHEST WIND DIRECTION    SE (140)
  HIGHEST GUST SPEED    MM   HIGHEST GUST DIRECTION    MM
  AVERAGE WIND SPEED     3.5


SKY COVER
  POSSIBLE SUNSHINE  MM
  AVERAGE SKY COVER 0.0


WEATHER CONDITIONS
 THE FOLLOWING WEATHER WAS RECORDED TODAY.
  NO SIGNIFICANT WEATHER WAS OBSERVED.


RELATIVE HUMIDITY (PERCENT)
 HIGHEST    65           700 AM
 LOWEST     24           200 PM
 AVERAGE    45

..........................................................


THE LANDER WY CLIMATE NORMALS FOR TOMORROW
                         NORMAL    RECORD    YEAR
 MAXIMUM TEMPERATURE (F)   63        85      2000
                                             1947
 MINIMUM TEMPERATURE (F)   37        24      1950
                                             1899


SUNRISE AND SUNSET
MAY  3 2016...........SUNRISE   606 AM MDT   SUNSET   818 PM MDT
MAY  4 2016...........SUNRISE   604 AM MDT   SUNSET   820 PM MDT


-  INDICATES NEGATIVE NUMBERS.
R  INDICATES RECORD WAS SET OR TIED.
MM INDICATES DATA IS MISSING.
T  INDICATES TRACE AMOUNT.




$$
