000
CDUS45 KRIW 060748
CLILND


CLIMATE REPORT
NATIONAL WEATHER SERVICE RIVERTON WY
1246 AM MST SAT FEB 6 2016


...................................

...THE LANDER WY CLIMATE SUMMARY FOR FEBRUARY 5 2016...

CLIMATE NORMAL PERIOD 1981 TO 2010
CLIMATE RECORD PERIOD 1891 TO 2016


WEATHER ITEM   OBSERVED TIME   RECORD YEAR NORMAL DEPARTURE LAST
                VALUE   (LST)  VALUE       VALUE  FROM      YEAR
                                                  NORMAL
..................................................................
TEMPERATURE (F)
 YESTERDAY
  MAXIMUM         35    240 PM  61    1963  34      1       54
  MINIMUM         11    452 AM -31    1899  12     -1        9
  AVERAGE         23                        23      0       32

PRECIPITATION (IN)
  YESTERDAY        0.00          0.56 1974   0.02  -0.02     0.00
  MONTH TO DATE    0.43                      0.08   0.35     0.31
  SINCE DEC 1      1.33                      1.07   0.26     2.13
  SINCE JAN 1      0.85                      0.49   0.36     0.31

SNOWFALL (IN)
  YESTERDAY        0.0                       0.3   -0.3      0.0
  MONTH TO DATE    3.9                       1.6    2.3      3.4
  SINCE DEC 1     18.0                      19.3   -1.3     24.8
  SINCE JUL 1     37.0                      44.9   -7.9     33.7
  SNOW DEPTH       8

DEGREE DAYS
 HEATING
  YESTERDAY       42                        42      0       33
  MONTH TO DATE  237                       213     24      174
  SINCE DEC 1   2956                      2930     26     2772
  SINCE JUL 1   4468                      4803   -335     4313

 COOLING
  YESTERDAY        0                         0      0        0
  MONTH TO DATE    0                         0      0        0
  SINCE DEC 1      0                         0      0        0
  SINCE JAN 1      0                         0      0        0
..................................................................


WIND (MPH)
  HIGHEST WIND SPEED    16   HIGHEST WIND DIRECTION    SE (150)
  HIGHEST GUST SPEED    17   HIGHEST GUST DIRECTION    SE (150)
  AVERAGE WIND SPEED     3.4


SKY COVER
  POSSIBLE SUNSHINE  MM
  AVERAGE SKY COVER 0.0


WEATHER CONDITIONS
 THE FOLLOWING WEATHER WAS RECORDED YESTERDAY.
  NO SIGNIFICANT WEATHER WAS OBSERVED.


RELATIVE HUMIDITY (PERCENT)
 HIGHEST    68           700 PM
 LOWEST     39           100 PM
 AVERAGE    54

..........................................................


THE LANDER WY CLIMATE NORMALS FOR TODAY
                         NORMAL    RECORD    YEAR
 MAXIMUM TEMPERATURE (F)   34        56      1963
 MINIMUM TEMPERATURE (F)   12       -33      1899


SUNRISE AND SUNSET
FEBRUARY  6 2016......SUNRISE   724 AM MST   SUNSET   534 PM MST
FEBRUARY  7 2016......SUNRISE   723 AM MST   SUNSET   535 PM MST


-  INDICATES NEGATIVE NUMBERS.
R  INDICATES RECORD WAS SET OR TIED.
MM INDICATES DATA IS MISSING.
T  INDICATES TRACE AMOUNT.




$$
