000
CDUS43 KOAX 012127
CLILNK


CLIMATE REPORT
NATIONAL WEATHER SERVICE OMAHA NEBRASKA
426 PM CDT WED JUL 1 2015


...................................

...THE LINCOLN, NEBRASKA CLIMATE SUMMARY FOR JULY 1 2015...
VALID TODAY AS OF 0400 PM LOCAL TIME.

CLIMATE NORMAL PERIOD 1981 TO 2010
CLIMATE RECORD PERIOD 1887 TO 2015


WEATHER ITEM   OBSERVED TIME   RECORD YEAR NORMAL DEPARTURE LAST
                VALUE   (LST)  VALUE       VALUE  FROM      YEAR
                                                  NORMAL
..................................................................
TEMPERATURE (F)
 TODAY
  MAXIMUM         87    259 PM 108    1933  88     -1       85
  MINIMUM         67    623 AM  45    1995  65      2       62
  AVERAGE         77                        77      0       74

PRECIPITATION (IN)
  TODAY            0.22          4.86 1957   0.12   0.10     0.00
  MONTH TO DATE    0.22                      0.12   0.10     0.00
  SINCE JUN 1      7.88                      4.47   3.41     5.90
  SINCE JAN 1     23.38                     14.81   8.57    15.65

SNOWFALL (IN)
  TODAY            0.0                       0.0    0.0      0.0
  MONTH TO DATE    0.0                       0.0    0.0      0.0
  SINCE JUL 1      0.0                       0.0    0.0      0.0
  SNOW DEPTH       0

DEGREE DAYS
 HEATING
  TODAY            0                         0      0        0
  MONTH TO DATE    0                         0      0        0
  SINCE JUN 1      0                        16    -16        2
  SINCE JUL 1      0                         0      0        0

 COOLING
  TODAY           12                        12      0        9
  MONTH TO DATE   12                        12      0        9
  SINCE JUN 1    275                       254     21      287
  SINCE JAN 1    327                       333     -6      447
..................................................................


WIND (MPH)
  HIGHEST WIND SPEED    25   HIGHEST WIND DIRECTION    SE (150)
  HIGHEST GUST SPEED    33   HIGHEST GUST DIRECTION    SE (140)
  AVERAGE WIND SPEED     8.7


SKY COVER
  POSSIBLE SUNSHINE  MM
  AVERAGE SKY COVER 0.5


WEATHER CONDITIONS
 THE FOLLOWING WEATHER WAS RECORDED TODAY.
  THUNDERSTORM
  HEAVY RAIN
  RAIN
  LIGHT RAIN
  FOG
  HAZE


RELATIVE HUMIDITY (PERCENT)
 HIGHEST    93           500 AM
 LOWEST     57           200 PM
 AVERAGE    75

..........................................................


THE LINCOLN, NEBRASKA CLIMATE NORMALS FOR TOMORROW
                         NORMAL    RECORD    YEAR
 MAXIMUM TEMPERATURE (F)   88       108      1990
 MINIMUM TEMPERATURE (F)   65        50      1945


SUNRISE AND SUNSET
JULY  1 2015..........SUNRISE   559 AM CDT   SUNSET   902 PM CDT
JULY  2 2015..........SUNRISE   600 AM CDT   SUNSET   902 PM CDT


-  INDICATES NEGATIVE NUMBERS.
R  INDICATES RECORD WAS SET OR TIED.
MM INDICATES DATA IS MISSING.
T  INDICATES TRACE AMOUNT.




$$
