102
CDUS43 KOAX 062154
CLILNK


CLIMATE REPORT
NATIONAL WEATHER SERVICE OMAHA NEBRASKA
453 PM CDT FRI MAY 6 2016


...................................

...THE LINCOLN, NEBRASKA CLIMATE SUMMARY FOR MAY 6 2016...
VALID TODAY AS OF 400 PM LOCAL TIME.

CLIMATE NORMAL PERIOD 1981 TO 2010
CLIMATE RECORD PERIOD 1887 TO 2016


WEATHER ITEM   OBSERVED TIME   RECORD YEAR NORMAL DEPARTURE LAST
                VALUE   (LST)  VALUE       VALUE  FROM      YEAR
                                                  NORMAL
..................................................................
TEMPERATURE (F)
 TODAY
  MAXIMUM         88    257 PM  95    1955  71     17       71
                                      1934
  MINIMUM         53    606 AM  27    1944  47      6       60
  AVERAGE         71                        59     12       66

PRECIPITATION (IN)
  TODAY            0.00          2.96 2015   0.14  -0.14     2.96
  MONTH TO DATE    0.06                      0.79  -0.73     3.51
  SINCE MAR 1      5.36                      5.43  -0.07     6.27
  SINCE JAN 1      6.95                      6.84   0.11     8.11

SNOWFALL (IN)
  TODAY            0.0                       0.0    0.0      0.0
  MONTH TO DATE    0.0                       0.1   -0.1      0.0
  SINCE JUL 1     20.5                      26.0   -5.5     21.9
  SNOW DEPTH       O

DEGREE DAYS
 HEATING
  TODAY            0                         7     -7        0
  MONTH TO DATE   43                        47     -4        7
  SINCE MAR 1    879                      1237   -358     1003
  SINCE JUL 1   4796                      5940  -1144     5690

 COOLING
  TODAY            6                         1      5        1
  MONTH TO DATE    6                         6      0       17
  SINCE MAR 1     15                        20     -5       22
  SINCE JAN 1     15                        20     -5       22
..................................................................


WIND (MPH)
  HIGHEST WIND SPEED    22   HIGHEST WIND DIRECTION     S (190)
  HIGHEST GUST SPEED    28   HIGHEST GUST DIRECTION    SW (210)
  AVERAGE WIND SPEED    10.6


SKY COVER
  POSSIBLE SUNSHINE  MM
  AVERAGE SKY COVER 0.0


WEATHER CONDITIONS
 THE FOLLOWING WEATHER WAS RECORDED TODAY.
  NO SIGNIFICANT WEATHER WAS OBSERVED.


RELATIVE HUMIDITY (PERCENT)
 HIGHEST    61           300 AM
 LOWEST     18           200 PM
 AVERAGE    40

..........................................................


THE LINCOLN, NEBRASKA CLIMATE NORMALS FOR TOMORROW
                         NORMAL    RECORD    YEAR
 MAXIMUM TEMPERATURE (F)   71        98      2014
 MINIMUM TEMPERATURE (F)   47        29      1989


SUNRISE AND SUNSET
MAY  6 2016...........SUNRISE   619 AM CDT   SUNSET   829 PM CDT
MAY  7 2016...........SUNRISE   617 AM CDT   SUNSET   830 PM CDT


-  INDICATES NEGATIVE NUMBERS.
R  INDICATES RECORD WAS SET OR TIED.
MM INDICATES DATA IS MISSING.
T  INDICATES TRACE AMOUNT.




$$

KLISH
