000
CDUS43 KOAX 160805
CLILNK


CLIMATE REPORT
NATIONAL WEATHER SERVICE OMAHA NEBRASKA
202 AM CST SAT DEC 16 2017


...................................

...THE LINCOLN, NEBRASKA CLIMATE SUMMARY FOR DECEMBER 15 2017...

CLIMATE NORMAL PERIOD 1981 TO 2010
CLIMATE RECORD PERIOD 1887 TO 2017


WEATHER ITEM   OBSERVED TIME   RECORD YEAR NORMAL DEPARTURE LAST
                VALUE   (LST)  VALUE       VALUE  FROM      YEAR
                                                  NORMAL
..................................................................
TEMPERATURE (F)
 YESTERDAY
  MAXIMUM         49    408 PM  64    2002  37     12       24
                                      1939
  MINIMUM         27    825 AM -15    1989  16     11        2
  AVERAGE         38                        26     12       13

PRECIPITATION (IN)
  YESTERDAY        0.00          2.13 1984   0.03  -0.03     0.00
  MONTH TO DATE    T                         0.52  -0.52     0.53
  SINCE DEC 1      T                         0.52  -0.52     0.53
  SINCE JAN 1     36.65                     28.52   8.13    27.81

SNOWFALL (IN)
  YESTERDAY        0.0                       0.2   -0.2      0.0
  MONTH TO DATE    T                         2.8   -2.8      1.5
  SINCE JUL 1      T                         5.6   -5.6      1.5
  SNOW DEPTH       0

DEGREE DAYS
 HEATING
  YESTERDAY       27                        39    -12       52
  MONTH TO DATE  418                       548   -130      605
  SINCE DEC 1    418                       548   -130      605
  SINCE JUL 1   1471                      1809   -338     1413

 COOLING
  YESTERDAY        0                         0      0        0
  MONTH TO DATE    0                         0      0        0
  SINCE DEC 1      0                         0      0        0
  SINCE JAN 1   1252                      1173     79     1449
..................................................................


WIND (MPH)
  HIGHEST WIND SPEED    23   HIGHEST WIND DIRECTION    SW (230)
  HIGHEST GUST SPEED    31   HIGHEST GUST DIRECTION    SW (220)
  AVERAGE WIND SPEED    11.8


SKY COVER
  POSSIBLE SUNSHINE  MM
  AVERAGE SKY COVER 0.3


WEATHER CONDITIONS
 THE FOLLOWING WEATHER WAS RECORDED YESTERDAY.
  NO SIGNIFICANT WEATHER WAS OBSERVED.


RELATIVE HUMIDITY (PERCENT)
 HIGHEST    82           200 AM
 LOWEST     39           200 PM
 AVERAGE    61

..........................................................


THE LINCOLN, NEBRASKA CLIMATE NORMALS FOR TODAY
                         NORMAL    RECORD    YEAR
 MAXIMUM TEMPERATURE (F)   37        68      1962
                                             1939
 MINIMUM TEMPERATURE (F)   16       -16      1989


SUNRISE AND SUNSET
DECEMBER 16 2017......SUNRISE   745 AM CST   SUNSET   500 PM CST
DECEMBER 17 2017......SUNRISE   746 AM CST   SUNSET   501 PM CST


-  INDICATES NEGATIVE NUMBERS.
R  INDICATES RECORD WAS SET OR TIED.
MM INDICATES DATA IS MISSING.
T  INDICATES TRACE AMOUNT.




$$
