000
CDUS43 KOAX 012123
CLILNK


CLIMATE REPORT
NATIONAL WEATHER SERVICE OMAHA NEBRASKA
422 PM CDT TUE SEP 1 2015


...................................

...THE LINCOLN, NEBRASKA CLIMATE SUMMARY FOR SEPTEMBER 1 2015...
VALID TODAY AS OF 0400 PM LOCAL TIME.

CLIMATE NORMAL PERIOD 1981 TO 2010
CLIMATE RECORD PERIOD 1887 TO 2015


WEATHER ITEM   OBSERVED TIME   RECORD YEAR NORMAL DEPARTURE LAST
                VALUE   (LST)  VALUE       VALUE  FROM      YEAR
                                                  NORMAL
..................................................................
TEMPERATURE (F)
 TODAY
  MAXIMUM         93    231 PM 106    1922  84      9       80
  MINIMUM         69    629 AM  42    1949  60      9       61
  AVERAGE         81                        72      9       71

PRECIPITATION (IN)
  TODAY            0.00          2.60 1948   0.12  -0.12      T
  MONTH TO DATE    0.00                      0.12  -0.12      T
  SINCE SEP 1      0.00                      0.12  -0.12      T
  SINCE JAN 1     29.33                     21.70   7.63    23.70

SNOWFALL (IN)
  TODAY            0.0                       0.0    0.0      0.0
  MONTH TO DATE    0.0                       0.0    0.0      0.0
  SINCE JUL 1      0.0                       0.0    0.0      0.0
  SNOW DEPTH       0

DEGREE DAYS
 HEATING
  TODAY            0                         1     -1        0
  MONTH TO DATE    0                         1     -1        0
  SINCE SEP 1      0                         1     -1        0
  SINCE JUL 1      4                         7     -3        2

 COOLING
  TODAY           16                         8      8        6
  MONTH TO DATE   16                         8      8        6
  SINCE SEP 1     16                         8      8        6
  SINCE JAN 1    997                      1043    -46     1117
..................................................................


WIND (MPH)
  HIGHEST WIND SPEED    21   HIGHEST WIND DIRECTION     S (170)
  HIGHEST GUST SPEED    29   HIGHEST GUST DIRECTION    SW (210)
  AVERAGE WIND SPEED    11.5


SKY COVER
  POSSIBLE SUNSHINE  MM
  AVERAGE SKY COVER 0.0


WEATHER CONDITIONS
 THE FOLLOWING WEATHER WAS RECORDED TODAY.
  NO SIGNIFICANT WEATHER WAS OBSERVED.


RELATIVE HUMIDITY (PERCENT)
 HIGHEST    90           100 AM
 LOWEST     47           100 PM
 AVERAGE    69

..........................................................


THE LINCOLN, NEBRASKA CLIMATE NORMALS FOR TOMORROW
                         NORMAL    RECORD    YEAR
 MAXIMUM TEMPERATURE (F)   84       106      2000
 MINIMUM TEMPERATURE (F)   60        43      1974


SUNRISE AND SUNSET
SEPTEMBER  1 2015.....SUNRISE   654 AM CDT   SUNSET   800 PM CDT
SEPTEMBER  2 2015.....SUNRISE   655 AM CDT   SUNSET   758 PM CDT


-  INDICATES NEGATIVE NUMBERS.
R  INDICATES RECORD WAS SET OR TIED.
MM INDICATES DATA IS MISSING.
T  INDICATES TRACE AMOUNT.




$$
