000
CDUS43 KOAX 200657
CLILNK


CLIMATE REPORT
NATIONAL WEATHER SERVICE OMAHA NEBRASKA
1256 AM CST SAT DEC 20 2014


...................................

...THE LINCOLN, NEBRASKA CLIMATE SUMMARY FOR DECEMBER 19 2014...

CLIMATE NORMAL PERIOD 1981 TO 2010
CLIMATE RECORD PERIOD 1887 TO 2014


WEATHER ITEM   OBSERVED TIME   RECORD YEAR NORMAL DEPARTURE LAST
                VALUE   (LST)  VALUE       VALUE  FROM      YEAR
                                                  NORMAL
..................................................................
TEMPERATURE (F)
 YESTERDAY
  MAXIMUM         35    329 PM  59    1979  36     -1       35
                                      1966
  MINIMUM         31    837 AM -20    1989  15     16       17
  AVERAGE         33                        26      7       26

PRECIPITATION (IN)
  YESTERDAY        0.00          0.58 2012   0.03  -0.03      T
  MONTH TO DATE    0.89                      0.63   0.26     0.20
  SINCE DEC 1      0.89                      0.63   0.26     0.20
  SINCE JAN 1     34.41                     28.63   5.78    26.69

SNOWFALL (IN)
  YESTERDAY        0.0                       0.2   -0.2      0.0
  MONTH TO DATE    0.7                       3.6   -2.9      5.4
  SINCE JUL 1      3.7                       6.4   -2.7      5.6
  SNOW DEPTH       0

DEGREE DAYS
 HEATING
  YESTERDAY       32                        39     -7       39
  MONTH TO DATE  578                       704   -126      821
  SINCE DEC 1    578                       704   -126      821
  SINCE JUL 1   1887                      1965    -78     2118

 COOLING
  YESTERDAY        0                         0      0        0
  MONTH TO DATE    0                         0      0        0
  SINCE DEC 1      0                         0      0        0
  SINCE JAN 1   1237                      1173     64     1236
..................................................................


WIND (MPH)
  HIGHEST WIND SPEED    15   HIGHEST WIND DIRECTION     S (180)
  HIGHEST GUST SPEED    20   HIGHEST GUST DIRECTION     S (180)
  AVERAGE WIND SPEED     8.1


SKY COVER
  POSSIBLE SUNSHINE  MM
  AVERAGE SKY COVER 1.0


WEATHER CONDITIONS
 THE FOLLOWING WEATHER WAS RECORDED YESTERDAY.
  FOG
  HAZE


RELATIVE HUMIDITY (PERCENT)
 HIGHEST    92          1200 AM
 LOWEST     82          1100 AM
 AVERAGE    87

..........................................................


THE LINCOLN, NEBRASKA CLIMATE NORMALS FOR TODAY
                         NORMAL    RECORD    YEAR
 MAXIMUM TEMPERATURE (F)   36        64      1894
 MINIMUM TEMPERATURE (F)   15       -16      1973


SUNRISE AND SUNSET
DECEMBER 20 2014......SUNRISE   747 AM CST   SUNSET   502 PM CST
DECEMBER 21 2014......SUNRISE   748 AM CST   SUNSET   502 PM CST


-  INDICATES NEGATIVE NUMBERS.
R  INDICATES RECORD WAS SET OR TIED.
MM INDICATES DATA IS MISSING.
T  INDICATES TRACE AMOUNT.




$$
