000
CDUS43 KOAX 300627
CLILNK


CLIMATE REPORT
NATIONAL WEATHER SERVICE OMAHA NEBRASKA
125 AM CDT SUN APR 30 2017


...................................

...THE LINCOLN, NEBRASKA CLIMATE SUMMARY FOR APRIL 29 2017...

CLIMATE NORMAL PERIOD 1981 TO 2010
CLIMATE RECORD PERIOD 1887 TO 2017


WEATHER ITEM   OBSERVED TIME   RECORD YEAR NORMAL DEPARTURE LAST
                VALUE   (LST)  VALUE       VALUE  FROM      YEAR
                                                  NORMAL
..................................................................
TEMPERATURE (F)
 YESTERDAY
  MAXIMUM         46    327 PM  93    1987  69    -23       49
  MINIMUM         40   1159 PM  27    1903  44     -4       45
  AVERAGE         43                        56    -13       47

PRECIPITATION (IN)
  YESTERDAY        0.25          1.85 1903   0.11   0.14     0.02
  MONTH TO DATE    2.36                      2.59  -0.23     3.62
  SINCE MAR 1      3.98                      4.52  -0.54     4.55
  SINCE JAN 1      5.63                      5.93  -0.30     6.14

SNOWFALL (IN)
  YESTERDAY        0.0                       0.0    0.0      0.0
  MONTH TO DATE    0.0                       1.4   -1.4      0.0
  SINCE JUL 1      7.5                      25.9  -18.4     20.5
  SNOW DEPTH       0

DEGREE DAYS
 HEATING
  YESTERDAY       22                         9     13       18
  MONTH TO DATE  326                       407    -81      283
  SINCE MAR 1    980                      1180   -200      821
  SINCE JUL 1   4863                      5883  -1020     4738

 COOLING
  YESTERDAY        0                         1     -1        0
  MONTH TO DATE   12                        12      0        8
  SINCE MAR 1     13                        13      0        9
  SINCE JAN 1     13                        13      0        9
..................................................................


WIND (MPH)
  HIGHEST WIND SPEED    32   HIGHEST WIND DIRECTION    NE (30)
  HIGHEST GUST SPEED    40   HIGHEST GUST DIRECTION    NE (30)
  AVERAGE WIND SPEED    19.3


SKY COVER
  POSSIBLE SUNSHINE  MM
  AVERAGE SKY COVER 1.0


WEATHER CONDITIONS
 THE FOLLOWING WEATHER WAS RECORDED YESTERDAY.
  LIGHT RAIN
  FOG


RELATIVE HUMIDITY (PERCENT)
 HIGHEST   100          1000 PM
 LOWEST     71          1100 AM
 AVERAGE    86

..........................................................


THE LINCOLN, NEBRASKA CLIMATE NORMALS FOR TODAY
                         NORMAL    RECORD    YEAR
 MAXIMUM TEMPERATURE (F)   69        90      1992
                                             1965
 MINIMUM TEMPERATURE (F)   45        25      1907
                                             1903


SUNRISE AND SUNSET
APRIL 30 2017.........SUNRISE   626 AM CDT   SUNSET   823 PM CDT
MAY  1 2017...........SUNRISE   625 AM CDT   SUNSET   824 PM CDT


-  INDICATES NEGATIVE NUMBERS.
R  INDICATES RECORD WAS SET OR TIED.
MM INDICATES DATA IS MISSING.
T  INDICATES TRACE AMOUNT.




$$
