000
CDUS43 KOAX 290632
CLILNK


CLIMATE REPORT
NATIONAL WEATHER SERVICE OMAHA NEBRASKA
1231 AM CST THU JAN 29 2015


...................................

...THE LINCOLN, NEBRASKA CLIMATE SUMMARY FOR JANUARY 28 2015...

CLIMATE NORMAL PERIOD 1981 TO 2010
CLIMATE RECORD PERIOD 1887 TO 2015


WEATHER ITEM   OBSERVED TIME   RECORD YEAR NORMAL DEPARTURE LAST
                VALUE   (LST)  VALUE       VALUE  FROM      YEAR
                                                  NORMAL
..................................................................
TEMPERATURE (F)
 YESTERDAY
  MAXIMUM         64R   428 PM  63    1931  36     28       23
  MINIMUM         31    800 AM -22    1915  14     17      -11
  AVERAGE         48                        25     23        6

PRECIPITATION (IN)
  YESTERDAY        0.00          0.90 1891   0.03  -0.03     0.00
  MONTH TO DATE    0.09                      0.57  -0.48     0.21
  SINCE DEC 1      1.31                      1.52  -0.21     0.43
  SINCE JAN 1      0.09                      0.57  -0.48     0.21

SNOWFALL (IN)
  YESTERDAY        0.0                       0.2   -0.2      0.0
  MONTH TO DATE    0.9                       4.8   -3.9      3.3
  SINCE JUL 1      6.0                      13.5   -7.5      9.2
  SNOW DEPTH       0

DEGREE DAYS
 HEATING
  YESTERDAY       17                        40    -23       59
  MONTH TO DATE 1037                      1136    -99     1195
  SINCE DEC 1   2069                      2320   -251     2516
  SINCE JUL 1   3378                      3581   -203     3813

 COOLING
  YESTERDAY        0                         0      0        0
  MONTH TO DATE    0                         0      0        0
  SINCE DEC 1      0                         0      0        0
  SINCE JAN 1      0                         0      0        0
..................................................................


WIND (MPH)
  HIGHEST WIND SPEED    38   HIGHEST WIND DIRECTION     N (350)
  HIGHEST GUST SPEED    45   HIGHEST GUST DIRECTION     N (360)
  AVERAGE WIND SPEED     9.2


SKY COVER
  POSSIBLE SUNSHINE  MM
  AVERAGE SKY COVER 0.0


WEATHER CONDITIONS
 THE FOLLOWING WEATHER WAS RECORDED YESTERDAY.
  NO SIGNIFICANT WEATHER WAS OBSERVED.


RELATIVE HUMIDITY (PERCENT)
 HIGHEST    85           800 AM
 LOWEST     36           400 PM
 AVERAGE    61

..........................................................


THE LINCOLN, NEBRASKA CLIMATE NORMALS FOR TODAY
                         NORMAL    RECORD    YEAR
 MAXIMUM TEMPERATURE (F)   36        66      1931
                                             1919
 MINIMUM TEMPERATURE (F)   14       -18      1966


SUNRISE AND SUNSET
JANUARY 29 2015.......SUNRISE   740 AM CST   SUNSET   540 PM CST
JANUARY 30 2015.......SUNRISE   739 AM CST   SUNSET   542 PM CST


-  INDICATES NEGATIVE NUMBERS.
R  INDICATES RECORD WAS SET OR TIED.
MM INDICATES DATA IS MISSING.
T  INDICATES TRACE AMOUNT.




$$
