000
CDUS43 KOAX 210630
CLILNK


CLIMATE REPORT
NATIONAL WEATHER SERVICE OMAHA NEBRASKA
129 AM CDT SAT OCT 21 2017


...................................

...THE LINCOLN, NEBRASKA CLIMATE SUMMARY FOR OCTOBER 20 2017...

CLIMATE NORMAL PERIOD 1981 TO 2010
CLIMATE RECORD PERIOD 1887 TO 2017


WEATHER ITEM   OBSERVED TIME   RECORD YEAR NORMAL DEPARTURE LAST
                VALUE   (LST)  VALUE       VALUE  FROM      YEAR
                                                  NORMAL
..................................................................
TEMPERATURE (F)
 YESTERDAY
  MAXIMUM         78    328 PM  90    1947  64     14       61
  MINIMUM         55    519 AM  18    1916  39     16       39
  AVERAGE         67                        52     15       50

PRECIPITATION (IN)
  YESTERDAY        0.00          0.46 1935   0.06  -0.06      T
  MONTH TO DATE    4.89                      1.35   3.54     1.85
  SINCE SEP 1      6.74                      4.37   2.37     5.23
  SINCE JAN 1     36.57                     25.95  10.62    26.62

SNOWFALL (IN)
  YESTERDAY        0.0                       0.1   -0.1      0.0
  MONTH TO DATE    0.0                       0.3   -0.3      0.0
  SINCE JUL 1      0.0                       0.3   -0.3      0.0
  SNOW DEPTH       0

DEGREE DAYS
 HEATING
  YESTERDAY        0                        13    -13       15
  MONTH TO DATE  124                       205    -81      140
  SINCE SEP 1    158                       297   -139      179
  SINCE JUL 1    158                       303   -145      180

 COOLING
  YESTERDAY        2                         0      2        0
  MONTH TO DATE   20                        12      8       13
  SINCE SEP 1    222                       135     87      216
  SINCE JAN 1   1252                      1170     82     1445
..................................................................


WIND (MPH)
  HIGHEST WIND SPEED    37   HIGHEST WIND DIRECTION     S (180)
  HIGHEST GUST SPEED    49   HIGHEST GUST DIRECTION     S (170)
  AVERAGE WIND SPEED    20.1


SKY COVER
  POSSIBLE SUNSHINE  MM
  AVERAGE SKY COVER 0.1


WEATHER CONDITIONS
 THE FOLLOWING WEATHER WAS RECORDED YESTERDAY.
  NO SIGNIFICANT WEATHER WAS OBSERVED.


RELATIVE HUMIDITY (PERCENT)
 HIGHEST    86           500 AM
 LOWEST     54          1200 PM
 AVERAGE    70

..........................................................


THE LINCOLN, NEBRASKA CLIMATE NORMALS FOR TODAY
                         NORMAL    RECORD    YEAR
 MAXIMUM TEMPERATURE (F)   64        89      1899
 MINIMUM TEMPERATURE (F)   39        20      1987


SUNRISE AND SUNSET
OCTOBER 21 2017.......SUNRISE   745 AM CDT   SUNSET   637 PM CDT
OCTOBER 22 2017.......SUNRISE   746 AM CDT   SUNSET   636 PM CDT


-  INDICATES NEGATIVE NUMBERS.
R  INDICATES RECORD WAS SET OR TIED.
MM INDICATES DATA IS MISSING.
T  INDICATES TRACE AMOUNT.




$$
