000
CDUS43 KOAX 210656
CLILNK


CLIMATE REPORT
NATIONAL WEATHER SERVICE OMAHA NEBRASKA
155 AM CDT MON AUG 21 2017


...................................

...THE LINCOLN, NEBRASKA CLIMATE SUMMARY FOR AUGUST 20 2017...

CLIMATE NORMAL PERIOD 1981 TO 2010
CLIMATE RECORD PERIOD 1887 TO 2017


WEATHER ITEM   OBSERVED TIME   RECORD YEAR NORMAL DEPARTURE LAST
                VALUE   (LST)  VALUE       VALUE  FROM      YEAR
                                                  NORMAL
..................................................................
TEMPERATURE (F)
 YESTERDAY
  MAXIMUM         87    519 PM 102    1936  87      0       76
                                      1913
  MINIMUM         65    505 AM  39    1950  63      2       57
  AVERAGE         76                        75      1       67

PRECIPITATION (IN)
  YESTERDAY        1.82          2.73 1888   0.11   1.71     0.00
  MONTH TO DATE    3.29                      2.20   1.09     3.07
  SINCE JUN 1     16.63                      9.95   6.68     8.32
  SINCE JAN 1     29.74                     20.29   9.45    20.63

SNOWFALL (IN)
  YESTERDAY        0.0                       0.0    0.0      0.0
  MONTH TO DATE    0.0                       0.0    0.0      0.0
  SINCE JUL 1      0.0                       0.0    0.0      0.0
  SNOW DEPTH       0

DEGREE DAYS
 HEATING
  YESTERDAY        0                         0      0        0
  MONTH TO DATE    0                         0      0        0
  SINCE JUN 1      2                        17    -15        0
  SINCE JUL 1      0                         1     -1        0

 COOLING
  YESTERDAY       11                        10      1        2
  MONTH TO DATE  140                       226    -86      247
  SINCE JUN 1    882                       858     24     1069
  SINCE JAN 1    965                       937     28     1140
..................................................................


WIND (MPH)
  HIGHEST WIND SPEED    44   HIGHEST WIND DIRECTION     W (290)
  HIGHEST GUST SPEED    58   HIGHEST GUST DIRECTION    NW (320)
  AVERAGE WIND SPEED    10.7


SKY COVER
  POSSIBLE SUNSHINE  MM
  AVERAGE SKY COVER 0.4


WEATHER CONDITIONS
 THE FOLLOWING WEATHER WAS RECORDED YESTERDAY.
  THUNDERSTORM
  HEAVY RAIN
  RAIN
  LIGHT RAIN
  FOG
  FOG W/VISIBILITY <= 1/4 MILE


RELATIVE HUMIDITY (PERCENT)
 HIGHEST    84           800 AM
 LOWEST     61           300 PM
 AVERAGE    73

..........................................................


THE LINCOLN, NEBRASKA CLIMATE NORMALS FOR TODAY
                         NORMAL    RECORD    YEAR
 MAXIMUM TEMPERATURE (F)   86       104      1929
 MINIMUM TEMPERATURE (F)   63        47      1994
                                             1890


SUNRISE AND SUNSET
AUGUST 21 2017........SUNRISE   643 AM CDT   SUNSET   816 PM CDT
AUGUST 22 2017........SUNRISE   644 AM CDT   SUNSET   815 PM CDT


-  INDICATES NEGATIVE NUMBERS.
R  INDICATES RECORD WAS SET OR TIED.
MM INDICATES DATA IS MISSING.
T  INDICATES TRACE AMOUNT.




$$
