000
CDUS43 KLOT 260638
CLILOT


CLIMATE REPORT
NATIONAL WEATHER SERVICE CHICAGO IL
138 AM CDT THU MAY 26 2016


...................................

...THE ROMEOVILLE  WFO CLIMATE SUMMARY FOR MAY 25 2016...

CLIMATE NORMAL PERIOD 1981 TO 2010
CLIMATE RECORD PERIOD 1992 TO 2016


WEATHER ITEM   OBSERVED RECORD YEAR NORMAL DEPARTURE LAST
                VALUE   VALUE       VALUE  FROM      YEAR
                                           NORMAL
...........................................................
TEMPERATURE (F)
 YESTERDAY
  MAXIMUM         89R    88    2010  74     15       79
  MINIMUM         65     32    1992  53     12       65
  AVERAGE         77                 63     14       72

PRECIPITATION (IN)
  YESTERDAY        0.20   2.31 2011   0.14   0.06     0.08
  MONTH TO DATE    2.82               3.44  -0.62     3.18
  SINCE MAR 1      9.45              10.17  -0.72     7.43
  SINCE JAN 1     11.52              13.88  -2.36    10.27

DEGREE DAYS
 HEATING
  YESTERDAY        0                  4     -4
  MONTH TO DATE  213                171     42
  SINCE MAR 1   1312               1437   -125
  SINCE JUL 1   5345               6165   -820

 COOLING
  YESTERDAY       12                  2     10
  MONTH TO DATE   23                 35    -12
  SINCE MAR 1     34                 40     -6
  SINCE JAN 1     34                 40     -6
...........................................................







THE ROMEOVILLE  WFO CLIMATE NORMALS FOR TODAY
                         NORMAL    RECORD    YEAR
 MAXIMUM TEMPERATURE (F)   74        91      2012
 MINIMUM TEMPERATURE (F)   53        35      1992


SUNRISE AND SUNSET
MAY 26 2016...........SUNRISE   524 AM CDT   SUNSET   816 PM CDT
MAY 27 2016...........SUNRISE   523 AM CDT   SUNSET   817 PM CDT


-  INDICATES NEGATIVE NUMBERS.
R  INDICATES RECORD WAS SET OR TIED.
MM INDICATES DATA IS MISSING.
T  INDICATES TRACE AMOUNT.




$$
