000
CDUS43 KLOT 170637
CLILOT


CLIMATE REPORT
NATIONAL WEATHER SERVICE CHICAGO IL
136 AM CDT THU APR 17 2014


...................................

...THE ROMEOVILLE  WFO CLIMATE SUMMARY FOR APRIL 16 2014...

CLIMATE NORMAL PERIOD 1981 TO 2010
CLIMATE RECORD PERIOD 1992 TO 2014


WEATHER ITEM   OBSERVED RECORD YEAR NORMAL DEPARTURE LAST
                VALUE   VALUE       VALUE  FROM      YEAR
                                           NORMAL
...........................................................
TEMPERATURE (F)
 YESTERDAY
  MAXIMUM         52     88    2002  61     -9       56
  MINIMUM         29R    29    2001  40    -11       42
  AVERAGE         41                 50     -9       49

PRECIPITATION (IN)
  YESTERDAY        0.00   2.23 2006   0.14  -0.14     0.03
  MONTH TO DATE    2.06               1.92   0.14     2.97
  SINCE MAR 1      4.17               4.69  -0.52     5.23
  SINCE JAN 1      9.03               8.40   0.63    11.05

SNOWFALL (IN)
  YESTERDAY        0.0   MM      MM   0.0    0.0      0.0
  MONTH TO DATE    1.0                0.4    0.6       T
  SINCE MAR 1     11.2                4.8    6.4     10.2
  SINCE JUL 1     76.7               32.2   44.5     23.2
  SNOW DEPTH       0

DEGREE DAYS
 HEATING
  YESTERDAY       24                 15      9
  MONTH TO DATE  297                280     17
  SINCE MAR 1   1347               1097    250
  SINCE JUL 1   6951               5825   1126

 COOLING
  YESTERDAY        0                  0      0
  MONTH TO DATE    0                  0      0
  SINCE MAR 1      0                  0      0
  SINCE JAN 1      0                  0      0
...........................................................







THE ROMEOVILLE  WFO CLIMATE NORMALS FOR TODAY
                         NORMAL    RECORD    YEAR
 MAXIMUM TEMPERATURE (F)   62        84      2002
 MINIMUM TEMPERATURE (F)   40        28      2001


SUNRISE AND SUNSET
APRIL 17 2014.........SUNRISE   609 AM CDT   SUNSET   735 PM CDT
APRIL 18 2014.........SUNRISE   608 AM CDT   SUNSET   736 PM CDT


-  INDICATES NEGATIVE NUMBERS.
R  INDICATES RECORD WAS SET OR TIED.
MM INDICATES DATA IS MISSING.
T  INDICATES TRACE AMOUNT.




$$
