401
CDUS43 KLOT 310648
CLILOT


CLIMATE REPORT
NATIONAL WEATHER SERVICE CHICAGO IL
145 AM CDT WED AUG 31 2016


...................................

...THE ROMEOVILLE  WFO CLIMATE SUMMARY FOR AUGUST 30 2016...

CLIMATE NORMAL PERIOD 1981 TO 2010
CLIMATE RECORD PERIOD 1992 TO 2016


WEATHER ITEM   OBSERVED RECORD YEAR NORMAL DEPARTURE LAST
                VALUE   VALUE       VALUE  FROM      YEAR
                                           NORMAL
...........................................................
TEMPERATURE (F)
 YESTERDAY
  MAXIMUM         83     95    2013  81      2       79
  MINIMUM         70     51    2009  61      9       63
                               2004
  AVERAGE         77                 71      6       71

PRECIPITATION (IN)
  YESTERDAY        0.24   0.93 1994   0.14   0.10     0.00
  MONTH TO DATE    7.92               3.93   3.99     3.10
  SINCE JUN 1     17.68              12.98   4.70    15.75
  SINCE JAN 1     29.91              27.68   2.23    27.66

DEGREE DAYS
 HEATING
  YESTERDAY        0                  0      0
  MONTH TO DATE    0                  0      0
  SINCE JUN 1      9                 35    -26
  SINCE JUL 1      2                  2      0

 COOLING
  YESTERDAY       12                  6      6
  MONTH TO DATE  316                225     91
  SINCE JUN 1    845                687    158
  SINCE JAN 1    938                745    193
...........................................................







THE ROMEOVILLE  WFO CLIMATE NORMALS FOR TODAY
                         NORMAL    RECORD    YEAR
 MAXIMUM TEMPERATURE (F)   80        93      2000
 MINIMUM TEMPERATURE (F)   61        47      2009


SUNRISE AND SUNSET
AUGUST 31 2016........SUNRISE   618 AM CDT   SUNSET   726 PM CDT
SEPTEMBER  1 2016.....SUNRISE   619 AM CDT   SUNSET   725 PM CDT


-  INDICATES NEGATIVE NUMBERS.
R  INDICATES RECORD WAS SET OR TIED.
MM INDICATES DATA IS MISSING.
T  INDICATES TRACE AMOUNT.




$$
