000
CDUS43 KLOT 300644
CLILOT


CLIMATE REPORT
NATIONAL WEATHER SERVICE CHICAGO IL
142 AM CDT SAT JUL 30 2016


...................................

...THE ROMEOVILLE  WFO CLIMATE SUMMARY FOR JULY 29 2016...

CLIMATE NORMAL PERIOD 1981 TO 2010
CLIMATE RECORD PERIOD 1992 TO 2016


WEATHER ITEM   OBSERVED RECORD YEAR NORMAL DEPARTURE LAST
                VALUE   VALUE       VALUE  FROM      YEAR
                                           NORMAL
...........................................................
TEMPERATURE (F)
 YESTERDAY
  MAXIMUM         82     95    1999  83     -1       86
  MINIMUM         68     52    2013  64      4       63
                               1994
  AVERAGE         75                 74      1       75

PRECIPITATION (IN)
  YESTERDAY        0.45R  0.42 2015   0.17   0.28     0.42
  MONTH TO DATE    7.57               4.38   3.19     4.15
  SINCE JUN 1      9.76               8.72   1.04    12.65
  SINCE JAN 1     21.99              23.42  -1.43    24.56

DEGREE DAYS
 HEATING
  YESTERDAY        0                  0      0
  MONTH TO DATE    2                  0      2
  SINCE JUN 1      9                 33    -24
  SINCE JUL 1      2                  0      2

 COOLING
  YESTERDAY       10                  9      1
  MONTH TO DATE  293                261     32
  SINCE JUN 1    511                441     70
  SINCE JAN 1    604                499    105
...........................................................







THE ROMEOVILLE  WFO CLIMATE NORMALS FOR TODAY
                         NORMAL    RECORD    YEAR
 MAXIMUM TEMPERATURE (F)   83       100      1999
 MINIMUM TEMPERATURE (F)   64        54      1994


SUNRISE AND SUNSET
JULY 30 2016..........SUNRISE   545 AM CDT   SUNSET   812 PM CDT
JULY 31 2016..........SUNRISE   546 AM CDT   SUNSET   810 PM CDT


-  INDICATES NEGATIVE NUMBERS.
R  INDICATES RECORD WAS SET OR TIED.
MM INDICATES DATA IS MISSING.
T  INDICATES TRACE AMOUNT.




$$
