000
CDUS43 KLOT 280645
CLILOT


CLIMATE REPORT
NATIONAL WEATHER SERVICE CHICAGO IL
144 AM CDT SAT MAR 28 2015


...................................

...THE ROMEOVILLE  WFO CLIMATE SUMMARY FOR MARCH 27 2015...

CLIMATE NORMAL PERIOD 1981 TO 2010
CLIMATE RECORD PERIOD 1992 TO 2015


WEATHER ITEM   OBSERVED RECORD YEAR NORMAL DEPARTURE LAST
                VALUE   VALUE       VALUE  FROM      YEAR
                                           NORMAL
...........................................................
TEMPERATURE (F)
 YESTERDAY
  MAXIMUM         34     77    1998  53    -19       53
  MINIMUM         21     12    1996  33    -12       33
  AVERAGE         28                 43    -15       43

PRECIPITATION (IN)
  YESTERDAY        0.05   0.71 1995   0.09  -0.04     0.16
  MONTH TO DATE    0.72               2.39  -1.67     2.04
  SINCE MAR 1      0.72               2.39  -1.67     2.04
  SINCE JAN 1      3.56               6.10  -2.54     6.90

SNOWFALL (IN)
  YESTERDAY        0.9 R  0.2  2008   0.1    0.8       T
  MONTH TO DATE    5.2                4.2    1.0     10.2
  SINCE MAR 1      5.2                4.2    1.0     10.2
  SINCE JUL 1     36.4               31.6    4.8     75.7
  SNOW DEPTH       1

DEGREE DAYS
 HEATING
  YESTERDAY       37                 22     15
  MONTH TO DATE  803                732     71
  SINCE MAR 1    803                732     71
  SINCE JUL 1   6048               5460    588

 COOLING
  YESTERDAY        0                  0      0
  MONTH TO DATE    0                  0      0
  SINCE MAR 1      0                  0      0
  SINCE JAN 1      0                  0      0
...........................................................







THE ROMEOVILLE  WFO CLIMATE NORMALS FOR TODAY
                         NORMAL    RECORD    YEAR
 MAXIMUM TEMPERATURE (F)   53        74      2004
 MINIMUM TEMPERATURE (F)   33        22      2011


SUNRISE AND SUNSET
MARCH 28 2015.........SUNRISE   643 AM CDT   SUNSET   713 PM CDT
MARCH 29 2015.........SUNRISE   641 AM CDT   SUNSET   714 PM CDT


-  INDICATES NEGATIVE NUMBERS.
R  INDICATES RECORD WAS SET OR TIED.
MM INDICATES DATA IS MISSING.
T  INDICATES TRACE AMOUNT.




$$
