000
CDUS43 KLOT 260631
CLILOT


CLIMATE REPORT
NATIONAL WEATHER SERVICE CHICAGO IL
131 AM CDT SUN OCT 26 2014


...................................

...THE ROMEOVILLE  WFO CLIMATE SUMMARY FOR OCTOBER 25 2014...

CLIMATE NORMAL PERIOD 1981 TO 2010
CLIMATE RECORD PERIOD 1992 TO 2014


WEATHER ITEM   OBSERVED RECORD YEAR NORMAL DEPARTURE LAST
                VALUE   VALUE       VALUE  FROM      YEAR
                                           NORMAL
...........................................................
TEMPERATURE (F)
 YESTERDAY
  MAXIMUM         73     76    2004  59     14       50
  MINIMUM         45     24    2013  41      4       24
  AVERAGE         59                 50      9       37

PRECIPITATION (IN)
  YESTERDAY        T      0.58 2012   0.11  -0.11     0.00
  MONTH TO DATE    4.44               2.78   1.66     2.85
  SINCE SEP 1      7.44               5.91   1.53     4.42
  SINCE JAN 1     46.10              33.73  12.37    33.74

SNOWFALL (IN)
  YESTERDAY        0.0   MM      MM   0.0    0.0      0.0
  MONTH TO DATE    T                  0.0    0.0       T
  SINCE SEP 1      T                  0.0    0.0       T
  SINCE JUL 1      T                  0.0    0.0       T
  SNOW DEPTH       0

DEGREE DAYS
 HEATING
  YESTERDAY        6                 15     -9
  MONTH TO DATE  306                288     18
  SINCE SEP 1    428                379     49
  SINCE JUL 1    440                387     53

 COOLING
  YESTERDAY        0                 MM     MM
  MONTH TO DATE    3                 12     -9
  SINCE SEP 1     76                106    -30
  SINCE JAN 1    747                859   -112
...........................................................







THE ROMEOVILLE  WFO CLIMATE NORMALS FOR TODAY
                         NORMAL    RECORD    YEAR
 MAXIMUM TEMPERATURE (F)   59        77      2000
 MINIMUM TEMPERATURE (F)   40        31      1994


SUNRISE AND SUNSET
OCTOBER 26 2014.......SUNRISE   717 AM CDT   SUNSET   555 PM CDT
OCTOBER 27 2014.......SUNRISE   718 AM CDT   SUNSET   554 PM CDT


-  INDICATES NEGATIVE NUMBERS.
R  INDICATES RECORD WAS SET OR TIED.
MM INDICATES DATA IS MISSING.
T  INDICATES TRACE AMOUNT.




$$
