000
CDUS43 KLMK 210629
CLILOU


CLIMATE REPORT
NATIONAL WEATHER SERVICE LOUISVILLE KY
229 AM EDT SAT OCT 21 2017


...................................

...THE LOUISVILLE BOWMAN KY CLIMATE SUMMARY FOR OCTOBER 20 2017...

CLIMATE NORMAL PERIOD 1981 TO 2010
CLIMATE RECORD PERIOD 9999 TO 9999


WEATHER ITEM   OBSERVED TIME   RECORD YEAR NORMAL DEPARTURE LAST
                VALUE   (LST)  VALUE       VALUE  FROM      YEAR
                                                  NORMAL
..................................................................
TEMPERATURE (F)
 YESTERDAY
  MAXIMUM         78    300 PM  MM      MM  68     10       70
  MINIMUM         48    636 AM  MM      MM  47      1       55
  AVERAGE         63                        57      6       63

PRECIPITATION (IN)
  YESTERDAY        0.00         MM      MM   0.11  -0.11     0.61
  MONTH TO DATE    3.04                      2.11   0.93     0.62
  SINCE SEP 1      8.14                      5.27   2.87     2.83
  SINCE JAN 1     37.87                     36.81   1.06    38.40

SNOWFALL (IN)
  YESTERDAY       MM            MM      MM  MM     MM       MM
  MONTH TO DATE   MM                        MM     MM       MM
  SINCE SEP 1     MM                        MM     MM       MM
  SINCE JUL 1     MM                        MM     MM       MM
  SNOW DEPTH      MM

DEGREE DAYS
 HEATING
  YESTERDAY        2                         9     -7        2
  MONTH TO DATE   47                       128    -81       30
  SINCE SEP 1     71                       164    -93       46
  SINCE JUL 1     71                       164    -93       46

 COOLING
  YESTERDAY        0                         1     -1        0
  MONTH TO DATE   56                        27     29       89
  SINCE SEP 1    225                       201     24      389
  SINCE JAN 1   1559                      1440    119     1863
..................................................................


WIND (MPH)
  HIGHEST WIND SPEED     8   HIGHEST WIND DIRECTION     S (160)
  HIGHEST GUST SPEED    12   HIGHEST GUST DIRECTION    SE (120)
  AVERAGE WIND SPEED     1.6


SKY COVER
  POSSIBLE SUNSHINE  MM
  AVERAGE SKY COVER 0.0


WEATHER CONDITIONS
 THE FOLLOWING WEATHER WAS RECORDED YESTERDAY.
  FOG


RELATIVE HUMIDITY (PERCENT)
 HIGHEST   100           300 AM
 LOWEST     36           400 PM
 AVERAGE    68

..........................................................


THE LOUISVILLE BOWMAN KY CLIMATE NORMALS FOR TODAY
                         NORMAL
 MAXIMUM TEMPERATURE (F)   67
 MINIMUM TEMPERATURE (F)   46


SUNRISE AND SUNSET
OCTOBER 21 2017.......SUNRISE   758 AM EDT   SUNSET   656 PM EDT
OCTOBER 22 2017.......SUNRISE   759 AM EDT   SUNSET   655 PM EDT


-  INDICATES NEGATIVE NUMBERS.
R  INDICATES RECORD WAS SET OR TIED.
MM INDICATES DATA IS MISSING.
T  INDICATES TRACE AMOUNT.




$$
