000
CDUS43 KLMK 050644
CLILOU


CLIMATE REPORT
NATIONAL WEATHER SERVICE LOUISVILLE KY
141 AM EST THU MAR 5 2015


...................................

...THE LOUISVILLE BOWMAN KY CLIMATE SUMMARY FOR MARCH 4 2015...

CLIMATE NORMAL PERIOD 1981 TO 2010
CLIMATE RECORD PERIOD 9999 TO 9999


WEATHER ITEM   OBSERVED TIME   RECORD YEAR NORMAL DEPARTURE LAST
                VALUE   (LST)  VALUE       VALUE  FROM      YEAR
                                                  NORMAL
..................................................................
TEMPERATURE (F)
 YESTERDAY
  MAXIMUM         46   1210 AM  MM      MM  52     -6       35
  MINIMUM         22   1159 PM  MM      MM  34    -12       13
  AVERAGE         34                        43     -9       24

PRECIPITATION (IN)
  YESTERDAY        1.72         MM      MM   0.10   1.62     0.00
  MONTH TO DATE    2.38                      0.41   1.97     0.76
  SINCE MAR 1      2.38                      0.41   1.97     0.76
  SINCE JAN 1      5.16                      6.97  -1.81     6.53

SNOWFALL (IN)
  YESTERDAY       MM            MM      MM  MM     MM       MM
  MONTH TO DATE   MM                        MM     MM       MM
  SINCE MAR 1     MM                        MM     MM       MM
  SINCE JUL 1     MM                        MM     MM       MM
  SNOW DEPTH      MM

DEGREE DAYS
 HEATING
  YESTERDAY       31                        22      9       41
  MONTH TO DATE  111                        90     21      137
  SINCE MAR 1    111                        90     21      137
  SINCE JUL 1   3895                      3451    444     3946

 COOLING
  YESTERDAY        0                         0      0        0
  MONTH TO DATE    0                         0      0        0
  SINCE MAR 1      0                         0      0        0
  SINCE JAN 1      0                         0      0        0
..................................................................


WIND (MPH)
  HIGHEST WIND SPEED    18   HIGHEST WIND DIRECTION     N (350)
  HIGHEST GUST SPEED    23   HIGHEST GUST DIRECTION     N (340)
  AVERAGE WIND SPEED     8.2


SKY COVER
  POSSIBLE SUNSHINE  MM
  AVERAGE SKY COVER 1.0


WEATHER CONDITIONS
 THE FOLLOWING WEATHER WAS RECORDED YESTERDAY.
  HEAVY RAIN
  RAIN
  LIGHT RAIN
  SNOW
  LIGHT SNOW
  FOG


RELATIVE HUMIDITY (PERCENT)
 HIGHEST   100           800 PM
 LOWEST     85           700 PM
 AVERAGE    93

..........................................................


THE LOUISVILLE BOWMAN KY CLIMATE NORMALS FOR TODAY
                         NORMAL
 MAXIMUM TEMPERATURE (F)   53
 MINIMUM TEMPERATURE (F)   34


SUNRISE AND SUNSET
MARCH  5 2015.........SUNRISE   709 AM EST   SUNSET   640 PM EST
MARCH  6 2015.........SUNRISE   708 AM EST   SUNSET   641 PM EST


-  INDICATES NEGATIVE NUMBERS.
R  INDICATES RECORD WAS SET OR TIED.
MM INDICATES DATA IS MISSING.
T  INDICATES TRACE AMOUNT.




$$
