000
CDUS43 KJKL 060938
CLILOZ

CLIMATE REPORT
NATIONAL WEATHER SERVICE JACKSON KY
538 AM EDT MON JUL 6 2015

...................................

...THE LONDON KY CLIMATE SUMMARY FOR JULY 5 2015...

CLIMATE NORMAL PERIOD 1981 TO 2010
CLIMATE RECORD PERIOD 1954 TO 2015


WEATHER ITEM   OBSERVED TIME   RECORD YEAR NORMAL DEPARTURE LAST
                VALUE   (LST)  VALUE       VALUE  FROM      YEAR
                                                  NORMAL
..................................................................

TEMPERATURE (F)
 YESTERDAY
  MAXIMUM         76    554 PM  99    2012  86    -10       84
  MINIMUM         66   1128 PM  47    1967  66      0       54
  AVERAGE         71                        76     -5       69

PRECIPITATION (IN)
  YESTERDAY        1.74          2.64 1983   0.13   1.61     0.00
  MONTH TO DATE    5.93                      0.67   5.26      T
  SINCE JUN 1     10.90                      5.07   5.83     2.71
  SINCE JAN 1     30.82                     25.60   5.22    21.70

SNOWFALL (IN)
  YESTERDAY       MM
  MONTH TO DATE   MM
  SINCE JUN 1     MM
  SINCE JUL 1     MM
  SNOW DEPTH      MM

DEGREE DAYS
 HEATING
  YESTERDAY        0                         0      0        0
  MONTH TO DATE    0                         0      0        0
  SINCE JUN 1      2                         9     -7        0
  SINCE JUL 1      0                         0      0        0

 COOLING
  YESTERDAY        6                        11     -5        4
  MONTH TO DATE   41                        55    -14       48
  SINCE JUN 1    348                       298     50      330
  SINCE JAN 1    542                       412    130      496
..................................................................

WIND (MPH)
  HIGHEST WIND SPEED    13   HIGHEST WIND DIRECTION     S (180)
  HIGHEST GUST SPEED    16   HIGHEST GUST DIRECTION     S (180)
  AVERAGE WIND SPEED     3.7


SKY COVER
  POSSIBLE SUNSHINE  MM
  AVERAGE SKY COVER 0.8


WEATHER CONDITIONS
 THE FOLLOWING WEATHER WAS RECORDED YESTERDAY.
  THUNDERSTORM
  HEAVY RAIN
  RAIN
  LIGHT RAIN
  FOG
  FOG W/VISIBILITY <= 1/4 MILE
  HAZE


RELATIVE HUMIDITY (PERCENT)
 HIGHEST    87           500 AM
 LOWEST     69           500 PM
 AVERAGE    78
..........................................................

THE LONDON KY CLIMATE NORMALS FOR TODAY
                         NORMAL    RECORD    YEAR
 MAXIMUM TEMPERATURE (F)   87        97      2012
 MINIMUM TEMPERATURE (F)   66        50      1964


SUNRISE AND SUNSET
JULY  6 2015..........SUNRISE   623 AM EDT   SUNSET   859 PM EDT
JULY  7 2015..........SUNRISE   623 AM EDT   SUNSET   859 PM EDT


-  INDICATES NEGATIVE NUMBERS.
R  INDICATES RECORD WAS SET OR TIED.
MM INDICATES DATA IS MISSING.
T  INDICATES TRACE AMOUNT.
$$
