120
CDUS43 KJKL 182131
CLILOZ

CLIMATE REPORT
NATIONAL WEATHER SERVICE JACKSON KY
431 PM EST MON DEC 18 2017

...................................

...THE LONDON KY CLIMATE SUMMARY FOR DECEMBER 18 2017...
VALID TODAY AS OF 0400 PM LOCAL TIME.

CLIMATE NORMAL PERIOD 1981 TO 2010
CLIMATE RECORD PERIOD 1954 TO 2017

WEATHER ITEM   OBSERVED TIME   RECORD YEAR NORMAL DEPARTURE LAST
                VALUE   (LST)  VALUE       VALUE  FROM      YEAR
                                                  NORMAL
..................................................................
TEMPERATURE (F)
 TODAY
  MAXIMUM         51    350 PM  71    2016  47      4       71
  MINIMUM         42    143 AM   0    1963  29     13       25
  AVERAGE         47                        38      9       48

PRECIPITATION (IN)
  TODAY            0.00          1.63 1959   0.13  -0.13     1.45
  MONTH TO DATE    0.66                      2.58  -1.92     3.64
  SINCE DEC 1      0.66                      2.58  -1.92     3.64

SNOWFALL (IN)
  TODAY           MM
  MONTH TO DATE   MM
  SINCE DEC 1     MM
  SINCE JUL 1     MM
  SNOW DEPTH      MM

DEGREE DAYS
 HEATING
  TODAY           18                        27     -9       17
  MONTH TO DATE  478                       453     25      488
  SINCE DEC 1    478                       453     25      488
  SINCE JUL 1   1259                      1283    -24     1079

 COOLING
  TODAY            0                         0      0        0
  MONTH TO DATE    0                         0      0        0
  SINCE DEC 1      0                         0      0        0
  SINCE JAN 1   1141                      1190    -49     1507
..................................................................

WIND (MPH)
  HIGHEST WIND SPEED    12   HIGHEST WIND DIRECTION     W (270)
  HIGHEST GUST SPEED    16   HIGHEST GUST DIRECTION    SW (230)
  AVERAGE WIND SPEED     4.6

SKY COVER
  POSSIBLE SUNSHINE  MM
  AVERAGE SKY COVER 1.0

WEATHER CONDITIONS
 THE FOLLOWING WEATHER WAS RECORDED TODAY.
  FOG

RELATIVE HUMIDITY (PERCENT)
 HIGHEST   100           900 AM
 LOWEST     86          1200 PM
 AVERAGE    93

..........................................................

THE LONDON KY CLIMATE NORMALS FOR TOMORROW
                         NORMAL    RECORD    YEAR
 MAXIMUM TEMPERATURE (F)   47        68      2008
 MINIMUM TEMPERATURE (F)   29        -8      1963

SUNRISE AND SUNSET
DECEMBER 18 2017......SUNRISE   745 AM EST   SUNSET   522 PM EST
DECEMBER 19 2017......SUNRISE   745 AM EST   SUNSET   522 PM EST

-  INDICATES NEGATIVE NUMBERS.
R  INDICATES RECORD WAS SET OR TIED.
MM INDICATES DATA IS MISSING.
T  INDICATES TRACE AMOUNT.

$$

CARICO
