955
CDUS44 KCRP 242137 RRB
CLILRD

CLIMATE REPORT
NATIONAL WEATHER SERVICE CORPUS CHRISTI TX
335 PM CST TUE JAN 24 2017

...................................

...THE LAREDO CLIMATE SUMMARY FOR JANUARY 24 2017...
VALID AS OF 300 PM LOCAL TIME.

CLIMATE NORMAL PERIOD 1981 TO 2010
CLIMATE RECORD PERIOD 1900 TO 2017


WEATHER ITEM   OBSERVED TIME   RECORD YEAR NORMAL DEPARTURE LAST
                VALUE   (LST)  VALUE       VALUE  FROM      YEAR
                                                  NORMAL
..................................................................
TEMPERATURE (F)
 TODAY
  MAXIMUM         92    300 PM  93    1943  68     24       77
  MINIMUM         58    630 AM  16    1930  47     11       42
  AVERAGE         75                        57     18       60

PRECIPITATION (IN)
  TODAY            0.00          1.20 2007   0.03  -0.03     0.00
  MONTH TO DATE    0.01                      0.70  -0.69     1.88
  SINCE DEC 1      1.63                      1.58   0.05     2.01
  SINCE JAN 1      0.01                      0.70  -0.69     1.88

SNOWFALL (IN)
  TODAY            0.0
  MONTH TO DATE    0.0
  SINCE DEC 1      0.0
  SINCE JUL 1      0.0
  SNOW DEPTH       0

DEGREE DAYS
 HEATING
  TODAY            0                         9     -9        5
  MONTH TO DATE   98                       232   -134      223
  SINCE DEC 1    277                       507   -230      370
  SINCE JUL 1    294                       622   -328      441

 COOLING
  TODAY           10                         1      9        0
  MONTH TO DATE  101                        24     77        0
  SINCE DEC 1    164                        59    105       63
  SINCE JAN 1    101                        24     77        0
..................................................................


WIND (MPH)
  HIGHEST WIND SPEED    16   HIGHEST WIND DIRECTION    SE (150)
  HIGHEST GUST SPEED    MM   HIGHEST GUST DIRECTION    MM


SKY COVER
  POSSIBLE SUNSHINE  MM
  AVERAGE SKY COVER 0.0


WEATHER CONDITIONS
 THE FOLLOWING WEATHER WAS RECORDED TODAY.
  NO SIGNIFICANT WEATHER WAS OBSERVED.


RELATIVE HUMIDITY (PERCENT)
 HIGHEST    62           700 AM
 LOWEST     21           300 PM
 AVERAGE    42

..........................................................


THE LAREDO CLIMATE NORMALS FOR TOMORROW
                         NORMAL    RECORD    YEAR
 MAXIMUM TEMPERATURE (F)   68        93      1965
 MINIMUM TEMPERATURE (F)   47        24      1930


SUNRISE AND SUNSET
JANUARY 24 2017.......SUNRISE   727 AM CST   SUNSET   613 PM CST
JANUARY 25 2017.......SUNRISE   727 AM CST   SUNSET   614 PM CST


-  INDICATES NEGATIVE NUMBERS.
R  INDICATES RECORD WAS SET OR TIED.
MM INDICATES DATA IS MISSING.
T  INDICATES TRACE AMOUNT.




$$
