000
CDUS44 KCRP 300749
CLILRD

CLIMATE REPORT
NATIONAL WEATHER SERVICE CORPUS CHRISTI TX
246 AM CDT SAT MAY 30 2015


...................................

...THE LAREDO CLIMATE SUMMARY FOR MAY 29 2015...

CLIMATE NORMAL PERIOD 1981 TO 2010
CLIMATE RECORD PERIOD 1900 TO 2015


WEATHER ITEM   OBSERVED TIME   RECORD YEAR NORMAL DEPARTURE LAST
                VALUE   (LST)  VALUE       VALUE  FROM      YEAR
                                                  NORMAL
..................................................................
TEMPERATURE (F)
 YESTERDAY
  MAXIMUM         90    526 PM 109    1912  96     -6       94
  MINIMUM         65    635 AM  59    1917  74     -9       72
  AVERAGE         78                        85     -7       83

PRECIPITATION (IN)
  YESTERDAY        0.23          1.29 1995   0.08   0.15     0.00
  MONTH TO DATE    6.06                      2.32   3.74     3.71
  SINCE MAR 1     14.14                      4.86   9.28     4.82
  SINCE JAN 1     15.02                      6.70   8.32     5.03

SNOWFALL (IN)
  YESTERDAY        0.0
  MONTH TO DATE    0.0
  SINCE MAR 1      0.0
  SINCE JUL 1      0.0

DEGREE DAYS
 HEATING
  YESTERDAY        0                         0      0        0
  MONTH TO DATE    0                         0      0        0
  SINCE MAR 1    129                        82     47      104
  SINCE JUL 1   1064                       926    138     1095

 COOLING
  YESTERDAY       13                        20     -7       18
  MONTH TO DATE  466                       503    -37      446
  SINCE MAR 1    869                      1018   -149      968
  SINCE JAN 1    917                      1103   -186     1080
..................................................................


WIND (MPH)
  HIGHEST WIND SPEED    38   HIGHEST WIND DIRECTION     N (10)
  HIGHEST GUST SPEED    44   HIGHEST GUST DIRECTION     N (10)
  AVERAGE WIND SPEED    12.0


SKY COVER
  POSSIBLE SUNSHINE  MM
  AVERAGE SKY COVER 0.1


WEATHER CONDITIONS
 THE FOLLOWING WEATHER WAS RECORDED YESTERDAY.
  THUNDERSTORM
  RAIN
  LIGHT RAIN
  FOG


RELATIVE HUMIDITY (PERCENT)
 HIGHEST    93           600 AM
 LOWEST     52           400 PM

..........................................................


THE LAREDO CLIMATE NORMALS FOR TODAY
                         NORMAL    RECORD    YEAR
 MAXIMUM TEMPERATURE (F)   96       107      2011
                                             1998
 MINIMUM TEMPERATURE (F)   74        56      1984


SUNRISE AND SUNSET
MAY 30 2015...........SUNRISE   643 AM CDT   SUNSET   828 PM CDT
MAY 31 2015...........SUNRISE   643 AM CDT   SUNSET   828 PM CDT


-  INDICATES NEGATIVE NUMBERS.
R  INDICATES RECORD WAS SET OR TIED.
MM INDICATES DATA IS MISSING.
T  INDICATES TRACE AMOUNT.




$$
