000
CDUS44 KCRP 302333
CLILRD

CLIMATE REPORT
NATIONAL WEATHER SERVICE CORPUS CHRISTI TX
630 PM CDT SUN APR 30 2017

...................................

...THE LAREDO CLIMATE SUMMARY FOR APRIL 30 2017...
VALID AS OF 600 PM LOCAL TIME.

CLIMATE NORMAL PERIOD 1981 TO 2010
CLIMATE RECORD PERIOD 1900 TO 2017


WEATHER ITEM   OBSERVED TIME   RECORD YEAR NORMAL DEPARTURE LAST
                VALUE   (LST)  VALUE       VALUE  FROM      YEAR
                                                  NORMAL
..................................................................
TEMPERATURE (F)
 TODAY
  MAXIMUM         85    500 PM 109    1909  90     -5       94
  MINIMUM         62    700 AM  39    1925  68     -6       76
  AVERAGE         74                        79     -5       85

PRECIPITATION (IN)
  TODAY            0.00          1.73 1982   0.07  -0.07     0.00
  MONTH TO DATE    1.48                      1.42   0.06     1.91
  SINCE MAR 1      3.82                      2.54   1.28     5.88
  SINCE JAN 1      4.79                      4.38   0.41     7.77

SNOWFALL (IN)
  TODAY            0.0
  MONTH TO DATE    0.0
  SINCE MAR 1      0.0
  SINCE JUL 1      0.0
  SNOW DEPTH       0

DEGREE DAYS
 HEATING
  TODAY            0                         0      0        0
  MONTH TO DATE    0                        12    -12        0
  SINCE MAR 1     16                        82    -66       18
  SINCE JUL 1    396                       926   -530      594

 COOLING
  TODAY            9                        14     -5       20
  MONTH TO DATE  392                       342     50      384
  SINCE MAR 1    668                       515    153      641
  SINCE JAN 1    974                       600    374      759
..................................................................


WIND (MPH)
  HIGHEST WIND SPEED    23   HIGHEST WIND DIRECTION    NW (310)
  HIGHEST GUST SPEED    30   HIGHEST GUST DIRECTION    NW (320)


SKY COVER
  POSSIBLE SUNSHINE  MM
  AVERAGE SKY COVER 0.4


WEATHER CONDITIONS
 THE FOLLOWING WEATHER WAS RECORDED TODAY.
  NO SIGNIFICANT WEATHER WAS OBSERVED.


RELATIVE HUMIDITY (PERCENT)
 HIGHEST    39           600 AM
 LOWEST     17           300 PM
 AVERAGE    28

..........................................................


THE LAREDO CLIMATE NORMALS FOR TOMORROW
                         NORMAL    RECORD    YEAR
 MAXIMUM TEMPERATURE (F)   91       110      1948
 MINIMUM TEMPERATURE (F)   68        37      1908


SUNRISE AND SUNSET
APRIL 30 2017.........SUNRISE   659 AM CDT   SUNSET   811 PM CDT
MAY  1 2017...........SUNRISE   658 AM CDT   SUNSET   812 PM CDT


-  INDICATES NEGATIVE NUMBERS.
R  INDICATES RECORD WAS SET OR TIED.
MM INDICATES DATA IS MISSING.
T  INDICATES TRACE AMOUNT.




$$
