000
CDUS44 KCRP 020045
CLILRD

CLIMATE REPORT
NATIONAL WEATHER SERVICE CORPUS CHRISTI TX
337 PM CST SUN MAR 1 2015


...................................

...THE LAREDO CLIMATE SUMMARY FOR MARCH 1 2015...
VALID TODAY AS OF 0300 PM LOCAL TIME.

CLIMATE NORMAL PERIOD 1981 TO 2010
CLIMATE RECORD PERIOD 1900 TO 2015


WEATHER ITEM   OBSERVED TIME   RECORD YEAR NORMAL DEPARTURE LAST
                VALUE   (LST)  VALUE       VALUE  FROM      YEAR
                                                  NORMAL
..................................................................
TEMPERATURE (F)
 TODAY
  MAXIMUM         52    255 PM 100    1940  76    -24       90
  MINIMUM         42    625 AM  26    1922  54    -12       60
  AVERAGE         47                        65    -18       75

PRECIPITATION (IN)
  TODAY            T             0.88 1990   0.04  -0.04     0.00
  MONTH TO DATE    T                         0.04  -0.04     0.00
  SINCE MAR 1      T                         0.04  -0.04     0.00
  SINCE JAN 1      0.88                      1.88  -1.00     0.21

SNOWFALL (IN)
  TODAY           MM
  MONTH TO DATE   MM
  SINCE MAR 1     MM
  SINCE JUL 1      0.0

DEGREE DAYS
 HEATING
  TODAY           18                         4     14        0
  MONTH TO DATE   18                         4     14        0
  SINCE MAR 1     18                         4     14        0
  SINCE JUL 1    953                       848    105      991

 COOLING
  TODAY            0                         3     -3       10
  MONTH TO DATE    0                         3     -3       10
  SINCE MAR 1      0                         3     -3       10
  SINCE JAN 1     48                        88    -40      122
..................................................................


WIND (MPH)
  HIGHEST WIND SPEED    10   HIGHEST WIND DIRECTION    NW (320)
  HIGHEST GUST SPEED    13   HIGHEST GUST DIRECTION    NW (330)


SKY COVER
  POSSIBLE SUNSHINE  MM
  AVERAGE SKY COVER 1.0


WEATHER CONDITIONS
 THE FOLLOWING WEATHER WAS RECORDED TODAY.
  LIGHT RAIN
  FOG


RELATIVE HUMIDITY (PERCENT)
 HIGHEST   100          1200 AM
 LOWEST     86           200 PM
 AVERAGE    93

..........................................................


THE LAREDO CLIMATE NORMALS FOR TOMORROW
                         NORMAL    RECORD    YEAR
 MAXIMUM TEMPERATURE (F)   76        96      1999
 MINIMUM TEMPERATURE (F)   54        26      1922


SUNRISE AND SUNSET
MARCH  1 2015.........SUNRISE   702 AM CST   SUNSET   638 PM CST
MARCH  2 2015.........SUNRISE   701 AM CST   SUNSET   639 PM CST


-  INDICATES NEGATIVE NUMBERS.
R  INDICATES RECORD WAS SET OR TIED.
MM INDICATES DATA IS MISSING.
T  INDICATES TRACE AMOUNT.




$$
