000
CDUS44 KCRP 100823
CLILRD

CLIMATE REPORT
NATIONAL WEATHER SERVICE CORPUS CHRISTI TX
323 AM CDT THU JUL 10 2014


...................................

...THE LAREDO CLIMATE SUMMARY FOR JULY 9 2014...

CLIMATE NORMAL PERIOD 1981 TO 2010
CLIMATE RECORD PERIOD 1900 TO 2014


WEATHER ITEM   OBSERVED TIME   RECORD YEAR NORMAL DEPARTURE LAST
                VALUE   (LST)  VALUE       VALUE  FROM      YEAR
                                                  NORMAL
..................................................................
TEMPERATURE (F)
 YESTERDAY
  MAXIMUM         96    423 PM 110    1939  99     -3       99
  MINIMUM         80    658 AM  66    1937  77      3       77
  AVERAGE         88                        88      0       88

PRECIPITATION (IN)
  YESTERDAY        0.00          2.25 1996   0.07  -0.07     0.00
  MONTH TO DATE    0.40                      0.71  -0.31      T
  SINCE JUN 1      0.95                      2.94  -1.99     2.01
  SINCE JAN 1      5.98                      9.81  -3.83     9.09

SNOWFALL (IN)
  YESTERDAY        0.0
  MONTH TO DATE    0.0
  SINCE JUN 1      0.0
  SINCE JUL 1      0.0

DEGREE DAYS
 HEATING
  YESTERDAY        0                         0      0        0
  MONTH TO DATE    0                         0      0        0
  SINCE JUN 1      0                         0      0        0
  SINCE JUL 1      0                         0      0        0

 COOLING
  YESTERDAY       23                        23      0       23
  MONTH TO DATE  207                       207      0      197
  SINCE JUN 1    943                       867     76      903
  SINCE JAN 1   2068                      2010     58     2104
..................................................................


WIND (MPH)
  HIGHEST WIND SPEED    24   HIGHEST WIND DIRECTION    SE (150)
  HIGHEST GUST SPEED    28   HIGHEST GUST DIRECTION    SE (140)
  AVERAGE WIND SPEED    14.0


SKY COVER
  POSSIBLE SUNSHINE  MM
  AVERAGE SKY COVER 0.2


WEATHER CONDITIONS
 THE FOLLOWING WEATHER WAS RECORDED YESTERDAY.
  NO SIGNIFICANT WEATHER WAS OBSERVED.


RELATIVE HUMIDITY (PERCENT)
 HIGHEST    79           500 AM
 LOWEST     29           600 PM

..........................................................


THE LAREDO CLIMATE NORMALS FOR TODAY
                         NORMAL    RECORD    YEAR
 MAXIMUM TEMPERATURE (F)   99       109      1917
 MINIMUM TEMPERATURE (F)   77        64      1905


SUNRISE AND SUNSET
JULY 10 2014..........SUNRISE   650 AM CDT   SUNSET   836 PM CDT
JULY 11 2014..........SUNRISE   650 AM CDT   SUNSET   836 PM CDT


-  INDICATES NEGATIVE NUMBERS.
R  INDICATES RECORD WAS SET OR TIED.
MM INDICATES DATA IS MISSING.
T  INDICATES TRACE AMOUNT.




$$
