000
CDUS44 KCRP 200649
CLILRD

CLIMATE REPORT
NATIONAL WEATHER SERVICE CORPUS CHRISTI TX
146 AM CDT WED AUG 20 2014


...................................

...THE LAREDO CLIMATE SUMMARY FOR AUGUST 19 2014...

CLIMATE NORMAL PERIOD 1981 TO 2010
CLIMATE RECORD PERIOD 1900 TO 2014


WEATHER ITEM   OBSERVED TIME   RECORD YEAR NORMAL DEPARTURE LAST
                VALUE   (LST)  VALUE       VALUE  FROM      YEAR
                                                  NORMAL
..................................................................
TEMPERATURE (F)
 YESTERDAY
  MAXIMUM        104    436 PM 110    1909 100      4       99
  MINIMUM         80    705 AM  66    1908  77      3       75
  AVERAGE         92                        89      3       87

PRECIPITATION (IN)
  YESTERDAY        0.00          1.70 1981   0.07  -0.07     0.00
  MONTH TO DATE    0.49                      0.86  -0.37     0.01
  SINCE JUN 1      2.38                      5.10  -2.72     4.46
  SINCE JAN 1      7.41                     11.97  -4.56    11.54

SNOWFALL (IN)
  YESTERDAY        0.0
  MONTH TO DATE    0.0
  SINCE JUN 1      0.0
  SINCE JUL 1      0.0

DEGREE DAYS
 HEATING
  YESTERDAY        0                         0      0        0
  MONTH TO DATE    0                         0      0        0
  SINCE JUN 1      0                         0      0        0
  SINCE JUL 1      0                         0      0        0

 COOLING
  YESTERDAY       27                        24      3       22
  MONTH TO DATE  493                       456     37      500
  SINCE JUN 1   1992                      1829    163     1933
  SINCE JAN 1   3117                      2972    145     3134
..................................................................


WIND (MPH)
  HIGHEST WIND SPEED    28   HIGHEST WIND DIRECTION    SE (130)
  HIGHEST GUST SPEED    32   HIGHEST GUST DIRECTION    SE (130)
  AVERAGE WIND SPEED    16.6


SKY COVER
  POSSIBLE SUNSHINE  MM
  AVERAGE SKY COVER 0.0


WEATHER CONDITIONS
 THE FOLLOWING WEATHER WAS RECORDED YESTERDAY.
  NO SIGNIFICANT WEATHER WAS OBSERVED.


RELATIVE HUMIDITY (PERCENT)
 HIGHEST    65           400 AM
 LOWEST     24           400 PM

..........................................................


THE LAREDO CLIMATE NORMALS FOR TODAY
                         NORMAL    RECORD    YEAR
 MAXIMUM TEMPERATURE (F)  100       110      1986
 MINIMUM TEMPERATURE (F)   77        63      1908


SUNRISE AND SUNSET
AUGUST 20 2014........SUNRISE   711 AM CDT   SUNSET   811 PM CDT
AUGUST 21 2014........SUNRISE   712 AM CDT   SUNSET   810 PM CDT


-  INDICATES NEGATIVE NUMBERS.
R  INDICATES RECORD WAS SET OR TIED.
MM INDICATES DATA IS MISSING.
T  INDICATES TRACE AMOUNT.

$$

GW
