000
CDUS44 KCRP 212321
CLILRD

CLIMATE REPORT
NATIONAL WEATHER SERVICE CORPUS CHRISTI TX
519 PM CST TUE NOV 21 2017

...................................

...THE LAREDO CLIMATE SUMMARY FOR NOVEMBER 21 2017...
VALID AS OF 500 PM LOCAL TIME.

CLIMATE NORMAL PERIOD 1981 TO 2010
CLIMATE RECORD PERIOD 1900 TO 2017


WEATHER ITEM   OBSERVED TIME   RECORD YEAR NORMAL DEPARTURE LAST
                VALUE   (LST)  VALUE       VALUE  FROM      YEAR
                                                  NORMAL
..................................................................
TEMPERATURE (F)
 TODAY
  MAXIMUM         80    500 PM  93    1909  74      6       82
  MINIMUM         51    700 AM  21    1906  53     -2       51
  AVERAGE         66                        64      2       67

PRECIPITATION (IN)
  TODAY            0.00          2.06 1980   0.04  -0.04     0.00
  MONTH TO DATE    0.62                      0.89  -0.27     0.67
  SINCE SEP 1      9.68                      6.03   3.65     5.80
  SINCE JAN 1     22.27                     19.02   3.25    22.88

SNOWFALL (IN)
  TODAY            0.0
  MONTH TO DATE    0.0
  SINCE SEP 1      0.0
  SINCE JUL 1      0.0
  SNOW DEPTH       0

DEGREE DAYS
 HEATING
  TODAY            0                         4     -4        0
  MONTH TO DATE   32                        53    -21       15
  SINCE SEP 1     55                        65    -10       15
  SINCE JUL 1     55                        65    -10       15

 COOLING
  TODAY            1                         3     -2        2
  MONTH TO DATE  172                       104     68      166
  SINCE SEP 1   1089                       990     99     1252
  SINCE JAN 1   4814                      4233    581     4671
..................................................................


WIND (MPH)
  HIGHEST WIND SPEED    MM   HIGHEST WIND DIRECTION    MM
  HIGHEST GUST SPEED    MM   HIGHEST GUST DIRECTION    MM


SKY COVER
  POSSIBLE SUNSHINE  MM
  AVERAGE SKY COVER 0.0


WEATHER CONDITIONS
 THE FOLLOWING WEATHER WAS RECORDED TODAY.
  FOG


RELATIVE HUMIDITY (PERCENT)
 HIGHEST    96           700 AM
 LOWEST     42           300 PM
 AVERAGE    69

..........................................................


THE LAREDO CLIMATE NORMALS FOR TOMORROW
                         NORMAL    RECORD    YEAR
 MAXIMUM TEMPERATURE (F)   74        92      1909
 MINIMUM TEMPERATURE (F)   53        31      1906


SUNRISE AND SUNSET
NOVEMBER 21 2017......SUNRISE   703 AM CST   SUNSET   544 PM CST
NOVEMBER 22 2017......SUNRISE   704 AM CST   SUNSET   544 PM CST


-  INDICATES NEGATIVE NUMBERS.
R  INDICATES RECORD WAS SET OR TIED.
MM INDICATES DATA IS MISSING.
T  INDICATES TRACE AMOUNT.




$$
