000
CDUS44 KCRP 230935
CLILRD

CLIMATE REPORT
NATIONAL WEATHER SERVICE CORPUS CHRISTI TX
435 AM CDT SAT SEP 23 2017


...................................

...THE LAREDO CLIMATE SUMMARY FOR SEPTEMBER 22 2017...

CLIMATE NORMAL PERIOD 1981 TO 2010
CLIMATE RECORD PERIOD 1900 TO 2017


WEATHER ITEM   OBSERVED TIME   RECORD YEAR NORMAL DEPARTURE LAST
                VALUE   (LST)  VALUE       VALUE  FROM      YEAR
                                                  NORMAL
..................................................................
TEMPERATURE (F)
 YESTERDAY
  MAXIMUM         98        MM 107    1909  92      6       97
  MINIMUM         79        MM  53    1995  71      8       72
  AVERAGE         89                        81      8       85

PRECIPITATION (IN)
  YESTERDAY        0.00          3.61 1967   0.08  -0.08     0.00
  MONTH TO DATE    0.46                      2.23  -1.77     1.17
  SINCE SEP 1      0.46                      2.23  -1.77     1.17
  SINCE JAN 1     13.05                     15.22  -2.17    18.25

SNOWFALL (IN)
  YESTERDAY        0.0
  MONTH TO DATE    0.0
  SINCE SEP 1      0.0
  SINCE JUL 1      0.0

DEGREE DAYS
 HEATING
  YESTERDAY        0                         0      0        0
  MONTH TO DATE    0                         0      0        0
  SINCE SEP 1      0                         0      0        0
  SINCE JUL 1      0                         0      0        0

 COOLING
  YESTERDAY       24                        16      8       20
  MONTH TO DATE  457                       418     39      494
  SINCE SEP 1    457                       418     39      494
  SINCE JAN 1   4182                      3661    521     3913
..................................................................


WIND (MPH)
  HIGHEST WIND SPEED    MM   HIGHEST WIND DIRECTION    MM
  HIGHEST GUST SPEED    MM   HIGHEST GUST DIRECTION    MM
  AVERAGE WIND SPEED    MM


SKY COVER
  POSSIBLE SUNSHINE  MM
  AVERAGE SKY COVER 0.4


WEATHER CONDITIONS
 THE FOLLOWING WEATHER WAS RECORDED YESTERDAY.
  NO SIGNIFICANT WEATHER WAS OBSERVED.


RELATIVE HUMIDITY (PERCENT)
 HIGHEST    91           500 AM
 LOWEST     40           200 PM

..........................................................


THE LAREDO CLIMATE NORMALS FOR TODAY
                         NORMAL    RECORD    YEAR
 MAXIMUM TEMPERATURE (F)   91       103      2005
 MINIMUM TEMPERATURE (F)   71        52      1975


SUNRISE AND SUNSET
SEPTEMBER 23 2017.....SUNRISE   727 AM CDT   SUNSET   733 PM CDT
SEPTEMBER 24 2017.....SUNRISE   727 AM CDT   SUNSET   732 PM CDT


-  INDICATES NEGATIVE NUMBERS.
R  INDICATES RECORD WAS SET OR TIED.
MM INDICATES DATA IS MISSING.
T  INDICATES TRACE AMOUNT.




$$
