000
CDUS44 KCRP 230129 RRB
CLILRD

CLIMATE REPORT
NATIONAL WEATHER SERVICE CORPUS CHRISTI TX
827 PM CDT SAT JUL 22 2017


...................................

...THE LAREDO CLIMATE SUMMARY FOR JULY 22 2017...
VALID TODAY AS OF 0700 PM LOCAL TIME.

CLIMATE NORMAL PERIOD 1981 TO 2010
CLIMATE RECORD PERIOD 1900 TO 2017


WEATHER ITEM   OBSERVED TIME   RECORD YEAR NORMAL DEPARTURE LAST
                VALUE   (LST)  VALUE       VALUE  FROM      YEAR
                                                  NORMAL
..................................................................
TEMPERATURE (F)
 TODAY
  MAXIMUM        106        MM 107    1998 100      6      103
  MINIMUM         79        MM  66    1908  77      2       76
  AVERAGE         93                        88      5       90

PRECIPITATION (IN)
  TODAY            0.00          1.20 1919   0.05  -0.05     0.00
  MONTH TO DATE    0.42                      1.60  -1.18     0.04
  SINCE JUN 1      1.38                      3.83  -2.45     1.96
  SINCE JAN 1     11.78                     10.70   1.08    12.47

SNOWFALL (IN)
  TODAY            0.0
  MONTH TO DATE    0.0
  SINCE JUN 1      0.0
  SINCE JUL 1      0.0

DEGREE DAYS
 HEATING
  TODAY            0                         0      0        0
  MONTH TO DATE    0                         0      0        0
  SINCE JUN 1      0                         0      0        0
  SINCE JUL 1      0                         0      0        0

 COOLING
  TODAY           28                        23      5       25
  MONTH TO DATE  535                       506     29      581
  SINCE JUN 1   1217                      1166     51     1224
  SINCE JAN 1   2740                      2309    431     2488
..................................................................


WIND (MPH)
  HIGHEST WIND SPEED    17   HIGHEST WIND DIRECTION     S (160)
  HIGHEST GUST SPEED    22   HIGHEST GUST DIRECTION    SE (130)


SKY COVER
  POSSIBLE SUNSHINE  MM
  AVERAGE SKY COVER 0.0


WEATHER CONDITIONS
 THE FOLLOWING WEATHER WAS RECORDED TODAY.
  NO SIGNIFICANT WEATHER WAS OBSERVED.


RELATIVE HUMIDITY (PERCENT)
 HIGHEST    79           500 AM
 LOWEST     25           500 PM
 AVERAGE    52

..........................................................


THE LAREDO CLIMATE NORMALS FOR TOMORROW
                         NORMAL    RECORD    YEAR
 MAXIMUM TEMPERATURE (F)  100       109      1994
 MINIMUM TEMPERATURE (F)   77        64      1908


SUNRISE AND SUNSET
JULY 22 2017..........SUNRISE   656 AM CDT   SUNSET   832 PM CDT
JULY 23 2017..........SUNRISE   657 AM CDT   SUNSET   832 PM CDT


-  INDICATES NEGATIVE NUMBERS.
R  INDICATES RECORD WAS SET OR TIED.
MM INDICATES DATA IS MISSING.
T  INDICATES TRACE AMOUNT.




$$
