000
CDUS44 KCRP 270023
CLILRD

CLIMATE REPORT
NATIONAL WEATHER SERVICE CORPUS CHRISTI TX
718 PM CDT THU MAR 26 2015


...................................

...THE LAREDO CLIMATE SUMMARY FOR MARCH 26 2015...
VALID TODAY AS OF 700 PM LOCAL TIME.

CLIMATE NORMAL PERIOD 1981 TO 2010
CLIMATE RECORD PERIOD 1900 TO 2015


WEATHER ITEM   OBSERVED TIME   RECORD YEAR NORMAL DEPARTURE LAST
                VALUE   (LST)  VALUE       VALUE  FROM      YEAR
                                                  NORMAL
..................................................................
TEMPERATURE (F)
 TODAY
  MAXIMUM         73   1249 AM 105    1950  83    -10       67
  MINIMUM         61   1004 AM  37    1955  59      2       57
  AVERAGE         67                        71     -4       62

PRECIPITATION (IN)
  TODAY            0.01          0.50 1919   0.04  -0.03      T
  MONTH TO DATE    2.57                      0.99   1.58     1.08
  SINCE MAR 1      2.57                      0.99   1.58     1.08
  SINCE JAN 1      3.45                      2.83   0.62     1.29

SNOWFALL (IN)
  TODAY            0.0
  MONTH TO DATE    0.0
  SINCE MAR 1      0.0
  SINCE JUL 1      0.0

DEGREE DAYS
 HEATING
  TODAY            0                         1     -1        3
  MONTH TO DATE  127                        64     63       99
  SINCE MAR 1    127                        64     63       99
  SINCE JUL 1   1062                       908    154     1090

 COOLING
  TODAY            2                         7     -5        0
  MONTH TO DATE   58                       134    -76       75
  SINCE MAR 1     58                       134    -76       75
  SINCE JAN 1    106                       219   -113      187
..................................................................


WIND (MPH)
  HIGHEST WIND SPEED    35   HIGHEST WIND DIRECTION     N (340)
  HIGHEST GUST SPEED    41   HIGHEST GUST DIRECTION    SE (150)


SKY COVER
  POSSIBLE SUNSHINE  MM
  AVERAGE SKY COVER 0.4


WEATHER CONDITIONS
 THE FOLLOWING WEATHER WAS RECORDED TODAY.
  LIGHT RAIN
  FOG


RELATIVE HUMIDITY (PERCENT)
 HIGHEST   100           600 AM
 LOWEST     47           500 PM
 AVERAGE    74

..........................................................


THE LAREDO CLIMATE NORMALS FOR TOMORROW
                         NORMAL    RECORD    YEAR
 MAXIMUM TEMPERATURE (F)   83       105      1984
 MINIMUM TEMPERATURE (F)   59        34      1913


SUNRISE AND SUNSET
MARCH 26 2015.........SUNRISE   735 AM CDT   SUNSET   752 PM CDT
MARCH 27 2015.........SUNRISE   734 AM CDT   SUNSET   753 PM CDT


-  INDICATES NEGATIVE NUMBERS.
R  INDICATES RECORD WAS SET OR TIED.
MM INDICATES DATA IS MISSING.
T  INDICATES TRACE AMOUNT.




$$
