000
CDUS46 KMTR 230827
CLILVK


CLIMATE REPORT
NATIONAL WEATHER SERVICE SAN FRANCISCO BAY AREA
127 AM PDT THU MAR 23 2017


...................................

...THE LIVERMORE AIRPORT CLIMATE SUMMARY FOR MARCH 22 2017...

CLIMATE NORMAL PERIOD 1981 TO 2010
CLIMATE RECORD PERIOD 1930 TO 2017


WEATHER ITEM   OBSERVED TIME   RECORD YEAR NORMAL DEPARTURE LAST
                VALUE   (LST)  VALUE       VALUE  FROM      YEAR
                                                  NORMAL
..................................................................
TEMPERATURE (F)
 YESTERDAY
  MAXIMUM         61    214 PM  78    1977  65     -4       63
  MINIMUM         46   1159 PM  29    1935  43      3       40
  AVERAGE         54                        54      0       52

PRECIPITATION (IN)
  YESTERDAY        0.70          1.17 1995   0.06   0.64     0.03
  MONTH TO DATE    1.67                      1.63   0.04     3.52
  SINCE OCT 1     23.17                     13.25   9.92    13.49
  SINCE JAN 1     16.71                      7.67   9.04     8.49

DEGREE DAYS
 HEATING
  YESTERDAY       11                        11      0       13
  MONTH TO DATE  201                       256    -55      196
  SINCE MAR 1    201                       256    -55      196
  SINCE JUL 1   2060                      2263   -203     1901

 COOLING
  YESTERDAY        0                         0      0        0
  MONTH TO DATE    0                         0      0        0
  SINCE MAR 1      0                         0      0        0
  SINCE JAN 1      0                         0      0        0
..................................................................


WIND (MPH)
  RESULTANT WIND SPEED   9   RESULTANT WIND DIRECTION   W (260)
  HIGHEST WIND SPEED    21   HIGHEST WIND DIRECTION     W (270)
  HIGHEST GUST SPEED    26   HIGHEST GUST DIRECTION     W (250)
  AVERAGE WIND SPEED     9.3


SKY COVER
  POSSIBLE SUNSHINE  MM
  AVERAGE SKY COVER 0.5


WEATHER CONDITIONS
 THE FOLLOWING WEATHER WAS RECORDED YESTERDAY.
  RAIN
  LIGHT RAIN
  FOG


RELATIVE HUMIDITY (PERCENT)
 HIGHEST    96           300 AM
 LOWEST     51           100 PM
 AVERAGE    74

..........................................................


THE LIVERMORE AIRPORT CLIMATE NORMALS FOR TODAY
                         NORMAL    RECORD    YEAR
 MAXIMUM TEMPERATURE (F)   65        81      2007
 MINIMUM TEMPERATURE (F)   43        25      1951


SUNRISE AND SUNSET
MARCH 23 2017.........SUNRISE   706 AM PDT   SUNSET   722 PM PDT
MARCH 24 2017.........SUNRISE   704 AM PDT   SUNSET   723 PM PDT


-  INDICATES NEGATIVE NUMBERS.
R  INDICATES RECORD WAS SET OR TIED.
MM INDICATES DATA IS MISSING.
T  INDICATES TRACE AMOUNT.




$$
