000
CDUS46 KMTR 040844
CLILVK


CLIMATE REPORT
NATIONAL WEATHER SERVICE SAN FRANCISCO BAY AREA
143 AM PDT TUE AUG 4 2015


...................................

...THE LIVERMORE AIRPORT CLIMATE SUMMARY FOR AUGUST 3 2015...

CLIMATE NORMAL PERIOD 1981 TO 2010
CLIMATE RECORD PERIOD 1930 TO 2015


WEATHER ITEM   OBSERVED TIME   RECORD YEAR NORMAL DEPARTURE LAST
                VALUE   (LST)  VALUE       VALUE  FROM      YEAR
                                                  NORMAL
..................................................................
TEMPERATURE (F)
 YESTERDAY
  MAXIMUM         82    250 PM 108    1998  88     -6       85
  MINIMUM         64    125 AM  47    1972  57      7       59
  AVERAGE         73                        73      0       72

PRECIPITATION (IN)
  YESTERDAY        0.00          0.04 1953   0.00   0.00     0.00
  MONTH TO DATE    0.00                      0.00   0.00     0.00
  SINCE OCT 1     13.78                     15.48  -1.70     6.79
  SINCE JAN 1      4.16                      9.90  -5.74     4.88

DEGREE DAYS
 HEATING
  YESTERDAY        0                         0      0        0
  MONTH TO DATE    0                         0      0        0
  SINCE JUN 1      0                        36    -36        4
  SINCE JUL 1      0                         4     -4        0

 COOLING
  YESTERDAY        8                         8      0        7
  MONTH TO DATE   28                        24      4       36
  SINCE JUN 1    625                       365    260      556
  SINCE JAN 1    663                       418    245      682
..................................................................


WIND (MPH)
  RESULTANT WIND SPEED  13   RESULTANT WIND DIRECTION   W (270)
  HIGHEST WIND SPEED    23   HIGHEST WIND DIRECTION     W (290)
  HIGHEST GUST SPEED    28   HIGHEST GUST DIRECTION     W (290)
  AVERAGE WIND SPEED    13.3


SKY COVER
  POSSIBLE SUNSHINE  MM
  AVERAGE SKY COVER 0.4


WEATHER CONDITIONS
 THE FOLLOWING WEATHER WAS RECORDED YESTERDAY.
  NO SIGNIFICANT WEATHER WAS OBSERVED.


RELATIVE HUMIDITY (PERCENT)
 HIGHEST    78           200 AM
 LOWEST     36          1200 PM
 AVERAGE    57

..........................................................


THE LIVERMORE AIRPORT CLIMATE NORMALS FOR TODAY
                         NORMAL    RECORD    YEAR
 MAXIMUM TEMPERATURE (F)   88       110      1998
 MINIMUM TEMPERATURE (F)   57        43      1972


SUNRISE AND SUNSET
AUGUST  4 2015........SUNRISE   613 AM PDT   SUNSET   813 PM PDT
AUGUST  5 2015........SUNRISE   614 AM PDT   SUNSET   812 PM PDT


-  INDICATES NEGATIVE NUMBERS.
R  INDICATES RECORD WAS SET OR TIED.
MM INDICATES DATA IS MISSING.
T  INDICATES TRACE AMOUNT.




$$
