000
CDUS46 KMTR 290826
CLILVK


CLIMATE REPORT
NATIONAL WEATHER SERVICE SAN FRANCISCO BAY AREA
126 AM PDT FRI AUG 29 2014


...................................

...THE LIVERMORE AIRPORT CLIMATE SUMMARY FOR AUGUST 28 2014...

CLIMATE NORMAL PERIOD 1981 TO 2010
CLIMATE RECORD PERIOD 1930 TO 2014


WEATHER ITEM   OBSERVED TIME   RECORD YEAR NORMAL DEPARTURE LAST
                VALUE   (LST)  VALUE       VALUE  FROM      YEAR
                                                  NORMAL
..................................................................
TEMPERATURE (F)
 YESTERDAY
  MAXIMUM         94    332 PM 105    1981  87      7       89
  MINIMUM         59    612 AM  44    1980  57      2       58
  AVERAGE         77                        72      5       74

PRECIPITATION (IN)
  YESTERDAY        0.00          0.14 1949   0.00   0.00     0.00
  MONTH TO DATE    0.00                      0.01  -0.01     0.00
  SINCE JUL 1      T                         0.01  -0.01     0.00
  SINCE JAN 1      4.88                      9.91  -5.03     2.12

DEGREE DAYS
 HEATING
  YESTERDAY        0                         0      0        0
  MONTH TO DATE    0                         0      0        0
  SINCE JUN 1      4                        36    -32        5
  SINCE JUL 1      0                         4     -4        0

 COOLING
  YESTERDAY       12                         7      5        9
  MONTH TO DATE  236                       204     32      221
  SINCE JUN 1    756                       545    211      688
  SINCE JAN 1    882                       598    284      789
..................................................................


WIND (MPH)
  RESULTANT WIND SPEED   5   RESULTANT WIND DIRECTION   W (290)
  HIGHEST WIND SPEED    17   HIGHEST WIND DIRECTION     W (280)
  HIGHEST GUST SPEED    21   HIGHEST GUST DIRECTION     W (280)
  AVERAGE WIND SPEED     6.9


SKY COVER
  POSSIBLE SUNSHINE  MM
  AVERAGE SKY COVER 0.0


WEATHER CONDITIONS
 THE FOLLOWING WEATHER WAS RECORDED YESTERDAY.
  FOG
  HAZE


RELATIVE HUMIDITY (PERCENT)
 HIGHEST    87           600 AM
 LOWEST     26           300 PM
 AVERAGE    57

..........................................................


THE LIVERMORE AIRPORT CLIMATE NORMALS FOR TODAY
                         NORMAL    RECORD    YEAR
 MAXIMUM TEMPERATURE (F)   87       104      2009
                                             2008
 MINIMUM TEMPERATURE (F)   57        44      1969


SUNRISE AND SUNSET
AUGUST 29 2014........SUNRISE   635 AM PDT   SUNSET   741 PM PDT
AUGUST 30 2014........SUNRISE   636 AM PDT   SUNSET   739 PM PDT


-  INDICATES NEGATIVE NUMBERS.
R  INDICATES RECORD WAS SET OR TIED.
MM INDICATES DATA IS MISSING.
T  INDICATES TRACE AMOUNT.




$$
