000
CDUS46 KMTR 060845
CLILVK


CLIMATE REPORT
NATIONAL WEATHER SERVICE SAN FRANCISCO BAY AREA
1245 AM PST FRI MAR 6 2015


...................................

...THE LIVERMORE AIRPORT CLIMATE SUMMARY FOR MARCH 5 2015...

CLIMATE NORMAL PERIOD 1981 TO 2010
CLIMATE RECORD PERIOD 1930 TO 2015


WEATHER ITEM   OBSERVED TIME   RECORD YEAR NORMAL DEPARTURE LAST
                VALUE   (LST)  VALUE       VALUE  FROM      YEAR
                                                  NORMAL
..................................................................
TEMPERATURE (F)
 YESTERDAY
  MAXIMUM         69        MM  80    1986  64      5       70
  MINIMUM         37        MM  25    1971  42     -5       52
  AVERAGE         53                        53      0       61

PRECIPITATION (IN)
  YESTERDAY        0.00          0.74 1987   0.09  -0.09     0.09
  MONTH TO DATE    T                         0.48  -0.48     0.18
  SINCE OCT 1     11.92                     12.10  -0.18     4.72
  SINCE JAN 1      2.30                      6.52  -4.22     2.81

DEGREE DAYS
 HEATING
  YESTERDAY       12                        12      0        4
  MONTH TO DATE   65                        60      5       38
  SINCE MAR 1     65                        60      5       38
  SINCE JUL 1   1251                      2067   -816     1552

 COOLING
  YESTERDAY        0                         0      0        0
  MONTH TO DATE    0                         0      0        0
  SINCE MAR 1      0                         0      0        0
  SINCE JAN 1      0                         0      0        0
..................................................................


WIND (MPH)
  RESULTANT WIND SPEED   3   RESULTANT WIND DIRECTION  NE (50)
  HIGHEST WIND SPEED    10   HIGHEST WIND DIRECTION    NE (50)
  HIGHEST GUST SPEED    MM   HIGHEST GUST DIRECTION    MM
  AVERAGE WIND SPEED     3.5


SKY COVER
  POSSIBLE SUNSHINE  MM
  AVERAGE SKY COVER 0.0


WEATHER CONDITIONS
 THE FOLLOWING WEATHER WAS RECORDED YESTERDAY.
  NO SIGNIFICANT WEATHER WAS OBSERVED.


RELATIVE HUMIDITY (PERCENT)
 HIGHEST    76           300 AM
 LOWEST     32           200 PM
 AVERAGE    54

..........................................................


THE LIVERMORE AIRPORT CLIMATE NORMALS FOR TODAY
                         NORMAL    RECORD    YEAR
 MAXIMUM TEMPERATURE (F)   64        82      1972
 MINIMUM TEMPERATURE (F)   42        24      1971


SUNRISE AND SUNSET
MARCH  6 2015.........SUNRISE   632 AM PST   SUNSET   606 PM PST
MARCH  7 2015.........SUNRISE   630 AM PST   SUNSET   607 PM PST


-  INDICATES NEGATIVE NUMBERS.
R  INDICATES RECORD WAS SET OR TIED.
MM INDICATES DATA IS MISSING.
T  INDICATES TRACE AMOUNT.




$$
