000
CDUS46 KMTR 310835
CLILVK


CLIMATE REPORT
NATIONAL WEATHER SERVICE SAN FRANCISCO BAY AREA
135 AM PDT TUE MAY 31 2016


...................................

...THE LIVERMORE AIRPORT CLIMATE SUMMARY FOR MAY 30 2016...

CLIMATE NORMAL PERIOD 1981 TO 2010
CLIMATE RECORD PERIOD 1930 TO 2016


WEATHER ITEM   OBSERVED TIME   RECORD YEAR NORMAL DEPARTURE LAST
                VALUE   (LST)  VALUE       VALUE  FROM      YEAR
                                                  NORMAL
..................................................................
TEMPERATURE (F)
 YESTERDAY
  MAXIMUM         94    217 PM 101    1950  77     17       87
  MINIMUM         54    516 AM  40    1974  51      3       51
  AVERAGE         74                        64     10       69

PRECIPITATION (IN)
  YESTERDAY        0.00          0.06 1948   0.01  -0.01     0.00
  MONTH TO DATE    0.20                      0.61  -0.41     0.47
  SINCE OCT 1     15.38                     15.43  -0.05    13.51
  SINCE JAN 1     10.38                      9.85   0.53     3.89

DEGREE DAYS
 HEATING
  YESTERDAY        0                         3     -3        0
  MONTH TO DATE   61                       125    -64       78
  SINCE MAR 1    481                       740   -259      372
  SINCE JUL 1   2186                      2747   -561     1558

 COOLING
  YESTERDAY        9                         2      7        4
  MONTH TO DATE   52                        46      6       18
  SINCE MAR 1     60                        55      5       38
  SINCE JAN 1     60                        55      5       38
..................................................................


WIND (MPH)
  RESULTANT WIND SPEED   5   RESULTANT WIND DIRECTION   W (280)
  HIGHEST WIND SPEED    20   HIGHEST WIND DIRECTION     W (280)
  HIGHEST GUST SPEED    23   HIGHEST GUST DIRECTION     W (270)
  AVERAGE WIND SPEED     6.1


SKY COVER
  POSSIBLE SUNSHINE  MM
  AVERAGE SKY COVER 0.0


WEATHER CONDITIONS
 THE FOLLOWING WEATHER WAS RECORDED YESTERDAY.
  NO SIGNIFICANT WEATHER WAS OBSERVED.


RELATIVE HUMIDITY (PERCENT)
 HIGHEST    83           500 AM
 LOWEST     27           100 PM
 AVERAGE    55

..........................................................


THE LIVERMORE AIRPORT CLIMATE NORMALS FOR TODAY
                         NORMAL    RECORD    YEAR
 MAXIMUM TEMPERATURE (F)   77       104      2001
 MINIMUM TEMPERATURE (F)   52        41      1971


SUNRISE AND SUNSET
MAY 31 2016...........SUNRISE   547 AM PDT   SUNSET   823 PM PDT
JUNE  1 2016..........SUNRISE   547 AM PDT   SUNSET   824 PM PDT


-  INDICATES NEGATIVE NUMBERS.
R  INDICATES RECORD WAS SET OR TIED.
MM INDICATES DATA IS MISSING.
T  INDICATES TRACE AMOUNT.




$$
