000
CDUS46 KMTR 300027
CLILVK


CLIMATE REPORT
NATIONAL WEATHER SERVICE SAN FRANCISCO BAY AREA
527 PM PDT MON AUG 29 2016


...................................

...THE LIVERMORE AIRPORT CLIMATE SUMMARY FOR AUGUST 29 2016...
VALID TODAY AS OF 0500 PM LOCAL TIME.

CLIMATE NORMAL PERIOD 1981 TO 2010
CLIMATE RECORD PERIOD 1930 TO 2016


WEATHER ITEM   OBSERVED TIME   RECORD YEAR NORMAL DEPARTURE LAST
                VALUE   (LST)  VALUE       VALUE  FROM      YEAR
                                                  NORMAL
..................................................................
TEMPERATURE (F)
 TODAY
  MAXIMUM         82    224 PM 104    2009  87     -5       83
                                      2008
  MINIMUM         56   1227 AM  44    1969  57     -1       65
  AVERAGE         69                        72     -3       74

PRECIPITATION (IN)
  TODAY            0.00          0.01 2000   0.00   0.00      T
  MONTH TO DATE    0.00                      0.01  -0.01      T
  SINCE OCT 1     15.38                     15.49  -0.11    13.78
  SINCE JAN 1     10.38                      9.91   0.47     4.16

DEGREE DAYS
 HEATING
  TODAY            0                         0      0        0
  MONTH TO DATE    0                         0      0        0
  SINCE JUN 1      8                        36    -28        0
  SINCE JUL 1      0                         4     -4        0

 COOLING
  TODAY            4                         7     -3        9
  MONTH TO DATE  210                       211     -1      321
  SINCE JUN 1    682                       552    130      918
  SINCE JAN 1    754                       605    149      956
..................................................................


WIND (MPH)
  RESULTANT WIND SPEED   7   RESULTANT WIND DIRECTION   W (290)
  HIGHEST WIND SPEED    18   HIGHEST WIND DIRECTION    NW (300)
  HIGHEST GUST SPEED    21   HIGHEST GUST DIRECTION    NW (300)
  AVERAGE WIND SPEED     8.3


SKY COVER
  POSSIBLE SUNSHINE  MM
  AVERAGE SKY COVER 0.4


WEATHER CONDITIONS
 THE FOLLOWING WEATHER WAS RECORDED TODAY.
  NO SIGNIFICANT WEATHER WAS OBSERVED.


RELATIVE HUMIDITY (PERCENT)
 HIGHEST    80          1200 AM
 LOWEST     33           200 PM
 AVERAGE    57

..........................................................


THE LIVERMORE AIRPORT CLIMATE NORMALS FOR TOMORROW
                         NORMAL    RECORD    YEAR
 MAXIMUM TEMPERATURE (F)   87       105      1976
 MINIMUM TEMPERATURE (F)   57        46      1937


SUNRISE AND SUNSET
AUGUST 29 2016........SUNRISE   635 AM PDT   SUNSET   740 PM PDT
AUGUST 30 2016........SUNRISE   636 AM PDT   SUNSET   738 PM PDT


-  INDICATES NEGATIVE NUMBERS.
R  INDICATES RECORD WAS SET OR TIED.
MM INDICATES DATA IS MISSING.
T  INDICATES TRACE AMOUNT.




$$
