000
CDUS45 KBYZ 220932
CLILVM


CLIMATE REPORT
NATIONAL WEATHER SERVICE BILLINGS MT
331 AM MDT MON SEP 22 2014


...................................

...THE LIVINGSTON MT CLIMATE SUMMARY FOR SEPTEMBER 21 2014...

CLIMATE NORMAL PERIOD 1981 TO 2010
CLIMATE RECORD PERIOD 1948 TO 2014


WEATHER ITEM   OBSERVED TIME   RECORD YEAR NORMAL DEPARTURE LAST
                VALUE   (LST)  VALUE       VALUE  FROM      YEAR
                                                  NORMAL
..................................................................
TEMPERATURE (F)
 YESTERDAY
  MAXIMUM         73    416 PM  87    1967  70      3       84
  MINIMUM         38    552 AM  19    1995  38      0       42
  AVERAGE         56                        54      2       63

PRECIPITATION (IN)
  YESTERDAY        0.00          1.24 1984   0.05  -0.05     0.00
  MONTH TO DATE    0.59                      0.81  -0.22     1.49
  SINCE OCT 1     14.82                     14.41   0.41    11.27
  SINCE JAN 1     12.53                     12.04   0.49     8.97

DEGREE DAYS
 HEATING
  YESTERDAY        9                        12     -3        2
  MONTH TO DATE  184                       170     14       53
  SINCE SEP 1    184                       170     14       53
  SINCE JUL 1    253                       288    -35       53

 COOLING
  YESTERDAY        0                         0      0        0
  MONTH TO DATE    4                        13     -9       56
  SINCE SEP 1      4                        13     -9       56
  SINCE JAN 1    307                       228     79      495
..................................................................


WIND (MPH)
  HIGHEST WIND SPEED    17   HIGHEST WIND DIRECTION     E (80)
  HIGHEST GUST SPEED    23   HIGHEST GUST DIRECTION     E (70)
  AVERAGE WIND SPEED     7.2


SKY COVER
  POSSIBLE SUNSHINE  MM
  AVERAGE SKY COVER 0.0


WEATHER CONDITIONS
 THE FOLLOWING WEATHER WAS RECORDED YESTERDAY.
  NO SIGNIFICANT WEATHER WAS OBSERVED.


RELATIVE HUMIDITY (PERCENT)
 HIGHEST    86           500 AM
 LOWEST     35           100 PM
 AVERAGE    61

..........................................................


THE LIVINGSTON MT CLIMATE NORMALS FOR TODAY
                         NORMAL    RECORD    YEAR
 MAXIMUM TEMPERATURE (F)   69        90      1987
 MINIMUM TEMPERATURE (F)   38        22      2000


SUNRISE AND SUNSET
SEPTEMBER 22 2014.....SUNRISE   709 AM MDT   SUNSET   719 PM MDT
SEPTEMBER 23 2014.....SUNRISE   710 AM MDT   SUNSET   717 PM MDT


-  INDICATES NEGATIVE NUMBERS.
R  INDICATES RECORD WAS SET OR TIED.
MM INDICATES DATA IS MISSING.
T  INDICATES TRACE AMOUNT.





&&

THIS IS AN AUTOMATED...UNATTENDED WEATHER STATION AND MAY
UNDERESTIMATE WINTER PRECIPITATION.

$$
