366
CDUS45 KBYZ 190724
CLILVM


CLIMATE REPORT
NATIONAL WEATHER SERVICE BILLINGS MT
1224 AM MST SUN NOV 19 2017


...................................

...THE LIVINGSTON MT CLIMATE SUMMARY FOR NOVEMBER 18 2017...

CLIMATE NORMAL PERIOD 1981 TO 2010
CLIMATE RECORD PERIOD 1948 TO 2017


WEATHER ITEM   OBSERVED TIME   RECORD YEAR NORMAL DEPARTURE LAST
                VALUE   (LST)  VALUE       VALUE  FROM      YEAR
                                                  NORMAL
..................................................................
TEMPERATURE (F)
 YESTERDAY
  MAXIMUM         43    247 PM  71    2008  43      0       37
  MINIMUM         29    455 AM   0    1978  23      6       17
  AVERAGE         36                        33      3       27

PRECIPITATION (IN)
  YESTERDAY        0.00          0.40 1977   0.02  -0.02     0.00
  MONTH TO DATE    1.47                      0.35   1.12     0.19
  SINCE OCT 1      1.71                      1.61   0.10     3.51
  SINCE JAN 1     15.61                     14.05   1.56    13.50

DEGREE DAYS
 HEATING
  YESTERDAY       29                        32     -3       38
  MONTH TO DATE  657                       515    142      310
  SINCE SEP 1   1564                      1425    139     1072
  SINCE JUL 1   1587                      1543     44     1160

 COOLING
  YESTERDAY        0                         0      0        0
  MONTH TO DATE    0                         0      0        0
  SINCE SEP 1     53                        15     38       18
  SINCE JAN 1    397                       230    167      330
..................................................................


WIND (MPH)
  HIGHEST WIND SPEED    47   HIGHEST WIND DIRECTION    SW (220)
  HIGHEST GUST SPEED    60   HIGHEST GUST DIRECTION    SW (220)
  AVERAGE WIND SPEED    28.5


SKY COVER
  POSSIBLE SUNSHINE  MM
  AVERAGE SKY COVER 0.1


WEATHER CONDITIONS
 THE FOLLOWING WEATHER WAS RECORDED YESTERDAY.
  NO SIGNIFICANT WEATHER WAS OBSERVED.


RELATIVE HUMIDITY (PERCENT)
 HIGHEST    53          1200 AM
 LOWEST     33          1100 AM
 AVERAGE    43

..........................................................


THE LIVINGSTON MT CLIMATE NORMALS FOR TODAY
                         NORMAL    RECORD    YEAR
 MAXIMUM TEMPERATURE (F)   42        61      2002
 MINIMUM TEMPERATURE (F)   23        -7      1978


SUNRISE AND SUNSET
NOVEMBER 19 2017......SUNRISE   727 AM MST   SUNSET   447 PM MST
NOVEMBER 20 2017......SUNRISE   729 AM MST   SUNSET   446 PM MST


-  INDICATES NEGATIVE NUMBERS.
R  INDICATES RECORD WAS SET OR TIED.
MM INDICATES DATA IS MISSING.
T  INDICATES TRACE AMOUNT.




$$
