000
CDUS45 KBYZ 202226
CLILVM


CLIMATE REPORT
NATIONAL WEATHER SERVICE BILLINGS MT
425 PM MDT SUN APR 20 2014


...................................

...THE LIVINGSTON MT CLIMATE SUMMARY FOR APRIL 20 2014...
VALID TODAY AS OF 0400 PM LOCAL TIME.

CLIMATE NORMAL PERIOD 1981 TO 2010
CLIMATE RECORD PERIOD 1948 TO 2014


WEATHER ITEM   OBSERVED TIME   RECORD YEAR NORMAL DEPARTURE LAST
                VALUE   (LST)  VALUE       VALUE  FROM      YEAR
                                                  NORMAL
..................................................................
TEMPERATURE (F)
 TODAY
  MAXIMUM         64    235 PM  82    1980  56      8       60
  MINIMUM         43    615 AM  11    2008  30     13       39
  AVERAGE         54                        43     11       50

PRECIPITATION (IN)
  TODAY            0.00          0.40 1999   0.06  -0.06     0.01
  MONTH TO DATE    0.64                      1.08  -0.44     0.30
  SINCE OCT 1      6.01                      5.28   0.73     3.36
  SINCE JAN 1      3.72                      2.91   0.81     1.06

DEGREE DAYS
 HEATING
  TODAY           11                        22    -11       15
  MONTH TO DATE  406                       485    -79      528
  SINCE MAR 1   1335                      1396    -61     1412
  SINCE JUL 1   6578                      6744   -166     6079

 COOLING
  TODAY            0                         0      0        0
  MONTH TO DATE    0                         0      0        0
  SINCE MAR 1      0                         0      0        0
  SINCE JAN 1      0                         0      0        0
..................................................................


WIND (MPH)
  HIGHEST WIND SPEED    35   HIGHEST WIND DIRECTION    NW (300)
  HIGHEST GUST SPEED    43   HIGHEST GUST DIRECTION     W (290)
  AVERAGE WIND SPEED    19.5


SKY COVER
  POSSIBLE SUNSHINE  MM
  AVERAGE SKY COVER 0.1


WEATHER CONDITIONS
 THE FOLLOWING WEATHER WAS RECORDED TODAY.
  NO SIGNIFICANT WEATHER WAS OBSERVED.


RELATIVE HUMIDITY (PERCENT)
 HIGHEST    53           500 AM
 LOWEST     14          1200 PM
 AVERAGE    34

..........................................................


THE LIVINGSTON MT CLIMATE NORMALS FOR TOMORROW
                         NORMAL    RECORD    YEAR
 MAXIMUM TEMPERATURE (F)   57        79      1989
 MINIMUM TEMPERATURE (F)   30        10      2008


SUNRISE AND SUNSET
APRIL 20 2014.........SUNRISE   627 AM MDT   SUNSET   815 PM MDT
APRIL 21 2014.........SUNRISE   625 AM MDT   SUNSET   816 PM MDT


-  INDICATES NEGATIVE NUMBERS.
R  INDICATES RECORD WAS SET OR TIED.
MM INDICATES DATA IS MISSING.
T  INDICATES TRACE AMOUNT.





&&

THIS IS AN AUTOMATED...UNATTENDED WEATHER STATION AND MAY
UNDERESTIMATE WINTER PRECIPITATION.

$$
