000
CDUS45 KBYZ 300936
CLILVM


CLIMATE REPORT
NATIONAL WEATHER SERVICE BILLINGS MT
335 AM MDT WED JUL 30 2014


...................................

...THE LIVINGSTON MT CLIMATE SUMMARY FOR JULY 29 2014...

CLIMATE NORMAL PERIOD 1981 TO 2010
CLIMATE RECORD PERIOD 1948 TO 2014


WEATHER ITEM   OBSERVED TIME   RECORD YEAR NORMAL DEPARTURE LAST
                VALUE   (LST)  VALUE       VALUE  FROM      YEAR
                                                  NORMAL
..................................................................
TEMPERATURE (F)
 YESTERDAY
  MAXIMUM         89    154 PM 103    2006  87      2       77
  MINIMUM         52    512 AM  35    1971  50      2       52
  AVERAGE         71                        68      3       65

PRECIPITATION (IN)
  YESTERDAY        0.00          0.93 1950   0.04  -0.04     0.01
  MONTH TO DATE    0.45                      1.39  -0.94     1.29
  SINCE OCT 1     11.54                     12.41  -0.87     9.38
  SINCE JAN 1      9.25                     10.04  -0.79     7.08

DEGREE DAYS
 HEATING
  YESTERDAY        0                         1     -1        0
  MONTH TO DATE    9                        48    -39        0
  SINCE JUN 1    204                       255    -51      137
  SINCE JUL 1      9                        48    -39        0

 COOLING
  YESTERDAY        6                         4      2        0
  MONTH TO DATE  161                        98     63      180
  SINCE JUN 1    163                       117     46      222
  SINCE JAN 1    168                       118     50      230
..................................................................


WIND (MPH)
  HIGHEST WIND SPEED    24   HIGHEST WIND DIRECTION     E (70)
  HIGHEST GUST SPEED    31   HIGHEST GUST DIRECTION     E (70)
  AVERAGE WIND SPEED     9.2


SKY COVER
  POSSIBLE SUNSHINE  MM
  AVERAGE SKY COVER 0.0


WEATHER CONDITIONS
 THE FOLLOWING WEATHER WAS RECORDED YESTERDAY.
  NO SIGNIFICANT WEATHER WAS OBSERVED.


RELATIVE HUMIDITY (PERCENT)
 HIGHEST    61           500 AM
 LOWEST     21           200 PM
 AVERAGE    41

..........................................................


THE LIVINGSTON MT CLIMATE NORMALS FOR TODAY
                         NORMAL    RECORD    YEAR
 MAXIMUM TEMPERATURE (F)   87       104      2000
 MINIMUM TEMPERATURE (F)   50        39      1971


SUNRISE AND SUNSET
JULY 30 2014..........SUNRISE   603 AM MDT   SUNSET   853 PM MDT
JULY 31 2014..........SUNRISE   604 AM MDT   SUNSET   852 PM MDT


-  INDICATES NEGATIVE NUMBERS.
R  INDICATES RECORD WAS SET OR TIED.
MM INDICATES DATA IS MISSING.
T  INDICATES TRACE AMOUNT.





&&

THIS IS AN AUTOMATED...UNATTENDED WEATHER STATION AND MAY
UNDERESTIMATE WINTER PRECIPITATION.

$$
