000
CDUS45 KBYZ 302229
CLILVM


CLIMATE REPORT
NATIONAL WEATHER SERVICE BILLINGS MT
428 PM MDT SUN APR 30 2017


...................................

...THE LIVINGSTON MT CLIMATE SUMMARY FOR APRIL 30 2017...
VALID TODAY AS OF 0400 PM LOCAL TIME.

CLIMATE NORMAL PERIOD 1981 TO 2010
CLIMATE RECORD PERIOD 1948 TO 2017


WEATHER ITEM   OBSERVED TIME   RECORD YEAR NORMAL DEPARTURE LAST
                VALUE   (LST)  VALUE       VALUE  FROM      YEAR
                                                  NORMAL
..................................................................
TEMPERATURE (F)
 TODAY
  MAXIMUM         57    132 PM  80    1992  60     -3       48
  MINIMUM         32    314 AM  13    1950  32      0       38
  AVERAGE         45                        46     -1       43

PRECIPITATION (IN)
  TODAY            T             0.88 1951   0.07  -0.07      T
  MONTH TO DATE    2.34                      1.77   0.57     1.24
  SINCE OCT 1      8.80                      5.97   2.83     6.36
  SINCE JAN 1      4.87                      3.60   1.27     2.66

DEGREE DAYS
 HEATING
  TODAY           20                        19      1       22
  MONTH TO DATE  628                       689    -61      522
  SINCE MAR 1   1347                      1600   -253     1299
  SINCE JUL 1   6573                      6948   -375     5902

 COOLING
  TODAY            0                         0      0        0
  MONTH TO DATE    0                         0      0        0
  SINCE MAR 1      0                         0      0        0
  SINCE JAN 1      0                         0      0        0
..................................................................


WIND (MPH)
  HIGHEST WIND SPEED    30   HIGHEST WIND DIRECTION    SW (220)
  HIGHEST GUST SPEED    40   HIGHEST GUST DIRECTION    SW (210)
  AVERAGE WIND SPEED    17.0


SKY COVER
  POSSIBLE SUNSHINE  MM
  AVERAGE SKY COVER 0.7


WEATHER CONDITIONS
 THE FOLLOWING WEATHER WAS RECORDED TODAY.
  NO SIGNIFICANT WEATHER WAS OBSERVED.


RELATIVE HUMIDITY (PERCENT)
 HIGHEST    75           300 AM
 LOWEST     38           100 AM
 AVERAGE    57

..........................................................


THE LIVINGSTON MT CLIMATE NORMALS FOR TOMORROW
                         NORMAL    RECORD    YEAR
 MAXIMUM TEMPERATURE (F)   60        82      2000
 MINIMUM TEMPERATURE (F)   32        14      1954


SUNRISE AND SUNSET
APRIL 30 2017.........SUNRISE   610 AM MDT   SUNSET   828 PM MDT
MAY  1 2017...........SUNRISE   609 AM MDT   SUNSET   829 PM MDT


-  INDICATES NEGATIVE NUMBERS.
R  INDICATES RECORD WAS SET OR TIED.
MM INDICATES DATA IS MISSING.
T  INDICATES TRACE AMOUNT.





&&

THIS IS AN AUTOMATED...UNATTENDED WEATHER STATION AND MAY
UNDERESTIMATE WINTER PRECIPITATION.

$$
