046
CDUS45 KBYZ 260726
CLILVM


CLIMATE REPORT
NATIONAL WEATHER SERVICE BILLINGS MT
125 AM MDT TUE SEP 26 2017


...................................

...THE LIVINGSTON MT CLIMATE SUMMARY FOR SEPTEMBER 25 2017...

CLIMATE NORMAL PERIOD 1981 TO 2010
CLIMATE RECORD PERIOD 1948 TO 2017


WEATHER ITEM   OBSERVED TIME   RECORD YEAR NORMAL DEPARTURE LAST
                VALUE   (LST)  VALUE       VALUE  FROM      YEAR
                                                  NORMAL
..................................................................
TEMPERATURE (F)
 YESTERDAY
  MAXIMUM         60    151 PM  93    2015  68     -8       68
  MINIMUM         26    430 AM  22    1972  37    -11       35
  AVERAGE         43                        52     -9       52

PRECIPITATION (IN)
  YESTERDAY        0.00          0.76 1981   0.04  -0.04     0.00
  MONTH TO DATE    2.65                      0.99   1.66     1.64
  SINCE OCT 1     17.43                     14.59   2.84    13.69
  SINCE JAN 1     13.50                     12.22   1.28     9.99

DEGREE DAYS
 HEATING
  YESTERDAY       22                        13      9       13
  MONTH TO DATE  256                       220     36      242
  SINCE SEP 1    256                       220     36      242
  SINCE JUL 1    279                       338    -59      330

 COOLING
  YESTERDAY        0                         0      0        0
  MONTH TO DATE   52                        13     39       17
  SINCE SEP 1     52                        13     39       17
  SINCE JAN 1    396                       228    168      329
..................................................................


WIND (MPH)
  HIGHEST WIND SPEED    24   HIGHEST WIND DIRECTION    SW (230)
  HIGHEST GUST SPEED    30   HIGHEST GUST DIRECTION    SW (220)
  AVERAGE WIND SPEED     9.8


SKY COVER
  POSSIBLE SUNSHINE  MM
  AVERAGE SKY COVER 0.4


WEATHER CONDITIONS
 THE FOLLOWING WEATHER WAS RECORDED YESTERDAY.
  NO SIGNIFICANT WEATHER WAS OBSERVED.


RELATIVE HUMIDITY (PERCENT)
 HIGHEST   100           400 AM
 LOWEST     31           200 PM
 AVERAGE    66

..........................................................


THE LIVINGSTON MT CLIMATE NORMALS FOR TODAY
                         NORMAL    RECORD    YEAR
 MAXIMUM TEMPERATURE (F)   67        90      2010
 MINIMUM TEMPERATURE (F)   36        21      1984


SUNRISE AND SUNSET
SEPTEMBER 26 2017.....SUNRISE   714 AM MDT   SUNSET   711 PM MDT
SEPTEMBER 27 2017.....SUNRISE   715 AM MDT   SUNSET   709 PM MDT


-  INDICATES NEGATIVE NUMBERS.
R  INDICATES RECORD WAS SET OR TIED.
MM INDICATES DATA IS MISSING.
T  INDICATES TRACE AMOUNT.




$$
