000
CDUS41 KRNK 100913 CCA
CLILWB

CLIMATE REPORT
NATIONAL WEATHER SERVICE BLACKSBURG VA
510 AM EDT THU JUL 10 2014


...................................

...THE LEWISBURG WV CLIMATE SUMMARY FOR JULY 9 2014...

CLIMATE NORMAL PERIOD 1981 TO 2010
CLIMATE RECORD PERIOD 1973 TO 2014


WEATHER ITEM   OBSERVED TIME   RECORD YEAR NORMAL DEPARTURE
                VALUE   (LST)  VALUE       VALUE  FROM
                                                  NORMAL
...............................................................
TEMPERATURE (F)
 YESTERDAY
  MAXIMUM         82    500 PM  94    1988  82      0
  MINIMUM         67    800 AM  48    1995  59      8
  AVERAGE         75                        70      5

PRECIPITATION (IN)
  YESTERDAY        0.03          0.00 2013   0.12  -0.09
  MONTH TO DATE    0.09                      1.08  -0.99
  SINCE JUN 1      3.52                      4.81  -1.29
  SINCE JAN 1     14.45                     21.99  -7.54

SNOWFALL (IN)
  YESTERDAY        0.0
  MONTH TO DATE    0.0
  SINCE JUN 1      0.0
  SINCE JUL 1      0.0
  SNOW DEPTH       0

DEGREE DAYS
 HEATING
  YESTERDAY        0                                0
  MONTH TO DATE    4                                4
  SINCE JUN 1     17                              -33
  SINCE JUL 1      4                                4

 COOLING
  YESTERDAY       10                                4
  MONTH TO DATE   61                               11
  SINCE JUN 1    225                               71
  SINCE JAN 1    258                               78
...............................................................


WIND (MPH)
  HIGHEST WIND SPEED    13   HIGHEST WIND DIRECTION     W (260)
  HIGHEST GUST SPEED    17   HIGHEST GUST DIRECTION     W (260)
  AVERAGE WIND SPEED     5.0




RELATIVE HUMIDITY (PERCENT)
 HIGHEST    90
 LOWEST     44
 AVERAGE    67

..........................................................


THE LEWISBURG WV CLIMATE NORMALS FOR TODAY
                         NORMAL    RECORD    YEAR
 MAXIMUM TEMPERATURE (F)   82        92      1988
 MINIMUM TEMPERATURE (F)   59        54      2005


SUNRISE AND SUNSET
JULY 10 2014..........SUNRISE   608 AM EDT   SUNSET   846 PM EDT
JULY 11 2014..........SUNRISE   609 AM EDT   SUNSET   845 PM EDT


-  INDICATES NEGATIVE NUMBERS.
R  INDICATES RECORD WAS SET OR TIED.
MM INDICATES DATA IS MISSING.
T  INDICATES TRACE AMOUNT.

REMARKS:
DUE TO MISSING PRECIPITATION ON JANUARY 25...THE ANNUAL
TOTAL AND DEPARTURE FROM NORMAL FOR PRECIPITATION WILL BE CALCULATED
WITHOUT DATA FROM THAT DATE.


$$
