000
CDUS41 KRNK 290916
CLILWB


CLIMATE REPORT
NATIONAL WEATHER SERVICE BLACKSBURG VA
512 AM EDT FRI AUG 29 2014


...................................

...THE LEWISBURG WV CLIMATE SUMMARY FOR AUGUST 28 2014...

CLIMATE NORMAL PERIOD 1981 TO 2010
CLIMATE RECORD PERIOD 1973 TO 2014


WEATHER ITEM   OBSERVED TIME   RECORD YEAR NORMAL DEPARTURE
                VALUE   (LST)  VALUE       VALUE  FROM
                                                  NORMAL
...............................................................
TEMPERATURE (F)
 YESTERDAY
  MAXIMUM         84    205 PM  88    2007  80      4
  MINIMUM         61   1145 PM  49    1986  56      5
  AVERAGE         73                        68      5

PRECIPITATION (IN)
  YESTERDAY        0.00                      0.09  -0.09
  MONTH TO DATE    2.67                      2.89  -0.22
  SINCE JUN 1      7.68                     10.64  -2.96
  SINCE JAN 1     18.61                     27.82  -9.21

SNOWFALL (IN)
  YESTERDAY        0.0
  MONTH TO DATE    0.0
  SINCE JUN 1      0.0
  SINCE JUL 1      0.0
  SNOW DEPTH       0

DEGREE DAYS
 HEATING
  YESTERDAY        0                               -1
  MONTH TO DATE    5                               -8
  SINCE JUN 1     35                              -39
  SINCE JUL 1     22                               -2

 COOLING
  YESTERDAY        8                                5
  MONTH TO DATE  117                              -15
  SINCE JUN 1    457                               45
  SINCE JAN 1    490                               52
...............................................................


WIND (MPH)
  HIGHEST WIND SPEED     9   HIGHEST WIND DIRECTION     W (260)
  HIGHEST GUST SPEED    MM   HIGHEST GUST DIRECTION    MM
  AVERAGE WIND SPEED     2.7




RELATIVE HUMIDITY (PERCENT)
 HIGHEST    90
 LOWEST     43
 AVERAGE    67

..........................................................


THE LEWISBURG WV CLIMATE NORMALS FOR TODAY
                         NORMAL    RECORD    YEAR
 MAXIMUM TEMPERATURE (F)   80        90      2007
 MINIMUM TEMPERATURE (F)   55        38      1986


SUNRISE AND SUNSET
AUGUST 29 2014........SUNRISE   649 AM EDT   SUNSET   755 PM EDT
AUGUST 30 2014........SUNRISE   650 AM EDT   SUNSET   754 PM EDT


-  INDICATES NEGATIVE NUMBERS.
R  INDICATES RECORD WAS SET OR TIED.
MM INDICATES DATA IS MISSING.
T  INDICATES TRACE AMOUNT.


REMARKS:
DUE TO MISSING PRECIPITATION DATA ON JANUARY 25...THE ANNUAL
TOTAL AND DEPARTURE FROM NORMAL FOR PRECIPITATION WILL BE
CALCULATED WITHOUT DATA FROM THAT DATE.


$$
