000
CDUS41 KRNK 242121
CLILWB


CLIMATE REPORT
NATIONAL WEATHER SERVICE BLACKSBURG VA
519 PM EDT THU APR 24 2014


...................................

...THE LEWISBURG WV CLIMATE SUMMARY FOR APRIL 24 2014...
VALID TODAY AS OF 0500 PM LOCAL TIME.

CLIMATE NORMAL PERIOD 1981 TO 2010
CLIMATE RECORD PERIOD 1973 TO 2014


WEATHER ITEM   OBSERVED TIME   RECORD YEAR NORMAL DEPARTURE
                VALUE   (LST)  VALUE       VALUE  FROM
                                                  NORMAL
...............................................................
TEMPERATURE (F)
 TODAY
  MAXIMUM         65    300 PM  84    2009  66     -1
  MINIMUM         32        MM  27    2005  39     -7
  AVERAGE         49                        53     -4

PRECIPITATION (IN)
  TODAY            0.00          0.05 2013   0.12  -0.12
  MONTH TO DATE    1.40                      2.65  -1.25
  SINCE MAR 1      3.25                      6.10  -2.85
  SINCE JAN 1      6.08                     12.13  -6.05

SNOWFALL (IN)
  TODAY            0.0
  MONTH TO DATE    T
  SINCE MAR 1      9.5
  SINCE JUL 1     MM
  SNOW DEPTH       0

DEGREE DAYS
 HEATING
  TODAY           16                                3
  MONTH TO DATE  338                              -52
  SINCE MAR 1   1203                               16
  SINCE JUL 1     MM                               MM

 COOLING
  TODAY            0                                0
  MONTH TO DATE    0                                0
  SINCE MAR 1      0                                0
  SINCE JAN 1      0                                0
...............................................................


WIND (MPH)
  HIGHEST WIND SPEED     6   HIGHEST WIND DIRECTION     N (20)
  HIGHEST GUST SPEED    MM   HIGHEST GUST DIRECTION    MM
  AVERAGE WIND SPEED     1.4




RELATIVE HUMIDITY (PERCENT)
 HIGHEST    82
 LOWEST     15
 AVERAGE    49

..........................................................


THE LEWISBURG WV CLIMATE NORMALS FOR TOMORROW
                         NORMAL    RECORD    YEAR
 MAXIMUM TEMPERATURE (F)   66        86      2009
 MINIMUM TEMPERATURE (F)   40        28      1999


SUNRISE AND SUNSET
APRIL 24 2014.........SUNRISE   634 AM EDT   SUNSET   806 PM EDT
APRIL 25 2014.........SUNRISE   633 AM EDT   SUNSET   807 PM EDT


-  INDICATES NEGATIVE NUMBERS.
R  INDICATES RECORD WAS SET OR TIED.
MM INDICATES DATA IS MISSING.
T  INDICATES TRACE AMOUNT.

REMARKS

THE SEASONAL SNOWFALL TOTAL...AND THE SEASONAL TOTAL AND
DEPARTURE FROM NORMAL FOR HDD ARE INVALID DUE TO INCOMPLETE DATA
BEFORE DECEMBER 1. ALSO...DUE TO MISSING PRECIPITATION ON JANUARY
25...THE ANNUAL TOTAL AND DEPARTURE FROM NORMAL FOR PRECIPITATION
WILL BE CALCULATED WITHOUT DATA FROM THAT DATE.

$$

MBS
