000
CDUS43 KTOP 280633
CLILWC


CLIMATE REPORT
NATIONAL WEATHER SERVICE TOPEKA KS
132 AM CDT SAT MAY 28 2016


...................................

...THE LAWRENCE KS CLIMATE SUMMARY FOR MAY 27 2016...

CLIMATE NORMAL PERIOD 1981 TO 2010
CLIMATE RECORD PERIOD 9999 TO 9999


WEATHER ITEM   OBSERVED NORMAL DEPARTURE LAST
                VALUE   VALUE  FROM      YEAR
                               NORMAL
...............................................
TEMPERATURE (F)
 YESTERDAY
  MAXIMUM         76     80     -4       82
  MINIMUM         59     57      2       55
  AVERAGE         68     68      0       69

PRECIPITATION (IN)
  YESTERDAY        1.27   0.18   1.09     0.00
  MONTH TO DATE    7.38   4.49   2.89     8.22
  SINCE MAR 1     13.52  10.88   2.64    11.74
  SINCE JAN 1     14.64  13.19   1.45    13.43

DEGREE DAYS
 HEATING
  YESTERDAY        0      1     -1        0
  MONTH TO DATE  143    101     42       88
  SINCE MAR 1    867   1065   -198      931
  SINCE JUL 1   4369   5080   -711     5220

 COOLING
  YESTERDAY        3      5     -2        4
  MONTH TO DATE   43     74    -31       65
  SINCE MAR 1     61     97    -36       70
  SINCE JAN 1     61     97    -36       70
...............................................


WIND (MPH)
  HIGHEST WIND SPEED    28   HIGHEST WIND DIRECTION     W (260)
  HIGHEST GUST SPEED    34   HIGHEST GUST DIRECTION     W (250)
  AVERAGE WIND SPEED     8.1


SKY COVER
  AVERAGE SKY COVER 0.5


WEATHER CONDITIONS
 THE FOLLOWING WEATHER WAS RECORDED YESTERDAY.
  THUNDERSTORM
  HEAVY RAIN
  RAIN
  LIGHT RAIN
  FOG


RELATIVE HUMIDITY (PERCENT)
 HIGHEST   100
 LOWEST     69
 AVERAGE    85

..........................................................


THE LAWRENCE KS CLIMATE NORMALS FOR TODAY
                         NORMAL
 MAXIMUM TEMPERATURE (F)   80
 MINIMUM TEMPERATURE (F)   57


SUNRISE AND SUNSET
MAY 28 2016...........SUNRISE   559 AM CDT   SUNSET   838 PM CDT
MAY 29 2016...........SUNRISE   558 AM CDT   SUNSET   839 PM CDT


-  INDICATES NEGATIVE NUMBERS.
R  INDICATES RECORD WAS SET OR TIED.
MM INDICATES DATA IS MISSING.
T  INDICATES TRACE AMOUNT.




$$
