000
CDUS43 KTOP 300632
CLILWC


CLIMATE REPORT
NATIONAL WEATHER SERVICE TOPEKA KS
132 AM CDT TUE SEP 30 2014


...................................

...THE LAWRENCE KS CLIMATE SUMMARY FOR SEPTEMBER 29 2014...

CLIMATE NORMAL PERIOD 1981 TO 2010
CLIMATE RECORD PERIOD 9999 TO 9999


WEATHER ITEM   OBSERVED NORMAL DEPARTURE LAST
                VALUE   VALUE  FROM      YEAR
                               NORMAL
...............................................
TEMPERATURE (F)
 YESTERDAY
  MAXIMUM         85     76      9       75
  MINIMUM         51     49      2       42
  AVERAGE         68     62      6       59

PRECIPITATION (IN)
  YESTERDAY        0.00   0.13  -0.13     0.00
  MONTH TO DATE    4.61   4.05   0.56     3.34
  SINCE SEP 1      4.61   4.05   0.56     3.34
  SINCE JAN 1     29.06  31.91  -2.85    23.62

DEGREE DAYS
 HEATING
  YESTERDAY        0      5     -5        6
  MONTH TO DATE   71     54     17       21
  SINCE SEP 1     71     54     17       21
  SINCE JUL 1     72     57     15       21

 COOLING
  YESTERDAY        3      2      1        0
  MONTH TO DATE   99    150    -51      235
  SINCE SEP 1     99    150    -51      235
  SINCE JAN 1   1406   1341     65     1456
...............................................


WIND (MPH)
  HIGHEST WIND SPEED    10   HIGHEST WIND DIRECTION     S (180)
  HIGHEST GUST SPEED    14   HIGHEST GUST DIRECTION     S (160)
  AVERAGE WIND SPEED     2.2


SKY COVER
  AVERAGE SKY COVER 0.1


WEATHER CONDITIONS
 THE FOLLOWING WEATHER WAS RECORDED YESTERDAY.
  FOG
  FOG W/VISIBILITY <= 1/4 MILE
  HAZE


RELATIVE HUMIDITY (PERCENT)
 HIGHEST   100
 LOWEST     37
 AVERAGE    69

..........................................................


THE LAWRENCE KS CLIMATE NORMALS FOR TODAY
                         NORMAL
 MAXIMUM TEMPERATURE (F)   75
 MINIMUM TEMPERATURE (F)   49


SUNRISE AND SUNSET
SEPTEMBER 30 2014.....SUNRISE   716 AM CDT   SUNSET   705 PM CDT
OCTOBER  1 2014.......SUNRISE   717 AM CDT   SUNSET   703 PM CDT


-  INDICATES NEGATIVE NUMBERS.
R  INDICATES RECORD WAS SET OR TIED.
MM INDICATES DATA IS MISSING.
T  INDICATES TRACE AMOUNT.




$$
