000
CDUS43 KTOP 290639
CLILWC


CLIMATE REPORT
NATIONAL WEATHER SERVICE TOPEKA KS
138 AM CDT THU JUN 29 2017


...................................

...THE LAWRENCE KS CLIMATE SUMMARY FOR JUNE 28 2017...

CLIMATE NORMAL PERIOD 1981 TO 2010
CLIMATE RECORD PERIOD 9999 TO 9999


WEATHER ITEM   OBSERVED NORMAL DEPARTURE LAST
                VALUE   VALUE  FROM      YEAR
                               NORMAL
...............................................
TEMPERATURE (F)
 YESTERDAY
  MAXIMUM         91     88      3       87
  MINIMUM         73     66      7       66
  AVERAGE         82     77      5       77

PRECIPITATION (IN)
  YESTERDAY        0.00   0.15  -0.15     0.15
  MONTH TO DATE    3.93   5.16  -1.23     1.05
  SINCE JUN 1      3.93   5.16  -1.23     1.05
  SINCE JAN 1     16.95  19.05  -2.10    15.69

DEGREE DAYS
 HEATING
  YESTERDAY        0      0      0        0
  MONTH TO DATE    3      6     -3        0
  SINCE JUN 1      3      6     -3        0
  SINCE JUL 1   4151   5090   -939     4369

 COOLING
  YESTERDAY       17     12      5       12
  MONTH TO DATE  267    252     15      390
  SINCE JUN 1    267    252     15      390
  SINCE JAN 1    374    371      3      470
...............................................


WIND (MPH)
  HIGHEST WIND SPEED    28   HIGHEST WIND DIRECTION     S (180)
  HIGHEST GUST SPEED    36   HIGHEST GUST DIRECTION     S (160)
  AVERAGE WIND SPEED    17.0


SKY COVER
  AVERAGE SKY COVER 0.2


WEATHER CONDITIONS
 THE FOLLOWING WEATHER WAS RECORDED YESTERDAY.
  NO SIGNIFICANT WEATHER WAS OBSERVED.


RELATIVE HUMIDITY (PERCENT)
 HIGHEST    79
 LOWEST     52
 AVERAGE    66

..........................................................


THE LAWRENCE KS CLIMATE NORMALS FOR TODAY
                         NORMAL
 MAXIMUM TEMPERATURE (F)   88
 MINIMUM TEMPERATURE (F)   66


SUNRISE AND SUNSET
JUNE 29 2017..........SUNRISE   558 AM CDT   SUNSET   851 PM CDT
JUNE 30 2017..........SUNRISE   559 AM CDT   SUNSET   850 PM CDT


-  INDICATES NEGATIVE NUMBERS.
R  INDICATES RECORD WAS SET OR TIED.
MM INDICATES DATA IS MISSING.
T  INDICATES TRACE AMOUNT.




$$
