000
CDUS43 KTOP 270633
CLILWC


CLIMATE REPORT
NATIONAL WEATHER SERVICE TOPEKA KS
132 AM CDT MON MAR 27 2017


...................................

...THE LAWRENCE KS CLIMATE SUMMARY FOR MARCH 26 2017...

CLIMATE NORMAL PERIOD 1981 TO 2010
CLIMATE RECORD PERIOD 9999 TO 9999


WEATHER ITEM   OBSERVED NORMAL DEPARTURE LAST
                VALUE   VALUE  FROM      YEAR
                               NORMAL
...............................................
TEMPERATURE (F)
 YESTERDAY
  MAXIMUM         55     61     -6       59
  MINIMUM         43     36      7       38
  AVERAGE         49     48      1       49

PRECIPITATION (IN)
  YESTERDAY        0.30   0.09   0.21     0.23
  MONTH TO DATE    0.59   2.16  -1.57     0.82
  SINCE MAR 1      0.59   2.16  -1.57     0.82
  SINCE JAN 1      1.60   4.47  -2.87     1.94

DEGREE DAYS
 HEATING
  YESTERDAY       16     17     -1       16
  MONTH TO DATE  452    561   -109      414
  SINCE MAR 1    452    561   -109      414
  SINCE JUL 1   3733   4576   -843     3916

 COOLING
  YESTERDAY        0      0      0        0
  MONTH TO DATE    7      0      7        3
  SINCE MAR 1      7      0      7        3
  SINCE JAN 1      7      0      7        3
...............................................


WIND (MPH)
  HIGHEST WIND SPEED    13   HIGHEST WIND DIRECTION    NE (60)
  HIGHEST GUST SPEED    17   HIGHEST GUST DIRECTION     N (10)
  AVERAGE WIND SPEED     5.7


SKY COVER
  AVERAGE SKY COVER 1.0


WEATHER CONDITIONS
 THE FOLLOWING WEATHER WAS RECORDED YESTERDAY.
  LIGHT RAIN
  FOG


RELATIVE HUMIDITY (PERCENT)
 HIGHEST   100
 LOWEST     71
 AVERAGE    86

..........................................................


THE LAWRENCE KS CLIMATE NORMALS FOR TODAY
                         NORMAL
 MAXIMUM TEMPERATURE (F)   61
 MINIMUM TEMPERATURE (F)   36


SUNRISE AND SUNSET
MARCH 27 2017.........SUNRISE   713 AM CDT   SUNSET   740 PM CDT
MARCH 28 2017.........SUNRISE   711 AM CDT   SUNSET   741 PM CDT


-  INDICATES NEGATIVE NUMBERS.
R  INDICATES RECORD WAS SET OR TIED.
MM INDICATES DATA IS MISSING.
T  INDICATES TRACE AMOUNT.




$$
