000
CDUS43 KTOP 270637
CLILWC


CLIMATE REPORT
NATIONAL WEATHER SERVICE TOPEKA KS
137 AM CDT FRI MAR 27 2015


...................................

...THE LAWRENCE KS CLIMATE SUMMARY FOR MARCH 26 2015...

CLIMATE NORMAL PERIOD 1981 TO 2010
CLIMATE RECORD PERIOD 9999 TO 9999


WEATHER ITEM   OBSERVED NORMAL DEPARTURE LAST
                VALUE   VALUE  FROM      YEAR
                               NORMAL
...............................................
TEMPERATURE (F)
 YESTERDAY
  MAXIMUM         53     61     -8       62
  MINIMUM         28     36     -8       25
  AVERAGE         41     48     -7       44

PRECIPITATION (IN)
  YESTERDAY        0.06   0.09  -0.03     0.09
  MONTH TO DATE    0.72   2.16  -1.44     0.97
  SINCE MAR 1      0.72   2.16  -1.44     0.97
  SINCE JAN 1      2.41   4.47  -2.06     2.02

DEGREE DAYS
 HEATING
  YESTERDAY       24     17      7       21
  MONTH TO DATE  511    561    -50      676
  SINCE MAR 1    511    561    -50      676
  SINCE JUL 1   4800   4576    224     5102

 COOLING
  YESTERDAY        0      0      0        0
  MONTH TO DATE    0      0      0        0
  SINCE MAR 1      0      0      0        0
  SINCE JAN 1      0      0      0        0
...............................................


WIND (MPH)
  HIGHEST WIND SPEED    21   HIGHEST WIND DIRECTION     N (10)
  HIGHEST GUST SPEED    26   HIGHEST GUST DIRECTION     N (360)
  AVERAGE WIND SPEED     8.4


SKY COVER
  AVERAGE SKY COVER 0.3


WEATHER CONDITIONS
 THE FOLLOWING WEATHER WAS RECORDED YESTERDAY.
  LIGHT RAIN
  FOG


RELATIVE HUMIDITY (PERCENT)
 HIGHEST    92
 LOWEST     38
 AVERAGE    65

..........................................................


THE LAWRENCE KS CLIMATE NORMALS FOR TODAY
                         NORMAL
 MAXIMUM TEMPERATURE (F)   61
 MINIMUM TEMPERATURE (F)   36


SUNRISE AND SUNSET
MARCH 27 2015.........SUNRISE   714 AM CDT   SUNSET   739 PM CDT
MARCH 28 2015.........SUNRISE   712 AM CDT   SUNSET   740 PM CDT


-  INDICATES NEGATIVE NUMBERS.
R  INDICATES RECORD WAS SET OR TIED.
MM INDICATES DATA IS MISSING.
T  INDICATES TRACE AMOUNT.




$$
