000
CDUS43 KTOP 012145
CLILWC


CLIMATE REPORT
NATIONAL WEATHER SERVICE TOPEKA KS
444 PM CDT SUN MAY 1 2016


...................................

...THE LAWRENCE KS CLIMATE SUMMARY FOR MAY 1 2016...
VALID TODAY AS OF 430 PM LOCAL TIME.

CLIMATE NORMAL PERIOD 1981 TO 2010
CLIMATE RECORD PERIOD 9999 TO 9999


WEATHER ITEM   OBSERVED NORMAL DEPARTURE LAST
                VALUE   VALUE  FROM      YEAR
                               NORMAL
...............................................
TEMPERATURE (F)
 TODAY
  MAXIMUM         62     72    -10       77
  MINIMUM         45     48     -3       41
  AVERAGE         54     60     -6       59

PRECIPITATION (IN)
  TODAY            T      0.18  -0.18     0.00
  MONTH TO DATE    T      0.18  -0.18     0.00
  SINCE MAR 1      6.14   6.57  -0.43     3.52
  SINCE JAN 1      7.26   8.88  -1.62     5.21

DEGREE DAYS
 HEATING
  TODAY           11      6      5        6
  MONTH TO DATE   11      6      5        6
  SINCE MAR 1    735    970   -235      849
  SINCE JUL 1   4237   4985   -748     5138

 COOLING
  TODAY            0      1     -1        0
  MONTH TO DATE    0      1     -1        0
  SINCE MAR 1     18     24     -6        5
  SINCE JAN 1     18     24     -6        5
...............................................


WIND (MPH)
  HIGHEST WIND SPEED    21   HIGHEST WIND DIRECTION    NW (330)
  HIGHEST GUST SPEED    27   HIGHEST GUST DIRECTION     W (290)
  AVERAGE WIND SPEED     9.3



WEATHER CONDITIONS
 THE FOLLOWING WEATHER WAS RECORDED TODAY.
  NO SIGNIFICANT WEATHER WAS OBSERVED.


RELATIVE HUMIDITY (PERCENT)
 HIGHEST    93
 LOWEST     56
 AVERAGE    75

..........................................................


THE LAWRENCE KS CLIMATE NORMALS FOR TOMORROW
                         NORMAL
 MAXIMUM TEMPERATURE (F)   72
 MINIMUM TEMPERATURE (F)   48


SUNRISE AND SUNSET
MAY  1 2016...........SUNRISE   622 AM CDT   SUNSET   814 PM CDT
MAY  2 2016...........SUNRISE   621 AM CDT   SUNSET   815 PM CDT


-  INDICATES NEGATIVE NUMBERS.
R  INDICATES RECORD WAS SET OR TIED.
MM INDICATES DATA IS MISSING.
T  INDICATES TRACE AMOUNT.




$$
