000
CDUS43 KTOP 202238
CLILWC


CLIMATE REPORT
NATIONAL WEATHER SERVICE TOPEKA KS
437 PM CST TUE FEB 20 2018


...................................

...THE LAWRENCE KS CLIMATE SUMMARY FOR FEBRUARY 20 2018...
VALID TODAY AS OF 0400 PM LOCAL TIME.

CLIMATE NORMAL PERIOD 1981 TO 2010
CLIMATE RECORD PERIOD 9999 TO 9999


WEATHER ITEM   OBSERVED NORMAL DEPARTURE LAST
                VALUE   VALUE  FROM      YEAR
                               NORMAL
...............................................
TEMPERATURE (F)
 TODAY
  MAXIMUM         31     47    -16       69
  MINIMUM         25     24      1       51
  AVERAGE         28     36     -8       60

PRECIPITATION (IN)
  TODAY            0.79   0.05   0.74      T
  MONTH TO DATE    0.84   0.93  -0.09      T
  SINCE DEC 1      1.84   3.41  -1.57     1.98
  SINCE JAN 1      1.60   1.94  -0.34     0.98

DEGREE DAYS
 HEATING
  TODAY           37     29      8        5
  MONTH TO DATE  695    641     54      443
  SINCE DEC 1   2835   2784     51     2488
  SINCE JUL 1   3725   3792    -67     3132

 COOLING
  TODAY            0      0      0        0
  MONTH TO DATE    0      0      0        0
  SINCE DEC 1      0      0      0        0
  SINCE JAN 1      0      0      0        0
...............................................


WIND (MPH)
  HIGHEST WIND SPEED    25   HIGHEST WIND DIRECTION    NW (310)
  HIGHEST GUST SPEED    30   HIGHEST GUST DIRECTION    NW (330)
  AVERAGE WIND SPEED    14.0



WEATHER CONDITIONS
 THE FOLLOWING WEATHER WAS RECORDED TODAY.
  THUNDERSTORM
  FREEZING RAIN
  LT FREEZING RAIN
  FOG


RELATIVE HUMIDITY (PERCENT)
 HIGHEST   100
 LOWEST     81
 AVERAGE    91

..........................................................


THE LAWRENCE KS CLIMATE NORMALS FOR TOMORROW
                         NORMAL
 MAXIMUM TEMPERATURE (F)   47
 MINIMUM TEMPERATURE (F)   25


SUNRISE AND SUNSET
FEBRUARY 20 2018......SUNRISE   706 AM CST   SUNSET   604 PM CST
FEBRUARY 21 2018......SUNRISE   704 AM CST   SUNSET   605 PM CST


-  INDICATES NEGATIVE NUMBERS.
R  INDICATES RECORD WAS SET OR TIED.
MM INDICATES DATA IS MISSING.
T  INDICATES TRACE AMOUNT.




$$
