000
CDUS43 KTOP 102237
CLILWC


CLIMATE REPORT
NATIONAL WEATHER SERVICE TOPEKA KS
436 PM CST SUN DEC 10 2017


...................................

...THE LAWRENCE KS CLIMATE SUMMARY FOR DECEMBER 10 2017...
VALID TODAY AS OF 430 PM LOCAL TIME.

CLIMATE NORMAL PERIOD 1981 TO 2010
CLIMATE RECORD PERIOD 9999 TO 9999


WEATHER ITEM   OBSERVED NORMAL DEPARTURE LAST
                VALUE   VALUE  FROM      YEAR
                               NORMAL
...............................................
TEMPERATURE (F)
 TODAY
  MAXIMUM         60     43     17       38
  MINIMUM         20     22     -2       19
  AVERAGE         40     33      7       29

PRECIPITATION (IN)
  TODAY            0.00   0.05  -0.05     0.00
  MONTH TO DATE    T      0.42  -0.42     0.66
  SINCE DEC 1      T      0.42  -0.42     0.66
  SINCE JAN 1     34.13  37.50  -3.37    32.25

DEGREE DAYS
 HEATING
  TODAY           25     32     -7       36
  MONTH TO DATE  268    306    -38      356
  SINCE DEC 1    268    306    -38      356
  SINCE JUL 1   1158   1314   -156     1000

 COOLING
  TODAY            0      0      0        0
  MONTH TO DATE    0      0      0        0
  SINCE DEC 1      0      0      0        0
  SINCE JAN 1   1327   1371    -44     1599
...............................................


WIND (MPH)
  HIGHEST WIND SPEED    18   HIGHEST WIND DIRECTION     W (280)
  HIGHEST GUST SPEED    23   HIGHEST GUST DIRECTION     W (290)
  AVERAGE WIND SPEED     8.2



WEATHER CONDITIONS
 THE FOLLOWING WEATHER WAS RECORDED TODAY.
  NO SIGNIFICANT WEATHER WAS OBSERVED.


RELATIVE HUMIDITY (PERCENT)
 HIGHEST    91
 LOWEST     24
 AVERAGE    58

..........................................................


THE LAWRENCE KS CLIMATE NORMALS FOR TOMORROW
                         NORMAL
 MAXIMUM TEMPERATURE (F)   43
 MINIMUM TEMPERATURE (F)   22


SUNRISE AND SUNSET
DECEMBER 10 2017......SUNRISE   729 AM CST   SUNSET   458 PM CST
DECEMBER 11 2017......SUNRISE   730 AM CST   SUNSET   459 PM CST


-  INDICATES NEGATIVE NUMBERS.
R  INDICATES RECORD WAS SET OR TIED.
MM INDICATES DATA IS MISSING.
T  INDICATES TRACE AMOUNT.




$$
