886
CDUS46 KOTX 270441
CLILWS


CLIMATE REPORT
NATIONAL WEATHER SERVICE SPOKANE, WA
938 PM PDT FRI AUG 26 2016


...................................

...THE LEWISTON ID AIRPORT CLIMATE SUMMARY FOR AUGUST 26 2016...
VALID TODAY AS OF 0800 PM LOCAL TIME.

CLIMATE NORMAL PERIOD 1981 TO 2010
CLIMATE RECORD PERIOD 1881 TO 2016


WEATHER ITEM   OBSERVED TIME   RECORD YEAR NORMAL DEPARTURE LAST
                VALUE   (LST)  VALUE       VALUE  FROM      YEAR
                                                  NORMAL
..................................................................
TEMPERATURE (F)
 TODAY
  MAXIMUM         91    343 PM 104    1922  86      5       92
  MINIMUM         55    503 AM  44    1955  57     -2       61
                                      1952
  AVERAGE         73                        72      1       77

PRECIPITATION (IN)
  TODAY            0.00          0.97 1903   0.02  -0.02     0.00
  MONTH TO DATE    0.24                      0.56  -0.32      T
  SINCE OCT 1     13.09                     11.51   1.58    10.30
  SINCE JAN 1      9.64                      8.40   1.24     6.11

DEGREE DAYS
 HEATING
  TODAY            0                         0      0        0
  MONTH TO DATE    2                         0      2        0
  SINCE JUN 1     68                        77     -9        2
  SINCE JUL 1     11                         7      4        0

 COOLING
  TODAY            8                         7      1       12
  MONTH TO DATE  270                       254     16      326
  SINCE JUN 1    720                       652     68     1072
  SINCE JAN 1    760                       684     76     1124
..................................................................


WIND (MPH)
  HIGHEST WIND SPEED    12   HIGHEST WIND DIRECTION    NW (300)
  HIGHEST GUST SPEED    17   HIGHEST GUST DIRECTION     W (280)
  AVERAGE WIND SPEED     3.9


SKY COVER
  POSSIBLE SUNSHINE  MM
  AVERAGE SKY COVER 0.0


WEATHER CONDITIONS
 THE FOLLOWING WEATHER WAS RECORDED TODAY.
  NO SIGNIFICANT WEATHER WAS OBSERVED.


RELATIVE HUMIDITY (PERCENT)
 HIGHEST    43           500 AM
 LOWEST     14           300 PM
 AVERAGE    29

..........................................................


THE LEWISTON ID AIRPORT CLIMATE NORMALS FOR TOMORROW
                         NORMAL    RECORD    YEAR
 MAXIMUM TEMPERATURE (F)   86       103      1929
 MINIMUM TEMPERATURE (F)   57        43      1962


SUNRISE AND SUNSET
AUGUST 26 2016........SUNRISE   601 AM PDT   SUNSET   737 PM PDT
AUGUST 27 2016........SUNRISE   603 AM PDT   SUNSET   735 PM PDT


-  INDICATES NEGATIVE NUMBERS.
R  INDICATES RECORD WAS SET OR TIED.
MM INDICATES DATA IS MISSING.
T  INDICATES TRACE AMOUNT.




$$
