000
CDUS46 KOTX 240822
CLILWS


CLIMATE REPORT
NATIONAL WEATHER SERVICE SPOKANE, WA
121 AM PDT SUN JUL 24 2016


...................................

...THE LEWISTON ID AIRPORT CLIMATE SUMMARY FOR JULY 23 2016...

CLIMATE NORMAL PERIOD 1981 TO 2010
CLIMATE RECORD PERIOD 1881 TO 2016


WEATHER ITEM   OBSERVED TIME   RECORD YEAR NORMAL DEPARTURE LAST
                VALUE   (LST)  VALUE       VALUE  FROM      YEAR
                                                  NORMAL
..................................................................
TEMPERATURE (F)
 YESTERDAY
  MAXIMUM         86    411 PM 109    2006  92     -6       89
                                      1959
  MINIMUM         57    446 AM  46    1963  61     -4       59
  AVERAGE         72                        76     -4       74

PRECIPITATION (IN)
  YESTERDAY        0.00          0.36 1992   0.02  -0.02      T
  MONTH TO DATE    1.57                      0.53   1.04     0.02
  SINCE OCT 1     12.85                     10.82   2.03    10.30
  SINCE JAN 1      9.40                      7.71   1.69     6.11

SNOWFALL (IN)
  YESTERDAY        0.0           0.0  1995   0.0    0.0      0.0
  MONTH TO DATE    0.0                       0.0    0.0      0.0
  SINCE JUN 1      0.0                       0.0    0.0      0.0
  SINCE JUL 1      0.0                       0.0    0.0      0.0
  SNOW DEPTH       0

DEGREE DAYS
 HEATING
  YESTERDAY        0                         0      0        0
  MONTH TO DATE    9                         4      5        0
  SINCE JUN 1     66                        74     -8        2
  SINCE JUL 1      9                         4      5        0

 COOLING
  YESTERDAY        7                        11     -4        9
  MONTH TO DATE  144                       206    -62      348
  SINCE JUN 1    320                       304     16      663
  SINCE JAN 1    360                       336     24      715
..................................................................


WIND (MPH)
  HIGHEST WIND SPEED    12   HIGHEST WIND DIRECTION    NW (330)
  HIGHEST GUST SPEED    16   HIGHEST GUST DIRECTION    NW (330)
  AVERAGE WIND SPEED     4.3


SKY COVER
  POSSIBLE SUNSHINE  MM
  AVERAGE SKY COVER 0.0


WEATHER CONDITIONS
 THE FOLLOWING WEATHER WAS RECORDED YESTERDAY.
  NO SIGNIFICANT WEATHER WAS OBSERVED.


RELATIVE HUMIDITY (PERCENT)
 HIGHEST    67           400 AM
 LOWEST     23           700 PM
 AVERAGE    45

..........................................................


THE LEWISTON ID AIRPORT CLIMATE NORMALS FOR TODAY
                         NORMAL    RECORD    YEAR
 MAXIMUM TEMPERATURE (F)   92       112      1928
 MINIMUM TEMPERATURE (F)   61        48      1953
                                             1897


SUNRISE AND SUNSET
JULY 24 2016..........SUNRISE   521 AM PDT   SUNSET   828 PM PDT
JULY 25 2016..........SUNRISE   522 AM PDT   SUNSET   827 PM PDT


-  INDICATES NEGATIVE NUMBERS.
R  INDICATES RECORD WAS SET OR TIED.
MM INDICATES DATA IS MISSING.
T  INDICATES TRACE AMOUNT.




$$
