000
CDUS46 KOTX 220826
CLILWS


CLIMATE REPORT
NATIONAL WEATHER SERVICE SPOKANE, WA
1226 AM PST SUN JAN 22 2017


...................................

...THE LEWISTON ID AIRPORT CLIMATE SUMMARY FOR JANUARY 21 2017...

CLIMATE NORMAL PERIOD 1981 TO 2010
CLIMATE RECORD PERIOD 1881 TO 2017


WEATHER ITEM   OBSERVED TIME   RECORD YEAR NORMAL DEPARTURE LAST
                VALUE   (LST)  VALUE       VALUE  FROM      YEAR
                                                  NORMAL
..................................................................
TEMPERATURE (F)
 YESTERDAY
  MAXIMUM         46   1258 PM  60    1934  42      4       46
  MINIMUM         35    722 AM -18    1937  30      5       39
  AVERAGE         41                        36      5       43

PRECIPITATION (IN)
  YESTERDAY        T             0.97 1913   0.03  -0.03     0.03
  MONTH TO DATE    0.62                      0.75  -0.13     0.53
  SINCE OCT 1      5.50                      3.86   1.64     3.98
  SINCE JAN 1      0.62                      0.75  -0.13     0.53

SNOWFALL (IN)
  YESTERDAY        0.0           9.5  1913   0.0    0.0      0.0
  MONTH TO DATE    4.1                       1.7    2.4      0.5
  SINCE DEC 1     23.8                       5.2   18.6      6.2
  SINCE JUL 1     23.8                       7.0   16.8      6.2
  SNOW DEPTH       0

DEGREE DAYS
 HEATING
  YESTERDAY       24                        29     -5       22
  MONTH TO DATE  869                       630    239      618
  SINCE DEC 1   1987                      1598    389     1445
  SINCE JUL 1   2936                      2838     98     2448

 COOLING
  YESTERDAY        0                         0      0        0
  MONTH TO DATE    0                         0      0        0
  SINCE DEC 1      0                         0      0        0
  SINCE JAN 1      0                         0      0        0
..................................................................


WIND (MPH)
  HIGHEST WIND SPEED    12   HIGHEST WIND DIRECTION     E (110)
  HIGHEST GUST SPEED    13   HIGHEST GUST DIRECTION     E (110)
  AVERAGE WIND SPEED     3.2


SKY COVER
  POSSIBLE SUNSHINE  MM
  AVERAGE SKY COVER 0.9


WEATHER CONDITIONS
 THE FOLLOWING WEATHER WAS RECORDED YESTERDAY.
  NO SIGNIFICANT WEATHER WAS OBSERVED.


RELATIVE HUMIDITY (PERCENT)
 HIGHEST    82          1200 AM
 LOWEST     60           100 PM
 AVERAGE    71

..........................................................


THE LEWISTON ID AIRPORT CLIMATE NORMALS FOR TODAY
                         NORMAL    RECORD    YEAR
 MAXIMUM TEMPERATURE (F)   43        60      1919
 MINIMUM TEMPERATURE (F)   30       -15      1930


SUNRISE AND SUNSET
JANUARY 22 2017.......SUNRISE   722 AM PST   SUNSET   438 PM PST
JANUARY 23 2017.......SUNRISE   721 AM PST   SUNSET   440 PM PST


-  INDICATES NEGATIVE NUMBERS.
R  INDICATES RECORD WAS SET OR TIED.
MM INDICATES DATA IS MISSING.
T  INDICATES TRACE AMOUNT.




$$
