000
CDUS46 KOTX 020823
CLILWS


CLIMATE REPORT
NATIONAL WEATHER SERVICE SPOKANE, WA
1222 AM PST FRI DEC 2 2016


...................................

...THE LEWISTON ID AIRPORT CLIMATE SUMMARY FOR DECEMBER 1 2016...

CLIMATE NORMAL PERIOD 1981 TO 2010
CLIMATE RECORD PERIOD 1881 TO 2016


WEATHER ITEM   OBSERVED TIME   RECORD YEAR NORMAL DEPARTURE LAST
                VALUE   (LST)  VALUE       VALUE  FROM      YEAR
                                                  NORMAL
..................................................................
TEMPERATURE (F)
 YESTERDAY
  MAXIMUM         47    113 PM  65    1939  42      5       34
  MINIMUM         32   1154 PM   3    1985  30      2       18
  AVERAGE         40                        36      4       26

PRECIPITATION (IN)
  YESTERDAY        T             0.50 1896   0.04  -0.04      T
  MONTH TO DATE    T                         0.04  -0.04      T
  SINCE OCT 1      3.29                      2.18   1.11     1.70
  SINCE JAN 1     13.48                     11.38   2.10     8.47

SNOWFALL (IN)
  YESTERDAY        0.0           2.0  1977   0.1   -0.1       T
  MONTH TO DATE    0.0                       0.1   -0.1       T
  SINCE DEC 1      0.0                       0.1   -0.1       T
  SINCE JUL 1      0.0                       1.9   -1.9       T
  SNOW DEPTH       0

DEGREE DAYS
 HEATING
  YESTERDAY       25                        29     -4       39
  MONTH TO DATE   25                        29     -4       39
  SINCE DEC 1     25                        29     -4       39
  SINCE JUL 1    974                      1269   -295     1042

 COOLING
  YESTERDAY        0                         0      0        0
  MONTH TO DATE    0                         0      0        0
  SINCE DEC 1      0                         0      0        0
  SINCE JAN 1    863                       807     56     1215
..................................................................


WIND (MPH)
  HIGHEST WIND SPEED    15   HIGHEST WIND DIRECTION     W (290)
  HIGHEST GUST SPEED    19   HIGHEST GUST DIRECTION     W (290)
  AVERAGE WIND SPEED     3.9


SKY COVER
  POSSIBLE SUNSHINE  MM
  AVERAGE SKY COVER 0.7


WEATHER CONDITIONS
 THE FOLLOWING WEATHER WAS RECORDED YESTERDAY.
  FOG


RELATIVE HUMIDITY (PERCENT)
 HIGHEST    92          1200 AM
 LOWEST     49          1200 PM
 AVERAGE    71

..........................................................


THE LEWISTON ID AIRPORT CLIMATE NORMALS FOR TODAY
                         NORMAL    RECORD    YEAR
 MAXIMUM TEMPERATURE (F)   42        61      1975
                                             1932
                                             1927
 MINIMUM TEMPERATURE (F)   30        -2      1919


SUNRISE AND SUNSET
DECEMBER  2 2016......SUNRISE   713 AM PST   SUNSET   403 PM PST
DECEMBER  3 2016......SUNRISE   714 AM PST   SUNSET   402 PM PST


-  INDICATES NEGATIVE NUMBERS.
R  INDICATES RECORD WAS SET OR TIED.
MM INDICATES DATA IS MISSING.
T  INDICATES TRACE AMOUNT.




$$
