000
CDUS46 KOTX 270826
CLILWS


CLIMATE REPORT
NATIONAL WEATHER SERVICE SPOKANE, WA
126 AM PDT THU AUG 27 2015


...................................

...THE LEWISTON ID AIRPORT CLIMATE SUMMARY FOR AUGUST 26 2015...

CLIMATE NORMAL PERIOD 1981 TO 2010
CLIMATE RECORD PERIOD 1881 TO 2015


WEATHER ITEM   OBSERVED TIME   RECORD YEAR NORMAL DEPARTURE LAST
                VALUE   (LST)  VALUE       VALUE  FROM      YEAR
                                                  NORMAL
..................................................................
TEMPERATURE (F)
 YESTERDAY
  MAXIMUM         92    452 PM 104    1922  86      6       89
  MINIMUM         61    511 AM  44    1955  57      4       57
                                      1952
  AVERAGE         77                        72      5       73

PRECIPITATION (IN)
  YESTERDAY        0.00          0.97 1903   0.02  -0.02     0.00
  MONTH TO DATE    T                         0.56  -0.56     1.17
  SINCE OCT 1     10.30                     11.51  -1.21     9.20
  SINCE JAN 1      6.11                      8.40  -2.29     7.67

SNOWFALL (IN)
  YESTERDAY        0.0           0.0  1998   0.0    0.0      0.0
  MONTH TO DATE    0.0                       0.0    0.0      0.0
  SINCE JUN 1      0.0                       0.0    0.0      0.0
  SINCE JUL 1      0.0                       0.0    0.0      0.0
  SNOW DEPTH       0

DEGREE DAYS
 HEATING
  YESTERDAY        0                         0      0        0
  MONTH TO DATE    0                         0      0        0
  SINCE JUN 1      2                        77    -75       41
  SINCE JUL 1      0                         7     -7        0

 COOLING
  YESTERDAY       12                         7      5        8
  MONTH TO DATE  326                       254     72      323
  SINCE JUN 1   1072                       652    420      896
  SINCE JAN 1   1124                       684    440      924
..................................................................


WIND (MPH)
  HIGHEST WIND SPEED     9   HIGHEST WIND DIRECTION    SW (220)
  HIGHEST GUST SPEED    10   HIGHEST GUST DIRECTION    SW (220)
  AVERAGE WIND SPEED     3.7


SKY COVER
  POSSIBLE SUNSHINE  MM
  AVERAGE SKY COVER 0.3


WEATHER CONDITIONS
 THE FOLLOWING WEATHER WAS RECORDED YESTERDAY.
  HAZE


RELATIVE HUMIDITY (PERCENT)
 HIGHEST    43           600 AM
 LOWEST     17           600 PM
 AVERAGE    30

..........................................................


THE LEWISTON ID AIRPORT CLIMATE NORMALS FOR TODAY
                         NORMAL    RECORD    YEAR
 MAXIMUM TEMPERATURE (F)   86       103      1929
 MINIMUM TEMPERATURE (F)   57        43      1962


SUNRISE AND SUNSET
AUGUST 27 2015........SUNRISE   602 AM PDT   SUNSET   737 PM PDT
AUGUST 28 2015........SUNRISE   603 AM PDT   SUNSET   735 PM PDT


-  INDICATES NEGATIVE NUMBERS.
R  INDICATES RECORD WAS SET OR TIED.
MM INDICATES DATA IS MISSING.
T  INDICATES TRACE AMOUNT.




$$
