000
CDUS46 KOTX 232330
CLILWS


CLIMATE REPORT
NATIONAL WEATHER SERVICE SPOKANE, WA
429 PM PDT TUE SEP 23 2014


...................................

...THE LEWISTON ID AIRPORT CLIMATE SUMMARY FOR SEPTEMBER 23 2014...
VALID AS OF 0400 PM LOCAL TIME.

CLIMATE NORMAL PERIOD 1981 TO 2010
CLIMATE RECORD PERIOD 1881 TO 2014


WEATHER ITEM   OBSERVED TIME   RECORD YEAR NORMAL DEPARTURE LAST
                VALUE   (LST)  VALUE       VALUE  FROM      YEAR
                                                  NORMAL
..................................................................
TEMPERATURE (F)
 TODAY
  MAXIMUM         82    137 PM  97    2001  75      7       69
  MINIMUM         61    614 AM  31    2000  49     12       51
  AVERAGE         72                        62     10       60

PRECIPITATION (IN)
  TODAY            0.01          1.42 1917   0.03  -0.02     0.01
  MONTH TO DATE    0.04                      0.51  -0.47     0.87
  SINCE OCT 1      9.24                     12.15  -2.91    11.42
  SINCE JAN 1      7.71                      9.04  -1.33     7.26

SNOWFALL (IN)
  TODAY           MM             T    1926   0.0   MM        0.0
  MONTH TO DATE    0.0                       0.0    0.0      0.0
  SINCE SEP 1      0.0                       0.0    0.0      0.0
  SINCE JUL 1      0.0                       0.0    0.0      0.0
  SNOW DEPTH      MM

DEGREE DAYS
 HEATING
  TODAY            0                         5     -5        5
  MONTH TO DATE   13                        57    -44       19
  SINCE SEP 1     13                        57    -44       19
  SINCE JUL 1     13                        72    -59       19

 COOLING
  TODAY            7                         2      5        0
  MONTH TO DATE  104                        81     23      184
  SINCE SEP 1    104                        81     23      184
  SINCE JAN 1   1074                       798    276     1178
..................................................................


WIND (MPH)
  HIGHEST WIND SPEED    14   HIGHEST WIND DIRECTION     E (80)
  HIGHEST GUST SPEED    16   HIGHEST GUST DIRECTION     E (80)
  AVERAGE WIND SPEED     4.4


SKY COVER
  POSSIBLE SUNSHINE  MM
  AVERAGE SKY COVER 0.2


WEATHER CONDITIONS
 THE FOLLOWING WEATHER WAS RECORDED TODAY.
  RAIN
  LIGHT RAIN


RELATIVE HUMIDITY (PERCENT)
 HIGHEST    90
 LOWEST     45
 AVERAGE    68

..........................................................


THE LEWISTON ID AIRPORT CLIMATE NORMALS FOR TOMORROW
                         NORMAL    RECORD    YEAR
 MAXIMUM TEMPERATURE (F)   75       100      2011
 MINIMUM TEMPERATURE (F)   48        27      1926


SUNRISE AND SUNSET
SEPTEMBER 23 2014.....SUNRISE   636 AM PDT   SUNSET   644 PM PDT
SEPTEMBER 24 2014.....SUNRISE   638 AM PDT   SUNSET   642 PM PDT


-  INDICATES NEGATIVE NUMBERS.
R  INDICATES RECORD WAS SET OR TIED.
MM INDICATES DATA IS MISSING.
T  INDICATES TRACE AMOUNT.




$$
