000
CDUS46 KOTX 010837
CLILWS


CLIMATE REPORT
NATIONAL WEATHER SERVICE SPOKANE, WA
136 AM PDT SAT OCT 1 2016


...................................

...THE LEWISTON ID AIRPORT CLIMATE SUMMARY FOR SEPTEMBER 30 2016...

CLIMATE NORMAL PERIOD 1981 TO 2010
CLIMATE RECORD PERIOD 1881 TO 2016


WEATHER ITEM   OBSERVED TIME   RECORD YEAR NORMAL DEPARTURE LAST
                VALUE   (LST)  VALUE       VALUE  FROM      YEAR
                                                  NORMAL
..................................................................
TEMPERATURE (F)
 YESTERDAY
  MAXIMUM         82    303 PM  89    1976  71     11       81
                                      1920
  MINIMUM         55    536 AM  30    1954  46      9       49
  AVERAGE         69                        59     10       65

PRECIPITATION (IN)
  YESTERDAY        0.01          0.82 2000   0.02  -0.01     0.00
  MONTH TO DATE    0.55                      0.67  -0.12     0.65
  SINCE OCT 1     13.64                     12.31   1.33    10.96
  SINCE JAN 1     10.19                      9.20   0.99     6.77

SNOWFALL (IN)
  YESTERDAY        0.0           0.0  1998   0.0    0.0      0.0
  MONTH TO DATE    0.0                       0.0    0.0      0.0
  SINCE SEP 1      0.0                       0.0    0.0      0.0
  SINCE JUL 1      0.0                       0.0    0.0      0.0
  SNOW DEPTH       0

DEGREE DAYS
 HEATING
  YESTERDAY        0                         7     -7        0
  MONTH TO DATE   61                        99    -38       84
  SINCE SEP 1     61                        99    -38       84
  SINCE JUL 1     72                       114    -42       84

 COOLING
  YESTERDAY        4                         1      3        0
  MONTH TO DATE   47                        87    -40       57
  SINCE SEP 1     47                        87    -40       57
  SINCE JAN 1    863                       804     59     1206
..................................................................


WIND (MPH)
  HIGHEST WIND SPEED    22   HIGHEST WIND DIRECTION     W (290)
  HIGHEST GUST SPEED    28   HIGHEST GUST DIRECTION     W (290)
  AVERAGE WIND SPEED     4.1


SKY COVER
  POSSIBLE SUNSHINE  MM
  AVERAGE SKY COVER 0.0


WEATHER CONDITIONS
 THE FOLLOWING WEATHER WAS RECORDED YESTERDAY.
  NO SIGNIFICANT WEATHER WAS OBSERVED.


RELATIVE HUMIDITY (PERCENT)
 HIGHEST    77           400 AM
 LOWEST     29           500 PM
 AVERAGE    53

..........................................................


THE LEWISTON ID AIRPORT CLIMATE NORMALS FOR TODAY
                         NORMAL    RECORD    YEAR
 MAXIMUM TEMPERATURE (F)   71        88      2008
                                             1943
 MINIMUM TEMPERATURE (F)   46        26      1950


SUNRISE AND SUNSET
OCTOBER  1 2016.......SUNRISE   647 AM PDT   SUNSET   627 PM PDT
OCTOBER  2 2016.......SUNRISE   649 AM PDT   SUNSET   625 PM PDT


-  INDICATES NEGATIVE NUMBERS.
R  INDICATES RECORD WAS SET OR TIED.
MM INDICATES DATA IS MISSING.
T  INDICATES TRACE AMOUNT.




$$
