000
CDUS45 KTFX 051038
CLILWT


CLIMATE REPORT
NATIONAL WEATHER SERVICE GREAT FALLS MT
437 AM MDT SUN JUL 5 2015


...................................

...THE LEWISTOWN MT CLIMATE SUMMARY FOR JULY 4 2015...

CLIMATE NORMAL PERIOD 1981 TO 2010
CLIMATE RECORD PERIOD 1896 TO 2015


WEATHER ITEM   OBSERVED TIME   RECORD YEAR NORMAL DEPARTURE LAST
                VALUE   (LST)  VALUE       VALUE  FROM      YEAR
                                                  NORMAL
..................................................................
TEMPERATURE (F)
 YESTERDAY
  MAXIMUM         91    416 PM  98    1937  77     14       91
  MINIMUM         58    457 AM  32    1915  49      9       53
  AVERAGE         75                        63     12       72

PRECIPITATION (IN)
  YESTERDAY        0.00          1.18 1986   0.08  -0.08     0.11
  MONTH TO DATE    T                         0.30  -0.30     0.12
  SINCE OCT 1     10.61                     12.14  -1.53    10.30
  SINCE JAN 1      8.30                      9.64  -1.34     8.22

SNOWFALL (IN)
  YESTERDAY       MM
  SNOW DEPTH       0

DEGREE DAYS
 HEATING
  YESTERDAY        0                         4     -4        0
  MONTH TO DATE    0                        16    -16        4
  SINCE JUN 1     86                       243   -157      290
  SINCE JUL 1      0                        16    -16        4

 COOLING
  YESTERDAY       10                         2      8        7
  MONTH TO DATE   29                         8     21       15
  SINCE JUN 1    104                        28     76       16
  SINCE JAN 1    104                        30     74       16
..................................................................


WIND (MPH)
  HIGHEST WIND SPEED    32   HIGHEST WIND DIRECTION     N (10)
  HIGHEST GUST SPEED    41   HIGHEST GUST DIRECTION     N (360)
  AVERAGE WIND SPEED     9.0


SKY COVER
  AVERAGE SKY COVER 0.0


WEATHER CONDITIONS
 THE FOLLOWING WEATHER WAS RECORDED YESTERDAY.
  NO SIGNIFICANT WEATHER WAS OBSERVED.


RELATIVE HUMIDITY (PERCENT)
 HIGHEST    72           400 AM
 LOWEST     23          1000 AM
 AVERAGE    48

..........................................................


THE LEWISTOWN MT CLIMATE NORMALS FOR TODAY
                         NORMAL    RECORD    YEAR
 MAXIMUM TEMPERATURE (F)   78        99      1936
 MINIMUM TEMPERATURE (F)   49        35      1903


SUNRISE AND SUNSET
JULY  5 2015..........SUNRISE   529 AM MDT   SUNSET   915 PM MDT
JULY  6 2015..........SUNRISE   530 AM MDT   SUNSET   915 PM MDT


-  INDICATES NEGATIVE NUMBERS.
R  INDICATES RECORD WAS SET OR TIED.
MM INDICATES DATA IS MISSING.
T  INDICATES TRACE AMOUNT.




$$
