000
CDUS45 KTFX 292220
CLILWT


CLIMATE REPORT
NATIONAL WEATHER SERVICE GREAT FALLS MT
420 PM MDT TUE JUL 29 2014


...................................

...THE LEWISTOWN MT CLIMATE SUMMARY FOR JULY 29 2014...
VALID TODAY AS OF 0400 PM LOCAL TIME.

CLIMATE NORMAL PERIOD 1981 TO 2010
CLIMATE RECORD PERIOD 1896 TO 2014


WEATHER ITEM   OBSERVED TIME   RECORD YEAR NORMAL DEPARTURE LAST
                VALUE   (LST)  VALUE       VALUE  FROM      YEAR
                                                  NORMAL
..................................................................
TEMPERATURE (F)
 TODAY
  MAXIMUM         89    258 PM  98    1929  83      6       69
  MINIMUM         64    339 AM  35    1904  52     12       50
  AVERAGE         77                        67     10       60

PRECIPITATION (IN)
  TODAY            0.03          0.83 1928   0.06  -0.03     0.29
  MONTH TO DATE    0.92                      1.83  -0.91     1.67
  SINCE OCT 1     11.10                     13.67  -2.57    18.37
  SINCE JAN 1      9.02                     11.17  -2.15    15.86

SNOWFALL (IN)
  TODAY           MM
  SNOW DEPTH       0

DEGREE DAYS
 HEATING
  TODAY            0                         1     -1        5
  MONTH TO DATE   10                        69    -59       18
  SINCE JUN 1    296                       296      0      238
  SINCE JUL 1     10                        69    -59       18

 COOLING
  TODAY           12                         4      8        0
  MONTH TO DATE  136                        84     52      107
  SINCE JUN 1    137                       104     33      123
  SINCE JAN 1    137                       106     31      126
..................................................................


WIND (MPH)
  HIGHEST WIND SPEED    26   HIGHEST WIND DIRECTION    SE (120)
  HIGHEST GUST SPEED    32   HIGHEST GUST DIRECTION    SE (120)
  AVERAGE WIND SPEED    11.1


SKY COVER
  AVERAGE SKY COVER 0.2


WEATHER CONDITIONS
 THE FOLLOWING WEATHER WAS RECORDED TODAY.
  LIGHT RAIN


RELATIVE HUMIDITY (PERCENT)
 HIGHEST    45
 LOWEST     18
 AVERAGE    32

..........................................................


THE LEWISTOWN MT CLIMATE NORMALS FOR TOMORROW
                         NORMAL    RECORD    YEAR
 MAXIMUM TEMPERATURE (F)   83       103      1908
 MINIMUM TEMPERATURE (F)   52        32      1904


SUNRISE AND SUNSET
JULY 29 2014..........SUNRISE   554 AM MDT   SUNSET   854 PM MDT
JULY 30 2014..........SUNRISE   555 AM MDT   SUNSET   853 PM MDT


-  INDICATES NEGATIVE NUMBERS.
R  INDICATES RECORD WAS SET OR TIED.
MM INDICATES DATA IS MISSING.
T  INDICATES TRACE AMOUNT.




$$
