000
CDUS45 KTFX 010804
CLILWT


CLIMATE REPORT
NATIONAL WEATHER SERVICE GREAT FALLS MT
103 AM MST SUN MAR 1 2015


...................................

...THE LEWISTOWN MT CLIMATE SUMMARY FOR FEBRUARY 28 2015...

CLIMATE NORMAL PERIOD 1981 TO 2010
CLIMATE RECORD PERIOD 1896 TO 2015


WEATHER ITEM   OBSERVED TIME   RECORD YEAR NORMAL DEPARTURE LAST
                VALUE   (LST)  VALUE       VALUE  FROM      YEAR
                                                  NORMAL
..................................................................
TEMPERATURE (F)
 YESTERDAY
  MAXIMUM         17   1159 PM  66    1986  39    -22       12
  MINIMUM          5    733 PM -17    1962  17    -12       -9
  AVERAGE         11                        28    -17        2

PRECIPITATION (IN)
  YESTERDAY        T             0.60 1906   0.02  -0.02     0.03
  MONTH TO DATE    0.69                      0.44   0.25     0.29
  SINCE OCT 1      3.81                      3.51   0.30     3.36
  SINCE JAN 1      1.50                      1.01   0.49     1.28

SNOWFALL (IN)
  YESTERDAY       MM
  SNOW DEPTH       4

DEGREE DAYS
 HEATING
  YESTERDAY       54                        37     17       63
  MONTH TO DATE  973                      1098   -125     1442
  SINCE DEC 1   3281                      3676   -395     4078
  SINCE JUL 1   5198                      5804   -606     6056

 COOLING
  YESTERDAY        0                         0      0        0
  MONTH TO DATE    0                         0      0        0
  SINCE DEC 1      0                         0      0        0
  SINCE JAN 1      0                         0      0        0
..................................................................


WIND (MPH)
  HIGHEST WIND SPEED    14   HIGHEST WIND DIRECTION    SW (220)
  HIGHEST GUST SPEED    16   HIGHEST GUST DIRECTION    NW (310)
  AVERAGE WIND SPEED     7.6


SKY COVER
  AVERAGE SKY COVER 0.8


WEATHER CONDITIONS
 THE FOLLOWING WEATHER WAS RECORDED YESTERDAY.
  LIGHT SNOW
  FOG
  HAZE


RELATIVE HUMIDITY (PERCENT)
 HIGHEST    83           100 AM
 LOWEST     67           100 PM
 AVERAGE    75

..........................................................


THE LEWISTOWN MT CLIMATE NORMALS FOR TODAY
                         NORMAL    RECORD    YEAR
 MAXIMUM TEMPERATURE (F)   39        66      1905
 MINIMUM TEMPERATURE (F)   18       -19      2014


SUNRISE AND SUNSET
MARCH  1 2015.........SUNRISE   658 AM MST   SUNSET   603 PM MST
MARCH  2 2015.........SUNRISE   656 AM MST   SUNSET   605 PM MST


-  INDICATES NEGATIVE NUMBERS.
R  INDICATES RECORD WAS SET OR TIED.
MM INDICATES DATA IS MISSING.
T  INDICATES TRACE AMOUNT.




$$
