000
CDUS45 KTFX 261030
CLILWT


CLIMATE REPORT
NATIONAL WEATHER SERVICE GREAT FALLS MT
428 AM MDT TUE MAY 26 2015


...................................

...THE LEWISTOWN MT CLIMATE SUMMARY FOR MAY 25 2015...

CLIMATE NORMAL PERIOD 1981 TO 2010
CLIMATE RECORD PERIOD 1896 TO 2015


WEATHER ITEM   OBSERVED TIME   RECORD YEAR NORMAL DEPARTURE LAST
                VALUE   (LST)  VALUE       VALUE  FROM      YEAR
                                                  NORMAL
..................................................................
TEMPERATURE (F)
 YESTERDAY
  MAXIMUM         71    433 PM  92    1928  65      6       72
  MINIMUM         44    155 AM  26    2004  40      4       46
  AVERAGE         58                        53      5       59

PRECIPITATION (IN)
  YESTERDAY        0.00          1.67 1980   0.11  -0.11      T
  MONTH TO DATE    2.15                      2.17  -0.02     1.36
  SINCE OCT 1      8.51                      8.08   0.43     7.20
  SINCE JAN 1      6.20                      5.58   0.62     5.12

SNOWFALL (IN)
  YESTERDAY       MM
  SNOW DEPTH       0

DEGREE DAYS
 HEATING
  YESTERDAY        7                        12     -5        6
  MONTH TO DATE  410                       397     13      420
  SINCE MAR 1   1737                      2100   -363     2254
  SINCE JUL 1   6935                      7904   -969     8310

 COOLING
  YESTERDAY        0                         0      0        0
  MONTH TO DATE    0                         0      0        0
  SINCE MAR 1      0                         0      0        0
  SINCE JAN 1      0                         0      0        0
..................................................................


WIND (MPH)
  HIGHEST WIND SPEED    12   HIGHEST WIND DIRECTION    SE (120)
  HIGHEST GUST SPEED    15   HIGHEST GUST DIRECTION    NE (30)
  AVERAGE WIND SPEED     4.5


SKY COVER
  AVERAGE SKY COVER 0.3


WEATHER CONDITIONS
 THE FOLLOWING WEATHER WAS RECORDED YESTERDAY.
  NO SIGNIFICANT WEATHER WAS OBSERVED.


RELATIVE HUMIDITY (PERCENT)
 HIGHEST    92           500 AM
 LOWEST     35           400 PM
 AVERAGE    64

..........................................................


THE LEWISTOWN MT CLIMATE NORMALS FOR TODAY
                         NORMAL    RECORD    YEAR
 MAXIMUM TEMPERATURE (F)   65        90      1936
 MINIMUM TEMPERATURE (F)   41        26      1975


SUNRISE AND SUNSET
MAY 26 2015...........SUNRISE   531 AM MDT   SUNSET   859 PM MDT
MAY 27 2015...........SUNRISE   530 AM MDT   SUNSET   900 PM MDT


-  INDICATES NEGATIVE NUMBERS.
R  INDICATES RECORD WAS SET OR TIED.
MM INDICATES DATA IS MISSING.
T  INDICATES TRACE AMOUNT.




$$
