000
CDUS45 KTFX 042230
CLILWT


CLIMATE REPORT
NATIONAL WEATHER SERVICE GREAT FALLS MT
430 PM MDT WED MAY 4 2016


...................................

...THE LEWISTOWN MT CLIMATE SUMMARY FOR MAY 4 2016...
VALID TODAY AS OF 0400 PM LOCAL TIME.

CLIMATE NORMAL PERIOD 1981 TO 2010
CLIMATE RECORD PERIOD 1896 TO 2016


WEATHER ITEM   OBSERVED TIME   RECORD YEAR NORMAL DEPARTURE LAST
                VALUE   (LST)  VALUE       VALUE  FROM      YEAR
                                                  NORMAL
..................................................................
TEMPERATURE (F)
 TODAY
  MAXIMUM         82    212 PM  84    1936  59     23       74
  MINIMUM         46    518 AM  16    1967  34     12       36
  AVERAGE         64                        46     18       55

PRECIPITATION (IN)
  TODAY            0.00          1.33 1986   0.07  -0.07      T
  MONTH TO DATE    0.00                      0.27  -0.27      T
  SINCE OCT 1      5.79                      6.18  -0.39     6.36
  SINCE JAN 1      3.71                      3.68   0.03     4.05

DEGREE DAYS
 HEATING
  TODAY            1                        19    -18       10
  MONTH TO DATE   37                        76    -39       42
  SINCE MAR 1   1381                      1779   -398     1369
  SINCE JUL 1   6339                      7583  -1244     6567

 COOLING
  TODAY            0                         0      0        0
  MONTH TO DATE    0                         0      0        0
  SINCE MAR 1      0                         0      0        0
  SINCE JAN 1      0                         0      0        0
..................................................................


WIND (MPH)
  HIGHEST WIND SPEED    21   HIGHEST WIND DIRECTION    SW (210)
  HIGHEST GUST SPEED    25   HIGHEST GUST DIRECTION    SW (210)
  AVERAGE WIND SPEED     6.4


SKY COVER
  AVERAGE SKY COVER 0.0


WEATHER CONDITIONS
 THE FOLLOWING WEATHER WAS RECORDED TODAY.
  NO SIGNIFICANT WEATHER WAS OBSERVED.


RELATIVE HUMIDITY (PERCENT)
 HIGHEST    61
 LOWEST     13
 AVERAGE    37

..........................................................


THE LEWISTOWN MT CLIMATE NORMALS FOR TOMORROW
                         NORMAL    RECORD    YEAR
 MAXIMUM TEMPERATURE (F)   60        85      1934
 MINIMUM TEMPERATURE (F)   34        21      1942


SUNRISE AND SUNSET
MAY  4 2016...........SUNRISE   557 AM MDT   SUNSET   833 PM MDT
MAY  5 2016...........SUNRISE   555 AM MDT   SUNSET   835 PM MDT


-  INDICATES NEGATIVE NUMBERS.
R  INDICATES RECORD WAS SET OR TIED.
MM INDICATES DATA IS MISSING.
T  INDICATES TRACE AMOUNT.




$$
