768
CDUS45 KTFX 242230
CLILWT


CLIMATE REPORT
NATIONAL WEATHER SERVICE GREAT FALLS MT
430 PM MDT MON APR 24 2017


...................................

...THE LEWISTOWN MT CLIMATE SUMMARY FOR APRIL 24 2017...
VALID TODAY AS OF 0400 PM LOCAL TIME.

CLIMATE NORMAL PERIOD 1981 TO 2010
CLIMATE RECORD PERIOD 1896 TO 2017


WEATHER ITEM   OBSERVED TIME   RECORD YEAR NORMAL DEPARTURE LAST
                VALUE   (LST)  VALUE       VALUE  FROM      YEAR
                                                  NORMAL
..................................................................
TEMPERATURE (F)
 TODAY
  MAXIMUM         54   1243 PM  84    1910  56     -2       44
  MINIMUM         35    423 AM  17    1958  31      4       36
  AVERAGE         45                        44      1       40

PRECIPITATION (IN)
  TODAY            T             1.38 1994   0.05  -0.05     0.11
  MONTH TO DATE    1.81                      1.06   0.75     1.14
  SINCE OCT 1      7.67                      5.56   2.11     5.42
  SINCE JAN 1      3.27                      3.06   0.21     3.34

DEGREE DAYS
 HEATING
  TODAY           20                        21     -1       25
  MONTH TO DATE  532                       586    -54      392
  SINCE MAR 1   1414                      1581   -167     1187
  SINCE JUL 1   7225                      7385   -160     6145

 COOLING
  TODAY            0                         0      0        0
  MONTH TO DATE    0                         0      0        0
  SINCE MAR 1      0                         0      0        0
  SINCE JAN 1      0                         0      0        0
..................................................................


WIND (MPH)
  HIGHEST WIND SPEED    21   HIGHEST WIND DIRECTION    NW (300)
  HIGHEST GUST SPEED    25   HIGHEST GUST DIRECTION     W (290)
  AVERAGE WIND SPEED     5.6


SKY COVER
  AVERAGE SKY COVER 0.7


WEATHER CONDITIONS
 THE FOLLOWING WEATHER WAS RECORDED TODAY.
  THUNDERSTORM
  LIGHT RAIN
  FOG


RELATIVE HUMIDITY (PERCENT)
 HIGHEST   100
 LOWEST     50
 AVERAGE    75

..........................................................


THE LEWISTOWN MT CLIMATE NORMALS FOR TOMORROW
                         NORMAL    RECORD    YEAR
 MAXIMUM TEMPERATURE (F)   57        81      1898
 MINIMUM TEMPERATURE (F)   31         9      1960


SUNRISE AND SUNSET
APRIL 24 2017.........SUNRISE   613 AM MDT   SUNSET   819 PM MDT
APRIL 25 2017.........SUNRISE   612 AM MDT   SUNSET   821 PM MDT


-  INDICATES NEGATIVE NUMBERS.
R  INDICATES RECORD WAS SET OR TIED.
MM INDICATES DATA IS MISSING.
T  INDICATES TRACE AMOUNT.




$$
