000
CDUS45 KTFX 162306
CLILWT


CLIMATE REPORT
NATIONAL WEATHER SERVICE GREAT FALLS MT
504 PM MDT WED APR 16 2014


...................................

...THE LEWISTOWN MT CLIMATE SUMMARY FOR APRIL 16 2014...
VALID TODAY AS OF 0500 PM LOCAL TIME.

CLIMATE NORMAL PERIOD 1981 TO 2010
CLIMATE RECORD PERIOD 1896 TO 2014


WEATHER ITEM   OBSERVED TIME   RECORD YEAR NORMAL DEPARTURE LAST
                VALUE   (LST)  VALUE       VALUE  FROM      YEAR
                                                  NORMAL
..................................................................
TEMPERATURE (F)
 TODAY
  MAXIMUM         45    216 PM  80    1926  54     -9       30
  MINIMUM         29    723 AM  -9    1896  29      0       19
  AVERAGE         37                        42     -5       25

PRECIPITATION (IN)
  TODAY            0.03          1.73 1927   0.05  -0.02     0.04
  MONTH TO DATE    0.28                      0.68  -0.40     0.78
  SINCE OCT 1      5.11                      5.18  -0.07     5.42
  SINCE JAN 1      3.03                      2.68   0.35     2.91

SNOWFALL (IN)
  TODAY           MM
  SNOW DEPTH       0

DEGREE DAYS
 HEATING
  TODAY           28                        24      4       40
  MONTH TO DATE  425                       408     17      485
  SINCE MAR 1   1542                      1403    139     1531
  SINCE JUL 1   7598                      7207    391     7039

 COOLING
  TODAY            0                         0      0        0
  MONTH TO DATE    0                         0      0        0
  SINCE MAR 1      0                         0      0        0
  SINCE JAN 1      0                         0      0        0
..................................................................


WIND (MPH)
  HIGHEST WIND SPEED    12   HIGHEST WIND DIRECTION    NW (330)
  HIGHEST GUST SPEED    16   HIGHEST GUST DIRECTION    NW (320)
  AVERAGE WIND SPEED     5.9


SKY COVER
  AVERAGE SKY COVER 0.9


WEATHER CONDITIONS
 THE FOLLOWING WEATHER WAS RECORDED TODAY.
  SNOW
  LIGHT SNOW
  FOG


RELATIVE HUMIDITY (PERCENT)
 HIGHEST   100
 LOWEST     53
 AVERAGE    77

..........................................................


THE LEWISTOWN MT CLIMATE NORMALS FOR TOMORROW
                         NORMAL    RECORD    YEAR
 MAXIMUM TEMPERATURE (F)   54        81      1923
 MINIMUM TEMPERATURE (F)   29         4      1896


SUNRISE AND SUNSET
APRIL 16 2014.........SUNRISE   628 AM MDT   SUNSET   808 PM MDT
APRIL 17 2014.........SUNRISE   626 AM MDT   SUNSET   809 PM MDT


-  INDICATES NEGATIVE NUMBERS.
R  INDICATES RECORD WAS SET OR TIED.
MM INDICATES DATA IS MISSING.
T  INDICATES TRACE AMOUNT.




$$
