000
CDUS43 KILX 270637
CLILWV


CLIMATE REPORT
NATIONAL WEATHER SERVICE LINCOLN IL
135 AM CDT FRI MAY 27 2016


...................................

...THE LAWRENCEVILLE IL AIRPORT CLIMATE SUMMARY FOR MAY 26 2016...

CLIMATE NORMAL PERIOD 1981 TO 2010
CLIMATE RECORD PERIOD 9999 TO 9999


WEATHER ITEM   OBSERVED TIME   RECORD YEAR NORMAL DEPARTURE LAST
                VALUE   (LST)  VALUE       VALUE  FROM      YEAR
                                                  NORMAL
..................................................................
TEMPERATURE (F)
 YESTERDAY
  MAXIMUM         78    818 AM  MM      MM  80     -2       84
  MINIMUM         66   1036 PM  MM      MM  58      8       67
  AVERAGE         72                        69      3       76

PRECIPITATION (IN)
  YESTERDAY        0.28         MM      MM   0.14   0.14     0.00
  MONTH TO DATE    4.17                      4.96  -0.79     2.30
  SINCE MAR 1     13.43                     12.55   0.88    13.37
  SINCE JAN 1     17.67                     16.94   0.73    15.87

DEGREE DAYS
 HEATING
  YESTERDAY        0                         1     -1        0
  MONTH TO DATE  115                        77     38       61
  SINCE MAR 1    842                       993   -151     1041
  SINCE JUL 1   4069                      4668   -599     5315

 COOLING
  YESTERDAY        7                         5      2       11
  MONTH TO DATE   38                        83    -45      112
  SINCE MAR 1     59                       109    -50      119
  SINCE JAN 1     59                       109    -50      119
..................................................................


WIND (MPH)
  HIGHEST WIND SPEED    32   HIGHEST WIND DIRECTION    NW (320)
  HIGHEST GUST SPEED    43   HIGHEST GUST DIRECTION    NW (310)
  AVERAGE WIND SPEED     8.7


SKY COVER
  POSSIBLE SUNSHINE  MM
  AVERAGE SKY COVER 0.3


WEATHER CONDITIONS
 THE FOLLOWING WEATHER WAS RECORDED YESTERDAY.
  THUNDERSTORM
  HEAVY RAIN
  RAIN
  LIGHT RAIN
  FOG


RELATIVE HUMIDITY (PERCENT)
 HIGHEST   100           900 PM
 LOWEST     69           900 AM
 AVERAGE    85

..........................................................


THE LAWRENCEVILLE IL AIRPORT CLIMATE NORMALS FOR TODAY
                         NORMAL    RECORD    YEAR
 MAXIMUM TEMPERATURE (F)   80        MM        MM
 MINIMUM TEMPERATURE (F)   59        MM        MM


SUNRISE AND SUNSET
MAY 27 2016...........SUNRISE   529 AM CDT   SUNSET   806 PM CDT
MAY 28 2016...........SUNRISE   529 AM CDT   SUNSET   807 PM CDT


-  INDICATES NEGATIVE NUMBERS.
R  INDICATES RECORD WAS SET OR TIED.
MM INDICATES DATA IS MISSING.
T  INDICATES TRACE AMOUNT.




$$
