000
CDUS43 KILX 200642
CLILWV


CLIMATE REPORT
NATIONAL WEATHER SERVICE LINCOLN IL
136 AM CDT SUN APR 20 2014


...................................

...THE LAWRENCEVILLE IL AIRPORT CLIMATE SUMMARY FOR APRIL 19 2014...

CLIMATE NORMAL PERIOD 1981 TO 2010
CLIMATE RECORD PERIOD 9999 TO 9999


WEATHER ITEM   OBSERVED TIME   RECORD YEAR NORMAL DEPARTURE LAST
                VALUE   (LST)  VALUE       VALUE  FROM      YEAR
                                                  NORMAL
..................................................................
TEMPERATURE (F)
 YESTERDAY
  MAXIMUM         75    359 PM  MM      MM  68      7       46
  MINIMUM         47    539 AM  MM      MM  47      0       37
  AVERAGE         61                        57      4       42

PRECIPITATION (IN)
  YESTERDAY        0.00         MM      MM   0.14  -0.14     0.07
  MONTH TO DATE    5.83                      2.22   3.61     4.24
  SINCE MAR 1      6.87                      5.65   1.22     7.49
  SINCE JAN 1      9.63                     10.04  -0.41    16.05

DEGREE DAYS
 HEATING
  YESTERDAY        4                         9     -5       23
  MONTH TO DATE  214                       222     -8      207
  SINCE MAR 1    997                       844    153     1026
  SINCE JUL 1   5399                      4519    880     4722

 COOLING
  YESTERDAY        0                         1     -1        0
  MONTH TO DATE    4                        13     -9       20
  SINCE MAR 1      4                        15    -11       20
  SINCE JAN 1      4                        15    -11       20
..................................................................


WIND (MPH)
  HIGHEST WIND SPEED    15   HIGHEST WIND DIRECTION     E (80)
  HIGHEST GUST SPEED    20   HIGHEST GUST DIRECTION     E (70)
  AVERAGE WIND SPEED     7.7


SKY COVER
  POSSIBLE SUNSHINE  MM
  AVERAGE SKY COVER 0.0


WEATHER CONDITIONS
 THE FOLLOWING WEATHER WAS RECORDED YESTERDAY.
  HAZE


RELATIVE HUMIDITY (PERCENT)
 HIGHEST    71           300 AM
 LOWEST     23           100 PM
 AVERAGE    47

..........................................................


THE LAWRENCEVILLE IL AIRPORT CLIMATE NORMALS FOR TODAY
                         NORMAL    RECORD    YEAR
 MAXIMUM TEMPERATURE (F)   68        MM        MM
 MINIMUM TEMPERATURE (F)   47        MM        MM


SUNRISE AND SUNSET
APRIL 20 2014.........SUNRISE   607 AM CDT   SUNSET   732 PM CDT
APRIL 21 2014.........SUNRISE   606 AM CDT   SUNSET   733 PM CDT


-  INDICATES NEGATIVE NUMBERS.
R  INDICATES RECORD WAS SET OR TIED.
MM INDICATES DATA IS MISSING.
T  INDICATES TRACE AMOUNT.




$$
