000
CDUS43 KILX 220708
CLILWV


CLIMATE REPORT
NATIONAL WEATHER SERVICE LINCOLN IL
107 AM CST SUN JAN 22 2017


...................................

...THE LAWRENCEVILLE IL AIRPORT CLIMATE SUMMARY FOR JANUARY 21 2017...

CLIMATE NORMAL PERIOD 1981 TO 2010
CLIMATE RECORD PERIOD 9999 TO 9999


WEATHER ITEM   OBSERVED TIME   RECORD YEAR NORMAL DEPARTURE LAST
                VALUE   (LST)  VALUE       VALUE  FROM      YEAR
                                                  NORMAL
..................................................................
TEMPERATURE (F)
 YESTERDAY
  MAXIMUM         68    319 PM  MM      MM  39     29       29
  MINIMUM         46    115 AM  MM      MM  23     23        7
  AVERAGE         57                        31     26       18

PRECIPITATION (IN)
  YESTERDAY        0.00         MM      MM   0.04  -0.04     0.00
  MONTH TO DATE    3.44                      1.78   1.66     1.03
  SINCE DEC 1      5.11                      5.17  -0.06     5.97
  SINCE JAN 1      3.44                      1.78   1.66     1.03

DEGREE DAYS
 HEATING
  YESTERDAY        8                        34    -26       47
  MONTH TO DATE  601                       714   -113      789
  SINCE DEC 1   1605                      1655    -50     1420
  SINCE JUL 1   2227                      2513   -286     2117

 COOLING
  YESTERDAY        0                         0      0        0
  MONTH TO DATE    0                         0      0        0
  SINCE DEC 1      0                         0      0        0
  SINCE JAN 1      0                         0      0        0
..................................................................


WIND (MPH)
  HIGHEST WIND SPEED    24   HIGHEST WIND DIRECTION    SW (230)
  HIGHEST GUST SPEED    31   HIGHEST GUST DIRECTION    SW (210)
  AVERAGE WIND SPEED    10.0


SKY COVER
  POSSIBLE SUNSHINE  MM
  AVERAGE SKY COVER 0.0


WEATHER CONDITIONS
 THE FOLLOWING WEATHER WAS RECORDED YESTERDAY.
  FOG


RELATIVE HUMIDITY (PERCENT)
 HIGHEST   100          1200 AM
 LOWEST     59           300 PM
 AVERAGE    80

..........................................................


THE LAWRENCEVILLE IL AIRPORT CLIMATE NORMALS FOR TODAY
                         NORMAL    RECORD    YEAR
 MAXIMUM TEMPERATURE (F)   39        MM        MM
 MINIMUM TEMPERATURE (F)   23        MM        MM


SUNRISE AND SUNSET
JANUARY 22 2017.......SUNRISE   704 AM CST   SUNSET   501 PM CST
JANUARY 23 2017.......SUNRISE   703 AM CST   SUNSET   502 PM CST


-  INDICATES NEGATIVE NUMBERS.
R  INDICATES RECORD WAS SET OR TIED.
MM INDICATES DATA IS MISSING.
T  INDICATES TRACE AMOUNT.




$$
