000
CDUS43 KILX 072150
CLILWV


CLIMATE REPORT
NATIONAL WEATHER SERVICE LINCOLN IL
439 PM CDT TUE JUL 7 2015


...................................

...THE LAWRENCEVILLE IL AIRPORT CLIMATE SUMMARY FOR JULY 7 2015...
VALID TODAY AS OF 0400 PM LOCAL TIME.

CLIMATE NORMAL PERIOD 1981 TO 2010
CLIMATE RECORD PERIOD 9999 TO 9999


WEATHER ITEM   OBSERVED TIME   RECORD YEAR NORMAL DEPARTURE LAST
                VALUE   (LST)  VALUE       VALUE  FROM      YEAR
                                                  NORMAL
..................................................................
TEMPERATURE (F)
 TODAY
  MAXIMUM         81   1015 AM  MM      MM  89     -8       90
  MINIMUM         76    259 PM  MM      MM  68      8       69
  AVERAGE         79                        78      1       80

PRECIPITATION (IN)
  TODAY            0.05         MM      MM   0.14  -0.09     0.02
  MONTH TO DATE    1.10                      0.93   0.17     0.08
  SINCE JUN 1     10.12                      4.91   5.21     4.02
  SINCE JAN 1     27.08                     22.47   4.61    19.63

DEGREE DAYS
 HEATING
  TODAY            0                         0      0        0
  MONTH TO DATE    0                         0      0        0
  SINCE JUN 1      8                         7      1        0
  SINCE JUL 1      0                         0      0        0

 COOLING
  TODAY           14                        13      1       15
  MONTH TO DATE   69                        91    -22       59
  SINCE JUN 1    372                       381     -9      382
  SINCE JAN 1    527                       520      7      573
..................................................................


WIND (MPH)
  HIGHEST WIND SPEED    23   HIGHEST WIND DIRECTION    SW (220)
  HIGHEST GUST SPEED    29   HIGHEST GUST DIRECTION    SW (220)
  AVERAGE WIND SPEED    12.9


SKY COVER
  POSSIBLE SUNSHINE  MM
  AVERAGE SKY COVER 0.8


WEATHER CONDITIONS
 THE FOLLOWING WEATHER WAS RECORDED TODAY.
  LIGHT RAIN
  FOG


RELATIVE HUMIDITY (PERCENT)
 HIGHEST    94          1200 AM
 LOWEST     79          1000 AM
 AVERAGE    87

..........................................................


THE LAWRENCEVILLE IL AIRPORT CLIMATE NORMALS FOR TOMORROW
                         NORMAL    RECORD    YEAR
 MAXIMUM TEMPERATURE (F)   89        MM        MM
 MINIMUM TEMPERATURE (F)   68        MM        MM


SUNRISE AND SUNSET
JULY  7 2015..........SUNRISE   532 AM CDT   SUNSET   818 PM CDT
JULY  8 2015..........SUNRISE   533 AM CDT   SUNSET   818 PM CDT


-  INDICATES NEGATIVE NUMBERS.
R  INDICATES RECORD WAS SET OR TIED.
MM INDICATES DATA IS MISSING.
T  INDICATES TRACE AMOUNT.




$$
