000
CDUS43 KILX 250645
CLILWV


CLIMATE REPORT
NATIONAL WEATHER SERVICE LINCOLN IL
145 AM CDT SAT OCT 25 2014


...................................

...THE LAWRENCEVILLE IL AIRPORT CLIMATE SUMMARY FOR OCTOBER 24 2014...

CLIMATE NORMAL PERIOD 1981 TO 2010
CLIMATE RECORD PERIOD 9999 TO 9999


WEATHER ITEM   OBSERVED TIME   RECORD YEAR NORMAL DEPARTURE LAST
                VALUE   (LST)  VALUE       VALUE  FROM      YEAR
                                                  NORMAL
..................................................................
TEMPERATURE (F)
 YESTERDAY
  MAXIMUM         71    246 PM  MM      MM  66      5       45
  MINIMUM         44   1220 AM  MM      MM  44      0       32
  AVERAGE         58                        55      3       39

PRECIPITATION (IN)
  YESTERDAY        0.00         MM      MM   0.14  -0.14      T
  MONTH TO DATE    3.93                      3.27   0.66     3.26
  SINCE SEP 1      6.86                      6.46   0.40     4.22
  SINCE JAN 1     35.66                     35.81  -0.15    45.86

DEGREE DAYS
 HEATING
  YESTERDAY        7                        10     -3       26
  MONTH TO DATE  196                       176     20      189
  SINCE SEP 1    256                       214     42      200
  SINCE JUL 1    256                       215     41      205

 COOLING
  YESTERDAY        0                         0      0        0
  MONTH TO DATE   22                        31     -9       45
  SINCE SEP 1    140                       202    -62      232
  SINCE JAN 1   1213                      1385   -172     1287
..................................................................


WIND (MPH)
  HIGHEST WIND SPEED    12   HIGHEST WIND DIRECTION    SW (240)
  HIGHEST GUST SPEED    14   HIGHEST GUST DIRECTION    SW (230)
  AVERAGE WIND SPEED     4.8


SKY COVER
  POSSIBLE SUNSHINE  MM
  AVERAGE SKY COVER 0.5


WEATHER CONDITIONS
 THE FOLLOWING WEATHER WAS RECORDED YESTERDAY.
  FOG
  HAZE


RELATIVE HUMIDITY (PERCENT)
 HIGHEST   100           100 AM
 LOWEST     53           100 PM
 AVERAGE    77

..........................................................


THE LAWRENCEVILLE IL AIRPORT CLIMATE NORMALS FOR TODAY
                         NORMAL    RECORD    YEAR
 MAXIMUM TEMPERATURE (F)   66        MM        MM
 MINIMUM TEMPERATURE (F)   43        MM        MM


SUNRISE AND SUNSET
OCTOBER 25 2014.......SUNRISE   710 AM CDT   SUNSET   558 PM CDT
OCTOBER 26 2014.......SUNRISE   711 AM CDT   SUNSET   557 PM CDT


-  INDICATES NEGATIVE NUMBERS.
R  INDICATES RECORD WAS SET OR TIED.
MM INDICATES DATA IS MISSING.
T  INDICATES TRACE AMOUNT.




$$
