000
CDUS43 KILX 300630
CLILWV


CLIMATE REPORT
NATIONAL WEATHER SERVICE LINCOLN IL
128 AM CDT FRI SEP 30 2016


...................................

...THE LAWRENCEVILLE IL AIRPORT CLIMATE SUMMARY FOR SEPTEMBER 29 2016...

CLIMATE NORMAL PERIOD 1981 TO 2010
CLIMATE RECORD PERIOD 9999 TO 9999


WEATHER ITEM   OBSERVED TIME   RECORD YEAR NORMAL DEPARTURE LAST
                VALUE   (LST)  VALUE       VALUE  FROM      YEAR
                                                  NORMAL
..................................................................
TEMPERATURE (F)
 YESTERDAY
  MAXIMUM         70    325 PM  MM      MM  77     -7       72
  MINIMUM         53   1219 AM  MM      MM  51      2       63
  AVERAGE         62                        64     -2       68

PRECIPITATION (IN)
  YESTERDAY        0.06         MM      MM   0.13  -0.07     0.79
  MONTH TO DATE    2.19                      3.05  -0.86     2.91
  SINCE SEP 1      2.19                      3.05  -0.86     2.91
  SINCE JAN 1     34.45                     32.40   2.05    34.85

DEGREE DAYS
 HEATING
  YESTERDAY        3                         4     -1        0
  MONTH TO DATE   10                        33    -23       11
  SINCE SEP 1     10                        33    -23       11
  SINCE JUL 1     10                        34    -24       11

 COOLING
  YESTERDAY        0                         3     -3        3
  MONTH TO DATE  241                       168     73      207
  SINCE SEP 1    241                       168     73      207
  SINCE JAN 1   1532                      1351    181     1310
..................................................................


WIND (MPH)
  HIGHEST WIND SPEED    14   HIGHEST WIND DIRECTION     N (20)
  HIGHEST GUST SPEED    18   HIGHEST GUST DIRECTION    NE (30)
  AVERAGE WIND SPEED     6.6


SKY COVER
  POSSIBLE SUNSHINE  MM
  AVERAGE SKY COVER 0.7


WEATHER CONDITIONS
 THE FOLLOWING WEATHER WAS RECORDED YESTERDAY.
  RAIN
  LIGHT RAIN
  FOG


RELATIVE HUMIDITY (PERCENT)
 HIGHEST    93           900 PM
 LOWEST     53           400 PM
 AVERAGE    73

..........................................................


THE LAWRENCEVILLE IL AIRPORT CLIMATE NORMALS FOR TODAY
                         NORMAL    RECORD    YEAR
 MAXIMUM TEMPERATURE (F)   76        MM        MM
 MINIMUM TEMPERATURE (F)   51        MM        MM


SUNRISE AND SUNSET
SEPTEMBER 30 2016.....SUNRISE   646 AM CDT   SUNSET   634 PM CDT
OCTOBER  1 2016.......SUNRISE   647 AM CDT   SUNSET   632 PM CDT


-  INDICATES NEGATIVE NUMBERS.
R  INDICATES RECORD WAS SET OR TIED.
MM INDICATES DATA IS MISSING.
T  INDICATES TRACE AMOUNT.




$$
