000
CDUS41 KRNK 160916
CLILYH


CLIMATE REPORT
NATIONAL WEATHER SERVICE BLACKSBURG VA
513 AM EDT TUE SEP 16 2014


...................................

...THE LYNCHBURG VA CLIMATE SUMMARY FOR SEPTEMBER 15 2014...

CLIMATE NORMAL PERIOD 1981 TO 2010
CLIMATE RECORD PERIOD 1893 TO 2014


WEATHER ITEM   OBSERVED TIME   RECORD YEAR NORMAL DEPARTURE LAST
                VALUE   (LST)  VALUE       VALUE  FROM      YEAR
                                                  NORMAL
..................................................................
TEMPERATURE (F)
 YESTERDAY
  MAXIMUM         73    332 PM  95    1930  79     -6       77
  MINIMUM         53    614 AM  42    1964  56     -3       46
                                      1902
  AVERAGE         63                        67     -4       62

PRECIPITATION (IN)
  YESTERDAY        0.00          3.29 1989   0.14  -0.14     0.00
  MONTH TO DATE    0.95                      1.98  -1.03     0.02
  SINCE SEP 1      0.95                      1.98  -1.03     0.02
  SINCE JAN 1     34.94                     29.91   5.03    33.74

SNOWFALL (IN)
  YESTERDAY        0.0
  MONTH TO DATE    0.0
  SINCE SEP 1      0.0
  SINCE JUL 1      0.0
  SNOW DEPTH       0

DEGREE DAYS
 HEATING
  YESTERDAY        2                         1      1        3
  MONTH TO DATE    6                         8     -2        6
  SINCE SEP 1      6                         8     -2        6
  SINCE JUL 1      6                        11     -5       11

 COOLING
  YESTERDAY        0                         4     -4        0
  MONTH TO DATE  105                        82     23      118
  SINCE SEP 1    105                        82     23      118
  SINCE JAN 1    935                       980    -45     1147
..................................................................


WIND (MPH)
  HIGHEST WIND SPEED    12   HIGHEST WIND DIRECTION     S (160)
  HIGHEST GUST SPEED    16   HIGHEST GUST DIRECTION     S (160)
  AVERAGE WIND SPEED     3.8


SKY COVER
  POSSIBLE SUNSHINE  MM
  AVERAGE SKY COVER 0.7


WEATHER CONDITIONS
 THE FOLLOWING WEATHER WAS RECORDED YESTERDAY.
  FOG


RELATIVE HUMIDITY (PERCENT)
 HIGHEST   100          1200 AM
 LOWEST     68           100 PM
 AVERAGE    84

..........................................................


THE LYNCHBURG VA CLIMATE NORMALS FOR TODAY
                         NORMAL    RECORD    YEAR
 MAXIMUM TEMPERATURE (F)   78        97      1897
 MINIMUM TEMPERATURE (F)   56        42      2001
                                             2000


SUNRISE AND SUNSET
SEPTEMBER 16 2014.....SUNRISE   700 AM EDT   SUNSET   723 PM EDT
SEPTEMBER 17 2014.....SUNRISE   700 AM EDT   SUNSET   721 PM EDT


-  INDICATES NEGATIVE NUMBERS.
R  INDICATES RECORD WAS SET OR TIED.
MM INDICATES DATA IS MISSING.
T  INDICATES TRACE AMOUNT.


REMARKS:
DUE TO A SYSTEM FAILURE CAUSING MISSING TEMPERATURES ON
AUGUST 21-24...THE SEASONAL TOTAL AND DEPARTURE FROM NORMAL
FOR CDD WILL BE CALCULATED WITHOUT DATA FROM THOSE DATES.


$$
