000
CDUS41 KRNK 270841
CLILYH


CLIMATE REPORT
NATIONAL WEATHER SERVICE BLACKSBURG VA
440 AM EDT FRI MAY 27 2016


...................................

...THE LYNCHBURG VA CLIMATE SUMMARY FOR MAY 26 2016...

CLIMATE NORMAL PERIOD 1981 TO 2010
CLIMATE RECORD PERIOD 1893 TO 2016


WEATHER ITEM   OBSERVED TIME   RECORD YEAR NORMAL DEPARTURE LAST
                VALUE   (LST)  VALUE       VALUE  FROM      YEAR
                                                  NORMAL
..................................................................
TEMPERATURE (F)
 YESTERDAY
  MAXIMUM         85    304 PM  93    1933  78      7       84
  MINIMUM         59    522 AM  38    1988  54      5       58
  AVERAGE         72                        66      6       71

PRECIPITATION (IN)
  YESTERDAY        0.00          2.91 1921   0.14  -0.14     0.00
  MONTH TO DATE    6.76                      3.07   3.69     1.56
  SINCE MAR 1     12.24                      9.96   2.28     8.90
  SINCE JAN 1     19.53                     16.03   3.50    13.28

SNOWFALL (IN)
  YESTERDAY        0.0                                       0.0
  MONTH TO DATE    0.0                                       0.0
  SINCE MAR 1      T                                         2.5
  SINCE JUL 1     15.6                                      22.9
  SNOW DEPTH       0

DEGREE DAYS
 HEATING
  YESTERDAY        0                         2     -2        0
  MONTH TO DATE  117                       112      5       59
  SINCE MAR 1    799                      1011   -212      938
  SINCE JUL 1   3765                      4435   -670     4627

 COOLING
  YESTERDAY        7                         3      4        6
  MONTH TO DATE   16                        46    -30       94
  SINCE MAR 1     33                        64    -31      102
  SINCE JAN 1     33                        64    -31      102
..................................................................


WIND (MPH)
  HIGHEST WIND SPEED    13   HIGHEST WIND DIRECTION     S (200)
  HIGHEST GUST SPEED    16   HIGHEST GUST DIRECTION     S (190)
  AVERAGE WIND SPEED     3.1


SKY COVER
  AVERAGE SKY COVER 0.2


WEATHER CONDITIONS
 THE FOLLOWING WEATHER WAS RECORDED YESTERDAY.
  NO SIGNIFICANT WEATHER WAS OBSERVED.


RELATIVE HUMIDITY (PERCENT)
 HIGHEST    93           500 AM
 LOWEST     44           200 PM
 AVERAGE    69

..........................................................


THE LYNCHBURG VA CLIMATE NORMALS FOR TODAY
                         NORMAL    RECORD    YEAR
 MAXIMUM TEMPERATURE (F)   78        95      1936
                                             1914
 MINIMUM TEMPERATURE (F)   54        40      1925


SUNRISE AND SUNSET
MAY 27 2016...........SUNRISE   600 AM EDT   SUNSET   829 PM EDT
MAY 28 2016...........SUNRISE   559 AM EDT   SUNSET   829 PM EDT


-  INDICATES NEGATIVE NUMBERS.
R  INDICATES RECORD WAS SET OR TIED.
MM INDICATES DATA IS MISSING.
T  INDICATES TRACE AMOUNT.

REMARKS:

DUE TO A SENSOR FAILURE CAUSING MISSING TEMPERATURES ON OCTOBER 22
AND 23...THE SEASONAL HEATING DEGREE DAY TOTAL AND DEPARTURE FROM
NORMAL WILL BE CALCULATED WITHOUT DATA FROM THESE DATES.

$$

RAB
