000
CDUS41 KRNK 200712
CLILYH


CLIMATE REPORT
NATIONAL WEATHER SERVICE BLACKSBURG VA
211 AM EST SAT JAN 20 2018


...................................

...THE LYNCHBURG VA CLIMATE SUMMARY FOR JANUARY 19 2018...

CLIMATE NORMAL PERIOD 1981 TO 2010
CLIMATE RECORD PERIOD 1893 TO 2018


WEATHER ITEM   OBSERVED TIME   RECORD YEAR NORMAL DEPARTURE LAST
                VALUE   (LST)  VALUE       VALUE  FROM      YEAR
                                                  NORMAL
..................................................................
TEMPERATURE (F)
 YESTERDAY
  MAXIMUM         50    356 PM  70    1907  45      5       59
  MINIMUM         18    608 AM  -4    1994  25     -7       31
  AVERAGE         34                        35     -1       45

PRECIPITATION (IN)
  YESTERDAY        0.00          2.86 1936   0.10  -0.10     0.00
  MONTH TO DATE    1.80                      1.91  -0.11     1.68
  SINCE DEC 1      2.49                      5.15  -2.66     4.78
  SINCE JAN 1      1.80                      1.91  -0.11     1.68

SNOWFALL (IN)
  YESTERDAY        0.0                                       0.0
  MONTH TO DATE    4.0                                       5.9
  SINCE DEC 1      5.5                                       5.9
  SINCE JUL 1      5.5                                       5.9
  SNOW DEPTH       1

DEGREE DAYS
 HEATING
  YESTERDAY       31                        30      1       20
  MONTH TO DATE  701                       570    131      509
  SINCE DEC 1   1553                      1421    132     1318
  SINCE JUL 1   2368                      2315     53     1948

 COOLING
  YESTERDAY        0                         0      0        0
  MONTH TO DATE    0                         0      0        0
  SINCE DEC 1      0                         0      0        0
  SINCE JAN 1      0                         0      0        0
..................................................................


WIND (MPH)
  HIGHEST WIND SPEED    14   HIGHEST WIND DIRECTION    SW (220)
  HIGHEST GUST SPEED    19   HIGHEST GUST DIRECTION     W (280)
  AVERAGE WIND SPEED     5.1


SKY COVER
  AVERAGE SKY COVER 0.0


WEATHER CONDITIONS
 THE FOLLOWING WEATHER WAS RECORDED YESTERDAY.
  NO SIGNIFICANT WEATHER WAS OBSERVED.


RELATIVE HUMIDITY (PERCENT)
 HIGHEST    62           100 AM
 LOWEST     16          1200 PM
 AVERAGE    39

..........................................................


THE LYNCHBURG VA CLIMATE NORMALS FOR TODAY
                         NORMAL    RECORD    YEAR
 MAXIMUM TEMPERATURE (F)   45        68      1926
                                             1914
 MINIMUM TEMPERATURE (F)   25        -7      1985


SUNRISE AND SUNSET
JANUARY 20 2018.......SUNRISE   728 AM EST   SUNSET   528 PM EST
JANUARY 21 2018.......SUNRISE   727 AM EST   SUNSET   529 PM EST


-  INDICATES NEGATIVE NUMBERS.
R  INDICATES RECORD WAS SET OR TIED.
MM INDICATES DATA IS MISSING.
T  INDICATES TRACE AMOUNT.




$$
