000
CDUS41 KRNK 220705
CLILYH


CLIMATE REPORT
NATIONAL WEATHER SERVICE BLACKSBURG VA
304 AM EDT FRI SEP 22 2017


...................................

...THE LYNCHBURG VA CLIMATE SUMMARY FOR SEPTEMBER 21 2017...

CLIMATE NORMAL PERIOD 1981 TO 2010
CLIMATE RECORD PERIOD 1893 TO 2017


WEATHER ITEM   OBSERVED TIME   RECORD YEAR NORMAL DEPARTURE LAST
                VALUE   (LST)  VALUE       VALUE  FROM      YEAR
                                                  NORMAL
..................................................................
TEMPERATURE (F)
 YESTERDAY
  MAXIMUM         86    313 PM  98    1895  76     10       77
  MINIMUM         61    202 AM  37    1956  54      7       63
  AVERAGE         74                        65      9       70

PRECIPITATION (IN)
  YESTERDAY        0.00          3.60 1979   0.12  -0.12     0.05
  MONTH TO DATE    1.91                      2.78  -0.87     1.58
  SINCE SEP 1      1.91                      2.78  -0.87     1.58
  SINCE JAN 1     28.64                     30.71  -2.07    34.70

SNOWFALL (IN)
  YESTERDAY        0.0                                       0.0
  MONTH TO DATE    0.0                                       0.0
  SINCE SEP 1      0.0                                       0.0
  SINCE JUL 1      0.0                                       0.0
  SNOW DEPTH       0

DEGREE DAYS
 HEATING
  YESTERDAY        0                         3     -3        0
  MONTH TO DATE   47                        21     26        0
  SINCE SEP 1     47                        21     26        0
  SINCE JUL 1     49                        24     25        0

 COOLING
  YESTERDAY        9                         3      6        5
  MONTH TO DATE   74                       101    -27      192
  SINCE SEP 1     74                       101    -27      192
  SINCE JAN 1   1052                       999     53     1270
..................................................................


WIND (MPH)
  HIGHEST WIND SPEED     9   HIGHEST WIND DIRECTION     E (70)
  HIGHEST GUST SPEED    17   HIGHEST GUST DIRECTION    NE (30)
  AVERAGE WIND SPEED     2.7


SKY COVER
  AVERAGE SKY COVER 0.1


WEATHER CONDITIONS
 THE FOLLOWING WEATHER WAS RECORDED YESTERDAY.
  NO SIGNIFICANT WEATHER WAS OBSERVED.


RELATIVE HUMIDITY (PERCENT)
 HIGHEST    93          1200 AM
 LOWEST     44           200 PM
 AVERAGE    69

..........................................................


THE LYNCHBURG VA CLIMATE NORMALS FOR TODAY
                         NORMAL    RECORD    YEAR
 MAXIMUM TEMPERATURE (F)   76        98      1895
 MINIMUM TEMPERATURE (F)   53        41      1962
                                             1918
                                             1897


SUNRISE AND SUNSET
SEPTEMBER 22 2017.....SUNRISE   705 AM EDT   SUNSET   713 PM EDT
SEPTEMBER 23 2017.....SUNRISE   706 AM EDT   SUNSET   712 PM EDT


-  INDICATES NEGATIVE NUMBERS.
R  INDICATES RECORD WAS SET OR TIED.
MM INDICATES DATA IS MISSING.
T  INDICATES TRACE AMOUNT.

REMARKS:
DUE TO MISSING TEMPERATURES ON FEBRUARY 23 AND JULY 24-25...ALL
TEMPERATURE AND DEGREE DAY INFORMATION WILL BE CALCULATED WITHOUT
DATA FROM THESE DATES.


$$
