000
CDUS41 KRNK 300816
CLILYH


CLIMATE REPORT
NATIONAL WEATHER SERVICE BLACKSBURG VA
415 AM EDT THU JUL 30 2015


...................................

...THE LYNCHBURG VA CLIMATE SUMMARY FOR JULY 29 2015...

CLIMATE NORMAL PERIOD 1981 TO 2010
CLIMATE RECORD PERIOD 1893 TO 2015


WEATHER ITEM   OBSERVED TIME   RECORD YEAR NORMAL DEPARTURE LAST
                VALUE   (LST)  VALUE       VALUE  FROM      YEAR
                                                  NORMAL
..................................................................
TEMPERATURE (F)
 YESTERDAY
  MAXIMUM         86    523 PM 101    1930  86      0       78
  MINIMUM         71    300 AM  53    1920  64      7       56
  AVERAGE         79                        75      4       67

PRECIPITATION (IN)
  YESTERDAY        T             2.10 1972   0.14  -0.14     0.00
  MONTH TO DATE    3.79                      4.06  -0.27     5.74
  SINCE JUN 1      9.38                      7.68   1.70     8.14
  SINCE JAN 1     22.76                     24.37  -1.61    29.16

SNOWFALL (IN)
  YESTERDAY        0.0                                       0.0
  MONTH TO DATE    0.0                                       0.0
  SINCE JUN 1      0.0                                       0.0
  SINCE JUL 1      0.0                                       0.0
  SNOW DEPTH       0

DEGREE DAYS
 HEATING
  YESTERDAY        0                         0      0        0
  MONTH TO DATE    0                         0      0        0
  SINCE JUN 1     13                        14     -1        1
  SINCE JUL 1      0                         0      0        0

 COOLING
  YESTERDAY       14                        10      4        2
  MONTH TO DATE  304                       290     14      284
  SINCE JUN 1    582                       504     78      539
  SINCE JAN 1    730                       586    144      653
..................................................................


WIND (MPH)
  HIGHEST WIND SPEED    12   HIGHEST WIND DIRECTION     S (200)
  HIGHEST GUST SPEED    14   HIGHEST GUST DIRECTION     S (190)
  AVERAGE WIND SPEED     3.4


SKY COVER
  AVERAGE SKY COVER 0.7


WEATHER CONDITIONS
 THE FOLLOWING WEATHER WAS RECORDED YESTERDAY.
  LIGHT RAIN
  FOG


RELATIVE HUMIDITY (PERCENT)
 HIGHEST   100           200 AM
 LOWEST     61           400 PM
 AVERAGE    81

..........................................................


THE LYNCHBURG VA CLIMATE NORMALS FOR TODAY
                         NORMAL    RECORD    YEAR
 MAXIMUM TEMPERATURE (F)   86       100      1953
 MINIMUM TEMPERATURE (F)   64        52      1997


SUNRISE AND SUNSET
JULY 30 2015..........SUNRISE   619 AM EDT   SUNSET   827 PM EDT
JULY 31 2015..........SUNRISE   620 AM EDT   SUNSET   826 PM EDT


-  INDICATES NEGATIVE NUMBERS.
R  INDICATES RECORD WAS SET OR TIED.
MM INDICATES DATA IS MISSING.
T  INDICATES TRACE AMOUNT.




$$
