000
CDUS41 KRNK 122117
CLILYH


CLIMATE REPORT
NATIONAL WEATHER SERVICE BLACKSBURG VA
514 PM EDT SAT JUL 12 2014


...................................

...THE LYNCHBURG VA CLIMATE SUMMARY FOR JULY 12 2014...
VALID TODAY AS OF 0500 PM LOCAL TIME.

CLIMATE NORMAL PERIOD 1981 TO 2010
CLIMATE RECORD PERIOD 1893 TO 2014


WEATHER ITEM   OBSERVED TIME   RECORD YEAR NORMAL DEPARTURE LAST
                VALUE   (LST)  VALUE       VALUE  FROM      YEAR
                                                  NORMAL
..................................................................
TEMPERATURE (F)
 TODAY
  MAXIMUM         88    247 PM  98    1914  87      1       74
  MINIMUM         64    537 AM  50    2002  64      0       67
  AVERAGE         76                        75      1       71

PRECIPITATION (IN)
  TODAY            0.00          2.40 1964   0.15  -0.15     0.08
  MONTH TO DATE    1.68                      1.59   0.09     3.14
  SINCE JUN 1      4.08                      5.21  -1.13     9.46
  SINCE JAN 1     25.10                     21.90   3.20    29.90

SNOWFALL (IN)
  TODAY            0.0
  MONTH TO DATE    0.0
  SINCE JUN 1      0.0
  SINCE JUL 1      0.0
  SNOW DEPTH       0

DEGREE DAYS
 HEATING
  TODAY            0                         0      0        0
  MONTH TO DATE    0                         0      0        0
  SINCE JUN 1      1                        14    -13        1
  SINCE JUL 1      0                         0      0        0

 COOLING
  TODAY           11                        10      1        6
  MONTH TO DATE  124                       120      4      145
  SINCE JUN 1    379                       334     45      400
  SINCE JAN 1    493                       416     77      535
..................................................................


WIND (MPH)
  HIGHEST WIND SPEED    14   HIGHEST WIND DIRECTION     S (180)
  HIGHEST GUST SPEED    20   HIGHEST GUST DIRECTION     S (190)
  AVERAGE WIND SPEED     2.9


SKY COVER
  POSSIBLE SUNSHINE  MM
  AVERAGE SKY COVER 0.2


WEATHER CONDITIONS
 THE FOLLOWING WEATHER WAS RECORDED TODAY.
  FOG


RELATIVE HUMIDITY (PERCENT)
 HIGHEST   100          1200 AM
 LOWEST     48           300 PM
 AVERAGE    74

..........................................................


THE LYNCHBURG VA CLIMATE NORMALS FOR TOMORROW
                         NORMAL    RECORD    YEAR
 MAXIMUM TEMPERATURE (F)   87        99      1932
 MINIMUM TEMPERATURE (F)   64        53      1976
                                             1963


SUNRISE AND SUNSET
JULY 12 2014..........SUNRISE   606 AM EDT   SUNSET   839 PM EDT
JULY 13 2014..........SUNRISE   607 AM EDT   SUNSET   838 PM EDT


-  INDICATES NEGATIVE NUMBERS.
R  INDICATES RECORD WAS SET OR TIED.
MM INDICATES DATA IS MISSING.
T  INDICATES TRACE AMOUNT.



$$
