000
CDUS41 KRNK 280921
CLILYH


CLIMATE REPORT
NATIONAL WEATHER SERVICE BLACKSBURG VA
518 AM EDT FRI AUG 28 2015


...................................

...THE LYNCHBURG VA CLIMATE SUMMARY FOR AUGUST 27 2015...

CLIMATE NORMAL PERIOD 1981 TO 2010
CLIMATE RECORD PERIOD 1893 TO 2015


WEATHER ITEM   OBSERVED TIME   RECORD YEAR NORMAL DEPARTURE LAST
                VALUE   (LST)  VALUE       VALUE  FROM      YEAR
                                                  NORMAL
..................................................................
TEMPERATURE (F)
 YESTERDAY
  MAXIMUM         80    519 PM  96    1948  84     -4       84
  MINIMUM         59    518 AM  50    1945  62     -3       53
                                      1917
  AVERAGE         70                        73     -3       69

PRECIPITATION (IN)
  YESTERDAY        0.00          2.56 2008   0.11  -0.11     0.00
  MONTH TO DATE    1.98                      2.84  -0.86     4.78
  SINCE JUN 1     11.36                     10.82   0.54    12.97
  SINCE JAN 1     24.74                     27.51  -2.77    33.99

SNOWFALL (IN)
  YESTERDAY        0.0                                       0.0
  MONTH TO DATE    0.0                                       0.0
  SINCE JUN 1      0.0                                       0.0
  SINCE JUL 1      0.0                                       0.0
  SNOW DEPTH       0

DEGREE DAYS
 HEATING
  YESTERDAY        0                         0      0        0
  MONTH TO DATE    0                         0      0        0
  SINCE JUN 1     13                        15     -2        1
  SINCE JUL 1      0                         1     -1        0

 COOLING
  YESTERDAY        5                         8     -3        4
  MONTH TO DATE  240                       254    -14      129
  SINCE JUN 1    847                       786     61      674
  SINCE JAN 1    995                       868    127      788
..................................................................


WIND (MPH)
  HIGHEST WIND SPEED    13   HIGHEST WIND DIRECTION    NE (50)
  HIGHEST GUST SPEED    17   HIGHEST GUST DIRECTION    NE (40)
  AVERAGE WIND SPEED     3.5


SKY COVER
  AVERAGE SKY COVER 0.3


WEATHER CONDITIONS
 THE FOLLOWING WEATHER WAS RECORDED YESTERDAY.
  NO SIGNIFICANT WEATHER WAS OBSERVED.


RELATIVE HUMIDITY (PERCENT)
 HIGHEST    90           300 AM
 LOWEST     42           500 PM
 AVERAGE    66

..........................................................


THE LYNCHBURG VA CLIMATE NORMALS FOR TODAY
                         NORMAL    RECORD    YEAR
 MAXIMUM TEMPERATURE (F)   84        98      1948
 MINIMUM TEMPERATURE (F)   62        51      1986
                                             1905


SUNRISE AND SUNSET
AUGUST 28 2015........SUNRISE   644 AM EDT   SUNSET   752 PM EDT
AUGUST 29 2015........SUNRISE   645 AM EDT   SUNSET   750 PM EDT


-  INDICATES NEGATIVE NUMBERS.
R  INDICATES RECORD WAS SET OR TIED.
MM INDICATES DATA IS MISSING.
T  INDICATES TRACE AMOUNT.




$$
