000
CDUS44 KLZK 250650
CLILZK


CLIMATE REPORT
NATIONAL WEATHER SERVICE LITTLE ROCK AR
148 AM CDT SAT MAR 25 2017


...................................

...THE NORTH LITTLE ROCK CLIMATE SUMMARY FOR MARCH 24 2017...

CLIMATE NORMAL PERIOD 1981 TO 2010
CLIMATE RECORD PERIOD 1975 TO 2017


WEATHER ITEM   OBSERVED TIME   RECORD YEAR NORMAL DEPARTURE LAST
                VALUE   (LST)  VALUE       VALUE  FROM      YEAR
                                                  NORMAL
..................................................................
TEMPERATURE (F)
 YESTERDAY
  MAXIMUM         76        MM  83    2007  66     10       67
  MINIMUM         59   1100 PM  32    2006  47     12       39
  AVERAGE         68                        56     12       53

PRECIPITATION (IN)
  YESTERDAY        0.50          1.25 2009   0.15   0.35     0.40
  MONTH TO DATE    3.14                      3.67  -0.53     7.30
  SINCE MAR 1      3.14                      3.67  -0.53     7.30
  SINCE JAN 1      8.42                     10.75  -2.33    12.36

SNOWFALL (IN)
  YESTERDAY        0.0           T    1993   0.0    0.0      0.0
  MONTH TO DATE    T                         0.4   -0.4       T
  SINCE MAR 1      T                         0.4   -0.4       T
  SINCE JUL 1      0.8                       4.4   -3.6      7.2
  SNOW DEPTH       0

DEGREE DAYS
 HEATING
  YESTERDAY        0                        10    -10       12
  MONTH TO DATE  254                       302    -48      193
  SINCE MAR 1    254                       302    -48      193
  SINCE JUL 1   2085                      2788   -703     2154

 COOLING
  YESTERDAY        3                         1      2        0
  MONTH TO DATE   19                         9     10       11
  SINCE MAR 1     19                         9     10       11
  SINCE JAN 1     36                        11     25       14
..................................................................


WIND (MPH)
  HIGHEST WIND SPEED    14   HIGHEST WIND DIRECTION     S (160)
  HIGHEST GUST SPEED    39   HIGHEST GUST DIRECTION    SW (220)
  AVERAGE WIND SPEED     9.6


SKY COVER
  POSSIBLE SUNSHINE  MM
  AVERAGE SKY COVER 0.0


WEATHER CONDITIONS
 THE FOLLOWING WEATHER WAS RECORDED YESTERDAY.
  NO SIGNIFICANT WEATHER WAS OBSERVED.


RELATIVE HUMIDITY (PERCENT)
 HIGHEST    93          1100 PM
 LOWEST     55           100 AM
 AVERAGE    74

..........................................................


THE NORTH LITTLE ROCK CLIMATE NORMALS FOR TODAY
                         NORMAL    RECORD    YEAR
 MAXIMUM TEMPERATURE (F)   67        82      1991
 MINIMUM TEMPERATURE (F)   47        29      2013


SUNRISE AND SUNSET
MARCH 25 2017.........SUNRISE   705 AM CDT   SUNSET   725 PM CDT
MARCH 26 2017.........SUNRISE   704 AM CDT   SUNSET   726 PM CDT


-  INDICATES NEGATIVE NUMBERS.
R  INDICATES RECORD WAS SET OR TIED.
MM INDICATES DATA IS MISSING.
T  INDICATES TRACE AMOUNT.




$$
