000
CDUS44 KLZK 250653
CLILZK


CLIMATE REPORT
NATIONAL WEATHER SERVICE LITTLE ROCK AR
1253 AM CST SUN FEB 25 2018


...................................

...THE NORTH LITTLE ROCK CLIMATE SUMMARY FOR FEBRUARY 24 2018...

CLIMATE NORMAL PERIOD 1981 TO 2010
CLIMATE RECORD PERIOD 1975 TO 2018


WEATHER ITEM   OBSERVED TIME   RECORD YEAR NORMAL DEPARTURE LAST
                VALUE   (LST)  VALUE       VALUE  FROM      YEAR
                                                  NORMAL
..................................................................
TEMPERATURE (F)
 YESTERDAY
  MAXIMUM         70        MM  77    2000  57     13       66
  MINIMUM         50        MM  21    1989  39     11       45
  AVERAGE         60                        48     12       56

PRECIPITATION (IN)
  YESTERDAY        1.18          1.47 2007   0.14   1.04     0.00
  MONTH TO DATE   11.50                      3.08   8.42     2.80
  SINCE DEC 1     20.82                     11.51   9.31     8.27
  SINCE JAN 1     13.99                      6.50   7.49     5.10

SNOWFALL (IN)
  YESTERDAY        0.0           3.0  2003   0.0    0.0      0.0
  MONTH TO DATE    T                         1.6   -1.6      0.0
  SINCE DEC 1      1.5                       3.8   -2.3      0.8
  SINCE JUL 1      1.5                       3.8   -2.3      0.8
  SNOW DEPTH       0

DEGREE DAYS
 HEATING
  YESTERDAY        5                        17    -12        9
  MONTH TO DATE  491                       487      4      267
  SINCE DEC 1   1990                      1908     82     1484
  SINCE JUL 1   2396                      2420    -24     1778

 COOLING
  YESTERDAY        0                         0      0        0
  MONTH TO DATE    3                         0      3       13
  SINCE DEC 1      3                         2      1       15
  SINCE JAN 1      3                         1      2       14
..................................................................


WIND (MPH)
  HIGHEST WIND SPEED    15   HIGHEST WIND DIRECTION     S (180)
  HIGHEST GUST SPEED    28   HIGHEST GUST DIRECTION     S (180)
  AVERAGE WIND SPEED     4.3


SKY COVER
  POSSIBLE SUNSHINE  MM
  AVERAGE SKY COVER 0.0


WEATHER CONDITIONS
 THE FOLLOWING WEATHER WAS RECORDED YESTERDAY.
  THUNDERSTORM
  HEAVY RAIN
  RAIN
  LIGHT RAIN
  FOG
  FOG W/VISIBILITY <= 1/4 MILE


RELATIVE HUMIDITY (PERCENT)
 HIGHEST   100          1200 AM
 LOWEST     89          1100 PM
 AVERAGE    95

..........................................................


THE NORTH LITTLE ROCK CLIMATE NORMALS FOR TODAY
                         NORMAL    RECORD    YEAR
 MAXIMUM TEMPERATURE (F)   57        78      1996
                                             1981
 MINIMUM TEMPERATURE (F)   39        20      2003


SUNRISE AND SUNSET
FEBRUARY 25 2018......SUNRISE   643 AM CST   SUNSET   601 PM CST
FEBRUARY 26 2018......SUNRISE   642 AM CST   SUNSET   602 PM CST


-  INDICATES NEGATIVE NUMBERS.
R  INDICATES RECORD WAS SET OR TIED.
MM INDICATES DATA IS MISSING.
T  INDICATES TRACE AMOUNT.




$$
