000
CDUS44 KLZK 222209
CLILZK


CLIMATE REPORT
NATIONAL WEATHER SERVICE LITTLE ROCK AR
408 PM CST MON DEC 22 2014


...................................

...THE NORTH LITTLE ROCK CLIMATE SUMMARY FOR DECEMBER 22 2014...
VALID TODAY AS OF 0400 PM LOCAL TIME.

CLIMATE NORMAL PERIOD 1981 TO 2010
CLIMATE RECORD PERIOD 1975 TO 2014


WEATHER ITEM   OBSERVED TIME   RECORD YEAR NORMAL DEPARTURE LAST
                VALUE   (LST)  VALUE       VALUE  FROM      YEAR
                                                  NORMAL
..................................................................
TEMPERATURE (F)
 TODAY
  MAXIMUM         54        MM  72    1982  50      4       51
  MINIMUM         45        MM   0    1989  34     11       33
  AVERAGE         50                        42      8       42

PRECIPITATION (IN)
  TODAY            0.02          0.86 1990   0.16  -0.14     0.00
  MONTH TO DATE    2.02                      3.71  -1.69     7.31
  SINCE DEC 1      2.02                      3.71  -1.69     7.31
  SINCE JAN 1     46.18                     48.73  -2.55    51.29

SNOWFALL (IN)
  TODAY            0.0           2.6  2004   0.0    0.0      0.0
  MONTH TO DATE    T                         0.2   -0.2      1.1
  SINCE DEC 1      T                         0.2   -0.2      1.1
  SINCE JUL 1      0.6                       0.2    0.4      1.1
  SNOW DEPTH       0

DEGREE DAYS
 HEATING
  TODAY           15                        23     -8       23
  MONTH TO DATE  434                       467    -33      460
  SINCE DEC 1    434                       467    -33      460
  SINCE JUL 1   1049                       979     70     1066

 COOLING
  TODAY            0                         0      0        0
  MONTH TO DATE    0                         0      0        1
  SINCE DEC 1      0                         0      0        1
  SINCE JAN 1   1934                      2169   -235     2119
..................................................................


WIND (MPH)
  HIGHEST WIND SPEED    MM   HIGHEST WIND DIRECTION    MM
  HIGHEST GUST SPEED    MM   HIGHEST GUST DIRECTION    MM
  AVERAGE WIND SPEED    MM


SKY COVER
  POSSIBLE SUNSHINE  MM
  AVERAGE SKY COVER  MM


WEATHER CONDITIONS
 THE FOLLOWING WEATHER WAS RECORDED TODAY.
  LIGHT RAIN


RELATIVE HUMIDITY (PERCENT)
 HIGHEST    MM
 LOWEST     MM
 AVERAGE    MM

..........................................................


THE NORTH LITTLE ROCK CLIMATE NORMALS FOR TOMORROW
                         NORMAL    RECORD    YEAR
 MAXIMUM TEMPERATURE (F)   50        70      1982
 MINIMUM TEMPERATURE (F)   34        -2      1989


SUNRISE AND SUNSET
DECEMBER 22 2014......SUNRISE   713 AM CST   SUNSET   502 PM CST
DECEMBER 23 2014......SUNRISE   714 AM CST   SUNSET   503 PM CST


-  INDICATES NEGATIVE NUMBERS.
R  INDICATES RECORD WAS SET OR TIED.
MM INDICATES DATA IS MISSING.
T  INDICATES TRACE AMOUNT.




$$
