000
CDUS44 KLZK 010910
CLILZK


CLIMATE REPORT
NATIONAL WEATHER SERVICE LITTLE ROCK AR
410 AM CDT SAT NOV 1 2014


...................................

...THE NORTH LITTLE ROCK CLIMATE SUMMARY FOR OCTOBER 31 2014...

CLIMATE NORMAL PERIOD 1981 TO 2010
CLIMATE RECORD PERIOD 1975 TO 2014


WEATHER ITEM   OBSERVED TIME   RECORD YEAR NORMAL DEPARTURE LAST
                VALUE   (LST)  VALUE       VALUE  FROM      YEAR
                                                  NORMAL
..................................................................
TEMPERATURE (F)
 YESTERDAY
  MAXIMUM         62        MM  85    2000  68     -6       76
  MINIMUM         39        MM  27    1993  50    -11       54
  AVERAGE         51                        59     -8       65

PRECIPITATION (IN)
  YESTERDAY        0.00          2.00 1999   0.17  -0.17     0.55
  MONTH TO DATE    5.25                      4.80   0.45     3.46
  SINCE SEP 1      6.32                      8.11  -1.79     5.72
  SINCE JAN 1     42.12                     39.63   2.49    39.94

SNOWFALL (IN)
  YESTERDAY        0.0          MM      MM   0.0    0.0      0.0
  MONTH TO DATE    T                         T      0.0      0.0
  SINCE SEP 1      T                         T      0.0      0.0
  SINCE JUL 1      T                         T      0.0      0.0
  SNOW DEPTH       0

DEGREE DAYS
 HEATING
  YESTERDAY       14                         7      7        0
  MONTH TO DATE   74                       122    -48      124
  SINCE SEP 1     81                       135    -54      124
  SINCE JUL 1     81                       135    -54      124

 COOLING
  YESTERDAY        0                         1     -1        0
  MONTH TO DATE   99                        84     15       81
  SINCE SEP 1    416                       381     35      474
  SINCE JAN 1   1931                      2158   -227     2110
..................................................................


WIND (MPH)
  HIGHEST WIND SPEED    MM   HIGHEST WIND DIRECTION    MM
  HIGHEST GUST SPEED    MM   HIGHEST GUST DIRECTION    MM
  AVERAGE WIND SPEED    MM


SKY COVER
  POSSIBLE SUNSHINE  MM
  AVERAGE SKY COVER  MM


WEATHER CONDITIONS
 THE FOLLOWING WEATHER WAS RECORDED YESTERDAY.
  NO SIGNIFICANT WEATHER WAS OBSERVED.


RELATIVE HUMIDITY (PERCENT)
 HIGHEST    MM
 LOWEST     MM
 AVERAGE    MM

..........................................................


THE NORTH LITTLE ROCK CLIMATE NORMALS FOR TODAY
                         NORMAL    RECORD    YEAR
 MAXIMUM TEMPERATURE (F)   68        84      2003
 MINIMUM TEMPERATURE (F)   49        30      1993


SUNRISE AND SUNSET
NOVEMBER  1 2014......SUNRISE   730 AM CDT   SUNSET   615 PM CDT
NOVEMBER  2 2014......SUNRISE   631 AM CST   SUNSET   514 PM CST


-  INDICATES NEGATIVE NUMBERS.
R  INDICATES RECORD WAS SET OR TIED.
MM INDICATES DATA IS MISSING.
T  INDICATES TRACE AMOUNT.




$$
