000
CDUS44 KLZK 060639
CLILZK


CLIMATE REPORT
NATIONAL WEATHER SERVICE LITTLE ROCK AR
138 AM CDT FRI MAY 6 2016


...................................

...THE NORTH LITTLE ROCK CLIMATE SUMMARY FOR MAY 5 2016...

CLIMATE NORMAL PERIOD 1981 TO 2010
CLIMATE RECORD PERIOD 1975 TO 2016


WEATHER ITEM   OBSERVED TIME   RECORD YEAR NORMAL DEPARTURE LAST
                VALUE   (LST)  VALUE       VALUE  FROM      YEAR
                                                  NORMAL
..................................................................
TEMPERATURE (F)
 YESTERDAY
  MAXIMUM         75        MM  90    2012  78     -3       84
  MINIMUM         52    500 AM  40    2013  59     -7       65
  AVERAGE         64                        68     -4       75

PRECIPITATION (IN)
  YESTERDAY        0.00          2.62 2009   0.18  -0.18      T
  MONTH TO DATE    0.00                      0.89  -0.89      T
  SINCE MAR 1     20.45                     10.45  10.00    13.61
  SINCE JAN 1     25.51                     17.53   7.98    19.79

SNOWFALL (IN)
  YESTERDAY        0.0          MM      MM   0.0    0.0      0.0
  MONTH TO DATE    0.0                       0.0    0.0      0.0
  SINCE MAR 1      T                         0.4   -0.4      6.4
  SINCE JUL 1      7.2                       4.4    2.8     10.6
  SNOW DEPTH       0

DEGREE DAYS
 HEATING
  YESTERDAY        1                         1      0        0
  MONTH TO DATE   10                         9      1        3
  SINCE MAR 1    337                       505   -168      500
  SINCE JUL 1   2298                      2991   -693     3297

 COOLING
  YESTERDAY        0                         4     -4       10
  MONTH TO DATE    8                        20    -12       22
  SINCE MAR 1     85                       107    -22       97
  SINCE JAN 1     88                       109    -21       97
..................................................................


WIND (MPH)
  HIGHEST WIND SPEED     9   HIGHEST WIND DIRECTION     N (360)
  HIGHEST GUST SPEED    20   HIGHEST GUST DIRECTION     N (340)
  AVERAGE WIND SPEED     5.9


SKY COVER
  POSSIBLE SUNSHINE  MM
  AVERAGE SKY COVER 0.0


WEATHER CONDITIONS
 THE FOLLOWING WEATHER WAS RECORDED YESTERDAY.
  NO SIGNIFICANT WEATHER WAS OBSERVED.


RELATIVE HUMIDITY (PERCENT)
 HIGHEST    71           500 AM
 LOWEST     27           300 PM
 AVERAGE    49

..........................................................


THE NORTH LITTLE ROCK CLIMATE NORMALS FOR TODAY
                         NORMAL    RECORD    YEAR
 MAXIMUM TEMPERATURE (F)   78        90      2012
                                             2007
 MINIMUM TEMPERATURE (F)   59        44      1992


SUNRISE AND SUNSET
MAY  6 2016...........SUNRISE   613 AM CDT   SUNSET   759 PM CDT
MAY  7 2016...........SUNRISE   612 AM CDT   SUNSET   759 PM CDT


-  INDICATES NEGATIVE NUMBERS.
R  INDICATES RECORD WAS SET OR TIED.
MM INDICATES DATA IS MISSING.
T  INDICATES TRACE AMOUNT.




$$
