000
CDUS44 KLZK 012056
CLILZK


CLIMATE REPORT
NATIONAL WEATHER SERVICE LITTLE ROCK AR
355 PM CDT WED JUL 1 2015


...................................

...THE NORTH LITTLE ROCK CLIMATE SUMMARY FOR JULY 1 2015...
VALID TODAY AS OF 0300 PM LOCAL TIME.

CLIMATE NORMAL PERIOD 1981 TO 2010
CLIMATE RECORD PERIOD 1975 TO 2015


WEATHER ITEM   OBSERVED TIME   RECORD YEAR NORMAL DEPARTURE LAST
                VALUE   (LST)  VALUE       VALUE  FROM      YEAR
                                                  NORMAL
..................................................................
TEMPERATURE (F)
 TODAY
  MAXIMUM         89    254 PM 104    1980  91     -2       90
  MINIMUM         74    651 AM  64    1976  72      2       70
  AVERAGE         82                        82      0       80

PRECIPITATION (IN)
  TODAY            0.00          1.50 2005   0.11  -0.11     0.01
  MONTH TO DATE    0.00                      0.11  -0.11     0.01
  SINCE JUN 1      2.41                      3.42  -1.01     7.59
  SINCE JAN 1     33.47                     25.02   8.45    30.07

SNOWFALL (IN)
  TODAY            0.0          MM      MM   0.0    0.0      0.0
  MONTH TO DATE    0.0                       0.0    0.0      0.0
  SINCE JUN 1      0.0                       0.0    0.0      0.0
  SINCE JUL 1      0.0                       0.0    0.0      0.0
  SNOW DEPTH       0

DEGREE DAYS
 HEATING
  TODAY            0                         0      0        0
  MONTH TO DATE    0                         0      0        0
  SINCE JUN 1      0                         1     -1        0
  SINCE JUL 1      0                         0      0        0

 COOLING
  TODAY           17                        17      0       15
  MONTH TO DATE   17                        17      0       15
  SINCE JUN 1    467                       430     37      407
  SINCE JAN 1    750                       726     24      671
..................................................................


WIND (MPH)
  HIGHEST WIND SPEED    10   HIGHEST WIND DIRECTION    SW (230)
  HIGHEST GUST SPEED    21   HIGHEST GUST DIRECTION    SW (220)
  AVERAGE WIND SPEED     7.1


SKY COVER
  POSSIBLE SUNSHINE  MM
  AVERAGE SKY COVER 0.3


WEATHER CONDITIONS
 THE FOLLOWING WEATHER WAS RECORDED TODAY.
  NO SIGNIFICANT WEATHER WAS OBSERVED.


RELATIVE HUMIDITY (PERCENT)
 HIGHEST    93           600 AM
 LOWEST     72          1100 AM
 AVERAGE    83

..........................................................


THE NORTH LITTLE ROCK CLIMATE NORMALS FOR TOMORROW
                         NORMAL    RECORD    YEAR
 MAXIMUM TEMPERATURE (F)   91       105      1980
 MINIMUM TEMPERATURE (F)   72        64      1995
                                             1985


SUNRISE AND SUNSET
JULY  1 2015..........SUNRISE   559 AM CDT   SUNSET   827 PM CDT
JULY  2 2015..........SUNRISE   600 AM CDT   SUNSET   826 PM CDT


-  INDICATES NEGATIVE NUMBERS.
R  INDICATES RECORD WAS SET OR TIED.
MM INDICATES DATA IS MISSING.
T  INDICATES TRACE AMOUNT.




$$
