000
CDUS44 KLZK 190635
CLILZK


CLIMATE REPORT
NATIONAL WEATHER SERVICE LITTLE ROCK AR
134 AM CDT THU OCT 19 2017


...................................

...THE NORTH LITTLE ROCK CLIMATE SUMMARY FOR OCTOBER 18 2017...

CLIMATE NORMAL PERIOD 1981 TO 2010
CLIMATE RECORD PERIOD 1975 TO 2017


WEATHER ITEM   OBSERVED TIME   RECORD YEAR NORMAL DEPARTURE LAST
                VALUE   (LST)  VALUE       VALUE  FROM      YEAR
                                                  NORMAL
..................................................................
TEMPERATURE (F)
 YESTERDAY
  MAXIMUM         77        MM  89    2005  73      4       81
  MINIMUM         49        MM  34    1976  54     -5       70
  AVERAGE         63                        63      0       76

PRECIPITATION (IN)
  YESTERDAY        0.00          4.02 1984   0.18  -0.18     0.00
  MONTH TO DATE    0.67                      2.62  -1.95     1.46
  SINCE SEP 1      0.95                      5.93  -4.98     2.39
  SINCE JAN 1     43.54                     37.45   6.09    46.58

SNOWFALL (IN)
  YESTERDAY        0.0          MM      MM   0.0    0.0      0.0
  MONTH TO DATE    0.0                       0.0    0.0      0.0
  SINCE SEP 1      0.0                       0.0    0.0      0.0
  SINCE JUL 1      T                         0.0    0.0       T
  SNOW DEPTH       0

DEGREE DAYS
 HEATING
  YESTERDAY        2                         4     -2        0
  MONTH TO DATE   19                        48    -29        9
  SINCE SEP 1     20                        61    -41        9
  SINCE JUL 1     20                        61    -41        9

 COOLING
  YESTERDAY        0                         2     -2       11
  MONTH TO DATE  126                        61     65      114
  SINCE SEP 1    450                       358     92      490
  SINCE JAN 1   2047                      2135    -88     2285
..................................................................


WIND (MPH)
  HIGHEST WIND SPEED     6   HIGHEST WIND DIRECTION     S (160)
  HIGHEST GUST SPEED    MM   HIGHEST GUST DIRECTION    MM
  AVERAGE WIND SPEED     2.9


SKY COVER
  POSSIBLE SUNSHINE  MM
  AVERAGE SKY COVER 0.0


WEATHER CONDITIONS
 THE FOLLOWING WEATHER WAS RECORDED YESTERDAY.
  HAZE


RELATIVE HUMIDITY (PERCENT)
 HIGHEST    83           700 AM
 LOWEST     55          1000 AM
 AVERAGE    69

..........................................................


THE NORTH LITTLE ROCK CLIMATE NORMALS FOR TODAY
                         NORMAL    RECORD    YEAR
 MAXIMUM TEMPERATURE (F)   72        87      2005
                                             2004
 MINIMUM TEMPERATURE (F)   53        35      1989


SUNRISE AND SUNSET
OCTOBER 19 2017.......SUNRISE   718 AM CDT   SUNSET   629 PM CDT
OCTOBER 20 2017.......SUNRISE   719 AM CDT   SUNSET   628 PM CDT


-  INDICATES NEGATIVE NUMBERS.
R  INDICATES RECORD WAS SET OR TIED.
MM INDICATES DATA IS MISSING.
T  INDICATES TRACE AMOUNT.




$$
