000
CDUS44 KLZK 020910
CLILZK


CLIMATE REPORT
NATIONAL WEATHER SERVICE LITTLE ROCK AR
409 AM CDT THU OCT 2 2014


...................................

...THE NORTH LITTLE ROCK CLIMATE SUMMARY FOR OCTOBER 1 2014...

CLIMATE NORMAL PERIOD 1981 TO 2010
CLIMATE RECORD PERIOD 1975 TO 2014


WEATHER ITEM   OBSERVED TIME   RECORD YEAR NORMAL DEPARTURE LAST
                VALUE   (LST)  VALUE       VALUE  FROM      YEAR
                                                  NORMAL
..................................................................
TEMPERATURE (F)
 YESTERDAY
  MAXIMUM         87        MM  92    1979  79      8       80
  MINIMUM         68        MM  42    1985  59      9       71
                                      1984
  AVERAGE         78                        69      9       76

PRECIPITATION (IN)
  YESTERDAY        T             0.86 2007   0.12  -0.12      T
  MONTH TO DATE    T                         0.12  -0.12      T
  SINCE SEP 1      1.07                      3.43  -2.36     2.26
  SINCE JAN 1     36.87                     34.95   1.92    36.48

SNOWFALL (IN)
  YESTERDAY        0.0          MM      MM   0.0    0.0      0.0
  MONTH TO DATE    0.0                       0.0    0.0      0.0
  SINCE SEP 1      0.0                       0.0    0.0      0.0
  SINCE JUL 1      0.0                       0.0    0.0      0.0
  SNOW DEPTH       0

DEGREE DAYS
 HEATING
  YESTERDAY        0                         2     -2        0
  MONTH TO DATE    0                         2     -2        0
  SINCE SEP 1      7                        15     -8        0
  SINCE JUL 1      7                        15     -8        0

 COOLING
  YESTERDAY       13                         5      8       11
  MONTH TO DATE   13                         5      8       11
  SINCE SEP 1    330                       302     28      404
  SINCE JAN 1   1845                      2079   -234     2040
..................................................................


WIND (MPH)
  HIGHEST WIND SPEED    MM   HIGHEST WIND DIRECTION    MM
  HIGHEST GUST SPEED    MM   HIGHEST GUST DIRECTION    MM
  AVERAGE WIND SPEED    MM


SKY COVER
  POSSIBLE SUNSHINE  MM
  AVERAGE SKY COVER  MM


WEATHER CONDITIONS
 THE FOLLOWING WEATHER WAS RECORDED YESTERDAY.
  LIGHT RAIN


RELATIVE HUMIDITY (PERCENT)
 HIGHEST    MM
 LOWEST     MM
 AVERAGE    MM

..........................................................


THE NORTH LITTLE ROCK CLIMATE NORMALS FOR TODAY
                         NORMAL    RECORD    YEAR
 MAXIMUM TEMPERATURE (F)   78        90      2005
 MINIMUM TEMPERATURE (F)   58        44      1985


SUNRISE AND SUNSET
OCTOBER  2 2014.......SUNRISE   704 AM CDT   SUNSET   652 PM CDT
OCTOBER  3 2014.......SUNRISE   705 AM CDT   SUNSET   650 PM CDT


-  INDICATES NEGATIVE NUMBERS.
R  INDICATES RECORD WAS SET OR TIED.
MM INDICATES DATA IS MISSING.
T  INDICATES TRACE AMOUNT.




$$
