000
CDUS46 KHNX 240026
CLIMAE


CLIMATE REPORT
NATIONAL WEATHER SERVICE SAN JOAQUIN VALLEY, CA
526 PM PDT SAT SEP 23 2017


...................................

...THE MADERA CA CLIMATE SUMMARY FOR SEPTEMBER 23 2017...
VALID AS OF 0400 PM LOCAL TIME.

CLIMATE NORMAL PERIOD 1981 TO 2010
CLIMATE RECORD PERIOD 1998 TO 2017


WEATHER ITEM   OBSERVED TIME   RECORD YEAR NORMAL DEPARTURE LAST
                VALUE   (LST)  VALUE       VALUE  FROM      YEAR
                                                  NORMAL
..................................................................
TEMPERATURE (F)
 TODAY
  MAXIMUM         77        MM 101    2003  88    -11       83
  MINIMUM         45R       MM  48    2016  54     -9       48
  AVERAGE         61                        71    -10       66

PRECIPITATION (IN)
  TODAY            0.00          T    2011   0.01  -0.01     0.00
  MONTH TO DATE    0.08                      0.17  -0.09     0.00
  SINCE OCT 1     14.26                     11.94   2.32    12.96
  SINCE JAN 1     10.19                      8.21   1.98     8.40

SNOWFALL (IN)
  TODAY            0.0
  MONTH TO DATE    0.0
  SINCE SEP 1      0.0
  SINCE JUL 1      0.0
  SNOW DEPTH       0

DEGREE DAYS
 HEATING
  TODAY            4                                         0
  MONTH TO DATE    4                                         3
  SINCE SEP 1      4                                         3
  SINCE JUL 1      4                                         3

 COOLING
  TODAY            0                                         1
  MONTH TO DATE  283                                       195
  SINCE SEP 1    283                                       195
  SINCE JAN 1   1954                                      1690
..................................................................


WIND (MPH)
  HIGHEST WIND SPEED     8   HIGHEST WIND DIRECTION     W (290)
  HIGHEST GUST SPEED    MM   HIGHEST GUST DIRECTION    MM
  AVERAGE WIND SPEED     3.2




RELATIVE HUMIDITY (PERCENT)
 HIGHEST    93
 LOWEST     19
 AVERAGE    56

..........................................................


THE MADERA CA CLIMATE NORMALS FOR TOMORROW
                         NORMAL    RECORD    YEAR
 MAXIMUM TEMPERATURE (F)   88       101      2002
 MINIMUM TEMPERATURE (F)   54        49      2007


SUNRISE AND SUNSET
SEPTEMBER 23 2017.....SUNRISE   649 AM PDT   SUNSET   655 PM PDT
SEPTEMBER 24 2017.....SUNRISE   650 AM PDT   SUNSET   654 PM PDT


-  INDICATES NEGATIVE NUMBERS.
R  INDICATES RECORD WAS SET OR TIED.
MM INDICATES DATA IS MISSING.
T  INDICATES TRACE AMOUNT.




$$
