000
CDUS46 KHNX 020821
CLIMAE


CLIMATE REPORT
NATIONAL WEATHER SERVICE SAN JOAQUIN VALLEY, CA
121 AM PDT TUE SEP 2 2014


...................................

...THE MADERA CA AIRPORT CLIMATE SUMMARY FOR SEPTEMBER 1 2014...

CLIMATE NORMAL PERIOD 1981 TO 2010
CLIMATE RECORD PERIOD 1998 TO 2014


WEATHER ITEM   OBSERVED TIME   RECORD YEAR NORMAL DEPARTURE
                VALUE   (LST)  VALUE       VALUE  FROM
                                                  NORMAL
...............................................................
TEMPERATURE (F)
 YESTERDAY
  MAXIMUM         97    406 PM 106    2007  93      4
  MINIMUM         60    548 AM  49    1999  58      2
  AVERAGE         79                        75      4

PRECIPITATION (IN)
  YESTERDAY        0.00          T    2000   0.00   0.00
  MONTH TO DATE    0.00                      0.00   0.00
  SINCE JUL 1      T                         0.04  -0.04
  SINCE JAN 1      3.61                      8.04  -4.43

SNOWFALL (IN)
  YESTERDAY        0.0
  MONTH TO DATE    0.0
  SINCE SEP 1      0.0
  SINCE JUL 1      0.0
  SNOW DEPTH       0

DEGREE DAYS
 HEATING
  YESTERDAY        0
  MONTH TO DATE    0
  SINCE SEP 1      0
  SINCE JUL 1      0

 COOLING
  YESTERDAY       14
  MONTH TO DATE   14
  SINCE SEP 1     14
  SINCE JAN 1   2500
...............................................................


WIND (MPH)
  HIGHEST WIND SPEED    12   HIGHEST WIND DIRECTION    NW (300)
  HIGHEST GUST SPEED    26   HIGHEST GUST DIRECTION     E (90)
  AVERAGE WIND SPEED     4.4




RELATIVE HUMIDITY (PERCENT)
 HIGHEST    67
 LOWEST     18
 AVERAGE    43

..........................................................


THE MADERA CA AIRPORT CLIMATE NORMALS FOR TODAY
                         NORMAL    RECORD    YEAR
 MAXIMUM TEMPERATURE (F)   92       106      1998
 MINIMUM TEMPERATURE (F)   58        52      1999


SUNRISE AND SUNSET
SEPTEMBER  2 2014.....SUNRISE   632 AM PDT   SUNSET   727 PM PDT
SEPTEMBER  3 2014.....SUNRISE   633 AM PDT   SUNSET   726 PM PDT


-  INDICATES NEGATIVE NUMBERS.
R  INDICATES RECORD WAS SET OR TIED.
MM INDICATES DATA IS MISSING.
T  INDICATES TRACE AMOUNT.




$$
