000
CDUS46 KHNX 260023
CLIMAE


CLIMATE REPORT
NATIONAL WEATHER SERVICE SAN JOAQUIN VALLEY, CA
522 PM PDT TUE APR 25 2017


...................................

...THE MADERA CA CLIMATE SUMMARY FOR APRIL 25 2017...
VALID AS OF 0400 PM LOCAL TIME.

CLIMATE NORMAL PERIOD 1981 TO 2010
CLIMATE RECORD PERIOD 1998 TO 2017


WEATHER ITEM   OBSERVED TIME   RECORD YEAR NORMAL DEPARTURE LAST
                VALUE   (LST)  VALUE       VALUE  FROM      YEAR
                                                  NORMAL
..................................................................
TEMPERATURE (F)
 TODAY
  MAXIMUM         74    318 PM  93    2004  78     -4       69
  MINIMUM         49    557 AM  40    2008  47      2       44
  AVERAGE         62                        62      0       57

PRECIPITATION (IN)
  TODAY            0.00          0.66 2015   0.03  -0.03     0.00
  MONTH TO DATE    0.47                      0.81  -0.34     1.57
  SINCE OCT 1     14.17                     10.92   3.25    12.94
  SINCE JAN 1     10.10                      7.19   2.91     8.38

SNOWFALL (IN)
  TODAY            0.0
  MONTH TO DATE    0.0
  SINCE MAR 1      0.0
  SINCE JUL 1      0.0
  SNOW DEPTH       0

DEGREE DAYS
 HEATING
  TODAY            3                                         8
  MONTH TO DATE  115                                        54
  SINCE MAR 1    357                                       291
  SINCE JUL 1   2036                                      2035

 COOLING
  TODAY            0                                         0
  MONTH TO DATE    2                                        29
  SINCE MAR 1      8                                        29
  SINCE JAN 1      8                                        29
..................................................................


WIND (MPH)
  HIGHEST WIND SPEED    24   HIGHEST WIND DIRECTION    NW (310)
  HIGHEST GUST SPEED    29   HIGHEST GUST DIRECTION    NW (300)
  AVERAGE WIND SPEED    11.7




RELATIVE HUMIDITY (PERCENT)
 HIGHEST    93
 LOWEST     29
 AVERAGE    61

..........................................................


THE MADERA CA CLIMATE NORMALS FOR TOMORROW
                         NORMAL    RECORD    YEAR
 MAXIMUM TEMPERATURE (F)   78        97      2004
 MINIMUM TEMPERATURE (F)   47        41      2009


SUNRISE AND SUNSET
APRIL 25 2017.........SUNRISE   613 AM PDT   SUNSET   744 PM PDT
APRIL 26 2017.........SUNRISE   612 AM PDT   SUNSET   745 PM PDT


-  INDICATES NEGATIVE NUMBERS.
R  INDICATES RECORD WAS SET OR TIED.
MM INDICATES DATA IS MISSING.
T  INDICATES TRACE AMOUNT.




$$
