000
CDUS46 KHNX 250824
CLIMAE


CLIMATE REPORT
NATIONAL WEATHER SERVICE SAN JOAQUIN VALLEY, CA
1221 AM PST TUE NOV 25 2014


...................................

...THE MADERA CA AIRPORT CLIMATE SUMMARY FOR NOVEMBER 24 2014...

CLIMATE NORMAL PERIOD 1981 TO 2010
CLIMATE RECORD PERIOD 1998 TO 2014


WEATHER ITEM   OBSERVED TIME   RECORD YEAR NORMAL DEPARTURE
                VALUE   (LST)  VALUE       VALUE  FROM
                                                  NORMAL
...............................................................
TEMPERATURE (F)
 YESTERDAY
  MAXIMUM         62    232 PM  69    2005  61      1
  MINIMUM         36    627 AM  29    2003  39     -3
  AVERAGE         49                        50     -1

PRECIPITATION (IN)
  YESTERDAY        0.00          0.28 2001   0.03  -0.03
  MONTH TO DATE    0.42                      0.96  -0.54
  SINCE JUL 1      0.83                      2.13  -1.30
  SINCE JAN 1      4.44                     10.13  -5.69

SNOWFALL (IN)
  YESTERDAY        0.0
  MONTH TO DATE    0.0
  SINCE SEP 1      0.0
  SINCE JUL 1      0.0
  SNOW DEPTH       0

DEGREE DAYS
 HEATING
  YESTERDAY       16
  MONTH TO DATE  223
  SINCE SEP 1    255
  SINCE JUL 1    255

 COOLING
  YESTERDAY        0
  MONTH TO DATE    0
  SINCE SEP 1    466
  SINCE JAN 1   2952
...............................................................


WIND (MPH)
  HIGHEST WIND SPEED     7   HIGHEST WIND DIRECTION     W (270)
  HIGHEST GUST SPEED    11   HIGHEST GUST DIRECTION    NW (320)
  AVERAGE WIND SPEED     1.2




RELATIVE HUMIDITY (PERCENT)
 HIGHEST   100
 LOWEST     51
 AVERAGE    76

..........................................................


THE MADERA CA AIRPORT CLIMATE NORMALS FOR TODAY
                         NORMAL    RECORD    YEAR
 MAXIMUM TEMPERATURE (F)   60        67      2009
                                             2005
 MINIMUM TEMPERATURE (F)   38        24      2003


SUNRISE AND SUNSET
NOVEMBER 25 2014......SUNRISE   649 AM PST   SUNSET   445 PM PST
NOVEMBER 26 2014......SUNRISE   650 AM PST   SUNSET   445 PM PST


-  INDICATES NEGATIVE NUMBERS.
R  INDICATES RECORD WAS SET OR TIED.
MM INDICATES DATA IS MISSING.
T  INDICATES TRACE AMOUNT.




$$
