000
CDUS46 KHNX 280822
CLIMAE


CLIMATE REPORT
NATIONAL WEATHER SERVICE SAN JOAQUIN VALLEY, CA
122 AM PDT SUN MAY 28 2017


...................................

...THE MADERA CA AIRPORT CLIMATE SUMMARY FOR MAY 27 2017...

CLIMATE NORMAL PERIOD 1981 TO 2010
CLIMATE RECORD PERIOD 1998 TO 2017


WEATHER ITEM   OBSERVED TIME   RECORD YEAR NORMAL DEPARTURE
                VALUE   (LST)  VALUE       VALUE  FROM
                                                  NORMAL
...............................................................
TEMPERATURE (F)
 YESTERDAY
  MAXIMUM         83        MM  97    2009  86     -3
  MINIMUM         53        MM  46    2011  53      0
  AVERAGE         68                        70     -2

PRECIPITATION (IN)
  YESTERDAY        0.00          T    2008   0.01  -0.01
  MONTH TO DATE    T                         0.46  -0.46
  SINCE OCT 1     14.17                     11.52   2.65
  SINCE JAN 1     10.10                      7.79   2.31

SNOWFALL (IN)
  YESTERDAY        0.0
  MONTH TO DATE    0.0
  SINCE MAR 1      0.0
  SINCE JUL 1      0.0
  SNOW DEPTH       0

DEGREE DAYS
 HEATING
  YESTERDAY        0
  MONTH TO DATE   25
  SINCE MAR 1    389
  SINCE JUL 1   2068

 COOLING
  YESTERDAY        3
  MONTH TO DATE  142
  SINCE MAR 1    155
  SINCE JAN 1    155
...............................................................


WIND (MPH)
  HIGHEST WIND SPEED    10   HIGHEST WIND DIRECTION    NW (300)
  HIGHEST GUST SPEED    MM   HIGHEST GUST DIRECTION    MM
  AVERAGE WIND SPEED     7.0




RELATIVE HUMIDITY (PERCENT)
 HIGHEST    89
 LOWEST     34
 AVERAGE    62

..........................................................


THE MADERA CA AIRPORT CLIMATE NORMALS FOR TODAY
                         NORMAL    RECORD    YEAR
 MAXIMUM TEMPERATURE (F)   86       103      2003
 MINIMUM TEMPERATURE (F)   54        44      2010


SUNRISE AND SUNSET
MAY 28 2017...........SUNRISE   544 AM PDT   SUNSET   812 PM PDT
MAY 29 2017...........SUNRISE   543 AM PDT   SUNSET   813 PM PDT


-  INDICATES NEGATIVE NUMBERS.
R  INDICATES RECORD WAS SET OR TIED.
MM INDICATES DATA IS MISSING.
T  INDICATES TRACE AMOUNT.




$$
