000
CDUS46 KHNX 240826
CLIMAE


CLIMATE REPORT
NATIONAL WEATHER SERVICE SAN JOAQUIN VALLEY, CA
125 AM PDT THU APR 24 2014


...................................

...THE MADERA CA AIRPORT CLIMATE SUMMARY FOR APRIL 23 2014...

CLIMATE NORMAL PERIOD 1981 TO 2010
CLIMATE RECORD PERIOD 1998 TO 2014


WEATHER ITEM   OBSERVED TIME   RECORD YEAR NORMAL DEPARTURE
                VALUE   (LST)  VALUE       VALUE  FROM
                                                  NORMAL
...............................................................
TEMPERATURE (F)
 YESTERDAY
  MAXIMUM         75    250 PM  88    2002  77     -2
  MINIMUM         44    533 AM  39    1999  46     -2
  AVERAGE         60                        62     -2

PRECIPITATION (IN)
  YESTERDAY        0.00          0.01 2006   0.03  -0.03
  MONTH TO DATE    0.02                      0.75  -0.73
  SINCE JUL 1      4.04                     11.15  -7.11
  SINCE JAN 1      3.07                      7.13  -4.06

SNOWFALL (IN)
  YESTERDAY        0.0
  MONTH TO DATE    0.0
  SINCE MAR 1      0.0
  SINCE JUL 1      0.0
  SNOW DEPTH       0

DEGREE DAYS
 HEATING
  YESTERDAY        5
  MONTH TO DATE   75
  SINCE MAR 1    265
  SINCE JUL 1   2092

 COOLING
  YESTERDAY        0
  MONTH TO DATE   47
  SINCE MAR 1     47
  SINCE JAN 1     47
...............................................................


WIND (MPH)
  HIGHEST WIND SPEED    18   HIGHEST WIND DIRECTION    NW (330)
  HIGHEST GUST SPEED    26   HIGHEST GUST DIRECTION    NW (330)
  AVERAGE WIND SPEED    10.4




RELATIVE HUMIDITY (PERCENT)
 HIGHEST    76
 LOWEST     17
 AVERAGE    47

..........................................................


THE MADERA CA AIRPORT CLIMATE NORMALS FOR TODAY
                         NORMAL    RECORD    YEAR
 MAXIMUM TEMPERATURE (F)   77        88      2013
 MINIMUM TEMPERATURE (F)   47        38      2008


SUNRISE AND SUNSET
APRIL 24 2014.........SUNRISE   614 AM PDT   SUNSET   743 PM PDT
APRIL 25 2014.........SUNRISE   613 AM PDT   SUNSET   744 PM PDT


-  INDICATES NEGATIVE NUMBERS.
R  INDICATES RECORD WAS SET OR TIED.
MM INDICATES DATA IS MISSING.
T  INDICATES TRACE AMOUNT.




$$
