000
CDUS46 KHNX 200824
CLIMAE


CLIMATE REPORT
NATIONAL WEATHER SERVICE SAN JOAQUIN VALLEY, CA
1223 AM PST MON NOV 20 2017


...................................

...THE MADERA CA AIRPORT CLIMATE SUMMARY FOR NOVEMBER 19 2017...

CLIMATE NORMAL PERIOD 1981 TO 2010
CLIMATE RECORD PERIOD 1998 TO 2017


WEATHER ITEM   OBSERVED TIME   RECORD YEAR NORMAL DEPARTURE
                VALUE   (LST)  VALUE       VALUE  FROM
                                                  NORMAL
...............................................................
TEMPERATURE (F)
 YESTERDAY
  MAXIMUM         65    335 PM  74    2008  63      2
  MINIMUM         36    607 AM  32    1998  40     -4
  AVERAGE         51                        51      0

PRECIPITATION (IN)
  YESTERDAY        0.00          0.13 1999   0.04  -0.04
  MONTH TO DATE    0.13                      0.77  -0.64
  SINCE OCT 1      0.21                      1.65  -1.44
  SINCE JAN 1     10.40                      9.94   0.46

SNOWFALL (IN)
  YESTERDAY        0.0
  MONTH TO DATE    0.0
  SINCE SEP 1      0.0
  SINCE JUL 1      0.0
  SNOW DEPTH       0

DEGREE DAYS
 HEATING
  YESTERDAY       14
  MONTH TO DATE  151
  SINCE SEP 1    235
  SINCE JUL 1    235

 COOLING
  YESTERDAY        0
  MONTH TO DATE    2
  SINCE SEP 1    354
  SINCE JAN 1   2025
...............................................................


WIND (MPH)
  HIGHEST WIND SPEED     7   HIGHEST WIND DIRECTION     W (280)
  HIGHEST GUST SPEED     8   HIGHEST GUST DIRECTION     N (340)
  AVERAGE WIND SPEED     2.3




RELATIVE HUMIDITY (PERCENT)
 HIGHEST   100
 LOWEST     48
 AVERAGE    74

..........................................................


THE MADERA CA AIRPORT CLIMATE NORMALS FOR TODAY
                         NORMAL    RECORD    YEAR
 MAXIMUM TEMPERATURE (F)   62        77      2005
 MINIMUM TEMPERATURE (F)   40        31      2000


SUNRISE AND SUNSET
NOVEMBER 20 2017......SUNRISE   645 AM PST   SUNSET   448 PM PST
NOVEMBER 21 2017......SUNRISE   646 AM PST   SUNSET   447 PM PST


-  INDICATES NEGATIVE NUMBERS.
R  INDICATES RECORD WAS SET OR TIED.
MM INDICATES DATA IS MISSING.
T  INDICATES TRACE AMOUNT.




$$
