000
CDUS46 KHNX 011053
CLIMAE


CLIMATE REPORT
NATIONAL WEATHER SERVICE SAN JOAQUIN VALLEY, CA
125 AM PDT SAT OCT 1 2016


...................................

...THE MADERA CA AIRPORT CLIMATE SUMMARY FOR SEPTEMBER 30 2016...

CLIMATE NORMAL PERIOD 1981 TO 2010
CLIMATE RECORD PERIOD 1998 TO 2016


WEATHER ITEM   OBSERVED TIME   RECORD YEAR NORMAL DEPARTURE
                VALUE   (LST)  VALUE       VALUE  FROM
                                                  NORMAL
...............................................................
TEMPERATURE (F)
 YESTERDAY
  MAXIMUM         89    234 PM 100    2010  86      3
  MINIMUM         54    616 AM  46    2009  53      1
  AVERAGE         72                        69      3

PRECIPITATION (IN)
  YESTERDAY        0.00          0.00   MM   0.01  -0.01
  MONTH TO DATE    T                         0.25  -0.25
  SINCE OCT 1     12.96                     12.02   0.94
  SINCE JAN 1      8.40                      8.29   0.11

SNOWFALL (IN)
  YESTERDAY        0.0
  MONTH TO DATE    0.0
  SINCE SEP 1      0.0
  SINCE JUL 1      0.0
  SNOW DEPTH       0

DEGREE DAYS
 HEATING
  YESTERDAY        0
  MONTH TO DATE    3
  SINCE SEP 1      3
  SINCE JUL 1      3

 COOLING
  YESTERDAY        7
  MONTH TO DATE  272
  SINCE SEP 1    272
  SINCE JAN 1   1767
...............................................................


WIND (MPH)
  HIGHEST WIND SPEED    18   HIGHEST WIND DIRECTION    NW (320)
  HIGHEST GUST SPEED    24   HIGHEST GUST DIRECTION    NW (320)
  AVERAGE WIND SPEED     8.2




RELATIVE HUMIDITY (PERCENT)
 HIGHEST    62
 LOWEST     17
 AVERAGE    40

..........................................................


THE MADERA CA AIRPORT CLIMATE NORMALS FOR TODAY
                         NORMAL    RECORD    YEAR
 MAXIMUM TEMPERATURE (F)   85        98      2001
 MINIMUM TEMPERATURE (F)   52        44      2009


SUNRISE AND SUNSET
OCTOBER  1 2016.......SUNRISE   656 AM PDT   SUNSET   643 PM PDT
OCTOBER  2 2016.......SUNRISE   657 AM PDT   SUNSET   641 PM PDT


-  INDICATES NEGATIVE NUMBERS.
R  INDICATES RECORD WAS SET OR TIED.
MM INDICATES DATA IS MISSING.
T  INDICATES TRACE AMOUNT.




$$
