000
CDUS46 KHNX 260023
CLIMAE


CLIMATE REPORT
NATIONAL WEATHER SERVICE SAN JOAQUIN VALLEY, CA
522 PM PDT WED MAY 25 2016


...................................

...THE MADERA CA CLIMATE SUMMARY FOR MAY 25 2016...
VALID AS OF 0400 PM LOCAL TIME.

CLIMATE NORMAL PERIOD 1981 TO 2010
CLIMATE RECORD PERIOD 1998 TO 2016


WEATHER ITEM   OBSERVED TIME   RECORD YEAR NORMAL DEPARTURE LAST
                VALUE   (LST)  VALUE       VALUE  FROM      YEAR
                                                  NORMAL
..................................................................
TEMPERATURE (F)
 TODAY
  MAXIMUM         80    356 PM  99    2001  86     -6       88
  MINIMUM         52    527 AM  46    2010  53     -1       54
  AVERAGE         66                        69     -3       71

PRECIPITATION (IN)
  TODAY            0.00          0.16 2008   0.01  -0.01     0.00
  MONTH TO DATE    T                         0.45  -0.45     0.45
  SINCE OCT 1     12.96                     11.51   1.45     5.71
  SINCE JAN 1      8.40                      7.78   0.62     2.03

SNOWFALL (IN)
  TODAY            0.0
  MONTH TO DATE    0.0
  SINCE MAR 1      0.0
  SINCE JUL 1      0.0
  SNOW DEPTH       0

DEGREE DAYS
 HEATING
  TODAY            0                                         0
  MONTH TO DATE   19                                        27
  SINCE MAR 1    328                                       276
  SINCE JUL 1   2072                                      1726

 COOLING
  TODAY            1                                         6
  MONTH TO DATE  105                                        51
  SINCE MAR 1    137                                       127
  SINCE JAN 1    137                                       129
..................................................................


WIND (MPH)
  HIGHEST WIND SPEED    16   HIGHEST WIND DIRECTION    NW (310)
  HIGHEST GUST SPEED    21   HIGHEST GUST DIRECTION    NW (320)
  AVERAGE WIND SPEED     9.8




RELATIVE HUMIDITY (PERCENT)
 HIGHEST    89
 LOWEST     35
 AVERAGE    62

..........................................................


THE MADERA CA CLIMATE NORMALS FOR TOMORROW
                         NORMAL    RECORD    YEAR
 MAXIMUM TEMPERATURE (F)   86        96      2014
                                             2005
 MINIMUM TEMPERATURE (F)   53        46      2011


SUNRISE AND SUNSET
MAY 25 2016...........SUNRISE   545 AM PDT   SUNSET   810 PM PDT
MAY 26 2016...........SUNRISE   545 AM PDT   SUNSET   811 PM PDT


-  INDICATES NEGATIVE NUMBERS.
R  INDICATES RECORD WAS SET OR TIED.
MM INDICATES DATA IS MISSING.
T  INDICATES TRACE AMOUNT.




$$
