399
CDUS46 KHNX 240024
CLIMAE


CLIMATE REPORT
NATIONAL WEATHER SERVICE SAN JOAQUIN VALLEY, CA
523 PM PDT THU MAR 23 2017


...................................

...THE MADERA CA CLIMATE SUMMARY FOR MARCH 23 2017...
VALID AS OF 0400 PM LOCAL TIME.

CLIMATE NORMAL PERIOD 1981 TO 2010
CLIMATE RECORD PERIOD 1998 TO 2017


WEATHER ITEM   OBSERVED TIME   RECORD YEAR NORMAL DEPARTURE LAST
                VALUE   (LST)  VALUE       VALUE  FROM      YEAR
                                                  NORMAL
..................................................................
TEMPERATURE (F)
 TODAY
  MAXIMUM         65    319 PM  79    2014  67     -2       67
  MINIMUM         43    615 AM  33    2013  42      1       38
  AVERAGE         54                        55     -1       53

PRECIPITATION (IN)
  TODAY            0.00          0.53 2011   0.03  -0.03     0.00
  MONTH TO DATE    0.32                      1.45  -1.13     3.12
  SINCE OCT 1     13.41                      9.76   3.65    11.37
  SINCE JAN 1      9.34                      6.03   3.31     6.81

SNOWFALL (IN)
  TODAY            0.0
  MONTH TO DATE    0.0
  SINCE MAR 1      0.0
  SINCE JUL 1      0.0
  SNOW DEPTH       0

DEGREE DAYS
 HEATING
  TODAY           11                                        12
  MONTH TO DATE  175                                       166
  SINCE MAR 1    175                                       166
  SINCE JUL 1   1854                                      1910

 COOLING
  TODAY            0                                         0
  MONTH TO DATE    6                                         0
  SINCE MAR 1      6                                         0
  SINCE JAN 1      6                                         0
..................................................................


WIND (MPH)
  HIGHEST WIND SPEED    14   HIGHEST WIND DIRECTION    NW (330)
  HIGHEST GUST SPEED    18   HIGHEST GUST DIRECTION    NW (320)
  AVERAGE WIND SPEED     6.8




RELATIVE HUMIDITY (PERCENT)
 HIGHEST   100
 LOWEST     56
 AVERAGE    78

..........................................................


THE MADERA CA CLIMATE NORMALS FOR TOMORROW
                         NORMAL    RECORD    YEAR
 MAXIMUM TEMPERATURE (F)   67        82      2007
 MINIMUM TEMPERATURE (F)   42        36      2009


SUNRISE AND SUNSET
MARCH 23 2017.........SUNRISE   659 AM PDT   SUNSET   715 PM PDT
MARCH 24 2017.........SUNRISE   658 AM PDT   SUNSET   716 PM PDT


-  INDICATES NEGATIVE NUMBERS.
R  INDICATES RECORD WAS SET OR TIED.
MM INDICATES DATA IS MISSING.
T  INDICATES TRACE AMOUNT.




$$
