000
CDUS46 KHNX 260024
CLIMAE


CLIMATE REPORT
NATIONAL WEATHER SERVICE SAN JOAQUIN VALLEY, CA
522 PM PDT THU AUG 25 2016


...................................

...THE MADERA CA CLIMATE SUMMARY FOR AUGUST 25 2016...
VALID AS OF 0400 PM LOCAL TIME.

CLIMATE NORMAL PERIOD 1981 TO 2010
CLIMATE RECORD PERIOD 1998 TO 2016


WEATHER ITEM   OBSERVED TIME   RECORD YEAR NORMAL DEPARTURE LAST
                VALUE   (LST)  VALUE       VALUE  FROM      YEAR
                                                  NORMAL
..................................................................
TEMPERATURE (F)
 TODAY
  MAXIMUM         95    359 PM 107    2010  94      1      102
  MINIMUM         57    542 AM  52    2002  59     -2       63
  AVERAGE         76                        76      0       83

PRECIPITATION (IN)
  TODAY            0.00          0.00   MM   0.00   0.00     0.00
  MONTH TO DATE    0.00                      0.01  -0.01     0.01
  SINCE OCT 1     12.96                     11.76   1.20     5.83
  SINCE JAN 1      8.40                      8.03   0.37     2.15

SNOWFALL (IN)
  TODAY            0.0
  MONTH TO DATE    0.0
  SINCE JUN 1      0.0
  SINCE JUL 1      0.0
  SNOW DEPTH       0

DEGREE DAYS
 HEATING
  TODAY            0                                         0
  MONTH TO DATE    0                                         0
  SINCE JUN 1      1                                         0
  SINCE JUL 1      0                                         0

 COOLING
  TODAY           11                                        18
  MONTH TO DATE  374                                       362
  SINCE JUN 1   1235                                      1278
  SINCE JAN 1   1428                                      1459
..................................................................


WIND (MPH)
  HIGHEST WIND SPEED    10   HIGHEST WIND DIRECTION    NW (310)
  HIGHEST GUST SPEED    14   HIGHEST GUST DIRECTION    NW (330)
  AVERAGE WIND SPEED     4.7




RELATIVE HUMIDITY (PERCENT)
 HIGHEST    80
 LOWEST     13
 AVERAGE    47

..........................................................


THE MADERA CA CLIMATE NORMALS FOR TOMORROW
                         NORMAL    RECORD    YEAR
 MAXIMUM TEMPERATURE (F)   94       102      2015
 MINIMUM TEMPERATURE (F)   59        54      2002


SUNRISE AND SUNSET
AUGUST 25 2016........SUNRISE   626 AM PDT   SUNSET   738 PM PDT
AUGUST 26 2016........SUNRISE   627 AM PDT   SUNSET   737 PM PDT


-  INDICATES NEGATIVE NUMBERS.
R  INDICATES RECORD WAS SET OR TIED.
MM INDICATES DATA IS MISSING.
T  INDICATES TRACE AMOUNT.




$$
