000
CDUS46 KHNX 020020
CLIMAE


CLIMATE REPORT
NATIONAL WEATHER SERVICE SAN JOAQUIN VALLEY, CA
520 PM PDT WED OCT 1 2014


...................................

...THE MADERA CA CLIMATE SUMMARY FOR OCTOBER 1 2014...
VALID AS OF 0500 PM LOCAL TIME.

CLIMATE NORMAL PERIOD 1981 TO 2010
CLIMATE RECORD PERIOD 1998 TO 2014


WEATHER ITEM   OBSERVED TIME   RECORD YEAR NORMAL DEPARTURE LAST
                VALUE   (LST)  VALUE       VALUE  FROM      YEAR
                                                  NORMAL
..................................................................
TEMPERATURE (F)
 TODAY
  MAXIMUM         85    329 PM  98    2001  85      0       80
  MINIMUM         52    621 AM  44    2009  52      0       55
  AVERAGE         69                        69      0       68

PRECIPITATION (IN)
  TODAY            0.00          0.08 2006   0.00   0.00     0.00
  MONTH TO DATE    0.00                      0.00   0.00     0.00
  SINCE JUL 1      0.03                      0.29  -0.26     0.28
  SINCE JAN 1      3.64                      8.29  -4.65     3.80

SNOWFALL (IN)
  TODAY            0.0
  MONTH TO DATE    0.0
  SINCE SEP 1      0.0
  SINCE JUL 1      0.0
  SNOW DEPTH       0

DEGREE DAYS
 HEATING
  TODAY            0                                         0
  MONTH TO DATE    0                                         0
  SINCE SEP 1      0                                         9
  SINCE JUL 1      0                                         9

 COOLING
  TODAY            4                                         3
  MONTH TO DATE    4                                         3
  SINCE SEP 1    348                                       240
  SINCE JAN 1   2834                                      1682
..................................................................


WIND (MPH)
  HIGHEST WIND SPEED    12   HIGHEST WIND DIRECTION    NW (320)
  HIGHEST GUST SPEED    15   HIGHEST GUST DIRECTION    NW (320)
  AVERAGE WIND SPEED     5.2




RELATIVE HUMIDITY (PERCENT)
 HIGHEST    86
 LOWEST     27
 AVERAGE    57

..........................................................


THE MADERA CA CLIMATE NORMALS FOR TOMORROW
                         NORMAL    RECORD    YEAR
 MAXIMUM TEMPERATURE (F)   85        98      2012
 MINIMUM TEMPERATURE (F)   52        40      2002


SUNRISE AND SUNSET
OCTOBER  1 2014.......SUNRISE   656 AM PDT   SUNSET   644 PM PDT
OCTOBER  2 2014.......SUNRISE   657 AM PDT   SUNSET   642 PM PDT


-  INDICATES NEGATIVE NUMBERS.
R  INDICATES RECORD WAS SET OR TIED.
MM INDICATES DATA IS MISSING.
T  INDICATES TRACE AMOUNT.




$$
