000
CDUS46 KHNX 240822
CLIMAE


CLIMATE REPORT
NATIONAL WEATHER SERVICE SAN JOAQUIN VALLEY, CA
121 AM PDT FRI OCT 24 2014


...................................

...THE MADERA CA AIRPORT CLIMATE SUMMARY FOR OCTOBER 23 2014...

CLIMATE NORMAL PERIOD 1981 TO 2010
CLIMATE RECORD PERIOD 1998 TO 2014


WEATHER ITEM   OBSERVED TIME   RECORD YEAR NORMAL DEPARTURE
                VALUE   (LST)  VALUE       VALUE  FROM
                                                  NORMAL
...............................................................
TEMPERATURE (F)
 YESTERDAY
  MAXIMUM         78    404 PM  85    2011  76      2
                                      2008
  MINIMUM         47    518 AM  42    2012  47      0
  AVERAGE         63                        62      1

PRECIPITATION (IN)
  YESTERDAY        0.00          T    2004   0.03  -0.03
  MONTH TO DATE    T                         0.45  -0.45
  SINCE JUL 1      0.03                      0.74  -0.71
  SINCE JAN 1      3.64                      8.74  -5.10

SNOWFALL (IN)
  YESTERDAY        0.0
  MONTH TO DATE    0.0
  SINCE SEP 1      0.0
  SINCE JUL 1      0.0
  SNOW DEPTH       0

DEGREE DAYS
 HEATING
  YESTERDAY        2
  MONTH TO DATE   12
  SINCE SEP 1     12
  SINCE JUL 1     12

 COOLING
  YESTERDAY        0
  MONTH TO DATE  119
  SINCE SEP 1    463
  SINCE JAN 1   2949
...............................................................


WIND (MPH)
  HIGHEST WIND SPEED     7   HIGHEST WIND DIRECTION     W (280)
  HIGHEST GUST SPEED    26   HIGHEST GUST DIRECTION    NW (330)
  AVERAGE WIND SPEED     2.9




RELATIVE HUMIDITY (PERCENT)
 HIGHEST    77
 LOWEST     28
 AVERAGE    53

..........................................................


THE MADERA CA AIRPORT CLIMATE NORMALS FOR TODAY
                         NORMAL    RECORD    YEAR
 MAXIMUM TEMPERATURE (F)   76        91      2007
 MINIMUM TEMPERATURE (F)   47        41      2012
                                             2002


SUNRISE AND SUNSET
OCTOBER 24 2014.......SUNRISE   717 AM PDT   SUNSET   612 PM PDT
OCTOBER 25 2014.......SUNRISE   718 AM PDT   SUNSET   611 PM PDT


-  INDICATES NEGATIVE NUMBERS.
R  INDICATES RECORD WAS SET OR TIED.
MM INDICATES DATA IS MISSING.
T  INDICATES TRACE AMOUNT.




$$
