000
CDUS46 KHNX 120831
CLIMAE


CLIMATE REPORT
NATIONAL WEATHER SERVICE SAN JOAQUIN VALLEY, CA
1229 AM PST FRI FEB 12 2016


...................................

...THE MADERA CA AIRPORT CLIMATE SUMMARY FOR FEBRUARY 11 2016...

CLIMATE NORMAL PERIOD 1981 TO 2010
CLIMATE RECORD PERIOD 1998 TO 2016


WEATHER ITEM   OBSERVED TIME   RECORD YEAR NORMAL DEPARTURE
                VALUE   (LST)  VALUE       VALUE  FROM
                                                  NORMAL
...............................................................
TEMPERATURE (F)
 YESTERDAY
  MAXIMUM         73R   224 PM  69    2006  60     13
  MINIMUM         43    443 AM  30    1999  40      3
  AVERAGE         58                        50      8

PRECIPITATION (IN)
  YESTERDAY        0.00          0.41 2001   0.07  -0.07
  MONTH TO DATE    T                         0.71  -0.71
  SINCE OCT 1      8.19                      6.89   1.30
  SINCE JAN 1      3.63                      3.16   0.47

SNOWFALL (IN)
  YESTERDAY        0.0
  MONTH TO DATE    0.0
  SINCE DEC 1      0.0
  SINCE JUL 1      0.0
  SNOW DEPTH       0

DEGREE DAYS
 HEATING
  YESTERDAY        7
  MONTH TO DATE  150
  SINCE DEC 1   1178
  SINCE JUL 1   1589

 COOLING
  YESTERDAY        0
  MONTH TO DATE    0
  SINCE DEC 1      0
  SINCE JAN 1      0
...............................................................


WIND (MPH)
  HIGHEST WIND SPEED    10   HIGHEST WIND DIRECTION     E (110)
  HIGHEST GUST SPEED    12   HIGHEST GUST DIRECTION    SE (120)
  AVERAGE WIND SPEED     2.9




RELATIVE HUMIDITY (PERCENT)
 HIGHEST    96
 LOWEST     44
 AVERAGE    70

..........................................................


THE MADERA CA AIRPORT CLIMATE NORMALS FOR TODAY
                         NORMAL    RECORD    YEAR
 MAXIMUM TEMPERATURE (F)   61        74      2011
 MINIMUM TEMPERATURE (F)   40        30        MM


SUNRISE AND SUNSET
FEBRUARY 12 2016......SUNRISE   653 AM PST   SUNSET   537 PM PST
FEBRUARY 13 2016......SUNRISE   652 AM PST   SUNSET   538 PM PST


-  INDICATES NEGATIVE NUMBERS.
R  INDICATES RECORD WAS SET OR TIED.
MM INDICATES DATA IS MISSING.
T  INDICATES TRACE AMOUNT.




$$
