000
CDUS46 KHNX 190024
CLIMAE


CLIMATE REPORT
NATIONAL WEATHER SERVICE SAN JOAQUIN VALLEY, CA
422 PM PST THU JAN 18 2018


...................................

...THE MADERA CA CLIMATE SUMMARY FOR JANUARY 18 2018...
VALID AS OF 0400 PM LOCAL TIME.

CLIMATE NORMAL PERIOD 1981 TO 2010
CLIMATE RECORD PERIOD 1998 TO 2018


WEATHER ITEM   OBSERVED TIME   RECORD YEAR NORMAL DEPARTURE LAST
                VALUE   (LST)  VALUE       VALUE  FROM      YEAR
                                                  NORMAL
..................................................................
TEMPERATURE (F)
 TODAY
  MAXIMUM         57    350 PM  69    2014  54      3       52
  MINIMUM         44   1200 AM  26    2012  37      7       38
  AVERAGE         51                        46      5       45

PRECIPITATION (IN)
  TODAY            0.00          0.59 2017   0.06  -0.06     0.59
  MONTH TO DATE    0.90                      1.71  -0.81     3.58
  SINCE OCT 1      1.31                      5.44  -4.13     7.65
  SINCE JAN 1      0.90                      1.71  -0.81     3.58

SNOWFALL (IN)
  TODAY            0.0
  MONTH TO DATE    0.0
  SINCE DEC 1      0.0
  SINCE JUL 1      0.0
  SNOW DEPTH       0

DEGREE DAYS
 HEATING
  TODAY           14                                        20
  MONTH TO DATE  220                                       286
  SINCE DEC 1    779                                       838
  SINCE JUL 1   1106                                      1146

 COOLING
  TODAY            0                                         0
  MONTH TO DATE    0                                         0
  SINCE DEC 1      0                                         0
  SINCE JAN 1      0                                         0
..................................................................


WIND (MPH)
  HIGHEST WIND SPEED    10   HIGHEST WIND DIRECTION    SE (150)
  HIGHEST GUST SPEED    12   HIGHEST GUST DIRECTION    SE (150)
  AVERAGE WIND SPEED     4.6




RELATIVE HUMIDITY (PERCENT)
 HIGHEST   100
 LOWEST     77
 AVERAGE    89

..........................................................


THE MADERA CA CLIMATE NORMALS FOR TOMORROW
                         NORMAL    RECORD    YEAR
 MAXIMUM TEMPERATURE (F)   54        70      2014
 MINIMUM TEMPERATURE (F)   37        25      2007


SUNRISE AND SUNSET
JANUARY 18 2018.......SUNRISE   712 AM PST   SUNSET   511 PM PST
JANUARY 19 2018.......SUNRISE   711 AM PST   SUNSET   512 PM PST


-  INDICATES NEGATIVE NUMBERS.
R  INDICATES RECORD WAS SET OR TIED.
MM INDICATES DATA IS MISSING.
T  INDICATES TRACE AMOUNT.




$$
