000
CDUS46 KHNX 190827
CLIMAE


CLIMATE REPORT
NATIONAL WEATHER SERVICE SAN JOAQUIN VALLEY, CA
1226 AM PST FRI DEC 19 2014


...................................

...THE MADERA CA AIRPORT CLIMATE SUMMARY FOR DECEMBER 18 2014...

CLIMATE NORMAL PERIOD 1981 TO 2010
CLIMATE RECORD PERIOD 1998 TO 2014


WEATHER ITEM   OBSERVED TIME   RECORD YEAR NORMAL DEPARTURE
                VALUE   (LST)  VALUE       VALUE  FROM
                                                  NORMAL
...............................................................
TEMPERATURE (F)
 YESTERDAY
  MAXIMUM         61    251 PM  65    2013  54      7
  MINIMUM         45    721 AM  28    2011  36      9
                                      2006
  AVERAGE         53                        45      8

PRECIPITATION (IN)
  YESTERDAY        0.00          0.77 2007   0.06  -0.06
  MONTH TO DATE    2.83                      0.82   2.01
  SINCE JUL 1      3.66                      3.14   0.52
  SINCE JAN 1      7.27                     11.14  -3.87

SNOWFALL (IN)
  YESTERDAY        0.0
  MONTH TO DATE    0.0
  SINCE DEC 1      0.0
  SINCE JUL 1      0.0
  SNOW DEPTH       0

DEGREE DAYS
 HEATING
  YESTERDAY       12
  MONTH TO DATE  161
  SINCE DEC 1    161
  SINCE JUL 1    477

 COOLING
  YESTERDAY        0
  MONTH TO DATE    1
  SINCE DEC 1      1
  SINCE JAN 1   2953
...............................................................


WIND (MPH)
  HIGHEST WIND SPEED    13   HIGHEST WIND DIRECTION     E (110)
  HIGHEST GUST SPEED    15   HIGHEST GUST DIRECTION     E (110)
  AVERAGE WIND SPEED     5.8




RELATIVE HUMIDITY (PERCENT)
 HIGHEST    86
 LOWEST     51
 AVERAGE    69

..........................................................


THE MADERA CA AIRPORT CLIMATE NORMALS FOR TODAY
                         NORMAL    RECORD    YEAR
 MAXIMUM TEMPERATURE (F)   53        68      2005
 MINIMUM TEMPERATURE (F)   36        27      2012


SUNRISE AND SUNSET
DECEMBER 19 2014......SUNRISE   709 AM PST   SUNSET   446 PM PST
DECEMBER 20 2014......SUNRISE   709 AM PST   SUNSET   447 PM PST


-  INDICATES NEGATIVE NUMBERS.
R  INDICATES RECORD WAS SET OR TIED.
MM INDICATES DATA IS MISSING.
T  INDICATES TRACE AMOUNT.




$$
