000
CDUS44 KMAF 050833
CLIMAF


CLIMATE REPORT
NATIONAL WEATHER SERVICE MIDLAND/ODESSA TX
233 AM CST THU MAR 5 2015


...................................

...THE MIDLAND CLIMATE SUMMARY FOR MARCH 4 2015...

CLIMATE NORMAL PERIOD 1981 TO 2010
CLIMATE RECORD PERIOD 1930 TO 2015


WEATHER ITEM   OBSERVED TIME   RECORD YEAR NORMAL DEPARTURE LAST
                VALUE   (LST)  VALUE       VALUE  FROM      YEAR
                                                  NORMAL
..................................................................
TEMPERATURE (F)
 YESTERDAY
  MAXIMUM         54    932 AM  87    2009  67    -13       65
  MINIMUM         24   1159 PM  19    2007  38    -14       26
                                      1989
  AVERAGE         39                        53    -14       46

PRECIPITATION (IN)
  YESTERDAY        0.13          0.54 2004   0.02   0.11     0.00
  MONTH TO DATE    0.13                      0.08   0.05      T
  SINCE MAR 1      0.13                      0.08   0.05      T
  SINCE JAN 1      2.82                      1.35   1.47     0.26

SNOWFALL (IN)
  YESTERDAY        T
  MONTH TO DATE    T
  SINCE MAR 1      T
  SINCE JUL 1      3.6
  SNOW DEPTH       0

DEGREE DAYS
 HEATING
  YESTERDAY       26                        13     13       19
  MONTH TO DATE  102                        52     50       76
  SINCE MAR 1    102                        52     50       76
  SINCE JUL 1   2252                      2289    -37     2324

 COOLING
  YESTERDAY        0                         0      0        0
  MONTH TO DATE    0                         0      0        0
  SINCE MAR 1      0                         0      0        0
  SINCE JAN 1      1                         2     -1        2
..................................................................


WIND (MPH)
  HIGHEST WIND SPEED    31   HIGHEST WIND DIRECTION    NE (30)
  HIGHEST GUST SPEED    36   HIGHEST GUST DIRECTION    NE (50)
  AVERAGE WIND SPEED    14.4


SKY COVER
  POSSIBLE SUNSHINE  MM
  AVERAGE SKY COVER 0.8


WEATHER CONDITIONS
 THE FOLLOWING WEATHER WAS RECORDED YESTERDAY.
  RAIN
  LIGHT RAIN
  FREEZING RAIN
  LT FREEZING RAIN
  LIGHT SNOW
  FOG


RELATIVE HUMIDITY (PERCENT)
 HIGHEST   100           600 AM
 LOWEST     81           800 PM
 AVERAGE    91

..........................................................


THE MIDLAND CLIMATE NORMALS FOR TODAY
                         NORMAL    RECORD    YEAR
 MAXIMUM TEMPERATURE (F)   67        89      2009
                                             1991
 MINIMUM TEMPERATURE (F)   39        11      1989


SUNRISE AND SUNSET
MARCH  5 2015.........SUNRISE   711 AM CST   SUNSET   649 PM CST
MARCH  6 2015.........SUNRISE   710 AM CST   SUNSET   650 PM CST


-  INDICATES NEGATIVE NUMBERS.
R  INDICATES RECORD WAS SET OR TIED.
MM INDICATES DATA IS MISSING.
T  INDICATES TRACE AMOUNT.




$$
