000
CDUS44 KMAF 260734
CLIMAF


CLIMATE REPORT
NATIONAL WEATHER SERVICE MIDLAND/ODESSA TX
233 AM CDT TUE MAY 26 2015


...................................

...THE MIDLAND CLIMATE SUMMARY FOR MAY 25 2015...

CLIMATE NORMAL PERIOD 1981 TO 2010
CLIMATE RECORD PERIOD 1930 TO 2015


WEATHER ITEM   OBSERVED TIME   RECORD YEAR NORMAL DEPARTURE LAST
                VALUE   (LST)  VALUE       VALUE  FROM      YEAR
                                                  NORMAL
..................................................................
TEMPERATURE (F)
 YESTERDAY
  MAXIMUM         83    521 PM 105    1990  90     -7       74
  MINIMUM         53    732 AM  50    1954  62     -9       59
  AVERAGE         68                        76     -8       67

PRECIPITATION (IN)
  YESTERDAY        0.30          2.02 1992   0.07   0.23     1.83
  MONTH TO DATE    3.13                      1.29   1.84     2.26
  SINCE MAR 1      6.08                      2.54   3.54     2.90
  SINCE JAN 1      8.77                      3.81   4.96     3.16

DEGREE DAYS
 COOLING
  YESTERDAY        3                        11     -8        2
  MONTH TO DATE  174                       209    -35      235
  SINCE MAR 1    304                       315    -11      402
  SINCE JAN 1    305                       317    -12      404
..................................................................


WIND (MPH)
  HIGHEST WIND SPEED    29   HIGHEST WIND DIRECTION     S (160)
  HIGHEST GUST SPEED    38   HIGHEST GUST DIRECTION     S (160)
  AVERAGE WIND SPEED     7.9


SKY COVER
  POSSIBLE SUNSHINE  MM
  AVERAGE SKY COVER 0.3


WEATHER CONDITIONS
 THE FOLLOWING WEATHER WAS RECORDED YESTERDAY.
  THUNDERSTORM
  HEAVY RAIN
  RAIN
  LIGHT RAIN
  FOG


RELATIVE HUMIDITY (PERCENT)
 HIGHEST    87           500 AM
 LOWEST     24           500 PM
 AVERAGE    56

..........................................................


THE MIDLAND CLIMATE NORMALS FOR TODAY
                         NORMAL    RECORD    YEAR
 MAXIMUM TEMPERATURE (F)   90       100      1991
                                             1945
 MINIMUM TEMPERATURE (F)   63        48      1950
                                             1947


SUNRISE AND SUNSET
MAY 26 2015...........SUNRISE   646 AM CDT   SUNSET   846 PM CDT
MAY 27 2015...........SUNRISE   645 AM CDT   SUNSET   847 PM CDT


-  INDICATES NEGATIVE NUMBERS.
R  INDICATES RECORD WAS SET OR TIED.
MM INDICATES DATA IS MISSING.
T  INDICATES TRACE AMOUNT.




$$
