000
CDUS44 KMAF 150730
CLIMAF


CLIMATE REPORT
NATIONAL WEATHER SERVICE MIDLAND/ODESSA TX
230 AM CDT MON SEP 15 2014


...................................

...THE MIDLAND CLIMATE SUMMARY FOR SEPTEMBER 14 2014...

CLIMATE NORMAL PERIOD 1981 TO 2010
CLIMATE RECORD PERIOD 1930 TO 2014


WEATHER ITEM   OBSERVED TIME   RECORD YEAR NORMAL DEPARTURE LAST
                VALUE   (LST)  VALUE       VALUE  FROM      YEAR
                                                  NORMAL
..................................................................
TEMPERATURE (F)
 YESTERDAY
  MAXIMUM         69    224 PM  99    1965  87    -18       91
                                      1957
  MINIMUM         56   1201 AM  51    1993  63     -7       65
                                      1989
  AVERAGE         63                        75    -12       78

PRECIPITATION (IN)
  YESTERDAY        0.06          0.73 1995   0.07  -0.01     0.00
  MONTH TO DATE    0.78                      0.95  -0.17      T
  SINCE SEP 1      0.78                      0.95  -0.17      T
  SINCE JAN 1      5.52                     10.67  -5.15     4.57

DEGREE DAYS
 HEATING
  YESTERDAY        2                         0      2        0
  MONTH TO DATE   14                         0     14        0
  SINCE SEP 1     14                         0     14        0
  SINCE JUL 1     14                         0     14        0

 COOLING
  YESTERDAY        0                        10    -10       13
  MONTH TO DATE  173                       168      5      231
  SINCE SEP 1    173                       168      5      231
  SINCE JAN 1   2370                      2052    318     2406
..................................................................


WIND (MPH)
  HIGHEST WIND SPEED    16   HIGHEST WIND DIRECTION     S (170)
  HIGHEST GUST SPEED    18   HIGHEST GUST DIRECTION     S (170)
  AVERAGE WIND SPEED     6.0


SKY COVER
  POSSIBLE SUNSHINE  MM
  AVERAGE SKY COVER 1.0


WEATHER CONDITIONS
 THE FOLLOWING WEATHER WAS RECORDED YESTERDAY.
  LIGHT RAIN
  FOG
  HAZE


RELATIVE HUMIDITY (PERCENT)
 HIGHEST    93           600 AM
 LOWEST     76           200 PM
 AVERAGE    85

..........................................................


THE MIDLAND CLIMATE NORMALS FOR TODAY
                         NORMAL    RECORD    YEAR
 MAXIMUM TEMPERATURE (F)   87       100      1965
 MINIMUM TEMPERATURE (F)   62        47      1993


SUNRISE AND SUNSET
SEPTEMBER 15 2014.....SUNRISE   733 AM CDT   SUNSET   755 PM CDT
SEPTEMBER 16 2014.....SUNRISE   733 AM CDT   SUNSET   753 PM CDT


-  INDICATES NEGATIVE NUMBERS.
R  INDICATES RECORD WAS SET OR TIED.
MM INDICATES DATA IS MISSING.
T  INDICATES TRACE AMOUNT.




$$
