000
CDUS44 KMAF 040734
CLIMAF


CLIMATE REPORT
NATIONAL WEATHER SERVICE MIDLAND/ODESSA TX
233 AM CDT SAT JUL 4 2015


...................................

...THE MIDLAND CLIMATE SUMMARY FOR JULY 3 2015...

CLIMATE NORMAL PERIOD 1981 TO 2010
CLIMATE RECORD PERIOD 1930 TO 2015


WEATHER ITEM   OBSERVED TIME   RECORD YEAR NORMAL DEPARTURE LAST
                VALUE   (LST)  VALUE       VALUE  FROM      YEAR
                                                  NORMAL
..................................................................
TEMPERATURE (F)
 YESTERDAY
  MAXIMUM         89    425 PM 106    2005  95     -6       89
                                      1994
                                      1983
  MINIMUM         70    619 AM  61    1942  70      0       71
  AVERAGE         80                        82     -2       80

PRECIPITATION (IN)
  YESTERDAY        0.00          1.68 1975   0.06  -0.06      T
  MONTH TO DATE    0.00                      0.18  -0.18      T
  SINCE JUN 1      3.29                      1.98   1.31     0.48
  SINCE JAN 1     12.28                      6.24   6.04     3.64

DEGREE DAYS
 COOLING
  YESTERDAY       15                        17     -2       15
  MONTH TO DATE   46                        51     -5       55
  SINCE JUN 1    495                       512    -17      592
  SINCE JAN 1    850                       901    -51     1068
..................................................................


WIND (MPH)
  HIGHEST WIND SPEED    16   HIGHEST WIND DIRECTION    SE (130)
  HIGHEST GUST SPEED    20   HIGHEST GUST DIRECTION    SE (120)
  AVERAGE WIND SPEED     7.7


SKY COVER
  POSSIBLE SUNSHINE  MM
  AVERAGE SKY COVER 0.3


WEATHER CONDITIONS
 THE FOLLOWING WEATHER WAS RECORDED YESTERDAY.
  NO SIGNIFICANT WEATHER WAS OBSERVED.


RELATIVE HUMIDITY (PERCENT)
 HIGHEST    90           600 AM
 LOWEST     43           400 PM
 AVERAGE    67

..........................................................


THE MIDLAND CLIMATE NORMALS FOR TODAY
                         NORMAL    RECORD    YEAR
 MAXIMUM TEMPERATURE (F)   95       106      1983
 MINIMUM TEMPERATURE (F)   70        60      1972
                                             1940


SUNRISE AND SUNSET
JULY  4 2015..........SUNRISE   648 AM CDT   SUNSET   858 PM CDT
JULY  5 2015..........SUNRISE   648 AM CDT   SUNSET   858 PM CDT


-  INDICATES NEGATIVE NUMBERS.
R  INDICATES RECORD WAS SET OR TIED.
MM INDICATES DATA IS MISSING.
T  INDICATES TRACE AMOUNT.




$$
