000
CDUS44 KMAF 230733
CLIMAF


CLIMATE REPORT
NATIONAL WEATHER SERVICE MIDLAND TX
233 AM CDT TUE MAY 23 2017


...................................

...THE MIDLAND CLIMATE SUMMARY FOR MAY 22 2017...

CLIMATE NORMAL PERIOD 1981 TO 2010
CLIMATE RECORD PERIOD 1930 TO 2017


WEATHER ITEM   OBSERVED TIME   RECORD YEAR NORMAL DEPARTURE LAST
                VALUE   (LST)  VALUE       VALUE  FROM      YEAR
                                                  NORMAL
..................................................................
TEMPERATURE (F)
 YESTERDAY
  MAXIMUM         78    346 PM 107    1953  89    -11       98
  MINIMUM         58   1233 AM  48    1931  62     -4       74
  AVERAGE         68                        75     -7       86

PRECIPITATION (IN)
  YESTERDAY        0.20          0.98 1963   0.07   0.13     0.00
  MONTH TO DATE    0.58                      1.08  -0.50     0.26
  SINCE MAR 1      3.54                      2.33   1.21     2.05
  SINCE JAN 1      5.38                      3.60   1.78     2.53

DEGREE DAYS
 COOLING
  YESTERDAY        3                        11     -8       21
  MONTH TO DATE  181                       176      5      168
  SINCE MAR 1    440                       282    158      326
  SINCE JAN 1    457                       284    173      341
..................................................................


WIND (MPH)
  HIGHEST WIND SPEED    29   HIGHEST WIND DIRECTION    NW (300)
  HIGHEST GUST SPEED    46   HIGHEST GUST DIRECTION    NW (310)
  AVERAGE WIND SPEED     8.1


SKY COVER
  POSSIBLE SUNSHINE  MM
  AVERAGE SKY COVER 0.6


WEATHER CONDITIONS
 THE FOLLOWING WEATHER WAS RECORDED YESTERDAY.
  THUNDERSTORM
  HEAVY RAIN
  RAIN
  LIGHT RAIN
  FOG
  HAZE


RELATIVE HUMIDITY (PERCENT)
 HIGHEST    90           800 AM
 LOWEST     50           400 PM
 AVERAGE    70

..........................................................


THE MIDLAND CLIMATE NORMALS FOR TODAY
                         NORMAL    RECORD    YEAR
 MAXIMUM TEMPERATURE (F)   89       106      1989
 MINIMUM TEMPERATURE (F)   62        47      1988


SUNRISE AND SUNSET
MAY 23 2017...........SUNRISE   647 AM CDT   SUNSET   845 PM CDT
MAY 24 2017...........SUNRISE   646 AM CDT   SUNSET   845 PM CDT


-  INDICATES NEGATIVE NUMBERS.
R  INDICATES RECORD WAS SET OR TIED.
MM INDICATES DATA IS MISSING.
T  INDICATES TRACE AMOUNT.




$$
