000
CDUS44 KMAF 192150
CLIMAF


CLIMATE REPORT
NATIONAL WEATHER SERVICE MIDLAND TX
449 PM CDT SAT AUG 19 2017


...................................

...THE MIDLAND CLIMATE SUMMARY FOR AUGUST 19 2017...
VALID TODAY AS OF 0400 PM LOCAL TIME.

CLIMATE NORMAL PERIOD 1981 TO 2010
CLIMATE RECORD PERIOD 1930 TO 2017


WEATHER ITEM   OBSERVED TIME   RECORD YEAR NORMAL DEPARTURE LAST
                VALUE   (LST)  VALUE       VALUE  FROM      YEAR
                                                  NORMAL
..................................................................
TEMPERATURE (F)
 TODAY
  MAXIMUM         96    345 PM 103    1994  94      2       90
                                      1977
  MINIMUM         71    330 AM  60    1950  69      2       73
  AVERAGE         84                        81      3       82

PRECIPITATION (IN)
  TODAY            0.00          1.52 1956   0.06  -0.06     0.00
  MONTH TO DATE    1.87                      1.06   0.81     2.62
  SINCE JUN 1      6.40                      4.68   1.72     6.02
  SINCE JAN 1     12.09                      8.94   3.15     9.76

DEGREE DAYS
 COOLING
  TODAY           19                        16      3       17
  MONTH TO DATE  328                       320      8      374
  SINCE JUN 1   1511                      1313    198     1586
  SINCE JAN 1   2072                      1702    370     2066
..................................................................


WIND (MPH)
  HIGHEST WIND SPEED    18   HIGHEST WIND DIRECTION     S (170)
  HIGHEST GUST SPEED    24   HIGHEST GUST DIRECTION     S (180)
  AVERAGE WIND SPEED     8.5


SKY COVER
  POSSIBLE SUNSHINE  MM
  AVERAGE SKY COVER 0.0


WEATHER CONDITIONS
 THE FOLLOWING WEATHER WAS RECORDED TODAY.
  NO SIGNIFICANT WEATHER WAS OBSERVED.


RELATIVE HUMIDITY (PERCENT)
 HIGHEST    79           700 AM
 LOWEST     33           200 PM
 AVERAGE    56

..........................................................


THE MIDLAND CLIMATE NORMALS FOR TOMORROW
                         NORMAL    RECORD    YEAR
 MAXIMUM TEMPERATURE (F)   94       105      1986
                                             1964
 MINIMUM TEMPERATURE (F)   69        58      1940


SUNRISE AND SUNSET
AUGUST 19 2017........SUNRISE   716 AM CDT   SUNSET   828 PM CDT
AUGUST 20 2017........SUNRISE   717 AM CDT   SUNSET   827 PM CDT


-  INDICATES NEGATIVE NUMBERS.
R  INDICATES RECORD WAS SET OR TIED.
MM INDICATES DATA IS MISSING.
T  INDICATES TRACE AMOUNT.




$$
