216
CDUS44 KMAF 170831
CLIMAF


CLIMATE REPORT
NATIONAL WEATHER SERVICE MIDLAND TX
231 AM CST TUE JAN 17 2017


...................................

...THE MIDLAND CLIMATE SUMMARY FOR JANUARY 16 2017...

CLIMATE NORMAL PERIOD 1981 TO 2010
CLIMATE RECORD PERIOD 1930 TO 2017


WEATHER ITEM   OBSERVED TIME   RECORD YEAR NORMAL DEPARTURE LAST
                VALUE   (LST)  VALUE       VALUE  FROM      YEAR
                                                  NORMAL
..................................................................
TEMPERATURE (F)
 YESTERDAY
  MAXIMUM         64    420 PM  79    1971  57      7       55
  MINIMUM         35    649 AM  15    1972  30      5       32
  AVERAGE         50                        44      6       44

PRECIPITATION (IN)
  YESTERDAY        0.00          0.24 2004   0.02  -0.02     0.00
  MONTH TO DATE    0.96                      0.24   0.72     0.09
  SINCE DEC 1      1.37                      0.84   0.53     1.33
  SINCE JAN 1      0.96                      0.24   0.72     0.09

SNOWFALL (IN)
  YESTERDAY        0.0
  MONTH TO DATE    T
  SINCE DEC 1      0.3
  SINCE JUL 1      0.3
  SNOW DEPTH       0

DEGREE DAYS
 HEATING
  YESTERDAY       15                        21     -6       21
  MONTH TO DATE  298                       350    -52      355
  SINCE DEC 1    832                       987   -155      881
  SINCE JUL 1   1043                      1466   -423     1233
..................................................................


WIND (MPH)
  HIGHEST WIND SPEED    20   HIGHEST WIND DIRECTION     W (260)
  HIGHEST GUST SPEED    24   HIGHEST GUST DIRECTION     W (270)
  AVERAGE WIND SPEED     8.1


SKY COVER
  POSSIBLE SUNSHINE  MM
  AVERAGE SKY COVER 0.0


WEATHER CONDITIONS
 THE FOLLOWING WEATHER WAS RECORDED YESTERDAY.
  NO SIGNIFICANT WEATHER WAS OBSERVED.


RELATIVE HUMIDITY (PERCENT)
 HIGHEST    89           700 AM
 LOWEST     36           400 PM
 AVERAGE    63

..........................................................


THE MIDLAND CLIMATE NORMALS FOR TODAY
                         NORMAL    RECORD    YEAR
 MAXIMUM TEMPERATURE (F)   57        84      1974
 MINIMUM TEMPERATURE (F)   30        13      1987


SUNRISE AND SUNSET
JANUARY 17 2017.......SUNRISE   749 AM CST   SUNSET   609 PM CST
JANUARY 18 2017.......SUNRISE   749 AM CST   SUNSET   610 PM CST


-  INDICATES NEGATIVE NUMBERS.
R  INDICATES RECORD WAS SET OR TIED.
MM INDICATES DATA IS MISSING.
T  INDICATES TRACE AMOUNT.




$$
