000
CDUS44 KMAF 260731
CLIMAF


CLIMATE REPORT
NATIONAL WEATHER SERVICE MIDLAND TX
230 AM CDT MON SEP 26 2016


...................................

...THE MIDLAND CLIMATE SUMMARY FOR SEPTEMBER 25 2016...

CLIMATE NORMAL PERIOD 1981 TO 2010
CLIMATE RECORD PERIOD 1930 TO 2016


WEATHER ITEM   OBSERVED TIME   RECORD YEAR NORMAL DEPARTURE LAST
                VALUE   (LST)  VALUE       VALUE  FROM      YEAR
                                                  NORMAL
..................................................................
TEMPERATURE (F)
 YESTERDAY
  MAXIMUM         74    214 PM 102    2005  84    -10       87
                                      1977
  MINIMUM         59   1159 PM  42    2000  59      0       64
                                      1989
  AVERAGE         67                        72     -5       76

PRECIPITATION (IN)
  YESTERDAY        T             1.50 1936   0.06  -0.06     0.00
  MONTH TO DATE    1.98                      1.58   0.40     1.77
  SINCE SEP 1      1.98                      1.58   0.40     1.77
  SINCE JAN 1     12.32                     11.30   1.02    15.78

DEGREE DAYS
 HEATING
  YESTERDAY        0                         1     -1        0
  MONTH TO DATE    0                         5     -5        0
  SINCE SEP 1      0                         5     -5        0
  SINCE JUL 1      0                         5     -5        0

 COOLING
  YESTERDAY        2                         7     -5       11
  MONTH TO DATE  356                       263     93      402
  SINCE SEP 1    356                       263     93      402
  SINCE JAN 1   2588                      2147    441     2446
..................................................................


WIND (MPH)
  HIGHEST WIND SPEED    29   HIGHEST WIND DIRECTION     N (10)
  HIGHEST GUST SPEED    35   HIGHEST GUST DIRECTION     N (10)
  AVERAGE WIND SPEED    12.0


SKY COVER
  POSSIBLE SUNSHINE  MM
  AVERAGE SKY COVER 0.7


WEATHER CONDITIONS
 THE FOLLOWING WEATHER WAS RECORDED YESTERDAY.
  LIGHT RAIN
  FOG


RELATIVE HUMIDITY (PERCENT)
 HIGHEST    93           100 AM
 LOWEST     64           200 PM
 AVERAGE    79

..........................................................


THE MIDLAND CLIMATE NORMALS FOR TODAY
                         NORMAL    RECORD    YEAR
 MAXIMUM TEMPERATURE (F)   84       105      1977
 MINIMUM TEMPERATURE (F)   59        44      1989


SUNRISE AND SUNSET
SEPTEMBER 26 2016.....SUNRISE   740 AM CDT   SUNSET   739 PM CDT
SEPTEMBER 27 2016.....SUNRISE   740 AM CDT   SUNSET   738 PM CDT


-  INDICATES NEGATIVE NUMBERS.
R  INDICATES RECORD WAS SET OR TIED.
MM INDICATES DATA IS MISSING.
T  INDICATES TRACE AMOUNT.




$$
