973
CDUS44 KMAF 240732
CLIMAF

CLIMATE REPORT
NATIONAL WEATHER SERVICE MIDLAND TX
230 AM CDT WED AUG 24 2016

...................................

...THE MIDLAND CLIMATE SUMMARY FOR AUGUST 23 2016...

CLIMATE NORMAL PERIOD 1981 TO 2010
CLIMATE RECORD PERIOD 1930 TO 2016

WEATHER ITEM   OBSERVED TIME   RECORD YEAR NORMAL DEPARTURE LAST
                VALUE   (LST)  VALUE       VALUE  FROM      YEAR
                                                  NORMAL
..................................................................
TEMPERATURE (F)
 YESTERDAY
  MAXIMUM         89    424 PM 106    1977  93     -4       95
  MINIMUM         74   1158 PM  61    1961  68      6       69
                                      1940
  AVERAGE         82                        81      1       82

PRECIPITATION (IN)
  YESTERDAY        0.02          0.79 2015   0.06  -0.04     0.79
  MONTH TO DATE    2.64                      1.31   1.33     0.99
  SINCE JUN 1      6.04                      4.93   1.11     5.00
  SINCE JAN 1      9.78                      9.19   0.59    13.99

DEGREE DAYS
 COOLING
  YESTERDAY       17                        16      1       17
  MONTH TO DATE  430                       384     46      491
  SINCE JUN 1   1642                      1377    265     1560
  SINCE JAN 1   2122                      1766    356     1918
..................................................................

WIND (MPH)
  HIGHEST WIND SPEED    24   HIGHEST WIND DIRECTION     S (180)
  HIGHEST GUST SPEED    27   HIGHEST GUST DIRECTION     S (180)
  AVERAGE WIND SPEED    12.8

SKY COVER
  POSSIBLE SUNSHINE  MM
  AVERAGE SKY COVER 0.1

WEATHER CONDITIONS
 THE FOLLOWING WEATHER WAS RECORDED YESTERDAY.
  LIGHT RAIN

RELATIVE HUMIDITY (PERCENT)
 HIGHEST    87           100 AM
 LOWEST     41           400 PM
 AVERAGE    64

..........................................................

THE MIDLAND CLIMATE NORMALS FOR TODAY
                         NORMAL    RECORD    YEAR
 MAXIMUM TEMPERATURE (F)   93       103      1936
 MINIMUM TEMPERATURE (F)   68        57      1966

SUNRISE AND SUNSET
AUGUST 24 2016........SUNRISE   719 AM CDT   SUNSET   822 PM CDT
AUGUST 25 2016........SUNRISE   720 AM CDT   SUNSET   821 PM CDT

-  INDICATES NEGATIVE NUMBERS.
R  INDICATES RECORD WAS SET OR TIED.
MM INDICATES DATA IS MISSING.
T  INDICATES TRACE AMOUNT.

$$

44
