000
CDUS44 KMAF 310734
CLIMAF

CLIMATE REPORT
NATIONAL WEATHER SERVICE MIDLAND TX
230 AM CDT FRI JUL 31 2015

...................................

...THE MIDLAND CLIMATE SUMMARY FOR JULY 30 2015...

CLIMATE NORMAL PERIOD 1981 TO 2010
CLIMATE RECORD PERIOD 1930 TO 2015

WEATHER ITEM   OBSERVED TIME   RECORD YEAR NORMAL DEPARTURE LAST
                VALUE   (LST)  VALUE       VALUE  FROM      YEAR
                                                  NORMAL
..................................................................
TEMPERATURE (F)
 YESTERDAY
  MAXIMUM         99    456 PM 106    1937  95      4      102
  MINIMUM         74    645 AM  59    1971  70      4       74
  AVERAGE         87                        82      5       88

PRECIPITATION (IN)
  YESTERDAY        0.00          0.68 1994   0.05  -0.05     0.05
  MONTH TO DATE    0.54                      1.76  -1.22     0.33
  SINCE JUN 1      3.83                      3.56   0.27     0.81
  SINCE JAN 1     12.82                      7.82   5.00     3.97

DEGREE DAYS
 COOLING
  YESTERDAY       22                        17      5       23
  MONTH TO DATE  600                       510     90      566
  SINCE JUN 1   1049                       971     78     1103
  SINCE JAN 1   1407                      1360     47     1579
..................................................................

WIND (MPH)
  HIGHEST WIND SPEED    20   HIGHEST WIND DIRECTION     E (90)
  HIGHEST GUST SPEED    24   HIGHEST GUST DIRECTION     E (110)
  AVERAGE WIND SPEED     8.3

SKY COVER
  POSSIBLE SUNSHINE  MM
  AVERAGE SKY COVER 0.2

WEATHER CONDITIONS
 THE FOLLOWING WEATHER WAS RECORDED YESTERDAY.
  NO SIGNIFICANT WEATHER WAS OBSERVED.

RELATIVE HUMIDITY (PERCENT)
 HIGHEST    60           500 AM
 LOWEST     22           400 PM
 AVERAGE    41

..........................................................

THE MIDLAND CLIMATE NORMALS FOR TODAY
                         NORMAL    RECORD    YEAR
 MAXIMUM TEMPERATURE (F)   95       105      1944
 MINIMUM TEMPERATURE (F)   70        60      1971

SUNRISE AND SUNSET
JULY 31 2015..........SUNRISE   703 AM CDT   SUNSET   846 PM CDT
AUGUST  1 2015........SUNRISE   704 AM CDT   SUNSET   846 PM CDT

-  INDICATES NEGATIVE NUMBERS.
R  INDICATES RECORD WAS SET OR TIED.
MM INDICATES DATA IS MISSING.
T  INDICATES TRACE AMOUNT.

$$

44
