000
CDUS44 KMAF 300731
CLIMAF


CLIMATE REPORT
NATIONAL WEATHER SERVICE MIDLAND TX
231 AM CDT SAT JUL 30 2016


...................................

...THE MIDLAND CLIMATE SUMMARY FOR JULY 29 2016...

CLIMATE NORMAL PERIOD 1981 TO 2010
CLIMATE RECORD PERIOD 1930 TO 2016


WEATHER ITEM   OBSERVED TIME   RECORD YEAR NORMAL DEPARTURE LAST
                VALUE   (LST)  VALUE       VALUE  FROM      YEAR
                                                  NORMAL
..................................................................
TEMPERATURE (F)
 YESTERDAY
  MAXIMUM         96    440 PM 105    1995  95      1      100
                                      1960
  MINIMUM         71    612 AM  63    1988  70      1       76
                                      1987
  AVERAGE         84                        82      2       88

PRECIPITATION (IN)
  YESTERDAY        0.00          0.68 2007   0.06  -0.06     0.02
  MONTH TO DATE    0.24                      1.71  -1.47     0.54
  SINCE JUN 1      3.40                      3.51  -0.11     3.83
  SINCE JAN 1      7.14                      7.77  -0.63    12.82

DEGREE DAYS
 COOLING
  YESTERDAY       19                        17      2       23
  MONTH TO DATE  684                       493    191      578
  SINCE JUN 1   1170                       954    216     1027
  SINCE JAN 1   1650                      1343    307     1385
..................................................................


WIND (MPH)
  HIGHEST WIND SPEED    21   HIGHEST WIND DIRECTION    SE (150)
  HIGHEST GUST SPEED    27   HIGHEST GUST DIRECTION    SE (150)
  AVERAGE WIND SPEED    10.3


SKY COVER
  POSSIBLE SUNSHINE  MM
  AVERAGE SKY COVER 0.0


WEATHER CONDITIONS
 THE FOLLOWING WEATHER WAS RECORDED YESTERDAY.
  NO SIGNIFICANT WEATHER WAS OBSERVED.


RELATIVE HUMIDITY (PERCENT)
 HIGHEST    84           600 AM
 LOWEST     28           500 PM
 AVERAGE    56

..........................................................


THE MIDLAND CLIMATE NORMALS FOR TODAY
                         NORMAL    RECORD    YEAR
 MAXIMUM TEMPERATURE (F)   95       106      1937
 MINIMUM TEMPERATURE (F)   70        59      1971


SUNRISE AND SUNSET
JULY 30 2016..........SUNRISE   703 AM CDT   SUNSET   847 PM CDT
JULY 31 2016..........SUNRISE   704 AM CDT   SUNSET   846 PM CDT


-  INDICATES NEGATIVE NUMBERS.
R  INDICATES RECORD WAS SET OR TIED.
MM INDICATES DATA IS MISSING.
T  INDICATES TRACE AMOUNT.




$$
