000
CDUS44 KMAF 180735
CLIMAF


CLIMATE REPORT
NATIONAL WEATHER SERVICE MIDLAND/ODESSA TX
234 AM CDT FRI APR 18 2014


...................................

...THE MIDLAND CLIMATE SUMMARY FOR APRIL 17 2014...

CLIMATE NORMAL PERIOD 1981 TO 2010
CLIMATE RECORD PERIOD 1930 TO 2014


WEATHER ITEM   OBSERVED TIME   RECORD YEAR NORMAL DEPARTURE LAST
                VALUE   (LST)  VALUE       VALUE  FROM      YEAR
                                                  NORMAL
..................................................................
TEMPERATURE (F)
 YESTERDAY
  MAXIMUM         77    308 PM  97    1975  80     -3       94
  MINIMUM         52   1159 PM  27    1947  50      2       59
  AVERAGE         65                        65      0       77

PRECIPITATION (IN)
  YESTERDAY        0.00          1.62 1979   0.02  -0.02     0.00
  MONTH TO DATE    T                         0.36  -0.36      T
  SINCE MAR 1      0.19                      0.96  -0.77      T
  SINCE JAN 1      0.45                      2.23  -1.78     1.53

SNOWFALL (IN)
  YESTERDAY        0.0
  MONTH TO DATE    0.0
  SINCE MAR 1      0.0
  SINCE JUL 1      0.8
  SNOW DEPTH       0

DEGREE DAYS
 HEATING
  YESTERDAY        0                         3     -3        0
  MONTH TO DATE   68                        83    -15       71
  SINCE MAR 1    350                       390    -40      309
  SINCE JUL 1   2598                      2627    -29     2281

 COOLING
  YESTERDAY        0                         3     -3       12
  MONTH TO DATE   67                        36     31       70
  SINCE MAR 1     90                        52     38      105
  SINCE JAN 1     92                        54     38      105
..................................................................


WIND (MPH)
  HIGHEST WIND SPEED    25   HIGHEST WIND DIRECTION    NE (50)
  HIGHEST GUST SPEED    29   HIGHEST GUST DIRECTION     E (70)
  AVERAGE WIND SPEED    12.3


SKY COVER
  POSSIBLE SUNSHINE  MM
  AVERAGE SKY COVER 0.1


WEATHER CONDITIONS
 THE FOLLOWING WEATHER WAS RECORDED YESTERDAY.
  NO SIGNIFICANT WEATHER WAS OBSERVED.


RELATIVE HUMIDITY (PERCENT)
 HIGHEST    77          1100 PM
 LOWEST     31           300 PM
 AVERAGE    54

..........................................................


THE MIDLAND CLIMATE NORMALS FOR TODAY
                         NORMAL    RECORD    YEAR
 MAXIMUM TEMPERATURE (F)   80        96      2011
                                             1948
 MINIMUM TEMPERATURE (F)   50        34      2008
                                             1998


SUNRISE AND SUNSET
APRIL 18 2014.........SUNRISE   716 AM CDT   SUNSET   820 PM CDT
APRIL 19 2014.........SUNRISE   715 AM CDT   SUNSET   821 PM CDT


-  INDICATES NEGATIVE NUMBERS.
R  INDICATES RECORD WAS SET OR TIED.
MM INDICATES DATA IS MISSING.
T  INDICATES TRACE AMOUNT.




$$
