000
CDUS44 KMAF 010732
CLIMAF


CLIMATE REPORT
NATIONAL WEATHER SERVICE MIDLAND TX
231 AM CDT WED JUN 1 2016


...................................

...THE MIDLAND CLIMATE SUMMARY FOR MAY 31 2016...

CLIMATE NORMAL PERIOD 1981 TO 2010
CLIMATE RECORD PERIOD 1930 TO 2016


WEATHER ITEM   OBSERVED TIME   RECORD YEAR NORMAL DEPARTURE LAST
                VALUE   (LST)  VALUE       VALUE  FROM      YEAR
                                                  NORMAL
..................................................................
TEMPERATURE (F)
 YESTERDAY
  MAXIMUM         89    428 PM 106    2008  91     -2       81
                                      1998
  MINIMUM         61   1047 PM  45    1947  64     -3       60
  AVERAGE         75                        78     -3       71

PRECIPITATION (IN)
  YESTERDAY        1.14R         0.91 1987   0.08   1.06     0.00
  MONTH TO DATE    1.47                      1.74  -0.27     3.35
  SINCE MAR 1      3.26                      2.99   0.27     6.30
  SINCE JAN 1      3.74                      4.26  -0.52     8.99

DEGREE DAYS
 COOLING
  YESTERDAY       10                        13     -3        6
  MONTH TO DATE  307                       281     26      224
  SINCE MAR 1    465                       387     78      357
  SINCE JAN 1    480                       389     91      358
..................................................................


WIND (MPH)
  HIGHEST WIND SPEED    29   HIGHEST WIND DIRECTION    NW (330)
  HIGHEST GUST SPEED    35   HIGHEST GUST DIRECTION    NW (330)
  AVERAGE WIND SPEED     8.2


SKY COVER
  POSSIBLE SUNSHINE  MM
  AVERAGE SKY COVER 0.3


WEATHER CONDITIONS
 THE FOLLOWING WEATHER WAS RECORDED YESTERDAY.
  THUNDERSTORM
  HEAVY RAIN
  RAIN
  LIGHT RAIN
  FOG


RELATIVE HUMIDITY (PERCENT)
 HIGHEST    93           400 AM
 LOWEST     26           500 PM
 AVERAGE    60

..........................................................


THE MIDLAND CLIMATE NORMALS FOR TODAY
                         NORMAL    RECORD    YEAR
 MAXIMUM TEMPERATURE (F)   91       107      1998
 MINIMUM TEMPERATURE (F)   64        47      1983


SUNRISE AND SUNSET
JUNE  1 2016..........SUNRISE   643 AM CDT   SUNSET   850 PM CDT
JUNE  2 2016..........SUNRISE   643 AM CDT   SUNSET   851 PM CDT


-  INDICATES NEGATIVE NUMBERS.
R  INDICATES RECORD WAS SET OR TIED.
MM INDICATES DATA IS MISSING.
T  INDICATES TRACE AMOUNT.




$$
