000
CDUS42 KTAE 260639
CLIMAI


CLIMATE REPORT
NATIONAL WEATHER SERVICE TALLAHASSEE FL
238 AM EDT SUN MAR 26 2017


...................................

...THE MARIANNA CLIMATE SUMMARY FOR MARCH 25 2017...

CLIMATE NORMAL PERIOD 1981 TO 2010
CLIMATE RECORD PERIOD 1950 TO 2017


WEATHER ITEM   OBSERVED NORMAL DEPARTURE LAST
                VALUE   VALUE  FROM      YEAR
                               NORMAL
...............................................
TEMPERATURE (F)
 YESTERDAY
  MAXIMUM         83     75      8       66
  MINIMUM         60     49     11       61
  AVERAGE         72     62     10       64

PRECIPITATION (IN)
  YESTERDAY        T      0.20  -0.20     2.16
  MONTH TO DATE    0.84   4.23  -3.39     4.04
  SINCE MAR 1      0.84   4.23  -3.39     4.04
  SINCE JAN 1     11.24  14.21  -2.97    12.48

DEGREE DAYS
 HEATING
  YESTERDAY        0            -4
  MONTH TO DATE  128           -28
  SINCE MAR 1    128           -28
  SINCE JUL 1    817          -744

 COOLING
  YESTERDAY        7             6
  MONTH TO DATE   52            27
  SINCE MAR 1     52            27
  SINCE JAN 1    109            69
...............................................


WIND (MPH)
  HIGHEST WIND SPEED    16   HIGHEST WIND DIRECTION     S (160)
  HIGHEST GUST SPEED    23   HIGHEST GUST DIRECTION     S (160)
  AVERAGE WIND SPEED     7.2




RELATIVE HUMIDITY (PERCENT)
 HIGHEST    90
 LOWEST     40
 AVERAGE    65

..........................................................




SUNRISE AND SUNSET
MARCH 26 2017.........SUNRISE   637 AM CDT   SUNSET   656 PM CDT
MARCH 27 2017.........SUNRISE   636 AM CDT   SUNSET   657 PM CDT


-  INDICATES NEGATIVE NUMBERS.
R  INDICATES RECORD WAS SET OR TIED.
MM INDICATES DATA IS MISSING.
T  INDICATES TRACE AMOUNT.




$$
