000
CDUS42 KTAE 300631
CLIMAI


CLIMATE REPORT
NATIONAL WEATHER SERVICE TALLAHASSEE FL
230 AM EDT SAT JUL 30 2016


...................................

...THE MARIANNA CLIMATE SUMMARY FOR JULY 29 2016...

CLIMATE NORMAL PERIOD 1981 TO 2010
CLIMATE RECORD PERIOD 1950 TO 2016


WEATHER ITEM   OBSERVED NORMAL DEPARTURE LAST
                VALUE   VALUE  FROM      YEAR
                               NORMAL
...............................................
TEMPERATURE (F)
 YESTERDAY
  MAXIMUM         95     91      4       98
  MINIMUM         75     73      2       77
  AVERAGE         85     82      3       88

PRECIPITATION (IN)
  YESTERDAY        0.30   0.15   0.15     0.05
  MONTH TO DATE    2.73   4.82  -2.09     4.47
  SINCE JUN 1      5.35  10.39  -5.04     8.39
  SINCE JAN 1     27.53  32.61  -5.08    33.96

DEGREE DAYS
 HEATING
  YESTERDAY        0             0
  MONTH TO DATE    0             0
  SINCE JUN 1      0             0
  SINCE JUL 1      0             0

 COOLING
  YESTERDAY       20             3
  MONTH TO DATE  553            60
  SINCE JUN 1   1058           106
  SINCE JAN 1   1557           135
...............................................


WIND (MPH)
  HIGHEST WIND SPEED    28   HIGHEST WIND DIRECTION     W (250)
  HIGHEST GUST SPEED    34   HIGHEST GUST DIRECTION     W (250)
  AVERAGE WIND SPEED     5.0




RELATIVE HUMIDITY (PERCENT)
 HIGHEST   100
 LOWEST     49
 AVERAGE    75

..........................................................




SUNRISE AND SUNSET
JULY 30 2016..........SUNRISE   557 AM CDT   SUNSET   737 PM CDT
JULY 31 2016..........SUNRISE   558 AM CDT   SUNSET   736 PM CDT


-  INDICATES NEGATIVE NUMBERS.
R  INDICATES RECORD WAS SET OR TIED.
MM INDICATES DATA IS MISSING.
T  INDICATES TRACE AMOUNT.




$$
