000
CDUS42 KTAE 290634
CLIMAI


CLIMATE REPORT
NATIONAL WEATHER SERVICE TALLAHASSEE FL
234 AM EDT THU SEP 29 2016


...................................

...THE MARIANNA CLIMATE SUMMARY FOR SEPTEMBER 28 2016...

CLIMATE NORMAL PERIOD 1981 TO 2010
CLIMATE RECORD PERIOD 1950 TO 2016


WEATHER ITEM   OBSERVED NORMAL DEPARTURE LAST
                VALUE   VALUE  FROM      YEAR
                               NORMAL
...............................................
TEMPERATURE (F)
 YESTERDAY
  MAXIMUM         89     85      4       78
  MINIMUM         70     64      6       72
  AVERAGE         80     75      5       75

PRECIPITATION (IN)
  YESTERDAY        0.04   0.13  -0.09     1.92
  MONTH TO DATE    3.81   3.60   0.21     3.73
  SINCE SEP 1      3.81   3.60   0.21     3.73
  SINCE JAN 1     37.60  41.93  -4.33    40.71

DEGREE DAYS
 HEATING
  YESTERDAY        0             0
  MONTH TO DATE    0             0
  SINCE SEP 1      0             0
  SINCE JUL 1      0             0

 COOLING
  YESTERDAY       15             5
  MONTH TO DATE  466            96
  SINCE SEP 1    466            96
  SINCE JAN 1   2639           304
...............................................


WIND (MPH)
  HIGHEST WIND SPEED    16   HIGHEST WIND DIRECTION     S (190)
  HIGHEST GUST SPEED    21   HIGHEST GUST DIRECTION     S (200)
  AVERAGE WIND SPEED     3.5




RELATIVE HUMIDITY (PERCENT)
 HIGHEST   100
 LOWEST     56
 AVERAGE    78

..........................................................




SUNRISE AND SUNSET
SEPTEMBER 29 2016.....SUNRISE   633 AM CDT   SUNSET   628 PM CDT
SEPTEMBER 30 2016.....SUNRISE   634 AM CDT   SUNSET   627 PM CDT


-  INDICATES NEGATIVE NUMBERS.
R  INDICATES RECORD WAS SET OR TIED.
MM INDICATES DATA IS MISSING.
T  INDICATES TRACE AMOUNT.




$$
