000
CDUS42 KTAE 200638
CLIMAI


CLIMATE REPORT
NATIONAL WEATHER SERVICE TALLAHASSEE FL
137 AM EST TUE FEB 20 2018


...................................

...THE MARIANNA CLIMATE SUMMARY FOR FEBRUARY 19 2018...

CLIMATE NORMAL PERIOD 1981 TO 2010
CLIMATE RECORD PERIOD 1950 TO 2018


WEATHER ITEM   OBSERVED NORMAL DEPARTURE LAST
                VALUE   VALUE  FROM      YEAR
                               NORMAL
...............................................
TEMPERATURE (F)
 YESTERDAY
  MAXIMUM         84     67     17       80
  MINIMUM         60     44     16       56
  AVERAGE         72     55     17       68

PRECIPITATION (IN)
  YESTERDAY        0.00   0.19  -0.19     0.00
  MONTH TO DATE    9.96   3.24   6.72     1.78
  SINCE DEC 1     16.31  12.19   4.12    20.23
  SINCE JAN 1     13.78   8.28   5.50     8.46

DEGREE DAYS
 HEATING
  YESTERDAY        0           -10
  MONTH TO DATE   79          -143
  SINCE DEC 1    955          -129
  SINCE JUL 1   1136          -186

 COOLING
  YESTERDAY        7             7
  MONTH TO DATE   47            47
  SINCE DEC 1     84            68
  SINCE JAN 1     56            52
...............................................


WIND (MPH)
  HIGHEST WIND SPEED    17   HIGHEST WIND DIRECTION    SE (140)
  HIGHEST GUST SPEED    24   HIGHEST GUST DIRECTION    SE (130)
  AVERAGE WIND SPEED     5.5




RELATIVE HUMIDITY (PERCENT)
 HIGHEST   100
 LOWEST     43
 AVERAGE    72

..........................................................




SUNRISE AND SUNSET
FEBRUARY 20 2018......SUNRISE   617 AM CST   SUNSET   533 PM CST
FEBRUARY 21 2018......SUNRISE   616 AM CST   SUNSET   533 PM CST


-  INDICATES NEGATIVE NUMBERS.
R  INDICATES RECORD WAS SET OR TIED.
MM INDICATES DATA IS MISSING.
T  INDICATES TRACE AMOUNT.




$$
