359
CDUS42 KTAE 060632
CLIMAI


CLIMATE REPORT
NATIONAL WEATHER SERVICE TALLAHASSEE FL
231 AM EDT FRI MAY 6 2016


...................................

...THE MARIANNA CLIMATE SUMMARY FOR MAY 5 2016...

CLIMATE NORMAL PERIOD 1981 TO 2010
CLIMATE RECORD PERIOD 1950 TO 2016


WEATHER ITEM   OBSERVED NORMAL DEPARTURE LAST
                VALUE   VALUE  FROM      YEAR
                               NORMAL
...............................................
TEMPERATURE (F)
 YESTERDAY
  MAXIMUM         76     85     -9       84
  MINIMUM         54     60     -6       59
  AVERAGE         65     72     -7       72

PRECIPITATION (IN)
  YESTERDAY        0.00   0.07  -0.07     0.00
  MONTH TO DATE    0.36   0.31   0.05     0.00
  SINCE MAR 1     12.33   9.56   2.77    13.49
  SINCE JAN 1     20.77  19.54   1.23    20.67

DEGREE DAYS
 HEATING
  YESTERDAY        0             0
  MONTH TO DATE    0             0
  SINCE MAR 1    121          -120
  SINCE JUL 1   1157          -489

 COOLING
  YESTERDAY        0            -7
  MONTH TO DATE   40             6
  SINCE MAR 1    230            53
  SINCE JAN 1    236            44
...............................................


WIND (MPH)
  HIGHEST WIND SPEED    24   HIGHEST WIND DIRECTION    NW (330)
  HIGHEST GUST SPEED    31   HIGHEST GUST DIRECTION    NW (320)
  AVERAGE WIND SPEED     9.1




RELATIVE HUMIDITY (PERCENT)
 HIGHEST   100
 LOWEST     21
 AVERAGE    61

..........................................................




SUNRISE AND SUNSET
MAY  6 2016...........SUNRISE   552 AM CDT   SUNSET   723 PM CDT
MAY  7 2016...........SUNRISE   551 AM CDT   SUNSET   724 PM CDT


-  INDICATES NEGATIVE NUMBERS.
R  INDICATES RECORD WAS SET OR TIED.
MM INDICATES DATA IS MISSING.
T  INDICATES TRACE AMOUNT.




$$
