000
CDUS42 KTAE 230632
CLIMAI


CLIMATE REPORT
NATIONAL WEATHER SERVICE TALLAHASSEE FL
232 AM EDT WED APR 23 2014


...................................

...THE MARIANNA CLIMATE SUMMARY FOR APRIL 22 2014...

CLIMATE NORMAL PERIOD 1981 TO 2010
CLIMATE RECORD PERIOD 1950 TO 2014


WEATHER ITEM   OBSERVED NORMAL DEPARTURE LAST
                VALUE   VALUE  FROM      YEAR
                               NORMAL
...............................................
TEMPERATURE (F)
 YESTERDAY
  MAXIMUM         82     81      1
  MINIMUM         54     55     -1
  AVERAGE         68     68      0

PRECIPITATION (IN)
  YESTERDAY        0.00   0.11  -0.11     0.00
  MONTH TO DATE    7.65   3.18   4.47     2.90
  SINCE MAR 1     15.51   8.72   6.79     5.88
  SINCE JAN 1     22.84  18.70   4.14    19.75

DEGREE DAYS
 HEATING
  YESTERDAY        0            -1
  MONTH TO DATE   63             7
  SINCE MAR 1    281            45
  SINCE JUL 1   1741           100

 COOLING
  YESTERDAY        3            -1
  MONTH TO DATE   44           -24
  SINCE MAR 1     47           -53
  SINCE JAN 1     56           -59
...............................................


WIND (MPH)
  HIGHEST WIND SPEED    15   HIGHEST WIND DIRECTION     W (260)
  HIGHEST GUST SPEED    20   HIGHEST GUST DIRECTION     W (260)
  AVERAGE WIND SPEED     5.2




RELATIVE HUMIDITY (PERCENT)
 HIGHEST   100
 LOWEST     42
 AVERAGE    71

..........................................................




SUNRISE AND SUNSET
APRIL 23 2014.........SUNRISE   604 AM CDT   SUNSET   714 PM CDT
APRIL 24 2014.........SUNRISE   603 AM CDT   SUNSET   715 PM CDT


-  INDICATES NEGATIVE NUMBERS.
R  INDICATES RECORD WAS SET OR TIED.
MM INDICATES DATA IS MISSING.
T  INDICATES TRACE AMOUNT.




$$
