000
CDUS42 KTAE 280825
CLIMAI


CLIMATE REPORT
NATIONAL WEATHER SERVICE TALLAHASSEE FL
424 AM EDT FRI AUG 28 2015


...................................

...THE MARIANNA CLIMATE SUMMARY FOR AUGUST 27 2015...

CLIMATE NORMAL PERIOD 1981 TO 2010
CLIMATE RECORD PERIOD 1950 TO 2015


WEATHER ITEM   OBSERVED NORMAL DEPARTURE LAST
                VALUE   VALUE  FROM      YEAR
                               NORMAL
...............................................
TEMPERATURE (F)
 YESTERDAY
  MAXIMUM         93     91      2       93
  MINIMUM         61     72    -11       70
  AVERAGE         77     81     -4       82

PRECIPITATION (IN)
  YESTERDAY        0.00   0.12  -0.12     0.00
  MONTH TO DATE    2.23   4.91  -2.68     3.37
  SINCE JUN 1     10.86  15.59  -4.73    10.87
  SINCE JAN 1     36.43  37.81  -1.38    42.59

DEGREE DAYS
 HEATING
  YESTERDAY        0             0
  MONTH TO DATE    0             0
  SINCE JUN 1      0             0
  SINCE JUL 1      0             0

 COOLING
  YESTERDAY       12            -4
  MONTH TO DATE  500            50
  SINCE JUN 1   1607           173
  SINCE JAN 1   2287           383
...............................................


WIND (MPH)
  HIGHEST WIND SPEED     9   HIGHEST WIND DIRECTION    NE (30)
  HIGHEST GUST SPEED    12   HIGHEST GUST DIRECTION    NE (30)
  AVERAGE WIND SPEED     2.0




RELATIVE HUMIDITY (PERCENT)
 HIGHEST    93
 LOWEST     32
 AVERAGE    63

..........................................................




SUNRISE AND SUNSET
AUGUST 28 2015........SUNRISE   615 AM CDT   SUNSET   709 PM CDT
AUGUST 29 2015........SUNRISE   615 AM CDT   SUNSET   708 PM CDT


-  INDICATES NEGATIVE NUMBERS.
R  INDICATES RECORD WAS SET OR TIED.
MM INDICATES DATA IS MISSING.
T  INDICATES TRACE AMOUNT.




$$
