000
CDUS42 KTAE 090633
CLIMAI


CLIMATE REPORT
NATIONAL WEATHER SERVICE TALLAHASSEE FL
131 AM EST FRI DEC 9 2016

...................................

...THE MARIANNA CLIMATE SUMMARY FOR DECEMBER 8 2016...

CLIMATE NORMAL PERIOD 1981 TO 2010
CLIMATE RECORD PERIOD 1950 TO 2016


WEATHER ITEM   OBSERVED NORMAL DEPARTURE LAST
                VALUE   VALUE  FROM      YEAR
                               NORMAL
...............................................
TEMPERATURE (F)
 YESTERDAY
  MAXIMUM         62     65     -3       69
  MINIMUM         45     43      2       41
  AVERAGE         54     54      0       55

PRECIPITATION (IN)
  YESTERDAY        0.00   0.13  -0.13     0.00
  MONTH TO DATE    8.94   1.13   7.81     1.54
  SINCE DEC 1      8.94   1.13   7.81     1.54
  SINCE JAN 1     47.62  50.80  -3.18    51.08

DEGREE DAYS
 HEATING
  YESTERDAY       11             0
  MONTH TO DATE   51           -33
  SINCE DEC 1     51           -33
  SINCE JUL 1    183          -139

 COOLING
  YESTERDAY        0            -1
  MONTH TO DATE    1            -7
  SINCE DEC 1      1            -7
  SINCE JAN 1   2955           398
...............................................


WIND (MPH)
  HIGHEST WIND SPEED    20   HIGHEST WIND DIRECTION     N (10)
  HIGHEST GUST SPEED    24   HIGHEST GUST DIRECTION     N (360)
  AVERAGE WIND SPEED     8.6




RELATIVE HUMIDITY (PERCENT)
 HIGHEST   100
 LOWEST     38
 AVERAGE    69

..........................................................




SUNRISE AND SUNSET
DECEMBER  9 2016......SUNRISE   627 AM CST   SUNSET   439 PM CST
DECEMBER 10 2016......SUNRISE   628 AM CST   SUNSET   440 PM CST


-  INDICATES NEGATIVE NUMBERS.
R  INDICATES RECORD WAS SET OR TIED.
MM INDICATES DATA IS MISSING.
T  INDICATES TRACE AMOUNT.

$$
