000
CDUS42 KTAE 030637
CLIMAI


CLIMATE REPORT
NATIONAL WEATHER SERVICE TALLAHASSEE FL
236 AM EDT MON AUG 3 2015


...................................

...THE MARIANNA CLIMATE SUMMARY FOR AUGUST 2 2015...

CLIMATE NORMAL PERIOD 1981 TO 2010
CLIMATE RECORD PERIOD 1950 TO 2015


WEATHER ITEM   OBSERVED NORMAL DEPARTURE LAST
                VALUE   VALUE  FROM      YEAR
                               NORMAL
...............................................
TEMPERATURE (F)
 YESTERDAY
  MAXIMUM         93     91      2       91
  MINIMUM         73     73      0       73
  AVERAGE         83     82      1       82

PRECIPITATION (IN)
  YESTERDAY        0.00   0.22  -0.22     0.00
  MONTH TO DATE    0.00   0.42  -0.42     0.00
  SINCE JUN 1      8.63  11.10  -2.47     7.50
  SINCE JAN 1     34.20  33.32   0.88    39.22

DEGREE DAYS
 HEATING
  YESTERDAY        0             0
  MONTH TO DATE    0             0
  SINCE JUN 1      0             0
  SINCE JUL 1      0             0

 COOLING
  YESTERDAY       18             1
  MONTH TO DATE   36             2
  SINCE JUN 1   1120           102
  SINCE JAN 1   1800           312
...............................................


WIND (MPH)
  HIGHEST WIND SPEED    13   HIGHEST WIND DIRECTION     N (360)
  HIGHEST GUST SPEED    18   HIGHEST GUST DIRECTION    NE (30)
  AVERAGE WIND SPEED     5.8




RELATIVE HUMIDITY (PERCENT)
 HIGHEST   100
 LOWEST     56
 AVERAGE    78

..........................................................




SUNRISE AND SUNSET
AUGUST  3 2015........SUNRISE   559 AM CDT   SUNSET   734 PM CDT
AUGUST  4 2015........SUNRISE   600 AM CDT   SUNSET   733 PM CDT


-  INDICATES NEGATIVE NUMBERS.
R  INDICATES RECORD WAS SET OR TIED.
MM INDICATES DATA IS MISSING.
T  INDICATES TRACE AMOUNT.




$$
