000
CDUS43 KABR 061031
CLIMBG


CLIMATE REPORT
NATIONAL WEATHER SERVICE ABERDEEN SD
531 AM CDT MON JUL 6 2015


...................................

...THE MOBRIDGE SD CLIMATE SUMMARY FOR JULY 5 2015...

CLIMATE NORMAL PERIOD 1981 TO 2010
CLIMATE RECORD PERIOD 1911 TO 2015


WEATHER ITEM   OBSERVED TIME   RECORD YEAR NORMAL DEPARTURE LAST
                VALUE   (LST)  VALUE       VALUE  FROM      YEAR
                                                  NORMAL
..................................................................
TEMPERATURE (F)
 YESTERDAY
  MAXIMUM         85    300 PM 109    1936  84      1       92
  MINIMUM         67   1150 PM  38    1915  59      8       63
  AVERAGE         76                        71      5       78

PRECIPITATION (IN)
  YESTERDAY        0.08          1.46 1914   0.07   0.01     0.00
  MONTH TO DATE    1.29                      0.39   0.90     0.01
  SINCE JUN 1      4.84                      3.55   1.29     7.92
  SINCE JAN 1     15.63                      9.57   6.06    14.04

DEGREE DAYS
 HEATING
  YESTERDAY        0                         1     -1        0
  MONTH TO DATE    0                         5     -5       10
  SINCE JUN 1     18                        80    -62       85
  SINCE JUL 1      0                         5     -5       10

 COOLING
  YESTERDAY       11                         7      4       13
  MONTH TO DATE   48                        33     15       25
  SINCE JUN 1    197                       132     65       70
  SINCE JAN 1    213                       148     65      120
..................................................................


WIND (MPH)
  HIGHEST WIND SPEED    23   HIGHEST WIND DIRECTION     N (10)
  HIGHEST GUST SPEED    29   HIGHEST GUST DIRECTION     N (350)
  AVERAGE WIND SPEED    11.9


SKY COVER
  POSSIBLE SUNSHINE  MM
  AVERAGE SKY COVER 0.3


WEATHER CONDITIONS
 THE FOLLOWING WEATHER WAS RECORDED YESTERDAY.
  LIGHT RAIN
  FOG


RELATIVE HUMIDITY (PERCENT)
 HIGHEST   100           200 AM
 LOWEST     55           300 PM
 AVERAGE    78

..........................................................


THE MOBRIDGE SD CLIMATE NORMALS FOR TODAY
                         NORMAL    RECORD    YEAR
 MAXIMUM TEMPERATURE (F)   84       114      1936
 MINIMUM TEMPERATURE (F)   59        42      1915


SUNRISE AND SUNSET
JULY  6 2015..........SUNRISE   600 AM CDT   SUNSET   933 PM CDT
JULY  7 2015..........SUNRISE   600 AM CDT   SUNSET   932 PM CDT


-  INDICATES NEGATIVE NUMBERS.
R  INDICATES RECORD WAS SET OR TIED.
MM INDICATES DATA IS MISSING.
T  INDICATES TRACE AMOUNT.




$$
