000
CDUS43 KABR 312228
CLIMBG


CLIMATE REPORT
NATIONAL WEATHER SERVICE ABERDEEN SD
527 PM CDT TUE MAY 31 2016


...................................

...THE MOBRIDGE SD CLIMATE SUMMARY FOR MAY 31 2016...
VALID TODAY AS OF 0500 PM LOCAL TIME.

CLIMATE NORMAL PERIOD 1981 TO 2010
CLIMATE RECORD PERIOD 1911 TO 2016


WEATHER ITEM   OBSERVED TIME   RECORD YEAR NORMAL DEPARTURE LAST
                VALUE   (LST)  VALUE       VALUE  FROM      YEAR
                                                  NORMAL
..................................................................
TEMPERATURE (F)
 TODAY
  MAXIMUM         64    311 PM  97    1934  73     -9       66
  MINIMUM         50    424 AM  32    2012  49      1       46
  AVERAGE         57                        61     -4       56

PRECIPITATION (IN)
  TODAY            T             1.70 1981   0.10  -0.10      T
  MONTH TO DATE    3.75                      2.82   0.93     9.32
  SINCE MAR 1      9.16                      5.29   3.87     9.99
  SINCE JAN 1     10.38                      6.02   4.36    10.79

DEGREE DAYS
 HEATING
  TODAY            8                         5      3        9
  MONTH TO DATE  198                       289    -91      306
  SINCE MAR 1   1428                      1909   -481     1596
  SINCE JUL 1   6303                      7884  -1581     7355

 COOLING
  TODAY            0                         1     -1        0
  MONTH TO DATE   14                        15     -1       16
  SINCE MAR 1     16                        16      0       16
  SINCE JAN 1     16                        16      0       16
..................................................................


WIND (MPH)
  HIGHEST WIND SPEED    32   HIGHEST WIND DIRECTION     W (270)
  HIGHEST GUST SPEED    45   HIGHEST GUST DIRECTION     W (260)
  AVERAGE WIND SPEED    16.0


SKY COVER
  POSSIBLE SUNSHINE  MM
  AVERAGE SKY COVER 0.4


WEATHER CONDITIONS
 THE FOLLOWING WEATHER WAS RECORDED TODAY.
  LIGHT RAIN


RELATIVE HUMIDITY (PERCENT)
 HIGHEST    83           200 AM
 LOWEST     52          1100 AM
 AVERAGE    68

..........................................................


THE MOBRIDGE SD CLIMATE NORMALS FOR TOMORROW
                         NORMAL    RECORD    YEAR
 MAXIMUM TEMPERATURE (F)   73        96      1934
 MINIMUM TEMPERATURE (F)   49        36      1951


SUNRISE AND SUNSET
MAY 31 2016...........SUNRISE   556 AM CDT   SUNSET   923 PM CDT
JUNE  1 2016..........SUNRISE   556 AM CDT   SUNSET   924 PM CDT


-  INDICATES NEGATIVE NUMBERS.
R  INDICATES RECORD WAS SET OR TIED.
MM INDICATES DATA IS MISSING.
T  INDICATES TRACE AMOUNT.




$$
