000
CDUS43 KABR 042330
CLIMBG


CLIMATE REPORT
NATIONAL WEATHER SERVICE ABERDEEN SD
529 PM CST WED MAR 4 2015


...................................

...THE MOBRIDGE SD CLIMATE SUMMARY FOR MARCH 4 2015...
VALID TODAY AS OF 0500 PM LOCAL TIME.

CLIMATE NORMAL PERIOD 1981 TO 2010
CLIMATE RECORD PERIOD 1911 TO 2015


WEATHER ITEM   OBSERVED TIME   RECORD YEAR NORMAL DEPARTURE LAST
                VALUE   (LST)  VALUE       VALUE  FROM      YEAR
                                                  NORMAL
..................................................................
TEMPERATURE (F)
 TODAY
  MAXIMUM         13    447 PM  67    2000  37    -24       15
  MINIMUM         -1   1242 AM -19    1960  16    -17        4
  AVERAGE          6                        27    -21       10

PRECIPITATION (IN)
  TODAY            0.00          1.64 1966   0.02  -0.02     0.11
  MONTH TO DATE    T                         0.09  -0.09     0.11
  SINCE MAR 1      T                         0.09  -0.09     0.11
  SINCE JAN 1      0.80                      0.82  -0.02     0.72

SNOWFALL (IN)
  TODAY            0.0
  MONTH TO DATE    T
  SINCE OCT 1     18.7
  SINCE JUL 1     18.7
  SNOW DEPTH       T

DEGREE DAYS
 HEATING
  TODAY           59                        38     21       55
  MONTH TO DATE  194                       156     38      254
  SINCE MAR 1    194                       156     38      254
  SINCE JUL 1   5953                      6131   -178     6794

 COOLING
  TODAY            0                         0      0        0
  MONTH TO DATE    0                         0      0        0
  SINCE MAR 1      0                         0      0        0
  SINCE JAN 1      0                         0      0        0
..................................................................


WIND (MPH)
  HIGHEST WIND SPEED    25   HIGHEST WIND DIRECTION    NW (330)
  HIGHEST GUST SPEED    31   HIGHEST GUST DIRECTION    NW (310)
  AVERAGE WIND SPEED    14.5


SKY COVER
  POSSIBLE SUNSHINE  MM
  AVERAGE SKY COVER 0.4


WEATHER CONDITIONS
 THE FOLLOWING WEATHER WAS RECORDED TODAY.
  NO SIGNIFICANT WEATHER WAS OBSERVED.


RELATIVE HUMIDITY (PERCENT)
 HIGHEST    83          1200 AM
 LOWEST     38           300 PM
 AVERAGE    61

..........................................................


THE MOBRIDGE SD CLIMATE NORMALS FOR TOMORROW
                         NORMAL    RECORD    YEAR
 MAXIMUM TEMPERATURE (F)   37        77      2000
 MINIMUM TEMPERATURE (F)   17       -20      1919


SUNRISE AND SUNSET
MARCH  4 2015.........SUNRISE   715 AM CST   SUNSET   632 PM CST
MARCH  5 2015.........SUNRISE   713 AM CST   SUNSET   634 PM CST


-  INDICATES NEGATIVE NUMBERS.
R  INDICATES RECORD WAS SET OR TIED.
MM INDICATES DATA IS MISSING.
T  INDICATES TRACE AMOUNT.




$$
