000
CDUS43 KABR 191032
CLIMBG


CLIMATE REPORT
NATIONAL WEATHER SERVICE ABERDEEN SD
531 AM CDT THU OCT 19 2017


...................................

...THE MOBRIDGE SD CLIMATE SUMMARY FOR OCTOBER 18 2017...

CLIMATE NORMAL PERIOD 1981 TO 2010
CLIMATE RECORD PERIOD 1911 TO 2017


WEATHER ITEM   OBSERVED TIME   RECORD YEAR NORMAL DEPARTURE LAST
                VALUE   (LST)  VALUE       VALUE  FROM      YEAR
                                                  NORMAL
..................................................................
TEMPERATURE (F)
 YESTERDAY
  MAXIMUM         65    423 PM  86    1914  59      6       68
  MINIMUM         41   1127 PM  13    1930  34      7       37
  AVERAGE         53                        46      7       53

PRECIPITATION (IN)
  YESTERDAY        0.00          1.14 2007   0.06  -0.06      T
  MONTH TO DATE    0.18                      0.95  -0.77     0.17
  SINCE SEP 1      2.12                      2.49  -0.37     0.77
  SINCE JAN 1     14.82                     16.40  -1.58    17.74

SNOWFALL (IN)
  YESTERDAY        0.0
  MONTH TO DATE    0.0
  SINCE OCT 1      0.0
  SINCE JUL 1      0.0
  SNOW DEPTH       0

DEGREE DAYS
 HEATING
  YESTERDAY       12                        19     -7       12
  MONTH TO DATE  225                       274    -49      213
  SINCE SEP 1    364                       461    -97      312
  SINCE JUL 1    370                       494   -124      326

 COOLING
  YESTERDAY        0                         0      0        0
  MONTH TO DATE    0                         0      0       17
  SINCE SEP 1     78                        60     18       83
  SINCE JAN 1    789                       641    148      961
..................................................................


WIND (MPH)
  HIGHEST WIND SPEED    22   HIGHEST WIND DIRECTION     N (350)
  HIGHEST GUST SPEED    29   HIGHEST GUST DIRECTION     N (340)
  AVERAGE WIND SPEED     9.5


SKY COVER
  POSSIBLE SUNSHINE  MM
  AVERAGE SKY COVER 0.0


WEATHER CONDITIONS
 THE FOLLOWING WEATHER WAS RECORDED YESTERDAY.
  NO SIGNIFICANT WEATHER WAS OBSERVED.


RELATIVE HUMIDITY (PERCENT)
 HIGHEST    86           100 AM
 LOWEST     19           300 PM
 AVERAGE    53

..........................................................


THE MOBRIDGE SD CLIMATE NORMALS FOR TODAY
                         NORMAL    RECORD    YEAR
 MAXIMUM TEMPERATURE (F)   59        88      1958
 MINIMUM TEMPERATURE (F)   34        13      1960


SUNRISE AND SUNSET
OCTOBER 19 2017.......SUNRISE   804 AM CDT   SUNSET   649 PM CDT
OCTOBER 20 2017.......SUNRISE   805 AM CDT   SUNSET   647 PM CDT


-  INDICATES NEGATIVE NUMBERS.
R  INDICATES RECORD WAS SET OR TIED.
MM INDICATES DATA IS MISSING.
T  INDICATES TRACE AMOUNT.




$$
