000
CDUS43 KABR 302230
CLIMBG


CLIMATE REPORT
NATIONAL WEATHER SERVICE ABERDEEN SD
528 PM CDT SAT AUG 30 2014


...................................

...THE MOBRIDGE SD CLIMATE SUMMARY FOR AUGUST 30 2014...
VALID TODAY AS OF 0500 PM LOCAL TIME.

CLIMATE NORMAL PERIOD 1981 TO 2010
CLIMATE RECORD PERIOD 1911 TO 2014


WEATHER ITEM   OBSERVED TIME   RECORD YEAR NORMAL DEPARTURE LAST
                VALUE   (LST)  VALUE       VALUE  FROM      YEAR
                                                  NORMAL
..................................................................
TEMPERATURE (F)
 TODAY
  MAXIMUM         76    359 PM 101    1961  81     -5       90
  MINIMUM         48    619 AM  32    1935  55     -7       62
  AVERAGE         62                        68     -6       76

PRECIPITATION (IN)
  TODAY            0.00          2.53 1951   0.06  -0.06     0.00
  MONTH TO DATE    4.55                      1.97   2.58     2.26
  SINCE JUN 1     12.99                      7.83   5.16     6.14
  SINCE JAN 1     19.11                     13.85   5.26    13.82

DEGREE DAYS
 HEATING
  TODAY            3                         2      1        0
  MONTH TO DATE   24                        15      9        2
  SINCE JUN 1    122                       102     20       81
  SINCE JUL 1     47                        27     20       13

 COOLING
  TODAY            0                         5     -5       11
  MONTH TO DATE  136                       214    -78      234
  SINCE JUN 1    351                       562   -211      560
  SINCE JAN 1    401                       578   -177      575
..................................................................


WIND (MPH)
  HIGHEST WIND SPEED    17   HIGHEST WIND DIRECTION    SE (150)
  HIGHEST GUST SPEED    21   HIGHEST GUST DIRECTION    SE (150)
  AVERAGE WIND SPEED     7.5


SKY COVER
  POSSIBLE SUNSHINE  MM
  AVERAGE SKY COVER 0.1


WEATHER CONDITIONS
 THE FOLLOWING WEATHER WAS RECORDED TODAY.
  NO SIGNIFICANT WEATHER WAS OBSERVED.


RELATIVE HUMIDITY (PERCENT)
 HIGHEST   100           100 AM
 LOWEST     57           200 PM
 AVERAGE    79

..........................................................


THE MOBRIDGE SD CLIMATE NORMALS FOR TOMORROW
                         NORMAL    RECORD    YEAR
 MAXIMUM TEMPERATURE (F)   81       101      1953
 MINIMUM TEMPERATURE (F)   55        39      1958


SUNRISE AND SUNSET
AUGUST 30 2014........SUNRISE   701 AM CDT   SUNSET   823 PM CDT
AUGUST 31 2014........SUNRISE   702 AM CDT   SUNSET   821 PM CDT


-  INDICATES NEGATIVE NUMBERS.
R  INDICATES RECORD WAS SET OR TIED.
MM INDICATES DATA IS MISSING.
T  INDICATES TRACE AMOUNT.




$$
