000
CDUS43 KABR 271031
CLIMBG


CLIMATE REPORT
NATIONAL WEATHER SERVICE ABERDEEN SD
531 AM CDT WED MAY 27 2015


...................................

...THE MOBRIDGE SD CLIMATE SUMMARY FOR MAY 26 2015...

CLIMATE NORMAL PERIOD 1981 TO 2010
CLIMATE RECORD PERIOD 1911 TO 2015


WEATHER ITEM   OBSERVED TIME   RECORD YEAR NORMAL DEPARTURE LAST
                VALUE   (LST)  VALUE       VALUE  FROM      YEAR
                                                  NORMAL
..................................................................
TEMPERATURE (F)
 YESTERDAY
  MAXIMUM         81    259 PM  98    2006  71     10       81
  MINIMUM         52    543 AM  32    1947  47      5       54
  AVERAGE         67                        59      8       68

PRECIPITATION (IN)
  YESTERDAY        0.00          2.35 1932   0.08  -0.08     0.00
  MONTH TO DATE    9.16                      2.33   6.83     1.64
  SINCE MAR 1      9.83                      4.80   5.03     4.50
  SINCE JAN 1     10.63                      5.53   5.10     5.11

DEGREE DAYS
 HEATING
  YESTERDAY        0                         6     -6        0
  MONTH TO DATE  270                       260     10      313
  SINCE MAR 1   1560                      1880   -320     2130
  SINCE JUL 1   7319                      7855   -536     8670

 COOLING
  YESTERDAY        2                         1      1        3
  MONTH TO DATE    8                         8      0       19
  SINCE MAR 1      8                         9     -1       19
  SINCE JAN 1      8                         9     -1       19
..................................................................


WIND (MPH)
  HIGHEST WIND SPEED    16   HIGHEST WIND DIRECTION    NW (330)
  HIGHEST GUST SPEED    20   HIGHEST GUST DIRECTION    NW (320)
  AVERAGE WIND SPEED     6.8


SKY COVER
  POSSIBLE SUNSHINE  MM
  AVERAGE SKY COVER 0.2


WEATHER CONDITIONS
 THE FOLLOWING WEATHER WAS RECORDED YESTERDAY.
  FOG


RELATIVE HUMIDITY (PERCENT)
 HIGHEST   100          1200 AM
 LOWEST     32           600 PM
 AVERAGE    66

..........................................................


THE MOBRIDGE SD CLIMATE NORMALS FOR TODAY
                         NORMAL    RECORD    YEAR
 MAXIMUM TEMPERATURE (F)   71       106      1934
 MINIMUM TEMPERATURE (F)   48        28      1915


SUNRISE AND SUNSET
MAY 27 2015...........SUNRISE   600 AM CDT   SUNSET   918 PM CDT
MAY 28 2015...........SUNRISE   559 AM CDT   SUNSET   919 PM CDT


-  INDICATES NEGATIVE NUMBERS.
R  INDICATES RECORD WAS SET OR TIED.
MM INDICATES DATA IS MISSING.
T  INDICATES TRACE AMOUNT.




$$
