521
CDUS43 KABR 241200
CLIMBG


CLIMATE REPORT
NATIONAL WEATHER SERVICE ABERDEEN SD
700 AM CDT SAT JUN 24 2017


...................................

...THE MOBRIDGE SD CLIMATE SUMMARY FOR JUNE 23 2017...

CLIMATE NORMAL PERIOD 1981 TO 2010
CLIMATE RECORD PERIOD 1911 TO 2017


WEATHER ITEM   OBSERVED TIME   RECORD YEAR NORMAL DEPARTURE LAST
                VALUE   (LST)  VALUE       VALUE  FROM      YEAR
                                                  NORMAL
..................................................................
TEMPERATURE (F)
 YESTERDAY
  MAXIMUM         72    540 PM 104    1937  81     -9       81
  MINIMUM         44   1159 PM  39    1942  56    -12       50
  AVERAGE         58                        68    -10       66

PRECIPITATION (IN)
  YESTERDAY        0.00          2.20 1930   0.08  -0.08     0.00
  MONTH TO DATE    1.45                      2.61  -1.16     2.38
  SINCE JUN 1      1.45                      2.61  -1.16     2.38
  SINCE JAN 1      3.98                      8.63  -4.65    12.76

DEGREE DAYS
 HEATING
  YESTERDAY        7                         1      6        0
  MONTH TO DATE    7                        68    -61       12
  SINCE JUN 1      7                        68    -61       12
  SINCE JUL 1   7133                      7952   -819     6315

 COOLING
  YESTERDAY        0                         5     -5        1
  MONTH TO DATE  158                        60     98      156
  SINCE JUN 1    158                        60     98      156
  SINCE JAN 1    178                        76    102      172
..................................................................


WIND (MPH)
  HIGHEST WIND SPEED    33   HIGHEST WIND DIRECTION    NW (310)
  HIGHEST GUST SPEED    41   HIGHEST GUST DIRECTION    NW (310)
  AVERAGE WIND SPEED    19.0


SKY COVER
  POSSIBLE SUNSHINE  MM
  AVERAGE SKY COVER 0.4


WEATHER CONDITIONS
 THE FOLLOWING WEATHER WAS RECORDED YESTERDAY.
  NO SIGNIFICANT WEATHER WAS OBSERVED.


RELATIVE HUMIDITY (PERCENT)
 HIGHEST    72           300 AM
 LOWEST     22           600 PM
 AVERAGE    47

..........................................................


THE MOBRIDGE SD CLIMATE NORMALS FOR TODAY
                         NORMAL    RECORD    YEAR
 MAXIMUM TEMPERATURE (F)   81       108      1936
 MINIMUM TEMPERATURE (F)   56        38      1929


SUNRISE AND SUNSET
JUNE 24 2017..........SUNRISE   554 AM CDT   SUNSET   935 PM CDT
JUNE 25 2017..........SUNRISE   554 AM CDT   SUNSET   935 PM CDT


-  INDICATES NEGATIVE NUMBERS.
R  INDICATES RECORD WAS SET OR TIED.
MM INDICATES DATA IS MISSING.
T  INDICATES TRACE AMOUNT.




$$
