000
CDUS43 KABR 041028
CLIMBG


CLIMATE REPORT
NATIONAL WEATHER SERVICE ABERDEEN SD
526 AM CDT FRI SEP 4 2015


...................................

...THE MOBRIDGE SD CLIMATE SUMMARY FOR SEPTEMBER 3 2015...

CLIMATE NORMAL PERIOD 1981 TO 2010
CLIMATE RECORD PERIOD 1911 TO 2015


WEATHER ITEM   OBSERVED TIME   RECORD YEAR NORMAL DEPARTURE LAST
                VALUE   (LST)  VALUE       VALUE  FROM      YEAR
                                                  NORMAL
..................................................................
TEMPERATURE (F)
 YESTERDAY
  MAXIMUM         99R   246 PM  99    2005  80     19       82
  MINIMUM         67    611 AM  33    1928  53     14       55
  AVERAGE         83                        66     17       69

PRECIPITATION (IN)
  YESTERDAY        0.00          1.10 1941   0.05  -0.05     0.00
  MONTH TO DATE    0.00                      0.14  -0.14     0.02
  SINCE SEP 1      0.00                      0.14  -0.14     0.02
  SINCE JAN 1     20.42                     14.05   6.37    19.34

DEGREE DAYS
 HEATING
  YESTERDAY        0                         3     -3        0
  MONTH TO DATE    0                         8     -8        2
  SINCE SEP 1      0                         8     -8        2
  SINCE JUL 1     22                        41    -19       49

 COOLING
  YESTERDAY       18                         4     14        4
  MONTH TO DATE   37                        13     24        5
  SINCE SEP 1     37                        13     24        5
  SINCE JAN 1    749                       594    155      408
..................................................................


WIND (MPH)
  HIGHEST WIND SPEED    23   HIGHEST WIND DIRECTION     S (160)
  HIGHEST GUST SPEED    30   HIGHEST GUST DIRECTION     S (170)
  AVERAGE WIND SPEED    10.5


SKY COVER
  POSSIBLE SUNSHINE  MM
  AVERAGE SKY COVER 0.0


WEATHER CONDITIONS
 THE FOLLOWING WEATHER WAS RECORDED YESTERDAY.
  NO SIGNIFICANT WEATHER WAS OBSERVED.


RELATIVE HUMIDITY (PERCENT)
 HIGHEST    97           300 AM
 LOWEST     30           300 PM
 AVERAGE    64

..........................................................


THE MOBRIDGE SD CLIMATE NORMALS FOR TODAY
                         NORMAL    RECORD    YEAR
 MAXIMUM TEMPERATURE (F)   79       103      1948
 MINIMUM TEMPERATURE (F)   53        37      1962


SUNRISE AND SUNSET
SEPTEMBER  4 2015.....SUNRISE   706 AM CDT   SUNSET   814 PM CDT
SEPTEMBER  5 2015.....SUNRISE   708 AM CDT   SUNSET   812 PM CDT


-  INDICATES NEGATIVE NUMBERS.
R  INDICATES RECORD WAS SET OR TIED.
MM INDICATES DATA IS MISSING.
T  INDICATES TRACE AMOUNT.




$$
