000
CDUS43 KABR 221035
CLIMBG


CLIMATE REPORT
NATIONAL WEATHER SERVICE ABERDEEN SD
535 AM CDT MON MAY 22 2017


...................................

...THE MOBRIDGE SD CLIMATE SUMMARY FOR MAY 21 2017...

CLIMATE NORMAL PERIOD 1981 TO 2010
CLIMATE RECORD PERIOD 1911 TO 2017


WEATHER ITEM   OBSERVED TIME   RECORD YEAR NORMAL DEPARTURE LAST
                VALUE   (LST)  VALUE       VALUE  FROM      YEAR
                                                  NORMAL
..................................................................
TEMPERATURE (F)
 YESTERDAY
  MAXIMUM         73    454 PM  94    1964  70      3       75
  MINIMUM         36    442 AM  23    1931  46    -10       57
  AVERAGE         55                        58     -3       66

PRECIPITATION (IN)
  YESTERDAY        0.01          1.65 1962   0.10  -0.09     0.00
  MONTH TO DATE    0.45                      1.87  -1.42     1.17
  SINCE MAR 1      1.55                      4.34  -2.79     6.58
  SINCE JAN 1      2.31                      5.07  -2.76     7.80

DEGREE DAYS
 HEATING
  YESTERDAY       10                         8      2        0
  MONTH TO DATE  151                       225    -74      182
  SINCE MAR 1   1611                      1845   -234     1412
  SINCE JUL 1   7048                      7820   -772     6287

 COOLING
  YESTERDAY        0                         1     -1        1
  MONTH TO DATE   20                         3     17        6
  SINCE MAR 1     20                         4     16        8
  SINCE JAN 1     20                         4     16        8
..................................................................


WIND (MPH)
  HIGHEST WIND SPEED    32   HIGHEST WIND DIRECTION    NW (320)
  HIGHEST GUST SPEED    52   HIGHEST GUST DIRECTION    NW (320)
  AVERAGE WIND SPEED    11.1


SKY COVER
  POSSIBLE SUNSHINE  MM
  AVERAGE SKY COVER 0.2


WEATHER CONDITIONS
 THE FOLLOWING WEATHER WAS RECORDED YESTERDAY.
  LIGHT RAIN


RELATIVE HUMIDITY (PERCENT)
 HIGHEST    85           300 AM
 LOWEST     19           500 PM
 AVERAGE    52

..........................................................


THE MOBRIDGE SD CLIMATE NORMALS FOR TODAY
                         NORMAL    RECORD    YEAR
 MAXIMUM TEMPERATURE (F)   70        91      1966
 MINIMUM TEMPERATURE (F)   46        27      1963


SUNRISE AND SUNSET
MAY 22 2017...........SUNRISE   603 AM CDT   SUNSET   914 PM CDT
MAY 23 2017...........SUNRISE   602 AM CDT   SUNSET   915 PM CDT


-  INDICATES NEGATIVE NUMBERS.
R  INDICATES RECORD WAS SET OR TIED.
MM INDICATES DATA IS MISSING.
T  INDICATES TRACE AMOUNT.




$$
