040
CDUS43 KABR 230918
CLIMBG


CLIMATE REPORT
NATIONAL WEATHER SERVICE ABERDEEN SD
417 AM CDT SAT JUL 23 2016


...................................

...THE MOBRIDGE SD CLIMATE SUMMARY FOR JULY 22 2016...

CLIMATE NORMAL PERIOD 1981 TO 2010
CLIMATE RECORD PERIOD 1911 TO 2016


WEATHER ITEM   OBSERVED TIME   RECORD YEAR NORMAL DEPARTURE LAST
                VALUE   (LST)  VALUE       VALUE  FROM      YEAR
                                                  NORMAL
..................................................................
TEMPERATURE (F)
 YESTERDAY
  MAXIMUM         93   1229 PM 109    1941  87      6       93
  MINIMUM         69    834 PM  47    1915  60      9       65
  AVERAGE         81                        74      7       79

PRECIPITATION (IN)
  YESTERDAY        0.38          1.05 1945   0.08   0.30     0.00
  MONTH TO DATE    1.07                      1.95  -0.88     1.40
  SINCE JUN 1      3.48                      5.11  -1.63     4.95
  SINCE JAN 1     13.86                     11.13   2.73    15.74

DEGREE DAYS
 HEATING
  YESTERDAY        0                         0      0        0
  MONTH TO DATE    1                         5     -4        0
  SINCE JUN 1     13                        80    -67       18
  SINCE JUL 1      1                         5     -4        0

 COOLING
  YESTERDAY       16                         9      7       14
  MONTH TO DATE  242                       171     71      219
  SINCE JUN 1    462                       270    192      368
  SINCE JAN 1    478                       286    192      384
..................................................................


WIND (MPH)
  HIGHEST WIND SPEED    28   HIGHEST WIND DIRECTION     W (270)
  HIGHEST GUST SPEED    40   HIGHEST GUST DIRECTION     W (270)
  AVERAGE WIND SPEED    13.7


SKY COVER
  POSSIBLE SUNSHINE  MM
  AVERAGE SKY COVER 0.5


WEATHER CONDITIONS
 THE FOLLOWING WEATHER WAS RECORDED YESTERDAY.
  THUNDERSTORM
  HEAVY RAIN
  LIGHT RAIN
  FOG
  HAZE


RELATIVE HUMIDITY (PERCENT)
 HIGHEST    88           700 AM
 LOWEST     39           300 PM
 AVERAGE    64

..........................................................


THE MOBRIDGE SD CLIMATE NORMALS FOR TODAY
                         NORMAL    RECORD    YEAR
 MAXIMUM TEMPERATURE (F)   87       108      1940
 MINIMUM TEMPERATURE (F)   60        46      1952


SUNRISE AND SUNSET
JULY 23 2016..........SUNRISE   616 AM CDT   SUNSET   920 PM CDT
JULY 24 2016..........SUNRISE   617 AM CDT   SUNSET   919 PM CDT


-  INDICATES NEGATIVE NUMBERS.
R  INDICATES RECORD WAS SET OR TIED.
MM INDICATES DATA IS MISSING.
T  INDICATES TRACE AMOUNT.




$$
