000
CDUS43 KABR 170909
CLIMBG


CLIMATE REPORT
NATIONAL WEATHER SERVICE ABERDEEN SD
408 AM CDT THU APR 17 2014


...................................

...THE MOBRIDGE SD CLIMATE SUMMARY FOR APRIL 16 2014...

CLIMATE NORMAL PERIOD 1981 TO 2010
CLIMATE RECORD PERIOD 1911 TO 2014


WEATHER ITEM   OBSERVED TIME   RECORD YEAR NORMAL DEPARTURE LAST
                VALUE   (LST)  VALUE       VALUE  FROM      YEAR
                                                  NORMAL
..................................................................
TEMPERATURE (F)
 YESTERDAY
  MAXIMUM         41    341 PM  88    1981  59    -18       36
  MINIMUM         23    842 PM  13    1951  33    -10       18
  AVERAGE         32                        46    -14       27

PRECIPITATION (IN)
  YESTERDAY        T             1.42 1976   0.05  -0.05      T
  MONTH TO DATE    0.31                      0.60  -0.29     1.30
  SINCE MAR 1      0.82                      1.50  -0.68     1.68
  SINCE JAN 1      1.43                      2.23  -0.80     2.64

SNOWFALL (IN)
  YESTERDAY        T
  MONTH TO DATE    3.5
  SINCE OCT 1     44.3
  SINCE JUL 1     44.3
  SNOW DEPTH       0

DEGREE DAYS
 HEATING
  YESTERDAY       33                        19     14       38
  MONTH TO DATE  445                       363     82      517
  SINCE MAR 1   1589                      1390    199     1725
  SINCE JUL 1   8129                      7365    764     7541

 COOLING
  YESTERDAY        0                         0      0        0
  MONTH TO DATE    0                         0      0        0
  SINCE MAR 1      0                         0      0        0
  SINCE JAN 1      0                         0      0        0
..................................................................


WIND (MPH)
  HIGHEST WIND SPEED    31   HIGHEST WIND DIRECTION     E (80)
  HIGHEST GUST SPEED    39   HIGHEST GUST DIRECTION     E (80)
  AVERAGE WIND SPEED    15.6


SKY COVER
  POSSIBLE SUNSHINE  MM
  AVERAGE SKY COVER 0.7


WEATHER CONDITIONS
 THE FOLLOWING WEATHER WAS RECORDED YESTERDAY.
  LT FREEZING RAIN


RELATIVE HUMIDITY (PERCENT)
 HIGHEST    78           400 AM
 LOWEST     48           400 PM
 AVERAGE    63

..........................................................


THE MOBRIDGE SD CLIMATE NORMALS FOR TODAY
                         NORMAL    RECORD    YEAR
 MAXIMUM TEMPERATURE (F)   59        86      1915
 MINIMUM TEMPERATURE (F)   33        10      1953


SUNRISE AND SUNSET
APRIL 17 2014.........SUNRISE   653 AM CDT   SUNSET   831 PM CDT
APRIL 18 2014.........SUNRISE   651 AM CDT   SUNSET   832 PM CDT


-  INDICATES NEGATIVE NUMBERS.
R  INDICATES RECORD WAS SET OR TIED.
MM INDICATES DATA IS MISSING.
T  INDICATES TRACE AMOUNT.




$$
