000
CDUS43 KABR 290908
CLIMBG


CLIMATE REPORT
NATIONAL WEATHER SERVICE ABERDEEN SD
407 AM CDT WED JUL 29 2015


...................................

...THE MOBRIDGE SD CLIMATE SUMMARY FOR JULY 28 2015...

CLIMATE NORMAL PERIOD 1981 TO 2010
CLIMATE RECORD PERIOD 1911 TO 2015


WEATHER ITEM   OBSERVED TIME   RECORD YEAR NORMAL DEPARTURE LAST
                VALUE   (LST)  VALUE       VALUE  FROM      YEAR
                                                  NORMAL
..................................................................
TEMPERATURE (F)
 YESTERDAY
  MAXIMUM         78    306 PM 111    2006  87     -9       77
  MINIMUM         61    610 AM  43    1915  60      1       49
  AVERAGE         70                        74     -4       63

PRECIPITATION (IN)
  YESTERDAY        0.00          0.58 2002   0.08  -0.08     0.00
  MONTH TO DATE    2.28                      2.46  -0.18     0.53
  SINCE JUN 1      5.83                      5.62   0.21     8.44
  SINCE JAN 1     16.62                     11.64   4.98    14.56

DEGREE DAYS
 HEATING
  YESTERDAY        0                         0      0        2
  MONTH TO DATE    0                         5     -5       23
  SINCE JUN 1     18                        80    -62       98
  SINCE JUL 1      0                         5     -5       23

 COOLING
  YESTERDAY        5                         9     -4        0
  MONTH TO DATE  296                       225     71      155
  SINCE JUN 1    445                       324    121      200
  SINCE JAN 1    461                       340    121      250
..................................................................


WIND (MPH)
  HIGHEST WIND SPEED    37   HIGHEST WIND DIRECTION     W (270)
  HIGHEST GUST SPEED    46   HIGHEST GUST DIRECTION    NW (300)
  AVERAGE WIND SPEED    19.3


SKY COVER
  POSSIBLE SUNSHINE  MM
  AVERAGE SKY COVER 0.1


WEATHER CONDITIONS
 THE FOLLOWING WEATHER WAS RECORDED YESTERDAY.
  LIGHT RAIN


RELATIVE HUMIDITY (PERCENT)
 HIGHEST    90           500 AM
 LOWEST     38           400 PM
 AVERAGE    64

..........................................................


THE MOBRIDGE SD CLIMATE NORMALS FOR TODAY
                         NORMAL    RECORD    YEAR
 MAXIMUM TEMPERATURE (F)   87       104      1933
 MINIMUM TEMPERATURE (F)   60        44      2004


SUNRISE AND SUNSET
JULY 29 2015..........SUNRISE   622 AM CDT   SUNSET   914 PM CDT
JULY 30 2015..........SUNRISE   623 AM CDT   SUNSET   913 PM CDT


-  INDICATES NEGATIVE NUMBERS.
R  INDICATES RECORD WAS SET OR TIED.
MM INDICATES DATA IS MISSING.
T  INDICATES TRACE AMOUNT.




$$
