000
CDUS43 KDTX 230537
CLIMBS


CLIMATE REPORT
NATIONAL WEATHER SERVICE DETROIT/PONTIAC MI
1237 AM EST SUN NOV 23 2014


...................................

...THE  TRI CITIES MI CLIMATE SUMMARY FOR NOVEMBER 22 2014...

CLIMATE NORMAL PERIOD 1981 TO 2010
CLIMATE RECORD PERIOD 1898 TO 2014


WEATHER ITEM   OBSERVED TIME   NORMAL DEPARTURE
                VALUE   (LST)  VALUE  FROM
                                      NORMAL
...................................................
TEMPERATURE (F)
 YESTERDAY
  MAXIMUM         47   1148 PM  43      4
  MINIMUM         23    154 AM  29     -6
  AVERAGE         35            36     -1

PRECIPITATION (IN)
  YESTERDAY        0.02          0.09  -0.07
  MONTH TO DATE    0.50          2.05  -1.55
  SINCE SEP 1      6.58          8.51  -1.93
  SINCE JAN 1     28.69         29.03  -0.34

SNOWFALL (IN)
  YESTERDAY        0.0
  MONTH TO DATE    2.5
  SINCE SEP 1      2.5
  SINCE JUL 1      2.5
  SNOW DEPTH       2

DEGREE DAYS
 HEATING
  YESTERDAY       30                    1
  MONTH TO DATE  673                  126
  SINCE SEP 1   1238                   52
  SINCE JUL 1   1264                   38

 COOLING
  YESTERDAY        0                    0
  MONTH TO DATE    0                    0
  SINCE SEP 1     54                    1
  SINCE JAN 1    539                  -18
...................................................


WIND (MPH)
  HIGHEST WIND SPEED    23   HIGHEST WIND DIRECTION    SW (220)
  HIGHEST GUST SPEED    27   HIGHEST GUST DIRECTION    SW (230)
  AVERAGE WIND SPEED    13.6




RELATIVE HUMIDITY (PERCENT)
 HIGHEST    93
 LOWEST     55
 AVERAGE    74

..........................................................


THE  TRI CITIES MI CLIMATE NORMALS FOR TODAY
                         NORMAL
 MAXIMUM TEMPERATURE (F)   42
 MINIMUM TEMPERATURE (F)   29


SUNRISE AND SUNSET
NOVEMBER 23 2014......SUNRISE   740 AM EST   SUNSET   505 PM EST
NOVEMBER 24 2014......SUNRISE   741 AM EST   SUNSET   504 PM EST


-  INDICATES NEGATIVE NUMBERS.
R  INDICATES RECORD WAS SET OR TIED.
MM INDICATES DATA IS MISSING.
T  INDICATES TRACE AMOUNT.




$$
