000
CDUS43 KDTX 192128
CLIMBS


CLIMATE REPORT
NATIONAL WEATHER SERVICE DETROIT/PONTIAC MI
427 PM EST THU JAN 19 2017


...................................

...THE TRI CITIES MI CLIMATE SUMMARY FOR JANUARY 19 2017...
VALID TODAY AS OF 0400 PM LOCAL TIME.

CLIMATE NORMAL PERIOD 1981 TO 2010
CLIMATE RECORD PERIOD 1898 TO 2017


WEATHER ITEM   OBSERVED TIME   NORMAL DEPARTURE LAST
                VALUE   (LST)  VALUE  FROM      YEAR
                                      NORMAL
......................................................
TEMPERATURE (F)
 TODAY
  MAXIMUM         38    359 PM  29      9       23
  MINIMUM         34    831 AM  15     19        9
  AVERAGE         36            22     14       16

PRECIPITATION (IN)
  TODAY            0.00          0.05  -0.05     0.00
  MONTH TO DATE    1.94          1.14   0.80     1.68
  SINCE DEC 1      3.31          3.00   0.31     4.78
  SINCE JAN 1      1.94          1.14   0.80     1.68

SNOWFALL (IN)
  TODAY            0.0           0.4   -0.4      0.0
  MONTH TO DATE    7.4           7.5   -0.1      7.4
  SINCE DEC 1     24.0          16.5    7.5     11.6
  SINCE JUL 1     25.6          20.4    5.2     15.1
  SNOW DEPTH       0

DEGREE DAYS
 HEATING
  TODAY           29            43    -14       49
  MONTH TO DATE  746           808    -62      751
  SINCE DEC 1   1913          1975    -62     1545
  SINCE JUL 1   2901          3448   -547     2556

 COOLING
  TODAY            0             0      0        0
  MONTH TO DATE    0             0      0        0
  SINCE DEC 1      0             0      0        0
  SINCE JAN 1      0             0      0        0
......................................................


WIND (MPH)
  HIGHEST WIND SPEED    18   HIGHEST WIND DIRECTION     W (250)
  HIGHEST GUST SPEED    23   HIGHEST GUST DIRECTION     W (250)
  AVERAGE WIND SPEED     9.6


SKY COVER
  AVERAGE SKY COVER 1.0


WEATHER CONDITIONS
 THE FOLLOWING WEATHER WAS RECORDED TODAY.
  FOG


..........................................................


THE TRI CITIES MI CLIMATE NORMALS FOR TOMORROW
                         NORMAL
 MAXIMUM TEMPERATURE (F)   29
 MINIMUM TEMPERATURE (F)   15


SUNRISE AND SUNSET
JANUARY 19 2017.......SUNRISE   804 AM EST   SUNSET   531 PM EST
JANUARY 20 2017.......SUNRISE   803 AM EST   SUNSET   532 PM EST


-  INDICATES NEGATIVE NUMBERS.
R  INDICATES RECORD WAS SET OR TIED.
MM INDICATES DATA IS MISSING.
T  INDICATES TRACE AMOUNT.




$$
