849
CDUS43 KDTX 220536
CLIMBS


CLIMATE REPORT
NATIONAL WEATHER SERVICE DETROIT/PONTIAC MI
1236 AM EST THU FEB 22 2018


...................................

...THE TRI CITIES MI CLIMATE SUMMARY FOR FEBRUARY 21 2018...

CLIMATE NORMAL PERIOD 1981 TO 2010
CLIMATE RECORD PERIOD 1898 TO 2018


WEATHER ITEM   OBSERVED TIME   NORMAL DEPARTURE LAST
                VALUE   (LST)  VALUE  FROM      YEAR
                                      NORMAL
......................................................
TEMPERATURE (F)
 YESTERDAY
  MAXIMUM         45   1205 AM  33     12       57
  MINIMUM         30   1159 PM  18     12       39
  AVERAGE         38            26     12

PRECIPITATION (IN)
  YESTERDAY        0.30          0.07   0.23
  MONTH TO DATE    2.54          1.11   1.43
  SINCE DEC 1      4.81          4.68   0.13
  SINCE JAN 1      3.78          2.82   0.96

SNOWFALL (IN)
  YESTERDAY        0.0
  MONTH TO DATE   13.5
  SINCE DEC 1     31.1
  SINCE JUL 1     31.1
  SNOW DEPTH       0

DEGREE DAYS
 HEATING
  YESTERDAY       27                  -12
  MONTH TO DATE  877                   10
  SINCE DEC 1   3451                   92
  SINCE JUL 1   4682                 -150

 COOLING
  YESTERDAY        0                    0
  MONTH TO DATE    0                    0
  SINCE DEC 1      0                    0
  SINCE JAN 1      0                    0
......................................................


WIND (MPH)
  HIGHEST WIND SPEED    17   HIGHEST WIND DIRECTION     W (290)
  HIGHEST GUST SPEED    21   HIGHEST GUST DIRECTION    NW (330)
  AVERAGE WIND SPEED     8.0



WEATHER CONDITIONS
 THE FOLLOWING WEATHER WAS RECORDED YESTERDAY.
  LIGHT RAIN
  FOG


RELATIVE HUMIDITY (PERCENT)
 HIGHEST    96
 LOWEST     59
 AVERAGE    78

..........................................................


THE TRI CITIES MI CLIMATE NORMALS FOR TODAY
                         NORMAL
 MAXIMUM TEMPERATURE (F)   34
 MINIMUM TEMPERATURE (F)   19


SUNRISE AND SUNSET
FEBRUARY 22 2018......SUNRISE   724 AM EST   SUNSET   616 PM EST
FEBRUARY 23 2018......SUNRISE   722 AM EST   SUNSET   617 PM EST


-  INDICATES NEGATIVE NUMBERS.
R  INDICATES RECORD WAS SET OR TIED.
MM INDICATES DATA IS MISSING.
T  INDICATES TRACE AMOUNT.




$$
