000
CDUS43 KDTX 092136
CLIMBS


CLIMATE REPORT
NATIONAL WEATHER SERVICE DETROIT/PONTIAC MI
435 PM EST TUE FEB 9 2016


...................................

...THE TRI CITIES MI CLIMATE SUMMARY FOR FEBRUARY 9 2016...
VALID TODAY AS OF 0400 PM LOCAL TIME.

CLIMATE NORMAL PERIOD 1981 TO 2010
CLIMATE RECORD PERIOD 1898 TO 2016


WEATHER ITEM   OBSERVED TIME   NORMAL DEPARTURE LAST
                VALUE   (LST)  VALUE  FROM      YEAR
                                      NORMAL
......................................................
TEMPERATURE (F)
 TODAY
  MAXIMUM         34    232 AM  30      4       22
  MINIMUM         28   1137 AM  16     12        8
  AVERAGE         31            23      8       15

PRECIPITATION (IN)
  TODAY            0.35          0.05   0.30     0.01
  MONTH TO DATE    0.97          0.41   0.56     0.87
  SINCE DEC 1      6.11          3.98   2.13     3.36
  SINCE JAN 1      3.01          2.12   0.89     1.89

SNOWFALL (IN)
  TODAY            4.2           0.3    3.9      0.4
  MONTH TO DATE    4.5           2.8    1.7     12.5
  SINCE DEC 1     16.8          23.7   -6.9     25.3
  SINCE JUL 1     20.3          27.6   -7.3     28.2
  SNOW DEPTH       2

DEGREE DAYS
 HEATING
  TODAY           34            42     -8       50
  MONTH TO DATE  279           382   -103      424
  SINCE DEC 1   2253          2874   -621     2799
  SINCE JUL 1   3264          4347  -1083     4295

 COOLING
  TODAY            0             0      0        0
  MONTH TO DATE    0             0      0        0
  SINCE DEC 1      0             0      0        0
  SINCE JAN 1      0             0      0        0
......................................................


WIND (MPH)
  HIGHEST WIND SPEED    20   HIGHEST WIND DIRECTION    NW (300)
  HIGHEST GUST SPEED    25   HIGHEST GUST DIRECTION     W (280)
  AVERAGE WIND SPEED    14.9


SKY COVER
  AVERAGE SKY COVER 0.9


WEATHER CONDITIONS
 THE FOLLOWING WEATHER WAS RECORDED TODAY.
  HEAVY SNOW
  SNOW
  LIGHT SNOW
  FOG
  HAZE


..........................................................


THE TRI CITIES MI CLIMATE NORMALS FOR TOMORROW
                         NORMAL
 MAXIMUM TEMPERATURE (F)   30
 MINIMUM TEMPERATURE (F)   16


SUNRISE AND SUNSET
FEBRUARY  9 2016......SUNRISE   744 AM EST   SUNSET   558 PM EST
FEBRUARY 10 2016......SUNRISE   742 AM EST   SUNSET   559 PM EST


-  INDICATES NEGATIVE NUMBERS.
R  INDICATES RECORD WAS SET OR TIED.
MM INDICATES DATA IS MISSING.
T  INDICATES TRACE AMOUNT.




$$
