000
CDUS43 KDTX 020538
CLIMBS


CLIMATE REPORT
NATIONAL WEATHER SERVICE DETROIT/PONTIAC MI
138 AM EDT THU OCT 2 2014


...................................

...THE  TRI CITIES MI CLIMATE SUMMARY FOR OCTOBER 1 2014...

CLIMATE NORMAL PERIOD 1981 TO 2010
CLIMATE RECORD PERIOD 1898 TO 2014


WEATHER ITEM   OBSERVED TIME   NORMAL DEPARTURE
                VALUE   (LST)  VALUE  FROM
                                      NORMAL
...................................................
TEMPERATURE (F)
 YESTERDAY
  MAXIMUM         69    408 PM  66      3
  MINIMUM         52    316 AM  45      7
  AVERAGE         61            55      6

PRECIPITATION (IN)
  YESTERDAY        0.01          0.10  -0.09
  MONTH TO DATE    0.01          0.10  -0.09
  SINCE SEP 1      3.70          3.93  -0.23
  SINCE JAN 1     25.81         24.45   1.36

SNOWFALL (IN)
  YESTERDAY        0.0
  MONTH TO DATE    0.0
  SINCE SEP 1      0.0
  SINCE JUL 1      0.0
  SNOW DEPTH       0

DEGREE DAYS
 HEATING
  YESTERDAY        4                   -6
  MONTH TO DATE    4                   -6
  SINCE SEP 1    144                  -25
  SINCE JUL 1    170                  -39

 COOLING
  YESTERDAY        0                   -1
  MONTH TO DATE    0                   -1
  SINCE SEP 1     53                    4
  SINCE JAN 1    538                  -15
...................................................


WIND (MPH)
  HIGHEST WIND SPEED    14   HIGHEST WIND DIRECTION     S (160)
  HIGHEST GUST SPEED    19   HIGHEST GUST DIRECTION    SE (140)
  AVERAGE WIND SPEED     5.7




RELATIVE HUMIDITY (PERCENT)
 HIGHEST   100
 LOWEST     55
 AVERAGE    78

..........................................................


THE  TRI CITIES MI CLIMATE NORMALS FOR TODAY
                         NORMAL
 MAXIMUM TEMPERATURE (F)   65
 MINIMUM TEMPERATURE (F)   44


SUNRISE AND SUNSET
OCTOBER  2 2014.......SUNRISE   735 AM EDT   SUNSET   716 PM EDT
OCTOBER  3 2014.......SUNRISE   736 AM EDT   SUNSET   714 PM EDT


-  INDICATES NEGATIVE NUMBERS.
R  INDICATES RECORD WAS SET OR TIED.
MM INDICATES DATA IS MISSING.
T  INDICATES TRACE AMOUNT.




$$
