000
CDUS43 KDTX 210940
CLIMBS


CLIMATE REPORT
NATIONAL WEATHER SERVICE DETROIT/PONTIAC MI
540 AM EDT THU AUG 21 2014


...................................

...THE  TRI CITIES MI CLIMATE SUMMARY FOR AUGUST 20 2014...

CLIMATE NORMAL PERIOD 1981 TO 2010
CLIMATE RECORD PERIOD 1898 TO 2014


WEATHER ITEM   OBSERVED TIME   NORMAL DEPARTURE
                VALUE   (LST)  VALUE  FROM
                                      NORMAL
...................................................
TEMPERATURE (F)
 YESTERDAY
  MAXIMUM         81    310 PM  79      2
  MINIMUM         64   1159 PM  58      6
  AVERAGE         73            69      4

PRECIPITATION (IN)
  YESTERDAY        0.02          0.10  -0.08
  MONTH TO DATE    4.24          2.07   2.17
  SINCE JUN 1     10.07          7.63   2.44
  SINCE JAN 1     21.66         19.28   2.38

SNOWFALL (IN)
  YESTERDAY        0.0
  MONTH TO DATE    0.0
  SINCE JUN 1      0.0
  SINCE JUL 1      0.0
  SNOW DEPTH       0

DEGREE DAYS
 HEATING
  YESTERDAY        0                   -1
  MONTH TO DATE    7                  -11
  SINCE JUN 1     36                  -54
  SINCE JUL 1     22                   -9

 COOLING
  YESTERDAY        8                    4
  MONTH TO DATE   86                  -20
  SINCE JUN 1    373                  -55
  SINCE JAN 1    417                  -47
...................................................


WIND (MPH)
  HIGHEST WIND SPEED    22   HIGHEST WIND DIRECTION    SW (220)
  HIGHEST GUST SPEED    27   HIGHEST GUST DIRECTION    SW (210)
  AVERAGE WIND SPEED     6.3




RELATIVE HUMIDITY (PERCENT)
 HIGHEST    93
 LOWEST     58
 AVERAGE    76

..........................................................


THE  TRI CITIES MI CLIMATE NORMALS FOR TODAY
                         NORMAL
 MAXIMUM TEMPERATURE (F)   79
 MINIMUM TEMPERATURE (F)   58


SUNRISE AND SUNSET
AUGUST 21 2014........SUNRISE   648 AM EDT   SUNSET   830 PM EDT
AUGUST 22 2014........SUNRISE   649 AM EDT   SUNSET   829 PM EDT


-  INDICATES NEGATIVE NUMBERS.
R  INDICATES RECORD WAS SET OR TIED.
MM INDICATES DATA IS MISSING.
T  INDICATES TRACE AMOUNT.




$$
