000
CDUS46 KHNX 280023
CLIMCE


CLIMATE REPORT
NATIONAL WEATHER SERVICE SAN JOAQUIN VALLEY, CA
522 PM PDT TUE JUN 27 2017


...................................

...THE MERCED  CA CLIMATE SUMMARY FOR JUNE 27 2017...
VALID AS OF 0400 PM LOCAL TIME.

CLIMATE NORMAL PERIOD 1981 TO 2010
CLIMATE RECORD PERIOD 1998 TO 2017


WEATHER ITEM   OBSERVED TIME   RECORD YEAR NORMAL DEPARTURE LAST
                VALUE   (LST)  VALUE       VALUE  FROM      YEAR
                                                  NORMAL
..................................................................
TEMPERATURE (F)
 TODAY
  MAXIMUM         91        MM 106    2003  93     -2      104
  MINIMUM         60        MM  54    2012  60      0       67
  AVERAGE         76                        76      0       86

PRECIPITATION (IN)
  TODAY            0.00          0.00   MM   0.00   0.00     0.00
  MONTH TO DATE    0.05                      0.13  -0.08     0.00
  SINCE OCT 1     16.03                     12.19   3.84    14.66
  SINCE JAN 1     11.80                      8.68   3.12    10.94

SNOWFALL (IN)
  TODAY            0.0
  MONTH TO DATE    0.0
  SINCE JUN 1      0.0
  SINCE JUL 1      0.0
  SNOW DEPTH       0

DEGREE DAYS
 HEATING
  TODAY            0                                         0
  MONTH TO DATE   10                                         2
  SINCE JUN 1     10                                         2
  SINCE JUL 1   2381                                      2268

 COOLING
  TODAY           11                                        21
  MONTH TO DATE  327                                       319
  SINCE JUN 1    327                                       319
  SINCE JAN 1    479                                       488
..................................................................


WIND (MPH)
  HIGHEST WIND SPEED    13   HIGHEST WIND DIRECTION    NW (300)
  HIGHEST GUST SPEED    MM   HIGHEST GUST DIRECTION    MM
  AVERAGE WIND SPEED    10.6




RELATIVE HUMIDITY (PERCENT)
 HIGHEST    78
 LOWEST     29
 AVERAGE    54

..........................................................


THE MERCED  CA CLIMATE NORMALS FOR TOMORROW
                         NORMAL    RECORD    YEAR
 MAXIMUM TEMPERATURE (F)   93       106      2009
 MINIMUM TEMPERATURE (F)   60        55      2005


SUNRISE AND SUNSET
JUNE 27 2017..........SUNRISE   544 AM PDT   SUNSET   827 PM PDT
JUNE 28 2017..........SUNRISE   545 AM PDT   SUNSET   827 PM PDT


-  INDICATES NEGATIVE NUMBERS.
R  INDICATES RECORD WAS SET OR TIED.
MM INDICATES DATA IS MISSING.
T  INDICATES TRACE AMOUNT.




$$
