000
CDUS46 KHNX 010830
CLIMCE


CLIMATE REPORT
NATIONAL WEATHER SERVICE SAN JOAQUIN VALLEY, CA
129 AM PDT SAT AUG 1 2015


...................................

...THE MERCED  CA CLIMATE SUMMARY FOR JULY 31 2015...

CLIMATE NORMAL PERIOD 1981 TO 2010
CLIMATE RECORD PERIOD 1998 TO 2015


WEATHER ITEM   OBSERVED TIME   RECORD YEAR NORMAL DEPARTURE
                VALUE   (LST)  VALUE       VALUE  FROM
                                                  NORMAL
...............................................................
TEMPERATURE (F)
 YESTERDAY
  MAXIMUM         96    337 PM 105    2014  95      1
  MINIMUM         72    511 AM  54    2001  60     12
  AVERAGE         84                        78      6

PRECIPITATION (IN)
  YESTERDAY        0.00          T    2003   0.01  -0.01
  MONTH TO DATE    T                         0.01  -0.01
  SINCE OCT 1      7.84                     12.20  -4.36
  SINCE JAN 1      3.09                      8.69  -5.60

SNOWFALL (IN)
  YESTERDAY        0.0
  MONTH TO DATE    0.0
  SINCE JUN 1      0.0
  SINCE JUL 1      0.0
  SNOW DEPTH       0

DEGREE DAYS
 HEATING
  YESTERDAY        0
  MONTH TO DATE    0
  SINCE JUN 1      0
  SINCE JUL 1      0

 COOLING
  YESTERDAY       19
  MONTH TO DATE  432
  SINCE JUN 1    824
  SINCE JAN 1    946
...............................................................


WIND (MPH)
  HIGHEST WIND SPEED    17   HIGHEST WIND DIRECTION    NW (320)
  HIGHEST GUST SPEED    21   HIGHEST GUST DIRECTION    NW (330)
  AVERAGE WIND SPEED     9.4




RELATIVE HUMIDITY (PERCENT)
 HIGHEST    53
 LOWEST     24
 AVERAGE    39

..........................................................


THE MERCED  CA CLIMATE NORMALS FOR TODAY
                         NORMAL    RECORD    YEAR
 MAXIMUM TEMPERATURE (F)   95       107      2014
 MINIMUM TEMPERATURE (F)   60        55      1999


SUNRISE AND SUNSET
AUGUST  1 2015........SUNRISE   607 AM PDT   SUNSET   810 PM PDT
AUGUST  2 2015........SUNRISE   608 AM PDT   SUNSET   809 PM PDT


-  INDICATES NEGATIVE NUMBERS.
R  INDICATES RECORD WAS SET OR TIED.
MM INDICATES DATA IS MISSING.
T  INDICATES TRACE AMOUNT.




$$
