416
CDUS46 KHNX 300023
CLIMCE


CLIMATE REPORT
NATIONAL WEATHER SERVICE SAN JOAQUIN VALLEY, CA
522 PM PDT SUN MAY 29 2016


...................................

...THE MERCED  CA CLIMATE SUMMARY FOR MAY 29 2016...
VALID AS OF 0400 PM LOCAL TIME.

CLIMATE NORMAL PERIOD 1981 TO 2010
CLIMATE RECORD PERIOD 1998 TO 2016


WEATHER ITEM   OBSERVED TIME   RECORD YEAR NORMAL DEPARTURE LAST
                VALUE   (LST)  VALUE       VALUE  FROM      YEAR
                                                  NORMAL
..................................................................
TEMPERATURE (F)
 TODAY
  MAXIMUM         93    211 PM  97    2003  85      8       93
  MINIMUM         58    356 AM  46    2010  54      4       55
                                      2006
  AVERAGE         76                        70      6       74

PRECIPITATION (IN)
  TODAY            0.00          0.01 2011   0.01  -0.01     0.00
  MONTH TO DATE    0.11                      0.57  -0.46     0.74
  SINCE OCT 1     14.66                     12.05   2.61     7.84
  SINCE JAN 1     10.94                      8.54   2.40     3.09

SNOWFALL (IN)
  TODAY            0.0
  MONTH TO DATE    0.0
  SINCE MAR 1      0.0
  SINCE JUL 1      0.0
  SNOW DEPTH       0

DEGREE DAYS
 HEATING
  TODAY            0                                         0
  MONTH TO DATE   30                                        50
  SINCE MAR 1    369                                       309
  SINCE JUL 1   2266                                      1773

 COOLING
  TODAY           11                                         9
  MONTH TO DATE  115                                        57
  SINCE MAR 1    144                                       101
  SINCE JAN 1    144                                       101
..................................................................


WIND (MPH)
  HIGHEST WIND SPEED    17   HIGHEST WIND DIRECTION     N (340)
  HIGHEST GUST SPEED    23   HIGHEST GUST DIRECTION     N (340)
  AVERAGE WIND SPEED     8.3




RELATIVE HUMIDITY (PERCENT)
 HIGHEST    77
 LOWEST     23
 AVERAGE    50

..........................................................


THE MERCED  CA CLIMATE NORMALS FOR TOMORROW
                         NORMAL    RECORD    YEAR
 MAXIMUM TEMPERATURE (F)   85        99      2002
 MINIMUM TEMPERATURE (F)   54        48      2011
                                             2000


SUNRISE AND SUNSET
MAY 29 2016...........SUNRISE   544 AM PDT   SUNSET   816 PM PDT
MAY 30 2016...........SUNRISE   544 AM PDT   SUNSET   816 PM PDT


-  INDICATES NEGATIVE NUMBERS.
R  INDICATES RECORD WAS SET OR TIED.
MM INDICATES DATA IS MISSING.
T  INDICATES TRACE AMOUNT.




$$
