000
CDUS46 KHNX 190825
CLIMCE


CLIMATE REPORT
NATIONAL WEATHER SERVICE SAN JOAQUIN VALLEY, CA
1223 AM PST SUN FEB 19 2017


...................................

...THE MERCED  CA CLIMATE SUMMARY FOR FEBRUARY 18 2017...

CLIMATE NORMAL PERIOD 1981 TO 2010
CLIMATE RECORD PERIOD 1998 TO 2017


WEATHER ITEM   OBSERVED TIME   RECORD YEAR NORMAL DEPARTURE
                VALUE   (LST)  VALUE       VALUE  FROM
                                                  NORMAL
...............................................................
TEMPERATURE (F)
 YESTERDAY
  MAXIMUM         64    253 PM  69    2015  61      3
  MINIMUM         46    710 AM  31    2003  40      6
  AVERAGE         55                        50      5

PRECIPITATION (IN)
  YESTERDAY        0.00          1.06 2004   0.08  -0.08
  MONTH TO DATE    2.96                      1.43   1.53
  SINCE OCT 1     12.80                      7.55   5.25
  SINCE JAN 1      8.57                      4.04   4.53

SNOWFALL (IN)
  YESTERDAY        0.0
  MONTH TO DATE    0.0
  SINCE DEC 1      0.0
  SINCE JUL 1      0.0
  SNOW DEPTH       0

DEGREE DAYS
 HEATING
  YESTERDAY       10
  MONTH TO DATE  181
  SINCE DEC 1   1360
  SINCE JUL 1   1705

 COOLING
  YESTERDAY        0
  MONTH TO DATE    0
  SINCE DEC 1      0
  SINCE JAN 1      0
...............................................................


WIND (MPH)
  HIGHEST WIND SPEED    18   HIGHEST WIND DIRECTION    NW (320)
  HIGHEST GUST SPEED    22   HIGHEST GUST DIRECTION    NW (320)
  AVERAGE WIND SPEED     8.5




RELATIVE HUMIDITY (PERCENT)
 HIGHEST    93
 LOWEST     52
 AVERAGE    73

..........................................................


THE MERCED  CA CLIMATE NORMALS FOR TODAY
                         NORMAL    RECORD    YEAR
 MAXIMUM TEMPERATURE (F)   61        67      2014
 MINIMUM TEMPERATURE (F)   40        35      2009
                                             2003


SUNRISE AND SUNSET
FEBRUARY 19 2017......SUNRISE   646 AM PST   SUNSET   547 PM PST
FEBRUARY 20 2017......SUNRISE   645 AM PST   SUNSET   548 PM PST


-  INDICATES NEGATIVE NUMBERS.
R  INDICATES RECORD WAS SET OR TIED.
MM INDICATES DATA IS MISSING.
T  INDICATES TRACE AMOUNT.




$$
