000
CDUS46 KHNX 280823
CLIMCE


CLIMATE REPORT
NATIONAL WEATHER SERVICE SAN JOAQUIN VALLEY, CA
122 AM PDT WED SEP 28 2016


...................................

...THE MERCED  CA CLIMATE SUMMARY FOR SEPTEMBER 27 2016...

CLIMATE NORMAL PERIOD 1981 TO 2010
CLIMATE RECORD PERIOD 1998 TO 2016


WEATHER ITEM   OBSERVED TIME   RECORD YEAR NORMAL DEPARTURE
                VALUE   (LST)  VALUE       VALUE  FROM
                                                  NORMAL
...............................................................
TEMPERATURE (F)
 YESTERDAY
  MAXIMUM         98    319 PM 102    2009  86     12
  MINIMUM         55    503 AM  48    2013  53      2
  AVERAGE         77                        69      8

PRECIPITATION (IN)
  YESTERDAY        0.00          0.00   MM   0.02  -0.02
  MONTH TO DATE    T                         0.26  -0.26
  SINCE OCT 1     14.66                     12.47   2.19
  SINCE JAN 1     10.94                      8.96   1.98

SNOWFALL (IN)
  YESTERDAY        0.0
  MONTH TO DATE    0.0
  SINCE SEP 1      0.0
  SINCE JUL 1      0.0
  SNOW DEPTH       0

DEGREE DAYS
 HEATING
  YESTERDAY        0
  MONTH TO DATE    9
  SINCE SEP 1      9
  SINCE JUL 1      9

 COOLING
  YESTERDAY       12
  MONTH TO DATE  198
  SINCE SEP 1    198
  SINCE JAN 1   1591
...............................................................


WIND (MPH)
  HIGHEST WIND SPEED    10   HIGHEST WIND DIRECTION     N (350)
  HIGHEST GUST SPEED    13   HIGHEST GUST DIRECTION    NW (330)
  AVERAGE WIND SPEED     3.8




RELATIVE HUMIDITY (PERCENT)
 HIGHEST    72
 LOWEST      9
 AVERAGE    41

..........................................................


THE MERCED  CA CLIMATE NORMALS FOR TODAY
                         NORMAL    RECORD    YEAR
 MAXIMUM TEMPERATURE (F)   85       100      2010
 MINIMUM TEMPERATURE (F)   53        47      2013


SUNRISE AND SUNSET
SEPTEMBER 28 2016.....SUNRISE   656 AM PDT   SUNSET   649 PM PDT
SEPTEMBER 29 2016.....SUNRISE   657 AM PDT   SUNSET   648 PM PDT


-  INDICATES NEGATIVE NUMBERS.
R  INDICATES RECORD WAS SET OR TIED.
MM INDICATES DATA IS MISSING.
T  INDICATES TRACE AMOUNT.




$$
