000
CDUS46 KHNX 230022
CLIMCE


CLIMATE REPORT
NATIONAL WEATHER SERVICE SAN JOAQUIN VALLEY, CA
520 PM PDT MON SEP 22 2014


...................................

...THE MERCED  CA CLIMATE SUMMARY FOR SEPTEMBER 22 2014...
VALID AS OF 0500 PM LOCAL TIME.

CLIMATE NORMAL PERIOD 1981 TO 2010
CLIMATE RECORD PERIOD 1998 TO 2014


WEATHER ITEM   OBSERVED TIME   RECORD YEAR NORMAL DEPARTURE LAST
                VALUE   (LST)  VALUE       VALUE  FROM      YEAR
                                                  NORMAL
..................................................................
TEMPERATURE (F)
 TODAY
  MAXIMUM         90    345 PM 102    2003  87      3       75
  MINIMUM         60    530 AM  47    2004  54      6       49
  AVERAGE         75                        71      4       62

PRECIPITATION (IN)
  TODAY            0.00          0.25 2007   0.02  -0.02     0.00
  MONTH TO DATE    0.00                      0.20  -0.20      T
  SINCE JUL 1      T                         0.22  -0.22      T
  SINCE JAN 1      3.96                      8.90  -4.94     2.78

SNOWFALL (IN)
  TODAY            0.0
  MONTH TO DATE    0.0
  SINCE SEP 1      0.0
  SINCE JUL 1      0.0
  SNOW DEPTH       0

DEGREE DAYS
 HEATING
  TODAY            0                                         3
  MONTH TO DATE    0                                         3
  SINCE SEP 1      0                                         3
  SINCE JUL 1      0                                         3

 COOLING
  TODAY           10                                         0
  MONTH TO DATE  313                                       245
  SINCE SEP 1    313                                       245
  SINCE JAN 1   1961                                      1768
..................................................................


WIND (MPH)
  HIGHEST WIND SPEED    13   HIGHEST WIND DIRECTION    NW (330)
  HIGHEST GUST SPEED    15   HIGHEST GUST DIRECTION    NW (320)
  AVERAGE WIND SPEED     6.8




RELATIVE HUMIDITY (PERCENT)
 HIGHEST    84
 LOWEST     32
 AVERAGE    58

..........................................................


THE MERCED  CA CLIMATE NORMALS FOR TOMORROW
                         NORMAL    RECORD    YEAR
 MAXIMUM TEMPERATURE (F)   87       104      2011
 MINIMUM TEMPERATURE (F)   54        48      2010


SUNRISE AND SUNSET
SEPTEMBER 22 2014.....SUNRISE   650 AM PDT   SUNSET   659 PM PDT
SEPTEMBER 23 2014.....SUNRISE   651 AM PDT   SUNSET   658 PM PDT


-  INDICATES NEGATIVE NUMBERS.
R  INDICATES RECORD WAS SET OR TIED.
MM INDICATES DATA IS MISSING.
T  INDICATES TRACE AMOUNT.




$$
