000
CDUS46 KHNX 170023
CLIMCE


CLIMATE REPORT
NATIONAL WEATHER SERVICE SAN JOAQUIN VALLEY, CA
522 PM PDT WED AUG 16 2017


...................................

...THE MERCED  CA CLIMATE SUMMARY FOR AUGUST 16 2017...
VALID AS OF 0400 PM LOCAL TIME.

CLIMATE NORMAL PERIOD 1981 TO 2010
CLIMATE RECORD PERIOD 1998 TO 2017


WEATHER ITEM   OBSERVED TIME   RECORD YEAR NORMAL DEPARTURE LAST
                VALUE   (LST)  VALUE       VALUE  FROM      YEAR
                                                  NORMAL
..................................................................
TEMPERATURE (F)
 TODAY
  MAXIMUM         88        MM 104    2015  93     -5       99
  MINIMUM         58        MM  55    2000  60     -2       61
  AVERAGE         73                        76     -3       80

PRECIPITATION (IN)
  TODAY            0.00          0.00   MM   0.00   0.00     0.00
  MONTH TO DATE    0.00                      0.00   0.00     0.00
  SINCE OCT 1     16.03                     12.20   3.83    14.66
  SINCE JAN 1     11.80                      8.69   3.11    10.94

SNOWFALL (IN)
  TODAY            0.0
  MONTH TO DATE    0.0
  SINCE JUN 1      0.0
  SINCE JUL 1      0.0
  SNOW DEPTH       0

DEGREE DAYS
 HEATING
  TODAY            0                                         0
  MONTH TO DATE    0                                         0
  SINCE JUN 1     10                                         2
  SINCE JUL 1      0                                         0

 COOLING
  TODAY            8                                        15
  MONTH TO DATE  252                                       222
  SINCE JUN 1   1139                                      1036
  SINCE JAN 1   1291                                      1205
..................................................................


WIND (MPH)
  HIGHEST WIND SPEED    10   HIGHEST WIND DIRECTION    NW (320)
  HIGHEST GUST SPEED    MM   HIGHEST GUST DIRECTION    MM
  AVERAGE WIND SPEED     6.3




RELATIVE HUMIDITY (PERCENT)
 HIGHEST    80
 LOWEST     32
 AVERAGE    56

..........................................................


THE MERCED  CA CLIMATE NORMALS FOR TOMORROW
                         NORMAL    RECORD    YEAR
 MAXIMUM TEMPERATURE (F)   93       106      2015
 MINIMUM TEMPERATURE (F)   59        54      2007


SUNRISE AND SUNSET
AUGUST 16 2017........SUNRISE   620 AM PDT   SUNSET   753 PM PDT
AUGUST 17 2017........SUNRISE   621 AM PDT   SUNSET   751 PM PDT


-  INDICATES NEGATIVE NUMBERS.
R  INDICATES RECORD WAS SET OR TIED.
MM INDICATES DATA IS MISSING.
T  INDICATES TRACE AMOUNT.




$$
