000
CDUS46 KHNX 240823
CLIMCE


CLIMATE REPORT
NATIONAL WEATHER SERVICE SAN JOAQUIN VALLEY, CA
1223 AM PST FRI NOV 24 2017


...................................

...THE MERCED  CA CLIMATE SUMMARY FOR NOVEMBER 23 2017...

CLIMATE NORMAL PERIOD 1981 TO 2010
CLIMATE RECORD PERIOD 1998 TO 2017


WEATHER ITEM   OBSERVED TIME   RECORD YEAR NORMAL DEPARTURE
                VALUE   (LST)  VALUE       VALUE  FROM
                                                  NORMAL
...............................................................
TEMPERATURE (F)
 YESTERDAY
  MAXIMUM         75R   225 PM  71    2015  61     14
                                      2005
  MINIMUM         48    718 AM  27    2003  39      9
  AVERAGE         62                        50     12

PRECIPITATION (IN)
  YESTERDAY        0.00          0.19 2010   0.04  -0.04
  MONTH TO DATE    0.67                      0.95  -0.28
  SINCE OCT 1      0.82                      1.76  -0.94
  SINCE JAN 1     12.64                     10.75   1.89

SNOWFALL (IN)
  YESTERDAY        0.0
  MONTH TO DATE    0.0
  SINCE SEP 1      0.0
  SINCE JUL 1      0.0
  SNOW DEPTH       0

DEGREE DAYS
 HEATING
  YESTERDAY        3
  MONTH TO DATE  181
  SINCE SEP 1    276
  SINCE JUL 1    276

 COOLING
  YESTERDAY        0
  MONTH TO DATE    0
  SINCE SEP 1    307
  SINCE JAN 1   1843
...............................................................


WIND (MPH)
  HIGHEST WIND SPEED    10   HIGHEST WIND DIRECTION    NW (330)
  HIGHEST GUST SPEED    15   HIGHEST GUST DIRECTION     N (340)
  AVERAGE WIND SPEED     3.6




RELATIVE HUMIDITY (PERCENT)
 HIGHEST    93
 LOWEST     49
 AVERAGE    71

..........................................................


THE MERCED  CA CLIMATE NORMALS FOR TODAY
                         NORMAL    RECORD    YEAR
 MAXIMUM TEMPERATURE (F)   60        68      2005
 MINIMUM TEMPERATURE (F)   38        27      2010


SUNRISE AND SUNSET
NOVEMBER 24 2017......SUNRISE   651 AM PST   SUNSET   447 PM PST
NOVEMBER 25 2017......SUNRISE   652 AM PST   SUNSET   447 PM PST


-  INDICATES NEGATIVE NUMBERS.
R  INDICATES RECORD WAS SET OR TIED.
MM INDICATES DATA IS MISSING.
T  INDICATES TRACE AMOUNT.




$$
