000
CDUS46 KHNX 240023
CLIMCE


CLIMATE REPORT
NATIONAL WEATHER SERVICE SAN JOAQUIN VALLEY, CA
422 PM PST FRI FEB 23 2018


...................................

...THE MERCED  CA CLIMATE SUMMARY FOR FEBRUARY 23 2018...
VALID AS OF 0400 PM LOCAL TIME.

CLIMATE NORMAL PERIOD 1981 TO 2010
CLIMATE RECORD PERIOD 1998 TO 2018


WEATHER ITEM   OBSERVED TIME   RECORD YEAR NORMAL DEPARTURE LAST
                VALUE   (LST)  VALUE       VALUE  FROM      YEAR
                                                  NORMAL
..................................................................
TEMPERATURE (F)
 TODAY
  MAXIMUM         54    346 PM  74    2014  62     -8       54
  MINIMUM         30R   716 AM  30    2006  40    -10       32
  AVERAGE         42                        51     -9       43

PRECIPITATION (IN)
  TODAY            0.00          0.82 2010   0.10  -0.10     0.00
  MONTH TO DATE    0.01                      1.90  -1.89     3.51
  SINCE OCT 1      2.30                      8.02  -5.72    13.35
  SINCE JAN 1      1.19                      4.51  -3.32     9.12

SNOWFALL (IN)
  TODAY            0.0
  MONTH TO DATE    0.0
  SINCE DEC 1      0.0
  SINCE JUL 1      0.0
  SNOW DEPTH       0

DEGREE DAYS
 HEATING
  TODAY           23                                        22
  MONTH TO DATE  324                                       249
  SINCE DEC 1   1331                                      1428
  SINCE JUL 1   1685                                      1773

 COOLING
  TODAY            0                                         0
  MONTH TO DATE    0                                         0
  SINCE DEC 1      0                                         0
  SINCE JAN 1      0                                         0
..................................................................


WIND (MPH)
  HIGHEST WIND SPEED    22   HIGHEST WIND DIRECTION    NW (320)
  HIGHEST GUST SPEED    27   HIGHEST GUST DIRECTION     N (340)
  AVERAGE WIND SPEED     9.6




RELATIVE HUMIDITY (PERCENT)
 HIGHEST    89
 LOWEST     22
 AVERAGE    56

..........................................................


THE MERCED  CA CLIMATE NORMALS FOR TOMORROW
                         NORMAL    RECORD    YEAR
 MAXIMUM TEMPERATURE (F)   63        77      2014
 MINIMUM TEMPERATURE (F)   40        29      2007


SUNRISE AND SUNSET
FEBRUARY 23 2018......SUNRISE   641 AM PST   SUNSET   551 PM PST
FEBRUARY 24 2018......SUNRISE   640 AM PST   SUNSET   552 PM PST


-  INDICATES NEGATIVE NUMBERS.
R  INDICATES RECORD WAS SET OR TIED.
MM INDICATES DATA IS MISSING.
T  INDICATES TRACE AMOUNT.




$$
