000
CDAK49 PAFG 190047
CLIMCG

CLIMATE REPORT
NATIONAL WEATHER SERVICE FAIRBANKS AK
347 PM AKST WED JAN 18 2017


...................................

...THE MCGRATH AK CLIMATE SUMMARY FOR JANUARY 17 2017...

CLIMATE NORMAL PERIOD 1981 TO 2010
CLIMATE RECORD PERIOD 1946 TO 2017


WEATHER ITEM   OBSERVED TIME   RECORD YEAR NORMAL DEPARTURE LAST
                VALUE   (LST)  VALUE       VALUE  FROM      YEAR
                                                  NORMAL
..................................................................
TEMPERATURE (F)
 YESTERDAY
  MAXIMUM        -35    353 PM  49    2009   2    -37       MM
  MINIMUM        -51    811 AM -63    1947 -16    -35       MM
  AVERAGE        -43                        -7    -36       MM

PRECIPITATION (IN)
  YESTERDAY        0.00          0.57 2000   0.03  -0.03    MM
  MONTH TO DATE    0.36                      0.63  -0.27    MM
  SINCE DEC 1      1.33                      1.92  -0.59    MM
  SINCE JAN 1      0.36                      0.63  -0.27    MM

SNOWFALL (IN)
  YESTERDAY        0.0           9.3  2000   0.5   -0.5     MM
  MONTH TO DATE    4.9                       9.1   -4.2     MM
  SINCE DEC 1     18.8                      29.3  -10.5     MM
  SINCE JUL 1     27.1                      60.3  -33.2     MM
  SNOW DEPTH      13

DEGREE DAYS
 HEATING
  YESTERDAY      108                        72     36       MM
  MONTH TO DATE 1209                      1223    -14       MM
  SINCE DEC 1   3231                      3337   -106       MM
  SINCE JUL 1   6977                      7460   -483       MM

 COOLING
  YESTERDAY        0                         0      0       MM
  MONTH TO DATE    0                         0      0       MM
  SINCE DEC 1      0                         0      0       MM
  SINCE JAN 1      0                         0      0       MM
..................................................................


WIND (MPH)
  HIGHEST GUST SPEED     5   HIGHEST GUST DIRECTION     N (340)


SKY COVER
  AVERAGE SKY COVER 0.1


WEATHER CONDITIONS
 THE FOLLOWING WEATHER WAS RECORDED YESTERDAY.
  FOG
  HAZE


RELATIVE HUMIDITY (PERCENT)
 HIGHEST    MM
 LOWEST     MM
 AVERAGE    MM

..........................................................


THE MCGRATH AK CLIMATE NORMALS FOR TODAY
                         NORMAL    RECORD    YEAR
 MAXIMUM TEMPERATURE (F)    2        41      1980
 MINIMUM TEMPERATURE (F)  -16       -60      1947


SUNRISE AND SUNSET
JANUARY 18 2017.......SUNRISE  1029 AM AKST  SUNSET   439 PM AKST
JANUARY 19 2017.......SUNRISE  1027 AM AKST  SUNSET   442 PM AKST

-  INDICATES NEGATIVE NUMBERS.
R  INDICATES RECORD WAS SET OR TIED.
MM INDICATES DATA IS MISSING.
T  INDICATES TRACE AMOUNT.

&&

SNOW DEPTH IS MEASURED AT 3AM AKST/4AM AKDT.

----------------------------
AVAILABLE DAYLIGHT

AMOUNT OF DAYLIGHT TODAY  (HOUR:MIN)........6:10
GAIN/LOSS SINCE YESTERDAY (HOUR:MIN:SEC)....+0:05:06

$$
HFL JAN 17
