129
CDAK49 PAMC 292311
CLIMCG

CLIMATE REPORT
NATIONAL WEATHER SERVICE MCGRATH, AK
311 PM AKDT FRI JUL 29 2016

...................................
...THE MCGRATH AIRPORT CLIMATE SUMMARY FOR JULY 29 2016...
VALID TODAY AS OF 2:00 PM LOCAL TIME

CLIMATE NORMAL PERIOD  1981 TO  2010
CLIMATE RECORD PERIOD  1940 TO  2016

WEATHER ITEM   OBSERVED TIME    RECORD YEAR NORMAL DEPARTURE LAST
               VALUE    (LST)   VALUE       VALUE  FROM      YEAR
                                                   NORMAL
...................................................................
TEMPERATURE
TODAY
 MAXIMUM            60  1228 AM    82  1953     67      -7     70
 MINIMUM            55  1038 AM    36  1971     50       5     47
 AVERAGE            58                          58       0     59

PRECIPITATION
(INCHES)
 TODAY            0.48           0.56  1945   0.09    0.39   0.01
 MONTH TO DATE    3.84                        2.20    1.64   3.83
 SINCE JUN 1      6.25                        3.72    2.53   4.91
 SINCE JAN 1      9.06                        8.39    0.67   6.25

SNOWFALL
(INCHES)
 TODAY             0.0            0.0  2016    0.0     0.0    0.0
 MONTH TO DATE     0.0                         0.0     0.0    0.0
 SINCE JUN 1       0.0                         0.0     0.0    0.0
 SINCE JUL 1       0.0                         0.0     0.0    0.0
 SNOW DEPTH (IN)     0                                          0

DEGREE DAYS
 HEATING
  TODAY              7                           7       0      6
  MONTH TO DATE    120                         158     -38     MM
  SINCE JUN 1      310                         392     -82    960
  SINCE JUL 1      120                         158     -38     MM

 COOLING
  TODAY              0                           0       0      0
  MONTH TO DATE     22                          11      11     MM
  SINCE JUN 1       28                          16      12     26
  SINCE JAN 1       28                          16      12     MM
...................................................................

WIND (MPH)
 HIGHEST WIND SPEED    20     HIGHEST WIND DIRECTION    210
 HIGHEST GUST SPEED    28     HIGHEST GUST DIRECTION    200

WEATHER CONDITIONS
 THE FOLLOWING WEATHER WAS RECORDED TODAY.
 FOG
 RAIN
...................................................................

THE MCGRATH CLIMATE NORMALS FOR TOMORROW
                        NORMAL    RECORD   YEAR
 MAXIMUM TEMPERATURE      67        89     1977
 MINIMUM TEMPERATURE      49        37     1948

SUNRISE AND SUNSET
 JUL 29 2016..........SUNRISE  5:34 AM      SUNSET 11:22 PM
 JUL 30 2016..........SUNRISE  5:37 AM      SUNSET 11:19 PM

-  INDICATES NEGATIVE NUMBERS.
R  INDICATES RECORD HAS BEEN SET OR TIED.
MM INDICATES DATA IS MISSING.
T  INDICATES TRACE OF PRECIPITATION.

&&
-------------------------------------------------------------------

AMOUNT OF DAYLIGHT TODAY  (HOUR:MIN)........17 HOURS 48 MINUTES
LOSS SINCE YESTERDAY (HOUR:MIN:SEC)....-0:05:50

$$
ADJ JUL 16
