000
CDAK49 PAMC 031118
CLIMCG

CLIMATE REPORT
NATIONAL WEATHER SERVICE MCGRATH, AK
318 AM AKDT MON AUG 3 2015

...................................
...THE MCGRATH AIRPORT CLIMATE SUMMARY FOR AUGUST 2 2015...

CLIMATE NORMAL PERIOD  1981 TO  2010
CLIMATE RECORD PERIOD  1940 TO  2015

WEATHER ITEM   OBSERVED TIME    RECORD YEAR NORMAL DEPARTURE LAST
               VALUE    (LST)   VALUE       VALUE  FROM      YEAR
                                                   NORMAL
...................................................................
TEMPERATURE
YESTERDAY
 MAXIMUM            67  0747 PM    85  2002     66       1     63
 MINIMUM            55  0825 AM    36  1973     49       6     58
 AVERAGE            61                          58       3     61

PRECIPITATION
(INCHES)
 YESTERDAY           T           1.00  1970   0.09   -0.09   0.12
 MONTH TO DATE       T                        0.18   -0.18   0.38
 SINCE JUN 1      4.94                        4.08    0.86   4.48
 SINCE JAN 1      6.28                        8.75   -2.47   7.21

SNOWFALL
(INCHES)
 YESTERDAY         0.0            0.0  2015    0.0     0.0    0.0
 MONTH TO DATE     0.0                         0.0     0.0    0.0
 SINCE JUN 1       0.0                         0.0     0.0    0.0
 SINCE JUL 1       0.0                         0.0     0.0    0.0
 SNOW DEPTH (IN)     0                                          0

DEGREE DAYS
 HEATING
  YESTERDAY          4                           8      -4      4
  MONTH TO DATE     10                          15      -5     10
  SINCE JUN 1      973                         421     552    502
  SINCE JUL 1      780                         187     593    197

 COOLING
  YESTERDAY          0                           0       0      0
  MONTH TO DATE      0                           0       0      0
  SINCE JUN 1       26                          16      10     11
  SINCE JAN 1       MM                          16      MM     11
...................................................................

WIND (MPH)
 HIGHEST WIND SPEED     8     HIGHEST WIND DIRECTION    150
 HIGHEST GUST SPEED    11     HIGHEST GUST DIRECTION    220
 AVERAGE WIND SPEED   2.6

WEATHER CONDITIONS
 THE FOLLOWING WEATHER WAS RECORDED YESTERDAY.
  RAIN
...................................................................

THE MCGRATH CLIMATE NORMALS FOR TODAY
                           NORMAL    RECORD   YEAR
 MAXIMUM TEMPERATURE (F)     66        84     2002
 MINIMUM TEMPERATURE (F)     49        34     2008

SUNRISE AND SUNSET
 AUG 3 2015..........SUNRISE  5:47 AM      SUNSET 11:09 PM
 AUG 4 2015..........SUNRISE  5:50 AM      SUNSET 11:06 PM

-  INDICATES NEGATIVE NUMBERS.
R  INDICATES RECORD HAS BEEN SET OR TIED.
MM INDICATES DATA IS MISSING.
T  INDICATES TRACE OF PRECIPITATION.

&&
-------------------------------------------------------------------

AMOUNT OF DAYLIGHT TODAY  (HOUR:MIN)........17 HOURS 22 MINUTES
LOSS SINCE YESTERDAY (HOUR:MIN:SEC).........-0:05:58

$$
CRG AUG 15
