476
CDAK49 PAFG 270938
CLIMCG

CLIMATE REPORT
NATIONAL WEATHER SERVICE FAIRBANKS AK
138 AM AKDT TUE SEP 27 2016


...................................

...THE MCGRATH AK CLIMATE SUMMARY FOR SEPTEMBER 26 2016...

CLIMATE NORMAL PERIOD 1981 TO 2010
CLIMATE RECORD PERIOD 1946 TO 2016


WEATHER ITEM   OBSERVED TIME   RECORD YEAR NORMAL DEPARTURE LAST
                VALUE   (LST)  VALUE       VALUE  FROM      YEAR
                                                  NORMAL
..................................................................
TEMPERATURE (F)
 YESTERDAY
  MAXIMUM         45    451 PM  60    2012  47     -2       MM
                                      1979
                                      1966
  MINIMUM         26    547 AM   9    1983  32     -6       MM
  AVERAGE         36                        39     -3       MM

PRECIPITATION (IN)
  YESTERDAY        T             0.63 1960   0.08  -0.08    MM
  MONTH TO DATE    5.08                      2.18   2.90    MM
  SINCE SEP 1      5.08                      2.18   2.90    MM
  SINCE JAN 1     17.91                     13.55   4.36    MM

SNOWFALL (IN)
  YESTERDAY        0.0           2.3  1981   0.1   -0.1     MM
  MONTH TO DATE    0.0                       1.0   -1.0     MM
  SINCE SEP 1      0.0                       1.0   -1.0     MM
  SINCE JUL 1      0.0                       1.0   -1.0     MM
  SNOW DEPTH       0

DEGREE DAYS
 HEATING
  YESTERDAY       29                        26      3       MM
  MONTH TO DATE  452                       504    -52       MM
  SINCE SEP 1    452                       504    -52       MM
  SINCE JUL 1    728                       995   -267       MM

 COOLING
  YESTERDAY        0                         0      0       MM
  MONTH TO DATE    0                         0      0       MM
  SINCE SEP 1      0                         0      0       MM
  SINCE JAN 1     29                        20      9       MM
..................................................................


WIND (MPH)
  HIGHEST GUST SPEED     8   HIGHEST GUST DIRECTION    SE (140)


SKY COVER
  AVERAGE SKY COVER 0.7


WEATHER CONDITIONS
 THE FOLLOWING WEATHER WAS RECORDED YESTERDAY.
  FOG
  FOG W/VISIBILITY <= 1/4 MILE


RELATIVE HUMIDITY (PERCENT)
 HIGHEST   100
 LOWEST     62
 AVERAGE    81

..........................................................


THE MCGRATH AK CLIMATE NORMALS FOR TODAY
                         NORMAL    RECORD    YEAR
 MAXIMUM TEMPERATURE (F)   47        67      1966
 MINIMUM TEMPERATURE (F)   31         4      1992


SUNRISE AND SUNSET
SEPTEMBER 27 2016.....SUNRISE   822 AM AKDT  SUNSET   804 PM AKDT
SEPTEMBER 28 2016.....SUNRISE   825 AM AKDT  SUNSET   800 PM AKDT

-  INDICATES NEGATIVE NUMBERS.
R  INDICATES RECORD WAS SET OR TIED.
MM INDICATES DATA IS MISSING.
T  INDICATES TRACE AMOUNT.

&&

SNOW DEPTH IS MEASURED AT 3AM AKST/4AM AKDT.

----------------------------
AVAILABLE DAYLIGHT

AMOUNT OF DAYLIGHT TODAY  (HOUR:MIN)........11:42
GAIN/LOSS SINCE YESTERDAY (HOUR:MIN:SEC)....-0:06:05

$$
SDB SEP 16
