000
CDAK49 PAMC 280932
CLIMCG

CLIMATE REPORT
NATIONAL WEATHER SERVICE MCGRATH, AK
1232 AM AKST FRI NOV 28 2014

...................................
...THE MCGRATH AIRPORT CLIMATE SUMMARY FOR NOVEMBER 27 2014...

CLIMATE NORMAL PERIOD  1981 TO  2010
CLIMATE RECORD PERIOD  1940 TO  2014

WEATHER ITEM   OBSERVED TIME    RECORD YEAR NORMAL DEPARTURE LAST
               VALUE    (LST)   VALUE       VALUE  FROM      YEAR
                                                   NORMAL
...................................................................
TEMPERATURE
YESTERDAY
 MAXIMUM             8  1209 AM    40  1956      9      -1     12
 MINIMUM            -4  1055 AM   -43  1974     -7       3    -10
 AVERAGE             2                           1       1      1

PRECIPITATION
(INCHES)
 YESTERDAY        0.00           0.69  1954   0.04   -0.04   0.01
 MONTH TO DATE    0.32                        1.28   -0.96   1.42
 SINCE SEP 1      1.44                        5.21   -3.77  10.21
 SINCE JAN 1     10.01                       16.58   -6.57  19.44

SNOWFALL
(INCHES)
 YESTERDAY         0.0            6.9  1954    0.6    -0.6    0.5
 MONTH TO DATE     0.9                        17.4   -16.5   11.4
 SINCE SEP 1       4.6                        29.1   -24.5   12.9
 SINCE JUL 1       4.6                        29.1   -24.5   12.9
 SNOW DEPTH (IN)     1                                          4

DEGREE DAYS
 HEATING
  YESTERDAY         63                          64      -1     64
  MONTH TO DATE   1305                        1590    -285   1337
  SINCE SEP 1     3068                        3441    -373   2819
  SINCE JUL 1     3491                        3938    -447   3238

 COOLING
  YESTERDAY          0                           0       0      0
  MONTH TO DATE      0                           0       0      0
  SINCE SEP 1        0                           0       0      0
  SINCE JAN 1       11                          16      -5     78
...................................................................

WIND (MPH)
 HIGHEST WIND SPEED     7     HIGHEST WIND DIRECTION    110
 HIGHEST GUST SPEED     8     HIGHEST GUST DIRECTION    110
 AVERAGE WIND SPEED   1.5

WEATHER CONDITIONS
 THE FOLLOWING WEATHER WAS RECORDED YESTERDAY.
 NO SIGNIFICANT WEATHER WAS OBSERVED.
...................................................................

THE MCGRATH CLIMATE NORMALS FOR TODAY
                           NORMAL    RECORD   YEAR
 MAXIMUM TEMPERATURE (F)      9        45     1983
 MINIMUM TEMPERATURE (F)     -8       -40     1990

SUNRISE AND SUNSET
 NOV 28 2014..........SUNRISE 10:20 AM      SUNSET  4:02 PM
 NOV 29 2014..........SUNRISE 10:22 AM      SUNSET  4:00 PM

-  INDICATES NEGATIVE NUMBERS.
R  INDICATES RECORD HAS BEEN SET OR TIED.
MM INDICATES DATA IS MISSING.
T  INDICATES TRACE OF PRECIPITATION.

&&
-------------------------------------------------------------------

AMOUNT OF DAYLIGHT TODAY  (HOUR:MIN)........5 HOURS 42 MINUTES
LOSS SINCE YESTERDAY (HOUR:MIN:SEC)....-0:04:36

$$
ADJ NOV 14
