000
CDUS43 KEAX 262122
CLIMCI

CLIMATE REPORT
NATIONAL WEATHER SERVICE KANSAS CITY/PLEASANT HILL MO
422 PM CDT TUE SEP 26 2017


...................................

...THE KANSAS CITY INTERNATIONAL MO CLIMATE SUMMARY FOR SEPTEMBER 26 2017...
VALID AS OF 0400 PM LOCAL TIME.

CLIMATE NORMAL PERIOD 1981 TO 2010
CLIMATE RECORD PERIOD 1888 TO 2017


WEATHER ITEM   OBSERVED TIME   RECORD YEAR NORMAL DEPARTURE LAST
                VALUE   (LST)  VALUE       VALUE  FROM      YEAR
                                                  NORMAL
..................................................................
TEMPERATURE (F)
 TODAY
  MAXIMUM         67    818 AM  95    1938  75     -8       73
  MINIMUM         63   1115 AM  34    1984  53     10       49
  AVERAGE         65                        64      1       61

PRECIPITATION (IN)
  TODAY            0.50          1.58 1936   0.16   0.34     0.00
  MONTH TO DATE    2.80                      4.06  -1.26     4.94
  SINCE SEP 1      2.80                      4.06  -1.26     4.94
  SINCE JAN 1     40.69                     31.46   9.23    44.37

SNOWFALL (IN)
  TODAY            0.0           0.0    MM   0.0    0.0      0.0
  MONTH TO DATE    0.0                       0.0    0.0      0.0
  SINCE SEP 1      0.0                       0.0    0.0      0.0
  SINCE JUL 1      0.0                       0.0    0.0      0.0
  SNOW DEPTH       0

DEGREE DAYS
 HEATING
  TODAY            0                         4     -4        4
  MONTH TO DATE   10                        45    -35        7
  SINCE SEP 1     10                        45    -35        7
  SINCE JUL 1     14                        47    -33        7

 COOLING
  TODAY            0                         3     -3        0
  MONTH TO DATE  202                       149     53      220
  SINCE SEP 1    202                       149     53      220
  SINCE JAN 1   1280                      1322    -42     1517
..................................................................


WIND (MPH)
  HIGHEST WIND SPEED    15   HIGHEST WIND DIRECTION    NW (330)
  HIGHEST GUST SPEED    21   HIGHEST GUST DIRECTION    NW (330)
  AVERAGE WIND SPEED     6.5


SKY COVER
  POSSIBLE SUNSHINE  MM
  AVERAGE SKY COVER 1.0


WEATHER CONDITIONS
 THE FOLLOWING WEATHER WAS RECORDED TODAY.
  HEAVY RAIN
  RAIN
  LIGHT RAIN
  FOG


RELATIVE HUMIDITY (PERCENT)
 HIGHEST   100           400 AM
 LOWEST     81           200 PM
 AVERAGE    91

..........................................................


THE KANSAS CITY INTERNATIONAL MO CLIMATE NORMALS FOR TOMORROW
                         NORMAL    RECORD    YEAR
 MAXIMUM TEMPERATURE (F)   74        93      1990
                                             1956
                                             1897
 MINIMUM TEMPERATURE (F)   52        34      1942


SUNRISE AND SUNSET
SEPTEMBER 26 2017.....SUNRISE   710 AM CDT   SUNSET   709 PM CDT
SEPTEMBER 27 2017.....SUNRISE   711 AM CDT   SUNSET   707 PM CDT


-  INDICATES NEGATIVE NUMBERS.
R  INDICATES RECORD WAS SET OR TIED.
MM INDICATES DATA IS MISSING.
T  INDICATES TRACE AMOUNT.


&&

...MISCELLANEOUS CLIMATE DATA FROM TODAY...

LOCATION                HIGH    LOW      PRECIP
ST. JOSEPH               67      60       0.30
DOWNTOWN KANSAS CITY     70      66       0.31
OLATHE NEW CENTURY       70      65       0.29
OLATHE JO CO EXEC        70      64       0.26
LEES SUMMIT              72      66       0.22
KIRKSVILLE               77      64       0.01
CHILLICOTHE              72      67       0.24
SEDALIA                  82      68       T
NWS PLEASANT HILL MO     73      65       0.14


THIS PRODUCT...ALONG WITH OTHER WEATHER...HYDROLOGICAL AND CLIMATE
INFORMATION...IS AVAILABLE ON THE WEB AT HTTP://WWW.WEATHER.GOV/EAX
OR AT HTTP://WEATHER.GOV

$$

JW
