000
CDUS43 KEAX 230032
CLIMCI

CLIMATE REPORT
NATIONAL WEATHER SERVICE KANSAS CITY/PLEASANT HILL MO
631 PM CST SAT NOV 22 2014


...................................

...THE KANSAS CITY INTERNATIONAL MO CLIMATE SUMMARY FOR NOVEMBER 22 2014...
VALID TODAY AS OF 0600 PM LOCAL TIME.

CLIMATE NORMAL PERIOD 1981 TO 2010
CLIMATE RECORD PERIOD 1888 TO 2014


WEATHER ITEM   OBSERVED TIME   RECORD YEAR NORMAL DEPARTURE LAST
                VALUE   (LST)  VALUE       VALUE  FROM      YEAR
                                                  NORMAL
..................................................................
TEMPERATURE (F)
 TODAY
  MAXIMUM         58    452 PM  76    1966  50      8       29
  MINIMUM         50    413 AM   7    1898  31     19       21
  AVERAGE         54                        40     14       25

PRECIPITATION (IN)
  TODAY            0.10          1.78 1963   0.06   0.04      T
  MONTH TO DATE    0.25                      1.61  -1.36     1.43
  SINCE SEP 1     11.79                      9.39   2.40    11.01
  SINCE JAN 1     37.78                     36.79   0.99    33.68

SNOWFALL (IN)
  TODAY            0.0           2.5  1991   0.1   -0.1      0.0
  MONTH TO DATE    0.5                       0.6   -0.1      0.0
  SINCE SEP 1      0.5                       0.8   -0.3      0.0
  SINCE JUL 1      0.5                       0.8   -0.3      0.0
  SNOW DEPTH       0

DEGREE DAYS
 HEATING
  TODAY           11                        25    -14       40
  MONTH TO DATE  616                       428    188      435
  SINCE SEP 1    916                       786    130      783
  SINCE JUL 1    918                       788    130      783

 COOLING
  TODAY            0                         0      0        0
  MONTH TO DATE    0                         0      0        0
  SINCE SEP 1    144                       185    -41      251
  SINCE JAN 1   1263                      1358    -95     1345
..................................................................


WIND (MPH)
  HIGHEST WIND SPEED    24   HIGHEST WIND DIRECTION     S (200)
  HIGHEST GUST SPEED    30   HIGHEST GUST DIRECTION     S (200)
  AVERAGE WIND SPEED    15.3


SKY COVER
  POSSIBLE SUNSHINE  MM
  AVERAGE SKY COVER 1.0


WEATHER CONDITIONS
 THE FOLLOWING WEATHER WAS RECORDED TODAY.
  LIGHT RAIN
  FOG
  FOG W/VISIBILITY <= 1/4 MILE


RELATIVE HUMIDITY (PERCENT)
 HIGHEST   100           400 AM
 LOWEST     80           500 PM
 AVERAGE    90

..........................................................


THE KANSAS CITY INTERNATIONAL MO CLIMATE NORMALS FOR TOMORROW
                         NORMAL    RECORD    YEAR
 MAXIMUM TEMPERATURE (F)   49        75      1966
 MINIMUM TEMPERATURE (F)   31         6      1898


SUNRISE AND SUNSET
NOVEMBER 22 2014......SUNRISE   710 AM CST   SUNSET   500 PM CST
NOVEMBER 23 2014......SUNRISE   711 AM CST   SUNSET   459 PM CST


-  INDICATES NEGATIVE NUMBERS.
R  INDICATES RECORD WAS SET OR TIED.
MM INDICATES DATA IS MISSING.
T  INDICATES TRACE AMOUNT.




&&

...MISCELLANEOUS CLIMATE DATA FROM TODAY...

LOCATION                HIGH    LOW      PRECIP
ST. JOSEPH               57      40       0.00
DOWNTOWN KANSAS CITY     62      50       T
OLATHE NEW CENTURY       59      49       T
OLATHE JO CO EXEC        59      49       T
LEES SUMMIT              M       M         0.03
KIRKSVILLE               59      40       0.00
CHILLICOTHE              61      45       0.04
SEDALIA                  62      49       T
NWS PLEASANT HILL MO     59      42       0.00


THIS PRODUCT...ALONG WITH OTHER WEATHER...HYDROLOGICAL AND CLIMATE
INFORMATION...IS AVAILABLE ON THE WEB AT HTTP://WWW.CRH.NOAA.GOV/EAX
OR AT HTTP://WEATHER.GOV

$$

JW
