000
CDUS43 KEAX 110031
CLIMCI

CLIMATE REPORT
NATIONAL WEATHER SERVICE KANSAS CITY/PLEASANT HILL MO
731 PM CDT THU JUL 10 2014


...................................

...THE KANSAS CITY INTERNATIONAL MO CLIMATE SUMMARY FOR JULY 10 2014...
VALID TODAY AS OF 0700 PM LOCAL TIME.

CLIMATE NORMAL PERIOD 1981 TO 2010
CLIMATE RECORD PERIOD 1888 TO 2014


WEATHER ITEM   OBSERVED TIME   RECORD YEAR NORMAL DEPARTURE LAST
                VALUE   (LST)  VALUE       VALUE  FROM      YEAR
                                                  NORMAL
..................................................................
TEMPERATURE (F)
 TODAY
  MAXIMUM         84    330 PM 104    1936  88     -4       91
  MINIMUM         67    510 AM  55    1996  68     -1       72
  AVERAGE         76                        78     -2       82

PRECIPITATION (IN)
  TODAY            0.00          2.99 1922   0.15  -0.15     0.00
  MONTH TO DATE    2.15                      1.58   0.57     0.17
  SINCE JUN 1      9.06                      6.81   2.25     3.29
  SINCE JAN 1     17.68                     20.64  -2.96    18.22

SNOWFALL (IN)
  TODAY            0.0           0.0    MM   0.0    0.0      0.0
  MONTH TO DATE    0.0                       0.0    0.0      0.0
  SINCE JUN 1      0.0                       0.0    0.0      0.0
  SINCE JUL 1      0.0                       0.0    0.0      0.0
  SNOW DEPTH       0

DEGREE DAYS
 HEATING
  TODAY            0                         0      0        0
  MONTH TO DATE    1                         0      1        0
  SINCE JUN 1      2                         9     -7       17
  SINCE JUL 1      1                         0      1        0

 COOLING
  TODAY           11                        13     -2       17
  MONTH TO DATE   87                       128    -41      122
  SINCE JUN 1    364                       394    -30      398
  SINCE JAN 1    525                       510     15      503
..................................................................


WIND (MPH)
  HIGHEST WIND SPEED    18   HIGHEST WIND DIRECTION     S (160)
  HIGHEST GUST SPEED    27   HIGHEST GUST DIRECTION    SE (120)
  AVERAGE WIND SPEED    11.4


SKY COVER
  POSSIBLE SUNSHINE  MM
  AVERAGE SKY COVER 0.6


WEATHER CONDITIONS
 THE FOLLOWING WEATHER WAS RECORDED TODAY.
  NO SIGNIFICANT WEATHER WAS OBSERVED.


RELATIVE HUMIDITY (PERCENT)
 HIGHEST    73           200 AM
 LOWEST     55           100 PM
 AVERAGE    64

..........................................................


THE KANSAS CITY INTERNATIONAL MO CLIMATE NORMALS FOR TOMORROW
                         NORMAL    RECORD    YEAR
 MAXIMUM TEMPERATURE (F)   88       108      1954
 MINIMUM TEMPERATURE (F)   69        54      1895


SUNRISE AND SUNSET
JULY 10 2014..........SUNRISE   601 AM CDT   SUNSET   847 PM CDT
JULY 11 2014..........SUNRISE   602 AM CDT   SUNSET   847 PM CDT


-  INDICATES NEGATIVE NUMBERS.
R  INDICATES RECORD WAS SET OR TIED.
MM INDICATES DATA IS MISSING.
T  INDICATES TRACE AMOUNT.



&&

...MISCELLANEOUS CLIMATE DATA FROM TODAY...

LOCATION                HIGH    LOW      PRECIP
ST. JOSEPH               84      68       0.00
DOWNTOWN KANSAS CITY     85      71       0.00
OLATHE NEW CENTURY       85      67       0.00
OLATHE JO CO EXEC        82      66       0.00
LEES SUMMIT              83      67       0.00
KIRKSVILLE               81      57       0.00
CHILLICOTHE              83      65       0.00
SEDALIA                  83      64       0.00
NWS PLEASANT HILL MO     83      64       0.00


THIS PRODUCT...ALONG WITH OTHER WEATHER...HYDROLOGICAL AND CLIMATE
INFORMATION...IS AVAILABLE ON THE WEB AT HTTP://WWW.CRH.NOAA.GOV/EAX
OR AT HTTP://WEATHER.GOV

$$

AB
