000
CDUS43 KGLD 260751 RRA
CLIMCK

CLIMATE REPORT
NATIONAL WEATHER SERVICE GOODLAND
140 AM MDT SUN MAR 26 2017

...................................

...THE MCCOOK NE CLIMATE SUMMARY FOR MARCH 25 2017...

CLIMATE NORMAL PERIOD 1981 TO 2010
CLIMATE RECORD PERIOD 1896 TO 2017

WEATHER ITEM   OBSERVED TIME   RECORD YEAR NORMAL DEPARTURE LAST
                VALUE   (LST)  VALUE       VALUE  FROM      YEAR
                                                  NORMAL
..................................................................
TEMPERATURE (F)
 YESTERDAY
  MAXIMUM         65    355 PM  88    1910  57      8       62
  MINIMUM         32    700 AM   0    1965  27      5       29
  AVERAGE         49                        42      7       46

PRECIPITATION (IN)
  YESTERDAY        0.00                      0.05  -0.05     0.00
  MONTH TO DATE    0.27                      1.06  -0.79     0.48
  SINCE MAR 1      0.27                      1.06  -0.79     0.48
  SINCE JAN 1      0.97                      2.19  -1.22     1.49

..................................................................

THE MCCOOK NE CLIMATE NORMALS FOR TODAY
                         NORMAL    RECORD    YEAR
 MAXIMUM TEMPERATURE (F)   58        85      1989
 MINIMUM TEMPERATURE (F)   27       -11      1965

-  INDICATES NEGATIVE NUMBERS.
R  INDICATES RECORD WAS SET OR TIED.
MM INDICATES DATA IS MISSING.
T  INDICATES TRACE AMOUNT.

$$
