000
CDUS43 KGLD 180041
CLIMCK

CLIMATE REPORT
NATIONAL WEATHER SERVICE GOODLAND
641 PM MDT WED SEP 17 2014

...................................

...THE MCCOOK NE CLIMATE SUMMARY FOR SEPTEMBER 17 2014...
VALID TODAY AS OF 0600 PM LOCAL TIME.

CLIMATE NORMAL PERIOD 1981 TO 2010
CLIMATE RECORD PERIOD 1896 TO 2014

WEATHER ITEM   OBSERVED TIME   RECORD YEAR NORMAL DEPARTURE LAST
                VALUE   (LST)  VALUE       VALUE  FROM      YEAR
                                                  NORMAL
..................................................................
TEMPERATURE (F)
 TODAY
  MAXIMUM         88    212 PM 100    1927  79      9       87
  MINIMUM         47    558 AM  32    1981  49     -2       57
  AVERAGE         68                        64      4       72

PRECIPITATION (IN)
  TODAY            0.00                      0.05  -0.05     0.01
  MONTH TO DATE    0.48                      0.83  -0.35     1.04
  SINCE SEP 1      0.48                      0.83  -0.35     1.04
  SINCE JAN 1     21.43                     18.54   2.89    10.21

..................................................................

THE MCCOOK NE CLIMATE NORMALS FOR TOMORROW
                         NORMAL    RECORD    YEAR
 MAXIMUM TEMPERATURE (F)   79       101      2004
 MINIMUM TEMPERATURE (F)   48        32      1912

-  INDICATES NEGATIVE NUMBERS.
R  INDICATES RECORD WAS SET OR TIED.
MM INDICATES DATA IS MISSING.
T  INDICATES TRACE AMOUNT.

$$
