979
CDUS43 KGLD 070742 RRA
CLIMCK

CLIMATE REPORT
NATIONAL WEATHER SERVICE GOODLAND
1237 AM MST SUN FEB 7 2016


...................................

...THE MCCOOK NE CLIMATE SUMMARY FOR FEBRUARY 6 2016...

CLIMATE NORMAL PERIOD 1981 TO 2010
CLIMATE RECORD PERIOD 1896 TO 2016


WEATHER ITEM   OBSERVED TIME   RECORD YEAR NORMAL DEPARTURE LAST
                VALUE   (LST)  VALUE       VALUE  FROM      YEAR
                                                  NORMAL
..................................................................
TEMPERATURE (F)
 YESTERDAY
  MAXIMUM         39    624 PM  75    2009  42     -3       73
  MINIMUM         12    619 AM -18    1982  15     -3       35
  AVERAGE         26                        29     -3       54

PRECIPITATION (IN)
  YESTERDAY        0.00                      0.02  -0.02     0.00
  MONTH TO DATE    0.03                      0.11  -0.08     0.01
  SINCE DEC 1      0.21                      1.26  -1.05     1.42
  SINCE JAN 1      0.05                      0.62  -0.57     0.13

..................................................................







THE MCCOOK NE CLIMATE NORMALS FOR TODAY
                         NORMAL    RECORD    YEAR
 MAXIMUM TEMPERATURE (F)   43        80      2015
 MINIMUM TEMPERATURE (F)   16       -10      1936



-  INDICATES NEGATIVE NUMBERS.
R  INDICATES RECORD WAS SET OR TIED.
MM INDICATES DATA IS MISSING.
T  INDICATES TRACE AMOUNT.




$$
