000
CDUS43 KGLD 300741
CLIMCK

CLIMATE REPORT
NATIONAL WEATHER SERVICE GOODLAND
138 AM MDT WED JUL 30 2014

...................................

...THE MCCOOK NE CLIMATE SUMMARY FOR JULY 29 2014...

CLIMATE NORMAL PERIOD 1981 TO 2010
CLIMATE RECORD PERIOD 1896 TO 2014

WEATHER ITEM   OBSERVED TIME   RECORD YEAR NORMAL DEPARTURE LAST
                VALUE   (LST)  VALUE       VALUE  FROM      YEAR
                                                  NORMAL
..................................................................
TEMPERATURE (F)
 YESTERDAY
  MAXIMUM         87    324 PM 106    1978  89     -2       73
  MINIMUM         58    619 AM  52    1994  62     -4       60
  AVERAGE         73                        76     -3       67

PRECIPITATION (IN)
  YESTERDAY        0.00                      0.11  -0.11     0.04
  MONTH TO DATE    1.80                      3.03  -1.23     1.63
  SINCE JUN 1      9.85                      6.41   3.44     2.73
  SINCE JAN 1     14.81                     14.35   0.46     7.62

..................................................................

THE MCCOOK NE CLIMATE NORMALS FOR TODAY
                         NORMAL    RECORD    YEAR
 MAXIMUM TEMPERATURE (F)   89       108      1980
 MINIMUM TEMPERATURE (F)   62        50      2009

-  INDICATES NEGATIVE NUMBERS.
R  INDICATES RECORD WAS SET OR TIED.
MM INDICATES DATA IS MISSING.
T  INDICATES TRACE AMOUNT.

$$
