000
CDUS43 KGLD 240745
CLIMCK

CLIMATE REPORT
NATIONAL WEATHER SERVICE GOODLAND
140 AM MDT SUN SEP 24 2017

...................................

...THE MCCOOK NE CLIMATE SUMMARY FOR SEPTEMBER 23 2017...

CLIMATE NORMAL PERIOD 1981 TO 2010
CLIMATE RECORD PERIOD 1896 TO 2017


WEATHER ITEM   OBSERVED TIME   RECORD YEAR NORMAL DEPARTURE LAST
                VALUE   (LST)  VALUE       VALUE  FROM      YEAR
                                                  NORMAL
..................................................................
TEMPERATURE (F)
 YESTERDAY
  MAXIMUM         83   1245 PM  98    1954  76      7       90
  MINIMUM         57   1147 PM  29    1909  46     11       62
  AVERAGE         70                        61      9       76

PRECIPITATION (IN)
  YESTERDAY        1.23                      0.05   1.18     0.00
  MONTH TO DATE    1.39                      1.11   0.28     5.63
  SINCE SEP 1      1.39                      1.11   0.28     5.63
  SINCE JAN 1     15.50                     18.82  -3.32    23.76

..................................................................


THE MCCOOK NE CLIMATE NORMALS FOR TODAY
                         NORMAL    RECORD    YEAR
 MAXIMUM TEMPERATURE (F)   76        96      2005
                                             1958
 MINIMUM TEMPERATURE (F)   45        25      1909


-  INDICATES NEGATIVE NUMBERS.
R  INDICATES RECORD WAS SET OR TIED.
MM INDICATES DATA IS MISSING.
T  INDICATES TRACE AMOUNT.


$$
