000
CDUS42 KFFC 300819
CLIMCN


CLIMATE REPORT
NATIONAL WEATHER SERVICE PEACHTREE CITY GA
418 AM EDT TUE MAY 30 2017


...................................

...THE MACON CLIMATE SUMMARY FOR MAY 29 2017...

CLIMATE NORMAL PERIOD 1981 TO 2010
CLIMATE RECORD PERIOD 1899 TO 2017


WEATHER ITEM   OBSERVED TIME   RECORD YEAR NORMAL DEPARTURE LAST
                VALUE   (LST)  VALUE       VALUE  FROM      YEAR
                                                  NORMAL
..................................................................
TEMPERATURE (F)
 YESTERDAY
  MAXIMUM         91    204 PM  98    2011  88      3       86
                                      1914
  MINIMUM         68    537 AM  50    1968  64      4       63
  AVERAGE         80                        76      4       75

PRECIPITATION (IN)
  YESTERDAY        T             2.74 2001   0.11  -0.11     0.00
  MONTH TO DATE    6.07                      2.49   3.58     1.96
  SINCE MAR 1     10.53                     10.00   0.53    12.23
  SINCE JAN 1     23.73                     18.60   5.13    17.96

DEGREE DAYS
 HEATING
  YESTERDAY        0                         0      0        0
  MONTH TO DATE   15                        11      4       11
  SINCE MAR 1    293                       393   -100      268
  SINCE JUL 1   1480                      2318   -838     1798

 COOLING
  YESTERDAY       15                        11      4       10
  MONTH TO DATE  211                       206      5      204
  SINCE MAR 1    411                       287    124      323
  SINCE JAN 1    422                       290    132      324
..................................................................


WIND (MPH)
  RESULTANT WIND SPEED   4   RESULTANT WIND DIRECTION   W (270)
  HIGHEST WIND SPEED    15   HIGHEST WIND DIRECTION     W (260)
  HIGHEST GUST SPEED    19   HIGHEST GUST DIRECTION     W (250)
  AVERAGE WIND SPEED     5.4


SKY COVER
  AVERAGE SKY COVER 0.0


WEATHER CONDITIONS
 THE FOLLOWING WEATHER WAS RECORDED YESTERDAY.
  THUNDERSTORM
  LIGHT RAIN


RELATIVE HUMIDITY (PERCENT)
 HIGHEST    93          1000 PM
 LOWEST     46          1200 PM
 AVERAGE    70

..........................................................


THE MACON CLIMATE NORMALS FOR TODAY
                         NORMAL    RECORD    YEAR
 MAXIMUM TEMPERATURE (F)   88        98      1898
 MINIMUM TEMPERATURE (F)   64        49      1984


SUNRISE AND SUNSET
MAY 30 2017...........SUNRISE   628 AM EDT   SUNSET   837 PM EDT
MAY 31 2017...........SUNRISE   628 AM EDT   SUNSET   837 PM EDT


-  INDICATES NEGATIVE NUMBERS.
R  INDICATES RECORD WAS SET OR TIED.
MM INDICATES DATA IS MISSING.
T  INDICATES TRACE AMOUNT.




$$
