000
CDUS42 KFFC 040827
CLIMCN


CLIMATE REPORT
NATIONAL WEATHER SERVICE PEACHTREE CITY GA
427 AM EDT TUE AUG 4 2015


...................................

...THE MACON CLIMATE SUMMARY FOR AUGUST 3 2015...

CLIMATE NORMAL PERIOD 1981 TO 2010
CLIMATE RECORD PERIOD 1899 TO 2015


WEATHER ITEM   OBSERVED TIME   RECORD YEAR NORMAL DEPARTURE LAST
                VALUE   (LST)  VALUE       VALUE  FROM      YEAR
                                                  NORMAL
..................................................................
TEMPERATURE (F)
 YESTERDAY
  MAXIMUM         95    422 PM 100    2011  93      2       87
                                      2004
                                      1951
  MINIMUM         74    500 AM  60    1998  71      3       71
  AVERAGE         85                        82      3       79

PRECIPITATION (IN)
  YESTERDAY        0.00          1.89 1904   0.14  -0.14     0.00
  MONTH TO DATE    0.00                      0.42  -0.42     0.02
  SINCE JUN 1      5.34                      9.43  -4.09    10.71
  SINCE JAN 1     21.84                     28.26  -6.42    32.90

DEGREE DAYS
 HEATING
  YESTERDAY        0                         0      0        0
  MONTH TO DATE    0                         0      0        0
  SINCE JUN 1      0                         0      0        0
  SINCE JUL 1      0                         0      0        0

 COOLING
  YESTERDAY       20                        17      3       14
  MONTH TO DATE   55                        51      4       32
  SINCE JUN 1   1127                       991    136      886
  SINCE JAN 1   1512                      1304    208     1164
..................................................................


WIND (MPH)
  RESULTANT WIND SPEED   3   RESULTANT WIND DIRECTION   E (70)
  HIGHEST WIND SPEED    12   HIGHEST WIND DIRECTION     E (80)
  HIGHEST GUST SPEED    17   HIGHEST GUST DIRECTION    NE (30)
  AVERAGE WIND SPEED     4.0


SKY COVER
  AVERAGE SKY COVER 0.5


WEATHER CONDITIONS
 THE FOLLOWING WEATHER WAS RECORDED YESTERDAY.
  NO SIGNIFICANT WEATHER WAS OBSERVED.


RELATIVE HUMIDITY (PERCENT)
 HIGHEST   100           500 AM
 LOWEST     41           400 PM
 AVERAGE    71

..........................................................


THE MACON CLIMATE NORMALS FOR TODAY
                         NORMAL    RECORD    YEAR
 MAXIMUM TEMPERATURE (F)   92       102      1954
 MINIMUM TEMPERATURE (F)   71        61      1950


SUNRISE AND SUNSET
AUGUST  4 2015........SUNRISE   650 AM EDT   SUNSET   830 PM EDT
AUGUST  5 2015........SUNRISE   651 AM EDT   SUNSET   830 PM EDT


-  INDICATES NEGATIVE NUMBERS.
R  INDICATES RECORD WAS SET OR TIED.
MM INDICATES DATA IS MISSING.
T  INDICATES TRACE AMOUNT.




$$
