000
CDUS42 KFFC 270818
CLIMCN


CLIMATE REPORT
NATIONAL WEATHER SERVICE PEACHTREE CITY GA
418 AM EDT FRI MAR 27 2015


...................................

...THE MACON CLIMATE SUMMARY FOR MARCH 26 2015...

CLIMATE NORMAL PERIOD 1981 TO 2010
CLIMATE RECORD PERIOD 1899 TO 2015


WEATHER ITEM   OBSERVED TIME   RECORD YEAR NORMAL DEPARTURE LAST
                VALUE   (LST)  VALUE       VALUE  FROM      YEAR
                                                  NORMAL
..................................................................
TEMPERATURE (F)
 YESTERDAY
  MAXIMUM         74    102 PM  88    1949  72      2       58
  MINIMUM         55   1239 AM  26    2014  46      9       26
  AVERAGE         65                        59      6       42

PRECIPITATION (IN)
  YESTERDAY        0.00          2.88 1901   0.15  -0.15     0.00
  MONTH TO DATE    1.46                      3.85  -2.39     2.78
  SINCE MAR 1      1.46                      3.85  -2.39     2.78
  SINCE JAN 1      8.26                     12.45  -4.19    10.61

SNOWFALL (IN)
  YESTERDAY        0.0           0.0  2002   0.0    0.0      0.0
                                      2001
                                      2000
  MONTH TO DATE    0.0                       0.2   -0.2      0.0
  SINCE MAR 1      0.0                       0.2   -0.2      0.0
  SINCE JUL 1      0.0                       0.7   -0.7      2.1
  SNOW DEPTH       0

DEGREE DAYS
 HEATING
  YESTERDAY        0                         7     -7       23
  MONTH TO DATE  150                       241    -91      329
  SINCE MAR 1    150                       241    -91      329
  SINCE JUL 1   2363                      2166    197     2462

 COOLING
  YESTERDAY        0                         1     -1        0
  MONTH TO DATE   12                        15     -3        0
  SINCE MAR 1     12                        15     -3        0
  SINCE JAN 1     12                        18     -6        1
..................................................................


WIND (MPH)
  RESULTANT WIND SPEED   4   RESULTANT WIND DIRECTION  SW (220)
  HIGHEST WIND SPEED    13   HIGHEST WIND DIRECTION    SW (210)
  HIGHEST GUST SPEED    18   HIGHEST GUST DIRECTION     S (200)
  AVERAGE WIND SPEED     4.5


SKY COVER
  AVERAGE SKY COVER 0.6


WEATHER CONDITIONS
 THE FOLLOWING WEATHER WAS RECORDED YESTERDAY.
  FOG
  FOG W/VISIBILITY <= 1/4 MILE


RELATIVE HUMIDITY (PERCENT)
 HIGHEST   100          1200 AM
 LOWEST     61          1100 AM
 AVERAGE    81

..........................................................


THE MACON CLIMATE NORMALS FOR TODAY
                         NORMAL    RECORD    YEAR
 MAXIMUM TEMPERATURE (F)   72        88      1994
                                             1949
 MINIMUM TEMPERATURE (F)   46        20      1955


SUNRISE AND SUNSET
MARCH 27 2015.........SUNRISE   730 AM EDT   SUNSET   751 PM EDT
MARCH 28 2015.........SUNRISE   728 AM EDT   SUNSET   752 PM EDT


-  INDICATES NEGATIVE NUMBERS.
R  INDICATES RECORD WAS SET OR TIED.
MM INDICATES DATA IS MISSING.
T  INDICATES TRACE AMOUNT.




$$
