000
CDUS42 KFFC 240027
CLIMCN


CLIMATE REPORT
NATIONAL WEATHER SERVICE PEACHTREE CITY GA
727 PM EST TUE JAN 23 2018


...................................

...THE MACON CLIMATE SUMMARY FOR JANUARY 23 2018...
VALID AS OF 0700 PM LOCAL TIME.

CLIMATE NORMAL PERIOD 1981 TO 2010
CLIMATE RECORD PERIOD 1899 TO 2018


WEATHER ITEM   OBSERVED TIME   RECORD YEAR NORMAL DEPARTURE LAST
                VALUE   (LST)  VALUE       VALUE  FROM      YEAR
                                                  NORMAL
..................................................................
TEMPERATURE (F)
 TODAY
  MAXIMUM         66   1259 AM  79    1937  58      8       61
  MINIMUM         54    659 PM  15    1960  35     19       50
  AVERAGE         60                        47     13       56

PRECIPITATION (IN)
  TODAY            0.01          2.07 1923   0.14  -0.13     0.05
  MONTH TO DATE    0.92                      3.08  -2.16    11.03
  SINCE DEC 1      4.18                      7.12  -2.94    16.98
  SINCE JAN 1      0.92                      3.08  -2.16    11.03

SNOWFALL (IN)
  TODAY            0.0           T    2016   0.0    0.0      0.0
  MONTH TO DATE    1.0                       0.3    0.7      0.0
  SINCE DEC 1      1.0                       0.4    0.6      0.0
  SINCE JUL 1      1.0                       0.4    0.6      0.0
  SNOW DEPTH       0

DEGREE DAYS
 HEATING
  TODAY            5                        18    -13        9
  MONTH TO DATE  521                       436     85      226
  SINCE DEC 1    977                       966     11      617
  SINCE JUL 1   1335                      1361    -26      859
..................................................................


WIND (MPH)
  HIGHEST WIND SPEED    17   HIGHEST WIND DIRECTION     W (270)
  HIGHEST GUST SPEED    26   HIGHEST GUST DIRECTION    NW (315)
  AVERAGE WIND SPEED    12.4


SKY COVER
  AVERAGE SKY COVER 0.4


WEATHER CONDITIONS
 THE FOLLOWING WEATHER WAS RECORDED TODAY.
  LIGHT RAIN


RELATIVE HUMIDITY (PERCENT)
 HIGHEST    93           200 AM
 LOWEST     26           300 PM

..........................................................


THE MACON CLIMATE NORMALS FOR TOMORROW
                         NORMAL    RECORD
 MAXIMUM TEMPERATURE (F)   58        79
 MINIMUM TEMPERATURE (F)   35         6


SUNRISE AND SUNSET
JANUARY 23 2018.......SUNRISE   734 AM EST   SUNSET   559 PM EST
JANUARY 24 2018.......SUNRISE   734 AM EST   SUNSET   600 PM EST


-  INDICATES NEGATIVE NUMBERS.
R  INDICATES RECORD WAS SET OR TIED.
MM INDICATES DATA IS MISSING.
T  INDICATES TRACE AMOUNT.




$$
