000
CDUS42 KFFC 190924
CLIMCN


CLIMATE REPORT
NATIONAL WEATHER SERVICE PEACHTREE CITY GA
423 AM EST SUN NOV 19 2017


...................................

...THE MACON CLIMATE SUMMARY FOR NOVEMBER 18 2017...

CLIMATE NORMAL PERIOD 1981 TO 2010
CLIMATE RECORD PERIOD 1899 TO 2017


WEATHER ITEM   OBSERVED TIME   RECORD YEAR NORMAL DEPARTURE LAST
                VALUE   (LST)  VALUE       VALUE  FROM      YEAR
                                                  NORMAL
..................................................................
TEMPERATURE (F)
 YESTERDAY
  MAXIMUM         73    411 PM  85    2013  68      5       81
  MINIMUM         38    721 AM  23    2014  42     -4       38
                                      1997
  AVERAGE         56                        55      1       60

PRECIPITATION (IN)
  YESTERDAY        0.00          1.62 1968   0.12  -0.12     0.00
  MONTH TO DATE    0.96                      1.85  -0.89     0.00
  SINCE SEP 1      7.77                      8.23  -0.46     2.38
  SINCE JAN 1     45.30                     40.17   5.13    26.60

SNOWFALL (IN)
  YESTERDAY        0.0           0.0  2002   0.0    0.0      0.0
                                      2001
  MONTH TO DATE    0.0                       0.0    0.0      0.0
  SINCE SEP 1      0.0                       0.0    0.0      0.0
  SINCE JUL 1      0.0                       0.0    0.0      0.0
  SNOW DEPTH       0

DEGREE DAYS
 HEATING
  YESTERDAY        9                        10     -1        5
  MONTH TO DATE  131                       146    -15      113
  SINCE SEP 1    226                       249    -23      138
  SINCE JUL 1    226                       249    -23      138

 COOLING
  YESTERDAY        0                         0      0        0
  MONTH TO DATE   28                        16     12       20
  SINCE SEP 1    508                       416     92      586
  SINCE JAN 1   2370                      2160    210     2613
..................................................................


WIND (MPH)
  RESULTANT WIND SPEED   6   RESULTANT WIND DIRECTION   S (200)
  HIGHEST WIND SPEED    18   HIGHEST WIND DIRECTION    SW (210)
  HIGHEST GUST SPEED    28   HIGHEST GUST DIRECTION    SW (210)
  AVERAGE WIND SPEED     7.0


SKY COVER
  AVERAGE SKY COVER 0.4


WEATHER CONDITIONS
 THE FOLLOWING WEATHER WAS RECORDED YESTERDAY.
  FOG
  FOG W/VISIBILITY <= 1/4 MILE


RELATIVE HUMIDITY (PERCENT)
 HIGHEST   100           500 AM
 LOWEST     47           100 PM
 AVERAGE    74

..........................................................


THE MACON CLIMATE NORMALS FOR TODAY
                         NORMAL    RECORD    YEAR
 MAXIMUM TEMPERATURE (F)   68        83      1942
 MINIMUM TEMPERATURE (F)   42        17      2014


SUNRISE AND SUNSET
NOVEMBER 19 2017......SUNRISE   708 AM EST   SUNSET   531 PM EST
NOVEMBER 20 2017......SUNRISE   709 AM EST   SUNSET   531 PM EST


-  INDICATES NEGATIVE NUMBERS.
R  INDICATES RECORD WAS SET OR TIED.
MM INDICATES DATA IS MISSING.
T  INDICATES TRACE AMOUNT.




$$
