000
CDUS42 KMLB 190652
CLIMCO


CLIMATE REPORT
NATIONAL WEATHER SERVICE MELBOURNE FL
241 AM EDT TUE SEP 19 2017


...................................

...THE ORLANDO INTL CLIMATE SUMMARY FOR SEPTEMBER 18 2017...

CLIMATE NORMAL PERIOD 1981 TO 2010
CLIMATE RECORD PERIOD 1892 TO 2017


WEATHER ITEM   OBSERVED TIME   RECORD YEAR NORMAL DEPARTURE LAST
                VALUE   (LST)  VALUE       VALUE  FROM      YEAR
                                                  NORMAL
..................................................................
TEMPERATURE (F)
 YESTERDAY
  MAXIMUM         86   1200 PM  98    1933  89     -3       93
  MINIMUM         73    401 AM  63    1962  73      0       76
  AVERAGE         80                        81     -1       85

PRECIPITATION (IN)
  YESTERDAY        0.02          3.27 1946   0.21  -0.19     0.00
  MONTH TO DATE   13.25                      3.81   9.44     4.73
  SINCE SEP 1     13.25                      3.81   9.44     4.73
  SINCE JAN 1     41.67                     40.42   1.25    46.42

SNOWFALL (IN)
  YESTERDAY        0.0
  MONTH TO DATE    0.0
  SINCE JUL 1      0.0

DEGREE DAYS
 HEATING
  YESTERDAY        0                         0      0        0
  MONTH TO DATE    0                         0      0        0
  SINCE SEP 1      0                         0      0        0
  SINCE JUL 1      0                         0      0        0

 COOLING
  YESTERDAY       15                        16     -1       20
  MONTH TO DATE  289                       301    -12      314
  SINCE SEP 1    289                       301    -12      314
  SINCE JAN 1   2887                      2694    193     2987
..................................................................


WIND (MPH)
  HIGHEST WIND SPEED    22   HIGHEST WIND DIRECTION     N (360)
  HIGHEST GUST SPEED    26   HIGHEST GUST DIRECTION     N (350)
  AVERAGE WIND SPEED    10.1


SKY COVER
  AVERAGE SKY COVER 0.6


WEATHER CONDITIONS
 THE FOLLOWING WEATHER WAS RECORDED YESTERDAY.
  LIGHT RAIN


RELATIVE HUMIDITY (PERCENT)
 HIGHEST    94           800 AM
 LOWEST     70          1100 AM
 AVERAGE    82

..........................................................


THE ORLANDO INTL CLIMATE NORMALS FOR TODAY
                         NORMAL    RECORD    YEAR
 MAXIMUM TEMPERATURE (F)   89        97      1933
 MINIMUM TEMPERATURE (F)   73        58      1910


SUNRISE AND SUNSET
SEPTEMBER 19 2017.....SUNRISE   712 AM EDT   SUNSET   725 PM EDT
SEPTEMBER 20 2017.....SUNRISE   713 AM EDT   SUNSET   724 PM EDT


-  INDICATES NEGATIVE NUMBERS.
R  INDICATES RECORD WAS SET OR TIED.
MM INDICATES DATA IS MISSING.
T  INDICATES TRACE AMOUNT.




$$
