000
CDUS42 KMLB 260627
CLIMCO


CLIMATE REPORT
NATIONAL WEATHER SERVICE MELBOURNE FL
226 AM EDT MON SEP 26 2016


...................................

...THE ORLANDO  CLIMATE SUMMARY FOR SEPTEMBER 25 2016...

CLIMATE NORMAL PERIOD 1981 TO 2010
CLIMATE RECORD PERIOD 1892 TO 2016


WEATHER ITEM   OBSERVED TIME   RECORD YEAR NORMAL DEPARTURE LAST
                VALUE   (LST)  VALUE       VALUE  FROM      YEAR
                                                  NORMAL
..................................................................
TEMPERATURE (F)
 YESTERDAY
  MAXIMUM         93    204 PM  98    1919  89      4       90
  MINIMUM         75    527 AM  62    1914  72      3       73
  AVERAGE         84                        80      4       82

PRECIPITATION (IN)
  YESTERDAY        0.04          3.35 1908   0.18  -0.14     1.75
  MONTH TO DATE    5.93                      5.15   0.78     5.41
  SINCE SEP 1      5.93                      5.15   0.78     5.41
  SINCE JAN 1     47.62                     41.76   5.86    49.47

SNOWFALL (IN)
  YESTERDAY        0.0
  MONTH TO DATE    0.0
  SINCE SEP 1      0.0
  SINCE JUL 1      0.0

DEGREE DAYS
 HEATING
  YESTERDAY        0                         0      0        0
  MONTH TO DATE    0                         0      0        0
  SINCE SEP 1      0                         0      0        0
  SINCE JUL 1      0                         0      0        0

 COOLING
  YESTERDAY       19                        15      4       17
  MONTH TO DATE  445                       409     36      428
  SINCE SEP 1    445                       409     36      428
  SINCE JAN 1   3118                      2802    316     3299
..................................................................


WIND (MPH)
  HIGHEST WIND SPEED    21   HIGHEST WIND DIRECTION    NE (30)
  HIGHEST GUST SPEED    26   HIGHEST GUST DIRECTION    NE (50)
  AVERAGE WIND SPEED     4.1


SKY COVER
  AVERAGE SKY COVER 0.5


WEATHER CONDITIONS
 THE FOLLOWING WEATHER WAS RECORDED YESTERDAY.
  THUNDERSTORM
  LIGHT RAIN
  FOG


RELATIVE HUMIDITY (PERCENT)
 HIGHEST    94           100 AM
 LOWEST     52          1200 PM
 AVERAGE    73

..........................................................


THE ORLANDO  CLIMATE NORMALS FOR TODAY
                         NORMAL    RECORD    YEAR
 MAXIMUM TEMPERATURE (F)   88        95      1980
                                             1921
 MINIMUM TEMPERATURE (F)   71        61      1956
                                             1918


SUNRISE AND SUNSET
SEPTEMBER 26 2016.....SUNRISE   716 AM EDT   SUNSET   716 PM EDT
SEPTEMBER 27 2016.....SUNRISE   716 AM EDT   SUNSET   715 PM EDT


-  INDICATES NEGATIVE NUMBERS.
R  INDICATES RECORD WAS SET OR TIED.
MM INDICATES DATA IS MISSING.
T  INDICATES TRACE AMOUNT.




$$
