000
CDUS42 KMLB 302018
CLIMCO


CLIMATE REPORT
NATIONAL WEATHER SERVICE MELBOURNE FL
417 PM EDT SUN AUG 30 2015


...................................

...THE ORLANDO  CLIMATE SUMMARY FOR AUGUST 30 2015...
VALID TODAY AS OF 0400 PM LOCAL TIME.

CLIMATE NORMAL PERIOD 1981 TO 2010
CLIMATE RECORD PERIOD 1892 TO 2015


WEATHER ITEM   OBSERVED TIME   RECORD YEAR NORMAL DEPARTURE LAST
                VALUE   (LST)  VALUE       VALUE  FROM      YEAR
                                                  NORMAL
..................................................................
TEMPERATURE (F)
 TODAY
  MAXIMUM         88    143 PM  99    1903  91     -3       93
  MINIMUM         73    110 AM  66    1930  74     -1       73
                                      1893
  AVERAGE         81                        82     -1       83

PRECIPITATION (IN)
  TODAY            0.02          3.33 1959   0.22  -0.20      T
  MONTH TO DATE   12.27                      6.91   5.36     6.96
  SINCE JUN 1     26.48                     21.76   4.72    20.39
  SINCE JAN 1     40.47                     36.39   4.08    37.74

SNOWFALL (IN)
  TODAY            0.0
  MONTH TO DATE    0.0
  SINCE JUN 1      0.0
  SINCE JUL 1      0.0

DEGREE DAYS
 HEATING
  TODAY            0                         0      0        0
  MONTH TO DATE    0                         0      0        0
  SINCE JUN 1      0                         0      0        0
  SINCE JUL 1      0                         0      0        0

 COOLING
  TODAY           16                        17     -1       18
  MONTH TO DATE  544                       538      6      571
  SINCE JUN 1   1673                      1577     96     1644
  SINCE JAN 1   2853                      2378    475     2578
..................................................................


WIND (MPH)
  HIGHEST WIND SPEED    23   HIGHEST WIND DIRECTION    SE (140)
  HIGHEST GUST SPEED    28   HIGHEST GUST DIRECTION    SE (140)
  AVERAGE WIND SPEED     7.2


SKY COVER
  AVERAGE SKY COVER 0.8


WEATHER CONDITIONS
 THE FOLLOWING WEATHER WAS RECORDED TODAY.
  THUNDERSTORM
  LIGHT RAIN


RELATIVE HUMIDITY (PERCENT)
 HIGHEST   100           400 AM
 LOWEST     72           100 PM
 AVERAGE    86

..........................................................


THE ORLANDO  CLIMATE NORMALS FOR TOMORROW
                         NORMAL    RECORD    YEAR
 MAXIMUM TEMPERATURE (F)   91        97      1963
                                             1936
                                             1914
 MINIMUM TEMPERATURE (F)   74        66      1934
                                             1893


SUNRISE AND SUNSET
AUGUST 30 2015........SUNRISE   702 AM EDT   SUNSET   749 PM EDT
AUGUST 31 2015........SUNRISE   703 AM EDT   SUNSET   748 PM EDT


-  INDICATES NEGATIVE NUMBERS.
R  INDICATES RECORD WAS SET OR TIED.
MM INDICATES DATA IS MISSING.
T  INDICATES TRACE AMOUNT.




$$
