000
CDUS42 KMLB 070630
CLIMCO


CLIMATE REPORT
NATIONAL WEATHER SERVICE MELBOURNE FL
128 AM EST WED DEC 7 2016


...................................

...THE ORLANDO  CLIMATE SUMMARY FOR DECEMBER 6 2016...

CLIMATE NORMAL PERIOD 1981 TO 2010
CLIMATE RECORD PERIOD 1892 TO 2016


WEATHER ITEM   OBSERVED TIME   RECORD YEAR NORMAL DEPARTURE LAST
                VALUE   (LST)  VALUE       VALUE  FROM      YEAR
                                                  NORMAL
..................................................................
TEMPERATURE (F)
 YESTERDAY
  MAXIMUM         86   1229 PM  88    1928  74     12       82
  MINIMUM         66   1159 PM  35    1898  54     12       63
  AVERAGE         76                        64     12       73

PRECIPITATION (IN)
  YESTERDAY        0.76          0.77 1977   0.09   0.67     0.00
  MONTH TO DATE    0.76                      0.50   0.26     0.20
  SINCE DEC 1      0.76                      0.50   0.26     0.20
  SINCE JAN 1     52.54                     48.65   3.89    53.56

SNOWFALL (IN)
  YESTERDAY        0.0
  MONTH TO DATE    0.0
  SINCE DEC 1      0.0
  SINCE JUL 1      0.0

DEGREE DAYS
 HEATING
  YESTERDAY        0                         3     -3        0
  MONTH TO DATE    0                        18    -18        0
  SINCE DEC 1      0                        18    -18        0
  SINCE JUL 1     23                        65    -42        9

 COOLING
  YESTERDAY       11                         3      8        8
  MONTH TO DATE   40                        18     22       39
  SINCE DEC 1     40                        18     22       39
  SINCE JAN 1   3744                      3372    372     4081
..................................................................


WIND (MPH)
  HIGHEST WIND SPEED    26   HIGHEST WIND DIRECTION    SW (230)
  HIGHEST GUST SPEED    36   HIGHEST GUST DIRECTION     W (290)
  AVERAGE WIND SPEED    11.4


SKY COVER
  AVERAGE SKY COVER 0.7


WEATHER CONDITIONS
 THE FOLLOWING WEATHER WAS RECORDED YESTERDAY.
  THUNDERSTORM
  LIGHT RAIN
  FOG


RELATIVE HUMIDITY (PERCENT)
 HIGHEST    93           600 PM
 LOWEST     69          1100 AM
 AVERAGE    81

..........................................................


THE ORLANDO  CLIMATE NORMALS FOR TODAY
                         NORMAL    RECORD    YEAR
 MAXIMUM TEMPERATURE (F)   74        90      1978
 MINIMUM TEMPERATURE (F)   54        25      1937


SUNRISE AND SUNSET
DECEMBER  7 2016......SUNRISE   705 AM EST   SUNSET   529 PM EST
DECEMBER  8 2016......SUNRISE   706 AM EST   SUNSET   529 PM EST


-  INDICATES NEGATIVE NUMBERS.
R  INDICATES RECORD WAS SET OR TIED.
MM INDICATES DATA IS MISSING.
T  INDICATES TRACE AMOUNT.




$$
