945
CDUS42 KMLB 122118
CLIMCO


CLIMATE REPORT
NATIONAL WEATHER SERVICE MELBOURNE FL
417 PM EST FRI FEB 12 2016


...................................

...THE ORLANDO  CLIMATE SUMMARY FOR FEBRUARY 12 2016...
VALID TODAY AS OF 0400 PM LOCAL TIME.

CLIMATE NORMAL PERIOD 1981 TO 2010
CLIMATE RECORD PERIOD 1892 TO 2016


WEATHER ITEM   OBSERVED TIME   RECORD YEAR NORMAL DEPARTURE LAST
                VALUE   (LST)  VALUE       VALUE  FROM      YEAR
                                                  NORMAL
..................................................................
TEMPERATURE (F)
 TODAY
  MAXIMUM         76    335 PM  88    1939  74      2       71
  MINIMUM         40    621 AM  29    1926  52    -12       44
  AVERAGE         58                        63     -5       58

PRECIPITATION (IN)
  TODAY            0.00          1.86 1967   0.08  -0.08     0.00
  MONTH TO DATE    0.67                      0.99  -0.32     2.34
  SINCE DEC 1      7.04                      5.92   1.12     7.45
  SINCE JAN 1      6.32                      3.34   2.98     5.86

SNOWFALL (IN)
  TODAY            0.0
  MONTH TO DATE    0.0
  SINCE DEC 1      0.0
  SINCE JUL 1      0.0

DEGREE DAYS
 HEATING
  TODAY            7                         4      3        7
  MONTH TO DATE   90                        59     31       55
  SINCE DEC 1    290                       396   -106      290
  SINCE JUL 1    299                       443   -144      372

 COOLING
  TODAY            0                         2     -2        0
  MONTH TO DATE   30                        24      6        0
  SINCE DEC 1    268                       139    129      156
  SINCE JAN 1     45                        69    -24       52
..................................................................


WIND (MPH)
  HIGHEST WIND SPEED    20   HIGHEST WIND DIRECTION     W (260)
  HIGHEST GUST SPEED    25   HIGHEST GUST DIRECTION     W (260)
  AVERAGE WIND SPEED     6.9


SKY COVER
  AVERAGE SKY COVER 0.1


WEATHER CONDITIONS
 THE FOLLOWING WEATHER WAS RECORDED TODAY.
  FOG


RELATIVE HUMIDITY (PERCENT)
 HIGHEST   100           800 AM
 LOWEST     36           300 PM
 AVERAGE    68

..........................................................


THE ORLANDO  CLIMATE NORMALS FOR TOMORROW
                         NORMAL    RECORD    YEAR
 MAXIMUM TEMPERATURE (F)   74        89      2013
 MINIMUM TEMPERATURE (F)   52        22      1899


SUNRISE AND SUNSET
FEBRUARY 12 2016......SUNRISE   706 AM EST   SUNSET   613 PM EST
FEBRUARY 13 2016......SUNRISE   705 AM EST   SUNSET   614 PM EST


-  INDICATES NEGATIVE NUMBERS.
R  INDICATES RECORD WAS SET OR TIED.
MM INDICATES DATA IS MISSING.
T  INDICATES TRACE AMOUNT.




$$
