000
CDUS42 KMLB 172117
CLIMCO


CLIMATE REPORT
NATIONAL WEATHER SERVICE MELBOURNE FL
417 PM EST SAT FEB 17 2018


...................................

...THE ORLANDO  CLIMATE SUMMARY FOR FEBRUARY 17 2018...
VALID TODAY AS OF 0400 PM LOCAL TIME.

CLIMATE NORMAL PERIOD 1981 TO 2010
CLIMATE RECORD PERIOD 1892 TO 2018


WEATHER ITEM   OBSERVED TIME   RECORD YEAR NORMAL DEPARTURE LAST
                VALUE   (LST)  VALUE       VALUE  FROM      YEAR
                                                  NORMAL
..................................................................
TEMPERATURE (F)
 TODAY
  MAXIMUM         84    357 PM  88    1944  74     10       76
  MINIMUM         57    657 AM  30    1958  53      4       46
  AVERAGE         71                        63      8       61

PRECIPITATION (IN)
  TODAY            0.00          0.62 1966   0.08  -0.08     0.00
  MONTH TO DATE    0.36                      1.42  -1.06     0.37
  SINCE DEC 1      2.81                      6.35  -3.54     4.87
  SINCE JAN 1      2.46                      3.77  -1.31     2.35

SNOWFALL (IN)
  TODAY            0.0
  MONTH TO DATE    0.0
  SINCE DEC 1      0.0
  SINCE JUL 1      0.0

DEGREE DAYS
 HEATING
  TODAY            0                         4     -4        4
  MONTH TO DATE    6                        79    -73       16
  SINCE DEC 1    360                       416    -56      146
  SINCE JUL 1    384                       463    -79      169

 COOLING
  TODAY            6                         2      4        0
  MONTH TO DATE   97                        34     63       47
  SINCE DEC 1    233                       149     84      298
  SINCE JAN 1    141                        79     62      139
..................................................................


WIND (MPH)
  HIGHEST WIND SPEED    16   HIGHEST WIND DIRECTION     S (200)
  HIGHEST GUST SPEED    21   HIGHEST GUST DIRECTION     S (180)
  AVERAGE WIND SPEED     4.1


SKY COVER
  AVERAGE SKY COVER 0.3


WEATHER CONDITIONS
 THE FOLLOWING WEATHER WAS RECORDED TODAY.
  FOG
  FOG W/VISIBILITY <= 1/4 MILE


RELATIVE HUMIDITY (PERCENT)
 HIGHEST   100           200 AM
 LOWEST     37           400 PM
 AVERAGE    69

..........................................................


THE ORLANDO  CLIMATE NORMALS FOR TOMORROW
                         NORMAL    RECORD    YEAR
 MAXIMUM TEMPERATURE (F)   74        87      1975
                                             1962
                                             1961
 MINIMUM TEMPERATURE (F)   53        26      1900


SUNRISE AND SUNSET
FEBRUARY 17 2018......SUNRISE   702 AM EST   SUNSET   617 PM EST
FEBRUARY 18 2018......SUNRISE   701 AM EST   SUNSET   618 PM EST


-  INDICATES NEGATIVE NUMBERS.
R  INDICATES RECORD WAS SET OR TIED.
MM INDICATES DATA IS MISSING.
T  INDICATES TRACE AMOUNT.




$$
