000
CDUS42 KMLB 112120
CLIMCO


CLIMATE REPORT
NATIONAL WEATHER SERVICE MELBOURNE FL
419 PM EST MON DEC 11 2017


...................................

...THE ORLANDO  CLIMATE SUMMARY FOR DECEMBER 11 2017...
VALID TODAY AS OF 0400 PM LOCAL TIME.

CLIMATE NORMAL PERIOD 1981 TO 2010
CLIMATE RECORD PERIOD 1892 TO 2017


WEATHER ITEM   OBSERVED TIME   RECORD YEAR NORMAL DEPARTURE LAST
                VALUE   (LST)  VALUE       VALUE  FROM      YEAR
                                                  NORMAL
..................................................................
TEMPERATURE (F)
 TODAY
  MAXIMUM         62    358 PM  90    1919  73    -11       76
  MINIMUM         35    718 AM  28    1898  53    -18       54
  AVERAGE         49                        63    -14       65

PRECIPITATION (IN)
  TODAY            0.00          1.95 1997   0.08  -0.08     0.02
  MONTH TO DATE    0.35                      0.89  -0.54     0.78
  SINCE DEC 1      0.35                      0.89  -0.54     0.78
  SINCE JAN 1     46.62                     49.04  -2.42    52.56

SNOWFALL (IN)
  TODAY            0.0
  MONTH TO DATE    0.0
  SINCE DEC 1      0.0
  SINCE JUL 1      0.0

DEGREE DAYS
 HEATING
  TODAY           16                         4     12        0
  MONTH TO DATE   38                        38      0       10
  SINCE DEC 1     38                        38      0       10
  SINCE JUL 1     62                        85    -23       33

 COOLING
  TODAY            0                         2     -2        0
  MONTH TO DATE   45                        31     14       45
  SINCE DEC 1     45                        31     14       45
  SINCE JAN 1   3648                      3385    263     3749
..................................................................


WIND (MPH)
  HIGHEST WIND SPEED    12   HIGHEST WIND DIRECTION    NW (320)
  HIGHEST GUST SPEED    18   HIGHEST GUST DIRECTION     N (360)
  AVERAGE WIND SPEED     6.7


SKY COVER
  AVERAGE SKY COVER 0.1


WEATHER CONDITIONS
 THE FOLLOWING WEATHER WAS RECORDED TODAY.
  NO SIGNIFICANT WEATHER WAS OBSERVED.


RELATIVE HUMIDITY (PERCENT)
 HIGHEST   100           100 AM
 LOWEST     15           100 PM
 AVERAGE    58

..........................................................


THE ORLANDO  CLIMATE NORMALS FOR TOMORROW
                         NORMAL    RECORD    YEAR
 MAXIMUM TEMPERATURE (F)   73        90      1923
 MINIMUM TEMPERATURE (F)   53        22      1934


SUNRISE AND SUNSET
DECEMBER 11 2017......SUNRISE   708 AM EST   SUNSET   530 PM EST
DECEMBER 12 2017......SUNRISE   708 AM EST   SUNSET   530 PM EST


-  INDICATES NEGATIVE NUMBERS.
R  INDICATES RECORD WAS SET OR TIED.
MM INDICATES DATA IS MISSING.
T  INDICATES TRACE AMOUNT.




$$
