000
CDUS42 KMLB 272021
CLIMCO


CLIMATE REPORT
NATIONAL WEATHER SERVICE MELBOURNE FL
420 PM EDT MON MAR 27 2017


...................................

...THE ORLANDO  CLIMATE SUMMARY FOR MARCH 27 2017...
VALID TODAY AS OF 0400 PM LOCAL TIME.

CLIMATE NORMAL PERIOD 1981 TO 2010
CLIMATE RECORD PERIOD 1892 TO 2017


WEATHER ITEM   OBSERVED TIME   RECORD YEAR NORMAL DEPARTURE LAST
                VALUE   (LST)  VALUE       VALUE  FROM      YEAR
                                                  NORMAL
..................................................................
TEMPERATURE (F)
 TODAY
  MAXIMUM         85    116 PM  93    1929  80      5       87
                                      1923
  MINIMUM         59    508 AM  40    2013  57      2       72
  AVERAGE         72                        68      4       80

PRECIPITATION (IN)
  TODAY            0.00          1.91 1900   0.13  -0.13     0.00
  MONTH TO DATE    0.09                      3.25  -3.16     4.82
  SINCE MAR 1      0.09                      3.25  -3.16     4.82
  SINCE JAN 1      3.02                      7.98  -4.96    12.16

SNOWFALL (IN)
  TODAY            0.0
  MONTH TO DATE    0.0
  SINCE MAR 1      0.0
  SINCE JUL 1      0.0

DEGREE DAYS
 HEATING
  TODAY            0                         1     -1        0
  MONTH TO DATE   37                        55    -18       16
  SINCE MAR 1     37                        55    -18       16
  SINCE JUL 1    206                       554   -348      370

 COOLING
  TODAY            7                         4      3       15
  MONTH TO DATE  119                        99     20      177
  SINCE MAR 1    119                        99     20      177
  SINCE JAN 1    320                       203    117      239
..................................................................


WIND (MPH)
  HIGHEST WIND SPEED    13   HIGHEST WIND DIRECTION     E (90)
  HIGHEST GUST SPEED    21   HIGHEST GUST DIRECTION    SE (120)
  AVERAGE WIND SPEED     3.7


SKY COVER
  AVERAGE SKY COVER 0.3


WEATHER CONDITIONS
 THE FOLLOWING WEATHER WAS RECORDED TODAY.
  NO SIGNIFICANT WEATHER WAS OBSERVED.


RELATIVE HUMIDITY (PERCENT)
 HIGHEST    90           400 AM
 LOWEST     37          1200 PM
 AVERAGE    64

..........................................................


THE ORLANDO  CLIMATE NORMALS FOR TOMORROW
                         NORMAL    RECORD    YEAR
 MAXIMUM TEMPERATURE (F)   80        92      1994
                                             1923
 MINIMUM TEMPERATURE (F)   57        38      2013


SUNRISE AND SUNSET
MARCH 27 2017.........SUNRISE   721 AM EDT   SUNSET   741 PM EDT
MARCH 28 2017.........SUNRISE   720 AM EDT   SUNSET   741 PM EDT


-  INDICATES NEGATIVE NUMBERS.
R  INDICATES RECORD WAS SET OR TIED.
MM INDICATES DATA IS MISSING.
T  INDICATES TRACE AMOUNT.




$$
