000
CDUS42 KMLB 240632
CLIMCO


CLIMATE REPORT
NATIONAL WEATHER SERVICE MELBOURNE FL
129 AM EST FRI FEB 24 2017


...................................

...THE ORLANDO  CLIMATE SUMMARY FOR FEBRUARY 23 2017...

CLIMATE NORMAL PERIOD 1981 TO 2010
CLIMATE RECORD PERIOD 1892 TO 2017


WEATHER ITEM   OBSERVED TIME   RECORD YEAR NORMAL DEPARTURE LAST
                VALUE   (LST)  VALUE       VALUE  FROM      YEAR
                                                  NORMAL
..................................................................
TEMPERATURE (F)
 YESTERDAY
  MAXIMUM         79    219 PM  89    2013  75      4       81
  MINIMUM         62    745 AM  30    1939  53      9       60
  AVERAGE         71                        64      7       71

PRECIPITATION (IN)
  YESTERDAY        0.20          2.32 1965   0.09   0.11     0.06
  MONTH TO DATE    0.95                      1.93  -0.98     1.23
  SINCE DEC 1      5.45                      6.86  -1.41     7.60
  SINCE JAN 1      2.93                      4.28  -1.35     6.88

SNOWFALL (IN)
  YESTERDAY        0.0
  MONTH TO DATE    0.0
  SINCE DEC 1      0.0
  SINCE JUL 1      0.0

DEGREE DAYS
 HEATING
  YESTERDAY        0                         3     -3        0
  MONTH TO DATE   16                       100    -84      113
  SINCE DEC 1    146                       437   -291      313
  SINCE JUL 1    169                       484   -315      322

 COOLING
  YESTERDAY        6                         2      4        6
  MONTH TO DATE   75                        46     29       42
  SINCE DEC 1    326                       161    165      280
  SINCE JAN 1    167                        91     76       57
..................................................................


WIND (MPH)
  HIGHEST WIND SPEED    32   HIGHEST WIND DIRECTION     N (360)
  HIGHEST GUST SPEED    39   HIGHEST GUST DIRECTION     N (360)
  AVERAGE WIND SPEED     9.5


SKY COVER
  AVERAGE SKY COVER 0.7


WEATHER CONDITIONS
 THE FOLLOWING WEATHER WAS RECORDED YESTERDAY.
  RAIN
  LIGHT RAIN
  FOG


RELATIVE HUMIDITY (PERCENT)
 HIGHEST    93           100 AM
 LOWEST     54           200 PM
 AVERAGE    74

..........................................................


THE ORLANDO  CLIMATE NORMALS FOR TODAY
                         NORMAL    RECORD    YEAR
 MAXIMUM TEMPERATURE (F)   75        90      1962
 MINIMUM TEMPERATURE (F)   53        29      1911


SUNRISE AND SUNSET
FEBRUARY 24 2017......SUNRISE   655 AM EST   SUNSET   622 PM EST
FEBRUARY 25 2017......SUNRISE   654 AM EST   SUNSET   623 PM EST


-  INDICATES NEGATIVE NUMBERS.
R  INDICATES RECORD WAS SET OR TIED.
MM INDICATES DATA IS MISSING.
T  INDICATES TRACE AMOUNT.




$$
