000
CDUS42 KMLB 292016
CLIMCO


CLIMATE REPORT
NATIONAL WEATHER SERVICE MELBOURNE FL
415 PM EDT SUN MAR 29 2015


...................................

...THE ORLANDO  CLIMATE SUMMARY FOR MARCH 29 2015...
VALID TODAY AS OF 0400 PM LOCAL TIME.

CLIMATE NORMAL PERIOD 1981 TO 2010
CLIMATE RECORD PERIOD 1892 TO 2015


WEATHER ITEM   OBSERVED TIME   RECORD YEAR NORMAL DEPARTURE LAST
                VALUE   (LST)  VALUE       VALUE  FROM      YEAR
                                                  NORMAL
..................................................................
TEMPERATURE (F)
 TODAY
  MAXIMUM         72    304 PM  95    1920  80     -8       79
  MINIMUM         48    614 AM  39    1955  57     -9       67
  AVERAGE         60                        69     -9       73

PRECIPITATION (IN)
  TODAY            0.00          4.48 1930   0.13  -0.13     2.05
  MONTH TO DATE    0.75                      3.51  -2.76     4.52
  SINCE MAR 1      0.75                      3.51  -2.76     4.52
  SINCE JAN 1      8.85                      8.24   0.61     9.56

SNOWFALL (IN)
  TODAY            0.0
  MONTH TO DATE    0.0
  SINCE MAR 1      0.0
  SINCE JUL 1      0.0

DEGREE DAYS
 HEATING
  TODAY            5                         1      4        0
  MONTH TO DATE   13                        57    -44       41
  SINCE MAR 1     13                        57    -44       41
  SINCE JUL 1    483                       556    -73      405

 COOLING
  TODAY            0                         4     -4        8
  MONTH TO DATE  262                       107    155      106
  SINCE MAR 1    262                       107    155      106
  SINCE JAN 1    336                       211    125      256
..................................................................


WIND (MPH)
  HIGHEST WIND SPEED    13   HIGHEST WIND DIRECTION    NE (40)
  HIGHEST GUST SPEED    18   HIGHEST GUST DIRECTION     E (70)
  AVERAGE WIND SPEED     7.2


SKY COVER
  AVERAGE SKY COVER 0.1


WEATHER CONDITIONS
 THE FOLLOWING WEATHER WAS RECORDED TODAY.
  NO SIGNIFICANT WEATHER WAS OBSERVED.


RELATIVE HUMIDITY (PERCENT)
 HIGHEST    71           200 AM
 LOWEST     31           100 PM
 AVERAGE    51

..........................................................


THE ORLANDO  CLIMATE NORMALS FOR TOMORROW
                         NORMAL    RECORD    YEAR
 MAXIMUM TEMPERATURE (F)   80        97      1907
 MINIMUM TEMPERATURE (F)   58        38      1937


SUNRISE AND SUNSET
MARCH 29 2015.........SUNRISE   719 AM EDT   SUNSET   741 PM EDT
MARCH 30 2015.........SUNRISE   718 AM EDT   SUNSET   742 PM EDT


-  INDICATES NEGATIVE NUMBERS.
R  INDICATES RECORD WAS SET OR TIED.
MM INDICATES DATA IS MISSING.
T  INDICATES TRACE AMOUNT.




$$
