000
CDUS43 KDMX 130631
CLIMCW

CLIMATE REPORT
NATIONAL WEATHER SERVICE DES MOINES IA
1227 AM CST SAT FEB 13 2016

...................................

...THE MASON CITY IA CLIMATE SUMMARY FOR FEBRUARY 12 2016...

CLIMATE NORMAL PERIOD 1981 TO 2010
CLIMATE RECORD PERIOD 1893 TO 2016


WEATHER ITEM   OBSERVED TIME   RECORD YEAR NORMAL DEPARTURE LAST
                VALUE   (LST)  VALUE       VALUE  FROM      YEAR
                                                  NORMAL
..................................................................
TEMPERATURE (F)
 YESTERDAY
  MAXIMUM         15    620 AM  61    1976  28    -13       11
  MINIMUM         -4   1159 PM -27    1899  11    -15       -2
  AVERAGE          6                        20    -14        5

PRECIPITATION (IN)
  YESTERDAY        T             0.27 1908   0.03  -0.03     0.00
  MONTH TO DATE    0.36                      0.38  -0.02     0.75
  SINCE DEC 1      4.55                      2.44   2.11     2.78
  SINCE JAN 1      0.92                      1.20  -0.28     1.68

SNOWFALL (IN)
  YESTERDAY        T             7.8  1965   0.3   -0.3      0.0
  MONTH TO DATE   11.2                       3.8    7.4      7.6
  SINCE DEC 1     29.9                      23.9    6.0     23.0
  SINCE JUL 1     39.9                      28.6   11.3     31.0
  SNOW DEPTH      10

DEGREE DAYS
 HEATING
  YESTERDAY       59                        45     14       60
  MONTH TO DATE  580                       563     17      604
  SINCE DEC 1   3150                      3494   -344     3244
  SINCE JUL 1   4505                      5174   -669     5143

 COOLING
  YESTERDAY        0                         0      0        0
  MONTH TO DATE    0                         0      0        0
  SINCE DEC 1      0                         0      0        0
  SINCE JAN 1      0                         0      0        0
..................................................................


WIND (MPH)
  HIGHEST WIND SPEED    31   HIGHEST WIND DIRECTION    NW (320)
  HIGHEST GUST SPEED    38   HIGHEST GUST DIRECTION    NW (330)
  AVERAGE WIND SPEED    17.4


SKY COVER
  POSSIBLE SUNSHINE  MM
  AVERAGE SKY COVER 0.5


WEATHER CONDITIONS
 THE FOLLOWING WEATHER WAS RECORDED YESTERDAY.
  LIGHT SNOW
  FOG
  HAZE
  BLOWING SNOW


RELATIVE HUMIDITY (PERCENT)
 HIGHEST    92           700 AM
 LOWEST     58           200 PM
 AVERAGE    75

..........................................................


THE MASON CITY IA CLIMATE NORMALS FOR TODAY
                         NORMAL    RECORD    YEAR
 MAXIMUM TEMPERATURE (F)   29        53      1954
 MINIMUM TEMPERATURE (F)   11       -27      1905


SUNRISE AND SUNSET
FEBRUARY 13 2016......SUNRISE   714 AM CST   SUNSET   541 PM CST
FEBRUARY 14 2016......SUNRISE   713 AM CST   SUNSET   542 PM CST


-  INDICATES NEGATIVE NUMBERS.
R  INDICATES RECORD WAS SET OR TIED.
MM INDICATES DATA IS MISSING.
T  INDICATES TRACE AMOUNT.

$$


REV
