000
CDUS43 KDMX 240638
CLIMCW

CLIMATE REPORT
NATIONAL WEATHER SERVICE DES MOINES IA
138 AM CDT SAT JUN 24 2017

...................................

...THE MASON CITY IA CLIMATE SUMMARY FOR JUNE 23 2017...

CLIMATE NORMAL PERIOD 1981 TO 2010
CLIMATE RECORD PERIOD 1893 TO 2017


WEATHER ITEM   OBSERVED TIME   RECORD YEAR NORMAL DEPARTURE LAST
                VALUE   (LST)  VALUE       VALUE  FROM      YEAR
                                                  NORMAL
..................................................................
TEMPERATURE (F)
 YESTERDAY
  MAXIMUM         72    403 PM 101    1934  82    -10       70
  MINIMUM         54    440 AM  40    1972  59     -5       60
  AVERAGE         63                        70     -7       65

PRECIPITATION (IN)
  YESTERDAY        0.00          3.58 1981   0.16  -0.16     0.00
  MONTH TO DATE    2.58                      3.99  -1.41     5.90
  SINCE JUN 1      2.58                      3.99  -1.41     5.90
  SINCE JAN 1     16.73                     16.47   0.26    17.11

SNOWFALL (IN)
  YESTERDAY        0.0          MM      MM   0.0    0.0      0.0
  MONTH TO DATE    0.0                       0.0    0.0      0.0
  SINCE JUN 1      0.0                       0.0    0.0      0.0
  SINCE JUL 1     47.9                      41.2    6.7     50.9
  SNOW DEPTH       0

DEGREE DAYS
 HEATING
  YESTERDAY        2                         1      1        0
  MONTH TO DATE    4                        42    -38        8
  SINCE JUN 1      4                        42    -38        8
  SINCE JUL 1   6675                      7677  -1002     6633

 COOLING
  YESTERDAY        0                         6     -6        0
  MONTH TO DATE  165                        93     72      143
  SINCE JUN 1    165                        93     72      143
  SINCE JAN 1    190                       128     62      184
..................................................................


WIND (MPH)
  HIGHEST WIND SPEED    31   HIGHEST WIND DIRECTION    NW (320)
  HIGHEST GUST SPEED    39   HIGHEST GUST DIRECTION    NW (310)
  AVERAGE WIND SPEED    14.2


SKY COVER
  POSSIBLE SUNSHINE  MM
  AVERAGE SKY COVER 0.4


WEATHER CONDITIONS
 THE FOLLOWING WEATHER WAS RECORDED YESTERDAY.
  NO SIGNIFICANT WEATHER WAS OBSERVED.


RELATIVE HUMIDITY (PERCENT)
 HIGHEST    97           200 AM
 LOWEST     53           400 PM
 AVERAGE    75

..........................................................


THE MASON CITY IA CLIMATE NORMALS FOR TODAY
                         NORMAL    RECORD    YEAR
 MAXIMUM TEMPERATURE (F)   82        97      1988
 MINIMUM TEMPERATURE (F)   59        40      1972


SUNRISE AND SUNSET
JUNE 24 2017..........SUNRISE   535 AM CDT   SUNSET   857 PM CDT
JUNE 25 2017..........SUNRISE   535 AM CDT   SUNSET   857 PM CDT


-  INDICATES NEGATIVE NUMBERS.
R  INDICATES RECORD WAS SET OR TIED.
MM INDICATES DATA IS MISSING.
T  INDICATES TRACE AMOUNT.

$$

SMALL
