000
CDUS43 KDMX 230733 RRC
CLIMCW

CLIMATE REPORT
NATIONAL WEATHER SERVICE DES MOINES IA
131 AM CST SUN NOV 23 2014


...................................

...THE MASON CITY IA CLIMATE SUMMARY FOR NOVEMBER 22 2014...

CLIMATE NORMAL PERIOD 1981 TO 2010
CLIMATE RECORD PERIOD 1893 TO 2014


WEATHER ITEM   OBSERVED TIME   RECORD YEAR NORMAL DEPARTURE LAST
                VALUE   (LST)  VALUE       VALUE  FROM      YEAR
                                                  NORMAL
..................................................................
TEMPERATURE (F)
 YESTERDAY
  MAXIMUM         51   1159 PM  65    1966  39     12       29
  MINIMUM         33    417 AM  -5    1935  21     12       10
  AVERAGE         42                        30     12       20

PRECIPITATION (IN)
  YESTERDAY        0.00          1.13 1963   0.06  -0.06     0.02
  MONTH TO DATE    0.13                      1.44  -1.31     1.44
  SINCE SEP 1      4.89                      7.16  -2.27     4.45
  SINCE JAN 1     33.54                     33.52   0.02    37.83

SNOWFALL (IN)
  YESTERDAY        0.0           6.4  1909   0.1   -0.1      0.2
  MONTH TO DATE    3.7                       2.4    1.3      1.5
  SINCE SEP 1      3.7                       2.8    0.9      1.5
  SINCE JUL 1      3.7                       2.8    0.9      1.5
  SNOW DEPTH      MM

DEGREE DAYS
 HEATING
  YESTERDAY       23                        35    -12       45
  MONTH TO DATE  827                       639    188      651
  SINCE SEP 1   1531                      1341    190     1271
  SINCE JUL 1   1552                      1377    175     1309

 COOLING
  YESTERDAY        0                         0      0        0
  MONTH TO DATE    0                         0      0        0
  SINCE SEP 1     33                        60    -27      126
  SINCE JAN 1    544                       616    -72      718
..................................................................


WIND (MPH)
  HIGHEST WIND SPEED    22   HIGHEST WIND DIRECTION    SW (210)
  HIGHEST GUST SPEED    28   HIGHEST GUST DIRECTION     S (200)
  AVERAGE WIND SPEED    11.6


SKY COVER
  POSSIBLE SUNSHINE  MM
  AVERAGE SKY COVER 0.9


WEATHER CONDITIONS
 THE FOLLOWING WEATHER WAS RECORDED YESTERDAY.
  FOG
  FOG W/VISIBILITY <= 1/4 MILE


RELATIVE HUMIDITY (PERCENT)
 HIGHEST   100           300 AM
 LOWEST     82          1200 AM
 AVERAGE    91

..........................................................


THE MASON CITY IA CLIMATE NORMALS FOR TODAY
                         NORMAL    RECORD    YEAR
 MAXIMUM TEMPERATURE (F)   38        58      1931
 MINIMUM TEMPERATURE (F)   20        -9      1898


SUNRISE AND SUNSET
NOVEMBER 23 2014......SUNRISE   716 AM CST   SUNSET   443 PM CST
NOVEMBER 24 2014......SUNRISE   717 AM CST   SUNSET   442 PM CST


-  INDICATES NEGATIVE NUMBERS.
R  INDICATES RECORD WAS SET OR TIED.
MM INDICATES DATA IS MISSING.
T  INDICATES TRACE AMOUNT.




$$
