000
CDUS43 KDMX 020647
CLIMCW

CLIMATE REPORT
NATIONAL WEATHER SERVICE DES MOINES IA
141 AM CDT MON MAY 2 2016

...................................

...THE MASON CITY IA CLIMATE SUMMARY FOR MAY 1 2016...

CLIMATE NORMAL PERIOD 1981 TO 2010
CLIMATE RECORD PERIOD 1893 TO 2016

WEATHER ITEM   OBSERVED TIME   RECORD YEAR NORMAL DEPARTURE LAST
                VALUE   (LST)  VALUE       VALUE  FROM      YEAR
                                                  NORMAL
..................................................................
TEMPERATURE (F)
 YESTERDAY
  MAXIMUM         53    435 PM  92    1992  65    -12       63
  MINIMUM         40    928 PM  25    1909  41     -1       36
  AVERAGE         47                        53     -6       50

PRECIPITATION (IN)
  YESTERDAY        0.06          1.38 1906   0.14  -0.08      T
  MONTH TO DATE    0.06                      0.14  -0.08      T
  SINCE MAR 1      5.09                      6.12  -1.03     5.60
  SINCE JAN 1      6.33                      7.94  -1.61     7.67

SNOWFALL (IN)
  YESTERDAY        0.0           2.0  1911   0.0    0.0      0.0
  MONTH TO DATE    0.0                       0.0    0.0      0.0
  SINCE MAR 1      9.0                       8.7    0.3      4.2
  SINCE JUL 1     50.9                      41.2    9.7     40.0
  SNOW DEPTH       0

DEGREE DAYS
 HEATING
  YESTERDAY       18                        12      6       15
  MONTH TO DATE   18                        12      6       15
  SINCE MAR 1   1318                      1561   -243     1430
  SINCE JUL 1   6417                      7412   -995     7493

 COOLING
  YESTERDAY        0                         0      0        0
  MONTH TO DATE    0                         0      0        0
  SINCE MAR 1      4                         5     -1        0
  SINCE JAN 1      4                         5     -1        0
..................................................................

WIND (MPH)
  HIGHEST WIND SPEED    25   HIGHEST WIND DIRECTION    NE (40)
  HIGHEST GUST SPEED    31   HIGHEST GUST DIRECTION    NE (40)
  AVERAGE WIND SPEED    12.1

SKY COVER
  POSSIBLE SUNSHINE  MM
  AVERAGE SKY COVER 0.9

WEATHER CONDITIONS
 THE FOLLOWING WEATHER WAS RECORDED YESTERDAY.
  LIGHT RAIN
  FOG

RELATIVE HUMIDITY (PERCENT)
 HIGHEST    96           200 AM
 LOWEST     66           300 PM
 AVERAGE    81
..........................................................

THE MASON CITY IA CLIMATE NORMALS FOR TODAY
                         NORMAL    RECORD    YEAR
 MAXIMUM TEMPERATURE (F)   66        89      1965
 MINIMUM TEMPERATURE (F)   42        25      1908

SUNRISE AND SUNSET
MAY  2 2016...........SUNRISE   605 AM CDT   SUNSET   816 PM CDT
MAY  3 2016...........SUNRISE   603 AM CDT   SUNSET   818 PM CDT

-  INDICATES NEGATIVE NUMBERS.
R  INDICATES RECORD WAS SET OR TIED.
MM INDICATES DATA IS MISSING.
T  INDICATES TRACE AMOUNT.

$$

FAB
