000
CDUS43 KDMX 050643
CLIMCW

CLIMATE REPORT
NATIONAL WEATHER SERVICE DES MOINES IA
142 AM CDT SUN JUL 5 2015


...................................

...THE MASON CITY IA CLIMATE SUMMARY FOR JULY 4 2015...

CLIMATE NORMAL PERIOD 1981 TO 2010
CLIMATE RECORD PERIOD 1893 TO 2015


WEATHER ITEM   OBSERVED TIME   RECORD YEAR NORMAL DEPARTURE LAST
                VALUE   (LST)  VALUE       VALUE  FROM      YEAR
                                                  NORMAL
..................................................................
TEMPERATURE (F)
 YESTERDAY
  MAXIMUM         81    419 PM 104    1911  83     -2       78
  MINIMUM         58    433 AM  42    1922  61     -3       48
  AVERAGE         70                        72     -2       63

PRECIPITATION (IN)
  YESTERDAY        0.00          2.18 1955   0.15  -0.15     0.03
  MONTH TO DATE    0.01                      0.60  -0.59     0.05
  SINCE JUN 1      5.05                      5.74  -0.69     8.70
  SINCE JAN 1     16.05                     18.22  -2.17    22.74

SNOWFALL (IN)
  YESTERDAY        0.0          MM      MM   0.0    0.0      0.0
  MONTH TO DATE    0.0                       0.0    0.0      0.0
  SINCE JUN 1      0.0                       0.0    0.0      0.0
  SINCE JUL 1      0.0                       0.0    0.0      0.0
  SNOW DEPTH       0

DEGREE DAYS
 HEATING
  YESTERDAY        0                         0      0        2
  MONTH TO DATE   12                         0     12        9
  SINCE JUN 1     24                        44    -20       22
  SINCE JUL 1     12                         0     12        9

 COOLING
  YESTERDAY        5                         7     -2        0
  MONTH TO DATE    5                        28    -23        0
  SINCE JUN 1    141                       166    -25      136
  SINCE JAN 1    171                       201    -30      189
..................................................................


WIND (MPH)
  HIGHEST WIND SPEED    14   HIGHEST WIND DIRECTION    SW (210)
  HIGHEST GUST SPEED    18   HIGHEST GUST DIRECTION    SW (220)
  AVERAGE WIND SPEED     7.0


SKY COVER
  POSSIBLE SUNSHINE  MM
  AVERAGE SKY COVER 0.0


WEATHER CONDITIONS
 THE FOLLOWING WEATHER WAS RECORDED YESTERDAY.
  NO SIGNIFICANT WEATHER WAS OBSERVED.


RELATIVE HUMIDITY (PERCENT)
 HIGHEST    93          1000 PM
 LOWEST     45           400 PM
 AVERAGE    69

..........................................................


THE MASON CITY IA CLIMATE NORMALS FOR TODAY
                         NORMAL    RECORD    YEAR
 MAXIMUM TEMPERATURE (F)   83       106      1911
 MINIMUM TEMPERATURE (F)   61        42      1967


SUNRISE AND SUNSET
JULY  5 2015..........SUNRISE   540 AM CDT   SUNSET   856 PM CDT
JULY  6 2015..........SUNRISE   540 AM CDT   SUNSET   856 PM CDT


-  INDICATES NEGATIVE NUMBERS.
R  INDICATES RECORD WAS SET OR TIED.
MM INDICATES DATA IS MISSING.
T  INDICATES TRACE AMOUNT.




$$
