064
CDUS41 KCTP 172217
CLIMDT


CLIMATE REPORT
NATIONAL WEATHER SERVICE STATE COLLEGE PA
516 PM EST TUE JAN 17 2017


...................................

...THE HARRISBURG PA CLIMATE SUMMARY FOR JANUARY 17 2017...
VALID TODAY AS OF 0500 PM LOCAL TIME.

CLIMATE NORMAL PERIOD 1981 TO 2010
CLIMATE RECORD PERIOD 1888 TO 2017


WEATHER ITEM   OBSERVED TIME   RECORD YEAR NORMAL DEPARTURE LAST
                VALUE   (LST)  VALUE       VALUE  FROM      YEAR
                                                  NORMAL
..................................................................
TEMPERATURE (F)
 TODAY
  MAXIMUM         41    459 PM  65    1990  37      4       37
  MINIMUM         34    420 AM  -6    1982  23     11       28
  AVERAGE         38                        30      8       33

PRECIPITATION (IN)
  TODAY            0.13          1.42 1994   0.10   0.03      T
  MONTH TO DATE    1.20                      1.60  -0.40     1.85
  SINCE DEC 1      3.56                      4.83  -1.27     6.14
  SINCE JAN 1      1.20                      1.60  -0.40     1.85

SNOWFALL (IN)
  TODAY            0.0          14.3  1994   0.3   -0.3       T
  MONTH TO DATE    0.9                       4.4   -3.5      0.3
  SINCE DEC 1      1.7                       9.5   -7.8      0.3
  SINCE JUL 1      1.7                      10.1   -8.4      0.3
  SNOW DEPTH       0

DEGREE DAYS
 HEATING
  TODAY           27                        35     -8       32
  MONTH TO DATE  542                       592    -50      539
  SINCE DEC 1   1439                      1554   -115     1138
  SINCE JUL 1   2225                      2593   -368     1913

 COOLING
  TODAY            0                         0      0        0
  MONTH TO DATE    0                         0      0        0
  SINCE DEC 1      0                         0      0        0
  SINCE JAN 1      0                         0      0        0
..................................................................


WIND (MPH)
  HIGHEST WIND SPEED    10   HIGHEST WIND DIRECTION    SE (140)
  HIGHEST GUST SPEED    13   HIGHEST GUST DIRECTION    SE (130)
  AVERAGE WIND SPEED     1.9


SKY COVER
  POSSIBLE SUNSHINE  MM
  AVERAGE SKY COVER 1.0


WEATHER CONDITIONS
 THE FOLLOWING WEATHER WAS RECORDED TODAY.
  RAIN
  LIGHT RAIN
  FOG
  HAZE


RELATIVE HUMIDITY (PERCENT)
 HIGHEST   100           100 PM
 LOWEST     75          1200 AM
 AVERAGE    88

..........................................................


THE HARRISBURG PA CLIMATE NORMALS FOR TOMORROW
                         NORMAL    RECORD    YEAR
 MAXIMUM TEMPERATURE (F)   37        66      1990
 MINIMUM TEMPERATURE (F)   23        -7      1994


SUNRISE AND SUNSET
JANUARY 17 2017.......SUNRISE   727 AM EST   SUNSET   508 PM EST
JANUARY 18 2017.......SUNRISE   726 AM EST   SUNSET   510 PM EST


-  INDICATES NEGATIVE NUMBERS.
R  INDICATES RECORD WAS SET OR TIED.
MM INDICATES DATA IS MISSING.
T  INDICATES TRACE AMOUNT.




$$
