000
CDUS41 KCTP 210627
CLIMDT


CLIMATE REPORT
NATIONAL WEATHER SERVICE STATE COLLEGE PA
227 AM EDT SUN SEP 21 2014


...................................

...THE HARRISBURG PA CLIMATE SUMMARY FOR SEPTEMBER 20 2014...

CLIMATE NORMAL PERIOD 1981 TO 2010
CLIMATE RECORD PERIOD 1888 TO 2014


WEATHER ITEM   OBSERVED TIME   RECORD YEAR NORMAL DEPARTURE LAST
                VALUE   (LST)  VALUE       VALUE  FROM      YEAR
                                                  NORMAL
..................................................................
TEMPERATURE (F)
 YESTERDAY
  MAXIMUM         81    223 PM  93    1895  74      7       80
  MINIMUM         60    650 AM  37    1979  55      5       53
  AVERAGE         71                        64      7       67

PRECIPITATION (IN)
  YESTERDAY        0.00          1.45 1938   0.15  -0.15     0.00
  MONTH TO DATE    0.34                      2.65  -2.31     0.38
  SINCE SEP 1      0.34                      2.65  -2.31     0.38
  SINCE JAN 1     34.01                     29.59   4.42    24.65

DEGREE DAYS
 HEATING
  YESTERDAY        0                         3     -3        0
  MONTH TO DATE   21                        24     -3       40
  SINCE SEP 1     21                        24     -3       40
  SINCE JUL 1     21                        26     -5       40

 COOLING
  YESTERDAY        6                         2      4        2
  MONTH TO DATE  121                        83     38      105
  SINCE SEP 1    121                        83     38      105
  SINCE JAN 1   1022                       979     43     1057
..................................................................


WIND (MPH)
  HIGHEST WIND SPEED    15   HIGHEST WIND DIRECTION     S (160)
  HIGHEST GUST SPEED    23   HIGHEST GUST DIRECTION     S (160)
  AVERAGE WIND SPEED     7.2


SKY COVER
  POSSIBLE SUNSHINE  MM
  AVERAGE SKY COVER 0.7


WEATHER CONDITIONS
 THE FOLLOWING WEATHER WAS RECORDED YESTERDAY.
  FOG
  HAZE


RELATIVE HUMIDITY (PERCENT)
 HIGHEST    87          1100 PM
 LOWEST     45           200 PM
 AVERAGE    66

..........................................................


THE HARRISBURG PA CLIMATE NORMALS FOR TODAY
                         NORMAL    RECORD    YEAR
 MAXIMUM TEMPERATURE (F)   74        94      1895
 MINIMUM TEMPERATURE (F)   54        35      1956


SUNRISE AND SUNSET
SEPTEMBER 21 2014.....SUNRISE   654 AM EDT   SUNSET   706 PM EDT
SEPTEMBER 22 2014.....SUNRISE   655 AM EDT   SUNSET   704 PM EDT


-  INDICATES NEGATIVE NUMBERS.
R  INDICATES RECORD WAS SET OR TIED.
MM INDICATES DATA IS MISSING.
T  INDICATES TRACE AMOUNT.




$$
