000
CDUS41 KCTP 180649
CLIMDT


CLIMATE REPORT
NATIONAL WEATHER SERVICE STATE COLLEGE PA
249 AM EDT FRI APR 18 2014


...................................

...THE HARRISBURG PA CLIMATE SUMMARY FOR APRIL 17 2014...

CLIMATE NORMAL PERIOD 1981 TO 2010
CLIMATE RECORD PERIOD 1888 TO 2014


WEATHER ITEM   OBSERVED TIME   RECORD YEAR NORMAL DEPARTURE LAST
                VALUE   (LST)  VALUE       VALUE  FROM      YEAR
                                                  NORMAL
..................................................................
TEMPERATURE (F)
 YESTERDAY
  MAXIMUM         56    356 PM  91    2002  63     -7       69
                                      1896
  MINIMUM         33    542 AM  29    1980  42     -9       54
                                      1904
  AVERAGE         45                        53     -8       62

PRECIPITATION (IN)
  YESTERDAY        0.00          1.01 1910   0.10  -0.10     0.06
  MONTH TO DATE    2.12                      1.76   0.36     0.69
  SINCE MAR 1      6.00                      5.13   0.87     3.13
  SINCE JAN 1     12.71                     10.40   2.31     8.08

SNOWFALL (IN)
  YESTERDAY        0.0
  MONTH TO DATE    T
  SINCE MAR 1      1.4
  SINCE JUL 1     44.0
  SNOW DEPTH       0

DEGREE DAYS
 HEATING
  YESTERDAY       20                        12      8        3
  MONTH TO DATE  239                       260    -21      215
  SINCE MAR 1   1113                       983    130     1024
  SINCE JUL 1   5457                      4971    486     4815

 COOLING
  YESTERDAY        0                         0      0        0
  MONTH TO DATE    6                         0      6        7
  SINCE MAR 1      6                         1      5        7
  SINCE JAN 1      6                         1      5        7
..................................................................


WIND (MPH)
  HIGHEST WIND SPEED    18   HIGHEST WIND DIRECTION    SE (140)
  HIGHEST GUST SPEED    21   HIGHEST GUST DIRECTION    SE (140)
  AVERAGE WIND SPEED     8.6


SKY COVER
  POSSIBLE SUNSHINE  MM
  AVERAGE SKY COVER 0.4


WEATHER CONDITIONS
 THE FOLLOWING WEATHER WAS RECORDED YESTERDAY.
  NO SIGNIFICANT WEATHER WAS OBSERVED.


RELATIVE HUMIDITY (PERCENT)
 HIGHEST    62          1000 PM
 LOWEST     35           500 PM
 AVERAGE    49

..........................................................


THE HARRISBURG PA CLIMATE NORMALS FOR TODAY
                         NORMAL    RECORD    YEAR
 MAXIMUM TEMPERATURE (F)   64        92      1896
 MINIMUM TEMPERATURE (F)   43        28      1948


SUNRISE AND SUNSET
APRIL 18 2014.........SUNRISE   625 AM EDT   SUNSET   749 PM EDT
APRIL 19 2014.........SUNRISE   623 AM EDT   SUNSET   750 PM EDT


-  INDICATES NEGATIVE NUMBERS.
R  INDICATES RECORD WAS SET OR TIED.
MM INDICATES DATA IS MISSING.
T  INDICATES TRACE AMOUNT.




$$
