000
CDUS41 KCTP 260622
CLIMDT


CLIMATE REPORT
NATIONAL WEATHER SERVICE STATE COLLEGE PA
222 AM EDT SUN MAR 26 2017


...................................

...THE HARRISBURG PA CLIMATE SUMMARY FOR MARCH 25 2017...

CLIMATE NORMAL PERIOD 1981 TO 2010
CLIMATE RECORD PERIOD 1888 TO 2017


WEATHER ITEM   OBSERVED TIME   RECORD YEAR NORMAL DEPARTURE LAST
                VALUE   (LST)  VALUE       VALUE  FROM      YEAR
                                                  NORMAL
..................................................................
TEMPERATURE (F)
 YESTERDAY
  MAXIMUM         76    439 PM  81    1939  54     22       70
  MINIMUM         44    328 AM  16    1940  36      8       41
  AVERAGE         60                        45     15       56

PRECIPITATION (IN)
  YESTERDAY        T             0.96 1930   0.11  -0.11     0.08
  MONTH TO DATE    3.26                      2.67   0.59     0.83
  SINCE MAR 1      3.26                      2.67   0.59     0.83
  SINCE JAN 1      7.64                      7.94  -0.30    10.75

SNOWFALL (IN)
  YESTERDAY        0.0           3.1  1933   0.1   -0.1      0.0
  MONTH TO DATE   18.4                       4.7   13.7      0.2
  SINCE MAR 1     18.4                       4.7   13.7      0.2
  SINCE JUL 1     23.9                      29.7   -5.8     37.9
  SNOW DEPTH       0

DEGREE DAYS
 HEATING
  YESTERDAY        5                        20    -15        9
  MONTH TO DATE  660                       608     52      430
  SINCE MAR 1    660                       608     52      430
  SINCE JUL 1   3898                      4596   -698     3802

 COOLING
  YESTERDAY        0                         0      0        0
  MONTH TO DATE    0                         0      0        1
  SINCE MAR 1      0                         0      0        1
  SINCE JAN 1      0                         0      0        1
..................................................................


WIND (MPH)
  HIGHEST WIND SPEED    18   HIGHEST WIND DIRECTION     E (110)
  HIGHEST GUST SPEED    23   HIGHEST GUST DIRECTION    NE (30)
  AVERAGE WIND SPEED     3.8


SKY COVER
  POSSIBLE SUNSHINE  MM
  AVERAGE SKY COVER 0.8


WEATHER CONDITIONS
 THE FOLLOWING WEATHER WAS RECORDED YESTERDAY.
  LIGHT RAIN


RELATIVE HUMIDITY (PERCENT)
 HIGHEST    92           500 AM
 LOWEST     43           100 PM
 AVERAGE    68

..........................................................


THE HARRISBURG PA CLIMATE NORMALS FOR TODAY
                         NORMAL    RECORD    YEAR
 MAXIMUM TEMPERATURE (F)   54        80      1921
 MINIMUM TEMPERATURE (F)   36        22      1955


SUNRISE AND SUNSET
MARCH 26 2017.........SUNRISE   700 AM EDT   SUNSET   726 PM EDT
MARCH 27 2017.........SUNRISE   659 AM EDT   SUNSET   727 PM EDT


-  INDICATES NEGATIVE NUMBERS.
R  INDICATES RECORD WAS SET OR TIED.
MM INDICATES DATA IS MISSING.
T  INDICATES TRACE AMOUNT.




$$
