000
CDUS41 KCTP 240642
CLIMDT


CLIMATE REPORT
NATIONAL WEATHER SERVICE STATE COLLEGE PA
142 AM EST MON NOV 24 2014


...................................

...THE HARRISBURG PA CLIMATE SUMMARY FOR NOVEMBER 23 2014...

CLIMATE NORMAL PERIOD 1981 TO 2010
CLIMATE RECORD PERIOD 1888 TO 2014


WEATHER ITEM   OBSERVED TIME   RECORD YEAR NORMAL DEPARTURE LAST
                VALUE   (LST)  VALUE       VALUE  FROM      YEAR
                                                  NORMAL
..................................................................
TEMPERATURE (F)
 YESTERDAY
  MAXIMUM         56    245 PM  71    1931  50      6       52
  MINIMUM         30    522 AM  14    1964  33     -3       27
  AVERAGE         43                        41      2       40

PRECIPITATION (IN)
  YESTERDAY        0.08          0.99 1934   0.10  -0.02      T
  MONTH TO DATE    1.51                      2.38  -0.87     0.88
  SINCE SEP 1      5.48                      9.72  -4.24    13.08
  SINCE JAN 1     39.15                     36.66   2.49    37.35

SNOWFALL (IN)
  YESTERDAY        0.0
  MONTH TO DATE    T
  SINCE SEP 1      T
  SINCE JUL 1      T
  SNOW DEPTH       0

DEGREE DAYS
 HEATING
  YESTERDAY       22                        24     -2       25
  MONTH TO DATE  558                       450    108      463
  SINCE SEP 1    837                       860    -23      809
  SINCE JUL 1    837                       862    -25      809

 COOLING
  YESTERDAY        0                         0      0        0
  MONTH TO DATE    0                         0      0        0
  SINCE SEP 1    149                       106     43      153
  SINCE JAN 1   1050                      1002     48     1105
..................................................................


WIND (MPH)
  HIGHEST WIND SPEED    13   HIGHEST WIND DIRECTION    SE (130)
  HIGHEST GUST SPEED    15   HIGHEST GUST DIRECTION    SE (130)
  AVERAGE WIND SPEED     5.1


SKY COVER
  POSSIBLE SUNSHINE  MM
  AVERAGE SKY COVER 0.8


WEATHER CONDITIONS
 THE FOLLOWING WEATHER WAS RECORDED YESTERDAY.
  RAIN
  LIGHT RAIN
  FOG


RELATIVE HUMIDITY (PERCENT)
 HIGHEST    78           600 AM
 LOWEST     35           100 PM
 AVERAGE    57

..........................................................


THE HARRISBURG PA CLIMATE NORMALS FOR TODAY
                         NORMAL    RECORD    YEAR
 MAXIMUM TEMPERATURE (F)   49        69      1999
                                             1931
 MINIMUM TEMPERATURE (F)   32        19      2000
                                             1956


SUNRISE AND SUNSET
NOVEMBER 24 2014......SUNRISE   703 AM EST   SUNSET   444 PM EST
NOVEMBER 25 2014......SUNRISE   704 AM EST   SUNSET   444 PM EST


-  INDICATES NEGATIVE NUMBERS.
R  INDICATES RECORD WAS SET OR TIED.
MM INDICATES DATA IS MISSING.
T  INDICATES TRACE AMOUNT.




$$
