000
CDUS41 KCTP 220657
CLIMDT


CLIMATE REPORT
NATIONAL WEATHER SERVICE STATE COLLEGE PA
157 AM EST MON JAN 22 2018


...................................

...THE HARRISBURG PA CLIMATE SUMMARY FOR JANUARY 21 2018...

CLIMATE NORMAL PERIOD 1981 TO 2010
CLIMATE RECORD PERIOD 1888 TO 2018


WEATHER ITEM   OBSERVED TIME   RECORD YEAR NORMAL DEPARTURE LAST
                VALUE   (LST)  VALUE       VALUE  FROM      YEAR
                                                  NORMAL
..................................................................
TEMPERATURE (F)
 YESTERDAY
  MAXIMUM         52    315 PM  64    1959  37     15       46
  MINIMUM         25    253 AM -22    1994  22      3       38
  AVERAGE         39                        30      9       42

PRECIPITATION (IN)
  YESTERDAY        T             1.56 1902   0.09  -0.09      T
  MONTH TO DATE    1.59                      1.98  -0.39     1.62
  SINCE DEC 1      2.77                      5.21  -2.44     3.98
  SINCE JAN 1      1.59                      1.98  -0.39     1.62

SNOWFALL (IN)
  YESTERDAY        0.0           5.1  1917   0.3   -0.3      0.0
  MONTH TO DATE    3.9                       5.6   -1.7      0.9
  SINCE DEC 1     10.0                      10.7   -0.7      1.7
  SINCE JUL 1     10.0                      11.3   -1.3      1.7
  SNOW DEPTH       0

DEGREE DAYS
 HEATING
  YESTERDAY       26                        35     -9       23
  MONTH TO DATE  844                       732    112      640
  SINCE DEC 1   1840                      1694    146     1537
  SINCE JUL 1   2695                      2733    -38     2323

 COOLING
  YESTERDAY        0                         0      0        0
  MONTH TO DATE    0                         0      0        0
  SINCE DEC 1      0                         0      0        0
  SINCE JAN 1      0                         0      0        0
..................................................................


WIND (MPH)
  HIGHEST WIND SPEED     8   HIGHEST WIND DIRECTION     E (110)
  HIGHEST GUST SPEED    11   HIGHEST GUST DIRECTION    NE (60)
  AVERAGE WIND SPEED     1.5


SKY COVER
  POSSIBLE SUNSHINE  MM
  AVERAGE SKY COVER 0.8


WEATHER CONDITIONS
 THE FOLLOWING WEATHER WAS RECORDED YESTERDAY.
  LIGHT RAIN
  FOG
  HAZE


RELATIVE HUMIDITY (PERCENT)
 HIGHEST   100           100 AM
 LOWEST     59           300 PM
 AVERAGE    80

..........................................................


THE HARRISBURG PA CLIMATE NORMALS FOR TODAY
                         NORMAL    RECORD    YEAR
 MAXIMUM TEMPERATURE (F)   37        64      1906
 MINIMUM TEMPERATURE (F)   22        -9      1984


SUNRISE AND SUNSET
JANUARY 22 2018.......SUNRISE   724 AM EST   SUNSET   514 PM EST
JANUARY 23 2018.......SUNRISE   723 AM EST   SUNSET   515 PM EST


-  INDICATES NEGATIVE NUMBERS.
R  INDICATES RECORD WAS SET OR TIED.
MM INDICATES DATA IS MISSING.
T  INDICATES TRACE AMOUNT.




$$
