000
CDUS41 KCTP 232117
CLIMDT


CLIMATE REPORT
NATIONAL WEATHER SERVICE STATE COLLEGE PA
517 PM EDT MON OCT 23 2017


...................................

...THE HARRISBURG PA CLIMATE SUMMARY FOR OCTOBER 23 2017...
VALID TODAY AS OF 0500 PM LOCAL TIME.

CLIMATE NORMAL PERIOD 1981 TO 2010
CLIMATE RECORD PERIOD 1888 TO 2017


WEATHER ITEM   OBSERVED TIME   RECORD YEAR NORMAL DEPARTURE LAST
                VALUE   (LST)  VALUE       VALUE  FROM      YEAR
                                                  NORMAL
..................................................................
TEMPERATURE (F)
 TODAY
  MAXIMUM         73    249 PM  86    1947  62     11       65
  MINIMUM         54    206 AM  29    1982  42     12       49
                                      1969
                                      1944
  AVERAGE         64                        52     12       57

PRECIPITATION (IN)
  TODAY            0.00          1.86 1990   0.10  -0.10     0.00
  MONTH TO DATE    2.16                      2.54  -0.38     0.63
  SINCE SEP 1      4.71                      6.61  -1.90     5.05
  SINCE JAN 1     38.92                     33.55   5.37    35.82

SNOWFALL (IN)
  TODAY            0.0           T    1969   0.0    0.0      0.0
  MONTH TO DATE    0.0                       0.0    0.0      0.0
  SINCE SEP 1      0.0                       0.0    0.0      0.0
  SINCE JUL 1      0.0                       0.0    0.0      0.0
  SNOW DEPTH       0

DEGREE DAYS
 HEATING
  TODAY            1                        13    -12        8
  MONTH TO DATE   83                       224   -141      112
  SINCE SEP 1    121                       294   -173      133
  SINCE JUL 1    123                       296   -173      133

 COOLING
  TODAY            0                         0      0        0
  MONTH TO DATE   61                        10     51       26
  SINCE SEP 1    216                       107    109      249
  SINCE JAN 1   1214                      1003    211     1513
..................................................................


WIND (MPH)
  HIGHEST WIND SPEED    13   HIGHEST WIND DIRECTION    SE (130)
  HIGHEST GUST SPEED    17   HIGHEST GUST DIRECTION    SE (130)
  AVERAGE WIND SPEED     5.0


SKY COVER
  POSSIBLE SUNSHINE  MM
  AVERAGE SKY COVER 0.9


WEATHER CONDITIONS
 THE FOLLOWING WEATHER WAS RECORDED TODAY.
  FOG


RELATIVE HUMIDITY (PERCENT)
 HIGHEST   100           300 AM
 LOWEST     73           200 PM
 AVERAGE    87

..........................................................


THE HARRISBURG PA CLIMATE NORMALS FOR TOMORROW
                         NORMAL    RECORD    YEAR
 MAXIMUM TEMPERATURE (F)   62        80      2001
 MINIMUM TEMPERATURE (F)   42        23      1969


SUNRISE AND SUNSET
OCTOBER 23 2017.......SUNRISE   727 AM EDT   SUNSET   615 PM EDT
OCTOBER 24 2017.......SUNRISE   728 AM EDT   SUNSET   614 PM EDT


-  INDICATES NEGATIVE NUMBERS.
R  INDICATES RECORD WAS SET OR TIED.
MM INDICATES DATA IS MISSING.
T  INDICATES TRACE AMOUNT.




$$
