000
CDUS43 KLOT 220631
CLIMDW


CLIMATE REPORT
NATIONAL WEATHER SERVICE CHICAGO IL
131 AM CDT WED OCT 22 2014


...................................

...THE CHICAGO-MIDWAY CLIMATE SUMMARY FOR OCTOBER 21 2014...

CLIMATE NORMAL PERIOD 1981 TO 2010
CLIMATE RECORD PERIOD 1928 TO 2014


WEATHER ITEM   OBSERVED TIME   RECORD YEAR NORMAL DEPARTURE LAST
                VALUE   (LST)  VALUE       VALUE  FROM      YEAR
                                                  NORMAL
..................................................................
TEMPERATURE (F)
 YESTERDAY
  MAXIMUM         54    119 PM  87    1953  61     -7       55
  MINIMUM         49   1117 PM  26    1952  44      5       36
  AVERAGE         52                        53     -1       46

PRECIPITATION (IN)
  YESTERDAY        0.00          2.24 1933   0.11  -0.11     0.03
  MONTH TO DATE    3.56                      2.13   1.43     1.87
  SINCE SEP 1      6.06                      5.44   0.62     2.96
  SINCE JAN 1     39.56                     31.99   7.57    27.90

DEGREE DAYS
 HEATING
  YESTERDAY       13                        13      0       19
  MONTH TO DATE  204                       202      2      149
  SINCE SEP 1    290                       279     11      199
  SINCE JUL 1    291                       284      7      203

 COOLING
  YESTERDAY        0                         0      0        0
  MONTH TO DATE    6                        13     -7       34
  SINCE SEP 1    132                       132      0      195
  SINCE JAN 1   1064                      1042     22     1091
..................................................................


WIND (MPH)
  RESULTANT WIND SPEED  11   RESULTANT WIND DIRECTION   N (0)
  HIGHEST WIND SPEED    21   HIGHEST WIND DIRECTION     N (10)
  HIGHEST GUST SPEED    27   HIGHEST GUST DIRECTION     N (350)
  AVERAGE WIND SPEED    11.6



WEATHER CONDITIONS
 THE FOLLOWING WEATHER WAS RECORDED YESTERDAY.
  NO SIGNIFICANT WEATHER WAS OBSERVED.


..........................................................


THE CHICAGO-MIDWAY CLIMATE NORMALS FOR TODAY
                         NORMAL    RECORD    YEAR
 MAXIMUM TEMPERATURE (F)   60        87      1953
 MINIMUM TEMPERATURE (F)   44        24      1930


SUNRISE AND SUNSET
OCTOBER 22 2014.......SUNRISE   711 AM CDT   SUNSET   559 PM CDT
OCTOBER 23 2014.......SUNRISE   712 AM CDT   SUNSET   558 PM CDT


-  INDICATES NEGATIVE NUMBERS.
R  INDICATES RECORD WAS SET OR TIED.
MM INDICATES DATA IS MISSING.
T  INDICATES TRACE AMOUNT.




$$
