000
CDUS43 KLOT 310633
CLIMDW


CLIMATE REPORT
NATIONAL WEATHER SERVICE CHICAGO IL
133 AM CDT TUE MAY 31 2016


...................................

...THE CHICAGO-MIDWAY CLIMATE SUMMARY FOR MAY 30 2016...

CLIMATE NORMAL PERIOD 1981 TO 2010
CLIMATE RECORD PERIOD 1928 TO 2016


WEATHER ITEM   OBSERVED TIME   RECORD YEAR NORMAL DEPARTURE LAST
                VALUE   (LST)  VALUE       VALUE  FROM      YEAR
                                                  NORMAL
..................................................................
TEMPERATURE (F)
 YESTERDAY
  MAXIMUM         87    113 PM  95    1942  75     12       73
  MINIMUM         65    442 AM  36    1930  56      9       45
  AVERAGE         76                        65     11       59

PRECIPITATION (IN)
  YESTERDAY        0.00          1.60 2004   0.14  -0.14     0.79
  MONTH TO DATE    4.59                      3.98   0.61     4.08
  SINCE MAR 1      9.97                     10.34  -0.37     7.50
  SINCE JAN 1     10.75                     14.34  -3.59     8.84

DEGREE DAYS
 HEATING
  YESTERDAY        0                         3     -3        6
  MONTH TO DATE  180                       185     -5      131
  SINCE MAR 1   1237                      1445   -208     1327
  SINCE JUL 1   4875                      5956  -1081     6049

 COOLING
  YESTERDAY       11                         3      8        0
  MONTH TO DATE   84                        57     27      106
  SINCE MAR 1     97                        70     27      106
  SINCE JAN 1     97                        70     27      106
..................................................................


WIND (MPH)
  RESULTANT WIND SPEED   1   RESULTANT WIND DIRECTION   E (80)
  HIGHEST WIND SPEED    17   HIGHEST WIND DIRECTION    NW (310)
  HIGHEST GUST SPEED    23   HIGHEST GUST DIRECTION    NW (320)
  AVERAGE WIND SPEED     7.5



WEATHER CONDITIONS
 THE FOLLOWING WEATHER WAS RECORDED YESTERDAY.
  NO SIGNIFICANT WEATHER WAS OBSERVED.


..........................................................


THE CHICAGO-MIDWAY CLIMATE NORMALS FOR TODAY
                         NORMAL    RECORD    YEAR
 MAXIMUM TEMPERATURE (F)   75       102      1934
 MINIMUM TEMPERATURE (F)   57        41      1928


SUNRISE AND SUNSET
MAY 31 2016...........SUNRISE   519 AM CDT   SUNSET   819 PM CDT
JUNE  1 2016..........SUNRISE   518 AM CDT   SUNSET   820 PM CDT


-  INDICATES NEGATIVE NUMBERS.
R  INDICATES RECORD WAS SET OR TIED.
MM INDICATES DATA IS MISSING.
T  INDICATES TRACE AMOUNT.




$$
