000
CDUS43 KLOT 262242
CLIMDW


CLIMATE REPORT
NATIONAL WEATHER SERVICE CHICAGO IL
441 PM CST WED NOV 26 2014


...................................

...THE CHICAGO-MIDWAY CLIMATE SUMMARY FOR NOVEMBER 26 2014...
VALID TODAY AS OF 0400 PM LOCAL TIME.

CLIMATE NORMAL PERIOD 1981 TO 2010
CLIMATE RECORD PERIOD 1928 TO 2014


WEATHER ITEM   OBSERVED TIME   RECORD YEAR NORMAL DEPARTURE
                VALUE   (LST)  VALUE       VALUE  FROM
                                                  NORMAL
...............................................................
TEMPERATURE (F)
 TODAY
  MAXIMUM         29    359 PM  68    1990  43    -14
  MINIMUM         22    455 AM   2    1930  30     -8
  AVERAGE         26                        36    -10

PRECIPITATION (IN)
  TODAY            0.00          1.20 1986   0.11  -0.11
  MONTH TO DATE    1.27                      2.98  -1.71
  SINCE SEP 1      7.42                      9.53  -2.11
  SINCE JAN 1     40.92                     36.08   4.84

DEGREE DAYS
 HEATING
  TODAY           39                        29     10
  MONTH TO DATE  733                       587    146
  SINCE SEP 1   1137                      1013    124
  SINCE JUL 1   1138                      1018    120

 COOLING
  TODAY            0                         0      0
  MONTH TO DATE    0                         0      0
  SINCE SEP 1    134                       135     -1
  SINCE JAN 1   1066                      1045     21
...............................................................


WIND (MPH)
  RESULTANT WIND SPEED   5   RESULTANT WIND DIRECTION  SE (150)
  HIGHEST WIND SPEED    12   HIGHEST WIND DIRECTION     E (110)
  HIGHEST GUST SPEED    14   HIGHEST GUST DIRECTION    SE (140)
  AVERAGE WIND SPEED     5.8


SKY COVER
  POSSIBLE SUNSHINE  MM
  AVERAGE SKY COVER 0.9


WEATHER CONDITIONS
 THE FOLLOWING WEATHER WAS RECORDED TODAY.
  HAZE


..........................................................


THE CHICAGO-MIDWAY CLIMATE NORMALS FOR TOMORROW
                         NORMAL    RECORD    YEAR
 MAXIMUM TEMPERATURE (F)   42        70      1990
 MINIMUM TEMPERATURE (F)   29         0      1930


SUNRISE AND SUNSET
NOVEMBER 26 2014......SUNRISE   653 AM CST   SUNSET   423 PM CST
NOVEMBER 27 2014......SUNRISE   654 AM CST   SUNSET   423 PM CST


-  INDICATES NEGATIVE NUMBERS.
R  INDICATES RECORD WAS SET OR TIED.
MM INDICATES DATA IS MISSING.
T  INDICATES TRACE AMOUNT.




$$
