000
CDUS43 KLOT 260635
CLIMDW


CLIMATE REPORT
NATIONAL WEATHER SERVICE CHICAGO IL
134 AM CDT SAT JUL 26 2014


...................................

...THE CHICAGO-MIDWAY CLIMATE SUMMARY FOR JULY 25 2014...

CLIMATE NORMAL PERIOD 1981 TO 2010
CLIMATE RECORD PERIOD 1928 TO 2014


WEATHER ITEM   OBSERVED TIME   RECORD YEAR NORMAL DEPARTURE LAST
                VALUE   (LST)  VALUE       VALUE  FROM      YEAR
                                                  NORMAL
..................................................................
TEMPERATURE (F)
 YESTERDAY
  MAXIMUM         77    145 PM 105    1934  84     -7       81
  MINIMUM         60    400 AM  58    2013  68     -8       58
  AVERAGE         69                        76     -7       70

PRECIPITATION (IN)
  YESTERDAY        T             1.83 2001   0.13  -0.13     0.00
  MONTH TO DATE    5.14                      3.16   1.98     0.94
  SINCE JUN 1     12.86                      7.22   5.64     4.22
  SINCE JAN 1     24.15                     21.71   2.44    21.81

DEGREE DAYS
 HEATING
  YESTERDAY        0                         0      0        0
  MONTH TO DATE    1                         0      1        0
  SINCE JUN 1      3                        31    -28       36
  SINCE JUL 1      1                         0      1        0

 COOLING
  YESTERDAY        4                        11     -7        5
  MONTH TO DATE  189                       273    -84      296
  SINCE JUN 1    440                       483    -43      477
  SINCE JAN 1    551                       557     -6      583
..................................................................


WIND (MPH)
  RESULTANT WIND SPEED   9   RESULTANT WIND DIRECTION   S (200)
  HIGHEST WIND SPEED    20   HIGHEST WIND DIRECTION    SW (220)
  HIGHEST GUST SPEED    27   HIGHEST GUST DIRECTION     S (200)
  AVERAGE WIND SPEED     9.2



WEATHER CONDITIONS
 THE FOLLOWING WEATHER WAS RECORDED YESTERDAY.
  NO SIGNIFICANT WEATHER WAS OBSERVED.


..........................................................


THE CHICAGO-MIDWAY CLIMATE NORMALS FOR TODAY
                         NORMAL    RECORD    YEAR
 MAXIMUM TEMPERATURE (F)   84       102      1936
 MINIMUM TEMPERATURE (F)   68        53      1962


SUNRISE AND SUNSET
JULY 26 2014..........SUNRISE   539 AM CDT   SUNSET   815 PM CDT
JULY 27 2014..........SUNRISE   540 AM CDT   SUNSET   814 PM CDT


-  INDICATES NEGATIVE NUMBERS.
R  INDICATES RECORD WAS SET OR TIED.
MM INDICATES DATA IS MISSING.
T  INDICATES TRACE AMOUNT.




$$
