000
CDUS44 KMEG 220733
CLIMEG


CLIMATE REPORT
NATIONAL WEATHER SERVICE MEMPHIS TN
133 AM CST WED FEB 22 2017


...................................

...THE MEMPHIS/GERMANTOWN WFO CLIMATE SUMMARY FOR FEBRUARY 21 2017...

CLIMATE NORMAL PERIOD 1981 TO 2010
CLIMATE RECORD PERIOD 1988 TO 2017


WEATHER ITEM   OBSERVED TIME   RECORD YEAR NORMAL DEPARTURE LAST
                VALUE   (LST)  VALUE       VALUE  FROM      YEAR
                                                  NORMAL
..................................................................
TEMPERATURE (F)
 YESTERDAY
  MAXIMUM         68    104 AM  75    1997  55     13       69
  MINIMUM         58    629 AM  21    2006  34     24       57
  AVERAGE         63                        44     19       63

PRECIPITATION (IN)
  YESTERDAY        0.10          2.23 1989   0.16  -0.06     0.20
  MONTH TO DATE    1.24                      3.46  -2.22     4.05
  SINCE DEC 1     12.21                     13.36  -1.15    12.34
  SINCE JAN 1      4.90                      7.42  -2.52     6.79

SNOWFALL (IN)
  YESTERDAY        0.0           T    2013                   0.0
                                      1999
  MONTH TO DATE    0.0                                        T
  SINCE DEC 1      1.0                                       0.9
  SINCE JUL 1      1.0                                       0.9
  SNOW DEPTH       0

DEGREE DAYS
 HEATING
  YESTERDAY        2                        21    -19        2
  MONTH TO DATE  258                       482   -224      398
  SINCE DEC 1   1465                      2012   -547     1571
  SINCE JUL 1   1787                      2611   -824     1952

 COOLING
  YESTERDAY        0                         0      0        0
  MONTH TO DATE    9                         0      9        0
  SINCE DEC 1     14                         1     13       13
  SINCE JAN 1      9                         0      9        0
..................................................................







THE MEMPHIS/GERMANTOWN WFO CLIMATE NORMALS FOR TODAY
                         NORMAL    RECORD    YEAR
 MAXIMUM TEMPERATURE (F)   55        76      1996
 MINIMUM TEMPERATURE (F)   34        24      2009
                                             1999


SUNRISE AND SUNSET
FEBRUARY 22 2017......SUNRISE   637 AM CST   SUNSET   549 PM CST
FEBRUARY 23 2017......SUNRISE   636 AM CST   SUNSET   550 PM CST


-  INDICATES NEGATIVE NUMBERS.
R  INDICATES RECORD WAS SET OR TIED.
MM INDICATES DATA IS MISSING.
T  INDICATES TRACE AMOUNT.


$$
