000
CDUS44 KMEG 160825
CLIMEG


CLIMATE REPORT
NATIONAL WEATHER SERVICE MEMPHIS TN
225 AM CST SAT DEC 16 2017


...................................

...THE MEMPHIS/GERMANTOWN WFO CLIMATE SUMMARY FOR DECEMBER 15 2017...

CLIMATE NORMAL PERIOD 1981 TO 2010
CLIMATE RECORD PERIOD 1988 TO 2017


WEATHER ITEM   OBSERVED TIME   RECORD YEAR NORMAL DEPARTURE LAST
                VALUE   (LST)  VALUE       VALUE  FROM      YEAR
                                                  NORMAL
..................................................................
TEMPERATURE (F)
 YESTERDAY
  MAXIMUM         47    249 PM  70    2015  51     -4       34
  MINIMUM         25    534 AM  19    2004  32     -7       26
  AVERAGE         36                        42     -6       30

PRECIPITATION (IN)
  YESTERDAY        0.00          1.25 2007   0.19  -0.19     0.00
  MONTH TO DATE    0.98                      3.06  -2.08     2.41
  SINCE DEC 1      0.98                      3.06  -2.08     2.41
  SINCE JAN 1     47.11                     52.01  -4.90    58.97

SNOWFALL (IN)
  YESTERDAY        0.0          MM      MM                   0.0
  MONTH TO DATE    0.0                                       0.0
  SINCE DEC 1      0.0                                       0.0
  SINCE JUL 1      0.0                                       0.0
  SNOW DEPTH       0

DEGREE DAYS
 HEATING
  YESTERDAY       29                        24      5       35
  MONTH TO DATE  309                       324    -15      360
  SINCE DEC 1    309                       324    -15      360
  SINCE JUL 1    814                       923   -109      682

 COOLING
  YESTERDAY        0                         0      0        0
  MONTH TO DATE    0                         0      0        0
  SINCE DEC 1      0                         0      0        0
  SINCE JAN 1   2124                      1926    198     2423
..................................................................







THE MEMPHIS/GERMANTOWN WFO CLIMATE NORMALS FOR TODAY
                         NORMAL    RECORD    YEAR
 MAXIMUM TEMPERATURE (F)   51        70      1995
 MINIMUM TEMPERATURE (F)   32         7      1989


SUNRISE AND SUNSET
DECEMBER 16 2017......SUNRISE   701 AM CST   SUNSET   449 PM CST
DECEMBER 17 2017......SUNRISE   702 AM CST   SUNSET   449 PM CST


-  INDICATES NEGATIVE NUMBERS.
R  INDICATES RECORD WAS SET OR TIED.
MM INDICATES DATA IS MISSING.
T  INDICATES TRACE AMOUNT.




$$
