000
CDUS44 KMEG 230636
CLIMEG


CLIMATE REPORT
NATIONAL WEATHER SERVICE MEMPHIS TN
136 AM CDT TUE MAY 23 2017


...................................

...THE MEMPHIS/GERMANTOWN WFO CLIMATE SUMMARY FOR MAY 22 2017...

CLIMATE NORMAL PERIOD 1981 TO 2010
CLIMATE RECORD PERIOD 1988 TO 2017


WEATHER ITEM   OBSERVED TIME   RECORD YEAR NORMAL DEPARTURE LAST
                VALUE   (LST)  VALUE       VALUE  FROM      YEAR
                                                  NORMAL
..................................................................
TEMPERATURE (F)
 YESTERDAY
  MAXIMUM         74        MM  94    2010  82     -8       82
  MINIMUM         60        MM  44    2015  61     -1       56
  AVERAGE         67                        72     -5       69

PRECIPITATION (IN)
  YESTERDAY        T             0.64 2011   0.16  -0.16     0.00
  MONTH TO DATE    1.77                      4.23  -2.46     2.69
  SINCE MAR 1     12.06                     14.50  -2.44    25.46
  SINCE JAN 1     17.27                     23.13  -5.86    34.41

SNOWFALL (IN)
  YESTERDAY        0.0          MM      MM                   0.0
  MONTH TO DATE    0.0                                       0.0
  SINCE MAR 1      0.4                                        T
  SINCE JUL 1      1.4                                       0.9
  SNOW DEPTH       0

DEGREE DAYS
 HEATING
  YESTERDAY        0                         1     -1        0
  MONTH TO DATE   25                        36    -11       38
  SINCE MAR 1    394                       663   -269      398
  SINCE JUL 1   2235                      3409  -1174     2485

 COOLING
  YESTERDAY        2                         7     -5        4
  MONTH TO DATE   63                       110    -47       70
  SINCE MAR 1    209                       175     34      143
  SINCE JAN 1    223                       176     47      143
..................................................................







THE MEMPHIS/GERMANTOWN WFO CLIMATE NORMALS FOR TODAY
                         NORMAL    RECORD    YEAR
 MAXIMUM TEMPERATURE (F)   82        94      2010
 MINIMUM TEMPERATURE (F)   61        47      1990


SUNRISE AND SUNSET
MAY 23 2017...........SUNRISE   550 AM CDT   SUNSET   802 PM CDT
MAY 24 2017...........SUNRISE   549 AM CDT   SUNSET   803 PM CDT


-  INDICATES NEGATIVE NUMBERS.
R  INDICATES RECORD WAS SET OR TIED.
MM INDICATES DATA IS MISSING.
T  INDICATES TRACE AMOUNT.




$$
