000
CDUS44 KMEG 230739
CLIMEG


CLIMATE REPORT
NATIONAL WEATHER SERVICE MEMPHIS TN
138 AM CST MON JAN 23 2017


...................................

...THE MEMPHIS/GERMANTOWN WFO CLIMATE SUMMARY FOR JANUARY 22 2017...

CLIMATE NORMAL PERIOD 1981 TO 2010
CLIMATE RECORD PERIOD 1988 TO 2017


WEATHER ITEM   OBSERVED TIME   RECORD YEAR NORMAL DEPARTURE LAST
                VALUE   (LST)  VALUE       VALUE  FROM      YEAR
                                                  NORMAL
..................................................................
TEMPERATURE (F)
 YESTERDAY
  MAXIMUM         60   1213 AM  75    1999  49     11       34
  MINIMUM         52    543 PM  14    2014  30     22       28
  AVERAGE         56                        39     17       31

PRECIPITATION (IN)
  YESTERDAY        0.39          2.85 2006   0.12   0.27     0.30
  MONTH TO DATE    3.66                      2.82   0.84     2.70
  SINCE DEC 1     10.97                      8.76   2.21     8.25
  SINCE JAN 1      3.66                      2.82   0.84     2.70

SNOWFALL (IN)
  YESTERDAY        0.0           0.9  2016                   0.9
  MONTH TO DATE    1.0                                       0.9
  SINCE DEC 1      1.0                                       0.9
  SINCE JUL 1      1.0                                       0.9
  SNOW DEPTH       0

DEGREE DAYS
 HEATING
  YESTERDAY        9                        26    -17       34
  MONTH TO DATE  372                       572   -200      601
  SINCE DEC 1   1047                      1297   -250      998
  SINCE JUL 1   1369                      1896   -527     1379

 COOLING
  YESTERDAY        0                         0      0        0
  MONTH TO DATE    0                         0      0        0
  SINCE DEC 1      5                         1      4       13
  SINCE JAN 1      0                         0      0        0
..................................................................







THE MEMPHIS/GERMANTOWN WFO CLIMATE NORMALS FOR TODAY
                         NORMAL    RECORD    YEAR
 MAXIMUM TEMPERATURE (F)   49        74      2002
 MINIMUM TEMPERATURE (F)   30        10      2003


SUNRISE AND SUNSET
JANUARY 23 2017.......SUNRISE   704 AM CST   SUNSET   519 PM CST
JANUARY 24 2017.......SUNRISE   703 AM CST   SUNSET   520 PM CST


-  INDICATES NEGATIVE NUMBERS.
R  INDICATES RECORD WAS SET OR TIED.
MM INDICATES DATA IS MISSING.
T  INDICATES TRACE AMOUNT.




$$
