000
CDUS44 KMEG 222146
CLIMEG


CLIMATE REPORT
NATIONAL WEATHER SERVICE MEMPHIS TN
445 PM CDT FRI AUG 22 2014


...................................

...THE MEMPHIS/GERMANTOWN WFO CLIMATE SUMMARY FOR AUGUST 22 2014...
VALID TODAY AS OF 0400 PM LOCAL TIME.

CLIMATE NORMAL PERIOD 1981 TO 2010
CLIMATE RECORD PERIOD 1988 TO 2014


WEATHER ITEM   OBSERVED TIME   RECORD YEAR NORMAL DEPARTURE LAST
                VALUE   (LST)  VALUE       VALUE  FROM      YEAR
                                                  NORMAL
..................................................................
TEMPERATURE (F)
 TODAY
  MAXIMUM         97    200 PM 101    2007  90      7       91
  MINIMUM         76    600 AM  58    1991  69      7       72
  AVERAGE         87                        80      7       82

PRECIPITATION (IN)
  TODAY            0.00          0.40 2010   0.09  -0.09     0.00
  MONTH TO DATE    0.45                      2.45  -2.00     2.14
  SINCE JUN 1     16.49                     10.67   5.82    12.02
  SINCE JAN 1     42.07                     35.16   6.91    48.36

SNOWFALL (IN)
  TODAY            0.0

DEGREE DAYS
 HEATING
  TODAY            0                         0      0        0
  MONTH TO DATE    0                         0      0        0
  SINCE JUN 1      0                         2     -2        0
  SINCE JUL 1      0                         0      0        0

 COOLING
  TODAY           22                        15      7       17
  MONTH TO DATE  342                       343     -1      296
  SINCE JUN 1   1116                      1220   -104     1135
  SINCE JAN 1   1415                      1471    -56     1395
..................................................................







THE MEMPHIS/GERMANTOWN WFO CLIMATE NORMALS FOR TOMORROW
                         NORMAL    RECORD    YEAR
 MAXIMUM TEMPERATURE (F)   90       102      2007
 MINIMUM TEMPERATURE (F)   69        59      1991


SUNRISE AND SUNSET
AUGUST 22 2014........SUNRISE   624 AM CDT   SUNSET   739 PM CDT
AUGUST 23 2014........SUNRISE   625 AM CDT   SUNSET   738 PM CDT


-  INDICATES NEGATIVE NUMBERS.
R  INDICATES RECORD WAS SET OR TIED.
MM INDICATES DATA IS MISSING.
T  INDICATES TRACE AMOUNT.




$$
