000
CDUS44 KMEG 272148
CLIMEG


CLIMATE REPORT
NATIONAL WEATHER SERVICE MEMPHIS TN
447 PM CDT MON JUL 27 2015


...................................

...THE MEMPHIS/GERMANTOWN WFO CLIMATE SUMMARY FOR JULY 27 2015...
VALID TODAY AS OF 0400 PM LOCAL TIME.

CLIMATE NORMAL PERIOD 1981 TO 2010
CLIMATE RECORD PERIOD 1988 TO 2015


WEATHER ITEM   OBSERVED TIME   RECORD YEAR NORMAL DEPARTURE LAST
                VALUE   (LST)  VALUE       VALUE  FROM      YEAR
                                                  NORMAL
..................................................................
TEMPERATURE (F)
 TODAY
  MAXIMUM         97    300 PM 100    2011  91      6       92
                                      1997
  MINIMUM         76    600 AM  61    2004  71      5       79
  AVERAGE         87                        81      6       86

PRECIPITATION (IN)
  TODAY            0.00          0.64 1994   0.14  -0.14     0.00
  MONTH TO DATE    4.83                      4.01   0.82     2.95
  SINCE JUN 1      7.77                      7.69   0.08    16.04
  SINCE JAN 1     29.45                     32.18  -2.73    41.62

SNOWFALL (IN)
  TODAY            0.0

DEGREE DAYS
 HEATING
  TODAY            0                         0      0        0
  MONTH TO DATE    0                         0      0        0
  SINCE JUN 1      0                         2     -2        0
  SINCE JUL 1      0                         0      0        0

 COOLING
  TODAY           22                        16      6       21
  MONTH TO DATE  490                       430     60      321
  SINCE JUN 1    942                       811    131      738
  SINCE JAN 1   1242                      1062    180     1037
..................................................................







THE MEMPHIS/GERMANTOWN WFO CLIMATE NORMALS FOR TOMORROW
                         NORMAL    RECORD    YEAR
 MAXIMUM TEMPERATURE (F)   91        99      1997
 MINIMUM TEMPERATURE (F)   71        60      2004


SUNRISE AND SUNSET
JULY 27 2015..........SUNRISE   604 AM CDT   SUNSET   807 PM CDT
JULY 28 2015..........SUNRISE   605 AM CDT   SUNSET   806 PM CDT


-  INDICATES NEGATIVE NUMBERS.
R  INDICATES RECORD WAS SET OR TIED.
MM INDICATES DATA IS MISSING.
T  INDICATES TRACE AMOUNT.




$$
