000
CDUS44 KMEG 210636
CLIMEG


CLIMATE REPORT
NATIONAL WEATHER SERVICE MEMPHIS TN
136 AM CDT SAT OCT 21 2017


...................................

...THE MEMPHIS/GERMANTOWN WFO CLIMATE SUMMARY FOR OCTOBER 20 2017...

CLIMATE NORMAL PERIOD 1981 TO 2010
CLIMATE RECORD PERIOD 1988 TO 2017


WEATHER ITEM   OBSERVED TIME   RECORD YEAR NORMAL DEPARTURE LAST
                VALUE   (LST)  VALUE       VALUE  FROM      YEAR
                                                  NORMAL
..................................................................
TEMPERATURE (F)
 YESTERDAY
  MAXIMUM         77    424 PM  84    2003  73      4       76
  MINIMUM         49    656 AM  33    1989  48      1       55
  AVERAGE         63                        60      3       66

PRECIPITATION (IN)
  YESTERDAY        0.00          0.52 1993   0.15  -0.15      T
  MONTH TO DATE    2.27                      2.73  -0.46     1.62
  SINCE SEP 1      3.64                      6.01  -2.37     2.18
  SINCE JAN 1     42.83                     42.02   0.81    53.42

SNOWFALL (IN)
  YESTERDAY        0.0          MM      MM                   0.0
  MONTH TO DATE    0.0                                       0.0
  SINCE SEP 1      0.0                                       0.0
  SINCE JUL 1      0.0                                       0.0
  SNOW DEPTH       0

DEGREE DAYS
 HEATING
  YESTERDAY        2                         6     -4        0
  MONTH TO DATE   32                        82    -50        5
  SINCE SEP 1     36                       100    -64        7
  SINCE JUL 1     36                       100    -64        7

 COOLING
  YESTERDAY        0                         1     -1        1
  MONTH TO DATE  124                        52     72      128
  SINCE SEP 1    406                       309     97      521
  SINCE JAN 1   2098                      1904    194     2357
..................................................................







THE MEMPHIS/GERMANTOWN WFO CLIMATE NORMALS FOR TODAY
                         NORMAL    RECORD    YEAR
 MAXIMUM TEMPERATURE (F)   72        83      2015
                                             2003
 MINIMUM TEMPERATURE (F)   48        33      1989


SUNRISE AND SUNSET
OCTOBER 21 2017.......SUNRISE   711 AM CDT   SUNSET   616 PM CDT
OCTOBER 22 2017.......SUNRISE   711 AM CDT   SUNSET   615 PM CDT


-  INDICATES NEGATIVE NUMBERS.
R  INDICATES RECORD WAS SET OR TIED.
MM INDICATES DATA IS MISSING.
T  INDICATES TRACE AMOUNT.




$$
