000
CDUS44 KMEG 230636
CLIMEG


CLIMATE REPORT
NATIONAL WEATHER SERVICE MEMPHIS TN
135 AM CDT SAT JUL 23 2016


...................................

...THE MEMPHIS/GERMANTOWN WFO CLIMATE SUMMARY FOR JULY 22 2016...

CLIMATE NORMAL PERIOD 1981 TO 2010
CLIMATE RECORD PERIOD 1988 TO 2016


WEATHER ITEM   OBSERVED TIME   RECORD YEAR NORMAL DEPARTURE LAST
                VALUE   (LST)  VALUE       VALUE  FROM      YEAR
                                                  NORMAL
..................................................................
TEMPERATURE (F)
 YESTERDAY
  MAXIMUM         99R   300 PM  97    2008  91      8       91
  MINIMUM         76    950 PM  63    2007  71      5       71
  AVERAGE         88                        81      7       81

PRECIPITATION (IN)
  YESTERDAY        0.03          2.73 2013   0.16  -0.13     1.76
  MONTH TO DATE    2.99                      3.25  -0.26     4.21
  SINCE JUN 1      7.10                      6.93   0.17     7.15
  SINCE JAN 1     43.55                     31.42  12.13    28.83

SNOWFALL (IN)
  YESTERDAY        0.0          MM      MM   0.0    0.0      0.0
  MONTH TO DATE    0.0                       0.0    0.0      0.0
  SINCE JUN 1      0.0                       0.0    0.0      0.0
  SINCE JUL 1      0.0                       0.0    0.0      0.0
  SNOW DEPTH       0

DEGREE DAYS
 HEATING
  YESTERDAY        0                         0      0        0
  MONTH TO DATE    0                         0      0        0
  SINCE JUN 1      0                         2     -2        0
  SINCE JUL 1      0                         0      0        0

 COOLING
  YESTERDAY       23                        16      7       16
  MONTH TO DATE  410                       350     60      393
  SINCE JUN 1    885                       731    154      845
  SINCE JAN 1   1130                       982    148     1145
..................................................................







THE MEMPHIS/GERMANTOWN WFO CLIMATE NORMALS FOR TODAY
                         NORMAL    RECORD    YEAR
 MAXIMUM TEMPERATURE (F)   91        99      2005
 MINIMUM TEMPERATURE (F)   71        62      2009
                                             2006


SUNRISE AND SUNSET
JULY 23 2016..........SUNRISE   602 AM CDT   SUNSET   809 PM CDT
JULY 24 2016..........SUNRISE   603 AM CDT   SUNSET   808 PM CDT


-  INDICATES NEGATIVE NUMBERS.
R  INDICATES RECORD WAS SET OR TIED.
MM INDICATES DATA IS MISSING.
T  INDICATES TRACE AMOUNT.




$$
