000
CDUS44 KMEG 190631
CLIMEG


CLIMATE REPORT
NATIONAL WEATHER SERVICE MEMPHIS TN
131 AM CDT SAT APR 19 2014


...................................

...THE MEMPHIS/GERMANTOWN WFO CLIMATE SUMMARY FOR APRIL 18 2014...

CLIMATE NORMAL PERIOD 1981 TO 2010
CLIMATE RECORD PERIOD 1988 TO 2014


WEATHER ITEM   OBSERVED TIME   RECORD YEAR NORMAL DEPARTURE LAST
                VALUE   (LST)  VALUE       VALUE  FROM      YEAR
                                                  NORMAL
..................................................................
TEMPERATURE (F)
 YESTERDAY
  MAXIMUM         73        MM  94    2006  73      0       80
  MINIMUM         52        MM  34    1999  50      2       45
  AVERAGE         63                        61      2       63

PRECIPITATION (IN)
  YESTERDAY        0.00          2.23 2013   0.18  -0.18     2.23
  MONTH TO DATE    2.89                      3.07  -0.18     5.41
  SINCE MAR 1      8.93                      8.02   0.91     8.65
  SINCE JAN 1     17.55                     16.65   0.90    23.34

SNOWFALL (IN)
  YESTERDAY       MM            MM      MM   0.0   MM        0.0
  MONTH TO DATE    0.0                       0.0    0.0      0.0
  SINCE MAR 1      0.3                       0.8   -0.5      0.1
  SINCE JUL 1      0.8                       2.4   -1.6      0.8
  SNOW DEPTH      MM

DEGREE DAYS
 HEATING
  YESTERDAY        2                         6     -4        2
  MONTH TO DATE  139                       141     -2      116
  SINCE MAR 1    661                       577     84      672
  SINCE JUL 1   3665                      3323    342     3092

 COOLING
  YESTERDAY        0                         2     -2        0
  MONTH TO DATE   34                        26      8       58
  SINCE MAR 1     36                        37     -1       59
  SINCE JAN 1     36                        38     -2       65
..................................................................







THE MEMPHIS/GERMANTOWN WFO CLIMATE NORMALS FOR TODAY
                         NORMAL    RECORD    YEAR
 MAXIMUM TEMPERATURE (F)   73        91      2006
 MINIMUM TEMPERATURE (F)   50        36      1997


SUNRISE AND SUNSET
APRIL 19 2014.........SUNRISE   622 AM CDT   SUNSET   735 PM CDT
APRIL 20 2014.........SUNRISE   621 AM CDT   SUNSET   736 PM CDT


-  INDICATES NEGATIVE NUMBERS.
R  INDICATES RECORD WAS SET OR TIED.
MM INDICATES DATA IS MISSING.
T  INDICATES TRACE AMOUNT.




$$
