000
CDUS44 KMEG 102252
CLIMEG


CLIMATE REPORT
NATIONAL WEATHER SERVICE MEMPHIS TN
452 PM CST SAT DEC 10 2016


...................................

...THE MEMPHIS/GERMANTOWN WFO CLIMATE SUMMARY FOR DECEMBER 10 2016...
VALID TODAY AS OF 0400 PM LOCAL TIME.

CLIMATE NORMAL PERIOD 1981 TO 2010
CLIMATE RECORD PERIOD 1988 TO 2016


WEATHER ITEM   OBSERVED TIME   RECORD YEAR NORMAL DEPARTURE LAST
                VALUE   (LST)  VALUE       VALUE  FROM      YEAR
                                                  NORMAL
..................................................................
TEMPERATURE (F)
 TODAY
  MAXIMUM         47    300 PM  67    2015  53     -6       67
  MINIMUM         20    513 AM  11    1995  33    -13       45
  AVERAGE         34                        43     -9       56

PRECIPITATION (IN)
  TODAY            0.00          1.51 1994   0.21  -0.21     0.00
  MONTH TO DATE    1.68                      2.04  -0.36     0.10
  SINCE DEC 1      1.68                      2.04  -0.36     0.10
  SINCE JAN 1     58.24                     50.99   7.25    48.49

SNOWFALL (IN)
  TODAY            0.0

DEGREE DAYS
 HEATING
  TODAY           31                        22      9        9
  MONTH TO DATE  237                       208     29      167
  SINCE DEC 1    237                       208     29      167
  SINCE JUL 1    559                       807   -248      548

 COOLING
  TODAY            0                         0      0        0
  MONTH TO DATE    0                         0      0        0
  SINCE DEC 1      0                         0      0        0
  SINCE JAN 1   2423                      1926    497     2138
..................................................................







THE MEMPHIS/GERMANTOWN WFO CLIMATE NORMALS FOR TOMORROW
                         NORMAL    RECORD    YEAR
 MAXIMUM TEMPERATURE (F)   52        77      2007
 MINIMUM TEMPERATURE (F)   33        11      1995


SUNRISE AND SUNSET
DECEMBER 10 2016......SUNRISE   657 AM CST   SUNSET   447 PM CST
DECEMBER 11 2016......SUNRISE   658 AM CST   SUNSET   448 PM CST


-  INDICATES NEGATIVE NUMBERS.
R  INDICATES RECORD WAS SET OR TIED.
MM INDICATES DATA IS MISSING.
T  INDICATES TRACE AMOUNT.




$$
