000
CDUS44 KMEG 010733
CLIMEG


CLIMATE REPORT
NATIONAL WEATHER SERVICE MEMPHIS TN
133 AM CST SUN MAR 1 2015


...................................

...THE MEMPHIS/GERMANTOWN WFO CLIMATE SUMMARY FOR FEBRUARY 28 2015...

CLIMATE NORMAL PERIOD 1981 TO 2010
CLIMATE RECORD PERIOD 1988 TO 2015


WEATHER ITEM   OBSERVED TIME   RECORD YEAR NORMAL DEPARTURE LAST
                VALUE   (LST)  VALUE       VALUE  FROM      YEAR
                                                  NORMAL
..................................................................
TEMPERATURE (F)
 YESTERDAY
  MAXIMUM         49        MM  76    1996  57     -8       58
  MINIMUM         27        MM  19    2002  36     -9       30
  AVERAGE         38                        46     -8       44

PRECIPITATION (IN)
  YESTERDAY        0.00          1.15 2009   0.17  -0.17     0.06
  MONTH TO DATE    4.74                      4.67   0.07     5.39
  SINCE DEC 1      8.65                     14.57  -5.92    14.18
  SINCE JAN 1      6.08                      8.63  -2.55     8.62

SNOWFALL (IN)
  YESTERDAY        0.0           5.3  2009   0.0    0.0       T
  MONTH TO DATE    1.9                       1.2    0.7      0.5
  SINCE DEC 1      1.9                       1.6    0.3      0.5
  SINCE JUL 1      2.2                       1.6    0.6      0.5
  SNOW DEPTH       0

DEGREE DAYS
 HEATING
  YESTERDAY       27                        19      8       21
  MONTH TO DATE  835                       618    217      695
  SINCE DEC 1   2229                      2147     82     2344
  SINCE JUL 1   2908                      2746    162     3004

 COOLING
  YESTERDAY        0                         0      0        0
  MONTH TO DATE    0                         1     -1        0
  SINCE DEC 1      0                         2     -2        1
  SINCE JAN 1      0                         1     -1        0
..................................................................







THE MEMPHIS/GERMANTOWN WFO CLIMATE NORMALS FOR TODAY
                         NORMAL    RECORD    YEAR
 MAXIMUM TEMPERATURE (F)   58        77      2012
 MINIMUM TEMPERATURE (F)   36        23      2009


SUNRISE AND SUNSET
MARCH  1 2015.........SUNRISE   629 AM CST   SUNSET   555 PM CST
MARCH  2 2015.........SUNRISE   628 AM CST   SUNSET   555 PM CST


-  INDICATES NEGATIVE NUMBERS.
R  INDICATES RECORD WAS SET OR TIED.
MM INDICATES DATA IS MISSING.
T  INDICATES TRACE AMOUNT.




$$
