000
CDUS44 KMEG 280637
CLIMEG


CLIMATE REPORT
NATIONAL WEATHER SERVICE MEMPHIS TN
136 AM CDT WED JUN 28 2017


...................................

...THE MEMPHIS/GERMANTOWN WFO CLIMATE SUMMARY FOR JUNE 27 2017...

CLIMATE NORMAL PERIOD 1981 TO 2010
CLIMATE RECORD PERIOD 1988 TO 2017


WEATHER ITEM   OBSERVED TIME   RECORD YEAR NORMAL DEPARTURE LAST
                VALUE   (LST)  VALUE       VALUE  FROM      YEAR
                                                  NORMAL
..................................................................
TEMPERATURE (F)
 YESTERDAY
  MAXIMUM         85        MM 100    1998  90     -5       92
  MINIMUM         66        MM  57    2012  70     -4       74
  AVERAGE         76                        80     -4       83

PRECIPITATION (IN)
  YESTERDAY        0.00          2.74 1999   0.13  -0.13     1.28
  MONTH TO DATE    3.67                      3.29   0.38     4.11
  SINCE JUN 1      3.67                      3.29   0.38     4.11
  SINCE JAN 1     24.58                     27.78  -3.20    40.56

SNOWFALL (IN)
  YESTERDAY        0.0          MM      MM                   0.0
  MONTH TO DATE    0.0                                       0.0
  SINCE JUN 1      0.0                                       0.0
  SINCE JUL 1      1.4                                       0.9
  SNOW DEPTH       0

DEGREE DAYS
 HEATING
  YESTERDAY        0                         0      0        0
  MONTH TO DATE    0                         0      0        0
  SINCE JUN 1      0                         0      0        0
  SINCE JUL 1   2240                      3412  -1172     2485

 COOLING
  YESTERDAY       11                        15     -4       18
  MONTH TO DATE  324                       335    -11      434
  SINCE JUN 1    324                       335    -11      434
  SINCE JAN 1    669                       586     83      679
..................................................................







THE MEMPHIS/GERMANTOWN WFO CLIMATE NORMALS FOR TODAY
                         NORMAL    RECORD    YEAR
 MAXIMUM TEMPERATURE (F)   90       100      2012
 MINIMUM TEMPERATURE (F)   70        59      1988


SUNRISE AND SUNSET
JUNE 28 2017..........SUNRISE   547 AM CDT   SUNSET   818 PM CDT
JUNE 29 2017..........SUNRISE   548 AM CDT   SUNSET   818 PM CDT


-  INDICATES NEGATIVE NUMBERS.
R  INDICATES RECORD WAS SET OR TIED.
MM INDICATES DATA IS MISSING.
T  INDICATES TRACE AMOUNT.




$$
