000
CDUS44 KJAN 290637
CLIMEI


CLIMATE REPORT
NATIONAL WEATHER SERVICE JACKSON MS
134 AM CDT MON MAY 29 2017


...................................

...THE MERIDIAN CLIMATE SUMMARY FOR MAY 28 2017...

CLIMATE NORMAL PERIOD 1981 TO 2010
CLIMATE RECORD PERIOD 1889 TO 2017


WEATHER ITEM   OBSERVED TIME   RECORD YEAR NORMAL DEPARTURE LAST
                VALUE   (LST)  VALUE       VALUE  FROM      YEAR
                                                  NORMAL
..................................................................
TEMPERATURE (F)
 YESTERDAY
  MAXIMUM         86    306 PM  96    1962  86      0       89
  MINIMUM         72    714 AM  42    1961  62     10       68
  AVERAGE         79                        74      5       79

PRECIPITATION (IN)
  YESTERDAY        T             3.05 1996   0.14  -0.14     0.00
  MONTH TO DATE    3.13                      4.06  -0.93     0.96
  SINCE MAR 1     18.83                     14.26   4.57    17.49
  SINCE JAN 1     28.40                     24.99   3.41    24.98

SNOWFALL (IN)
  YESTERDAY        0.0           0.0    MM   0.0    0.0      0.0
  MONTH TO DATE    0.0                       0.0    0.0      0.0
  SINCE MAR 1      0.0                       0.3   -0.3      0.0
  SINCE JUL 1      0.8                       0.6    0.2       T

DEGREE DAYS
 HEATING
  YESTERDAY        0                         0      0        0
  MONTH TO DATE   13                        16     -3        8
  SINCE MAR 1    234                       453   -219      253
  SINCE JUL 1   1362                      2550  -1188     1815

 COOLING
  YESTERDAY       14                         9      5       14
  MONTH TO DATE  196                       172     24      162
  SINCE MAR 1    413                       248    165      258
  SINCE JAN 1    459                       255    204      263
..................................................................


WIND (MPH)
  HIGHEST WIND SPEED    26   HIGHEST WIND DIRECTION     N (350)
  HIGHEST GUST SPEED    34   HIGHEST GUST DIRECTION     N (360)
  AVERAGE WIND SPEED     6.8


SKY COVER
  POSSIBLE SUNSHINE  MM
  AVERAGE SKY COVER 0.4


WEATHER CONDITIONS
 THE FOLLOWING WEATHER WAS RECORDED YESTERDAY.
  LIGHT RAIN


RELATIVE HUMIDITY (PERCENT)
 HIGHEST    94          1200 AM
 LOWEST     55           100 PM
 AVERAGE    75

..........................................................


THE MERIDIAN CLIMATE NORMALS FOR TODAY
                         NORMAL    RECORD    YEAR
 MAXIMUM TEMPERATURE (F)   86        98      1911
 MINIMUM TEMPERATURE (F)   62        48      1984
                                             1901


SUNRISE AND SUNSET
MAY 29 2017...........SUNRISE   550 AM CDT   SUNSET   755 PM CDT
MAY 30 2017...........SUNRISE   549 AM CDT   SUNSET   756 PM CDT


-  INDICATES NEGATIVE NUMBERS.
R  INDICATES RECORD WAS SET OR TIED.
MM INDICATES DATA IS MISSING.
T  INDICATES TRACE AMOUNT.




$$
