000
CDUS44 KJAN 010716
CLIMEI


CLIMATE REPORT
NATIONAL WEATHER SERVICE JACKSON MS
108 AM CST WED MAR 1 2017


...................................

...THE MERIDIAN CLIMATE SUMMARY FOR FEBRUARY 28 2017...

CLIMATE NORMAL PERIOD 1981 TO 2010
CLIMATE RECORD PERIOD 1889 TO 2017


WEATHER ITEM   OBSERVED TIME   RECORD YEAR NORMAL DEPARTURE LAST
                VALUE   (LST)  VALUE       VALUE  FROM      YEAR
                                                  NORMAL
..................................................................
TEMPERATURE (F)
 YESTERDAY
  MAXIMUM         82    316 PM  84    1981  65     17       70
  MINIMUM         62    451 AM  17    2002  39     23       33
  AVERAGE         72                        52     20       52

PRECIPITATION (IN)
  YESTERDAY        T             3.68 1907   0.19  -0.19     0.00
  MONTH TO DATE    2.20                      5.60  -3.40     4.25
  SINCE DEC 1     13.47                     15.79  -2.32    13.57
  SINCE JAN 1      9.57                     10.73  -1.16     7.49

SNOWFALL (IN)
  YESTERDAY        0.0           0.0  2001   0.0    0.0      0.0
  MONTH TO DATE    0.0                       T      0.0      0.0
  SINCE DEC 1      0.8                       0.3    0.5       T
  SINCE JUL 1      0.8                       0.3    0.5       T

DEGREE DAYS
 HEATING
  YESTERDAY        0                        13    -13       13
  MONTH TO DATE  189                       459   -270      400
  SINCE DEC 1    919                      1647   -728     1306
  SINCE JUL 1   1128                      2097   -969     1557

 COOLING
  YESTERDAY        7                         0      7        0
  MONTH TO DATE   22                         4     18        5
  SINCE DEC 1     64                        13     51       48
  SINCE JAN 1     46                         7     39        5
..................................................................


WIND (MPH)
  HIGHEST WIND SPEED    25   HIGHEST WIND DIRECTION     S (190)
  HIGHEST GUST SPEED    32   HIGHEST GUST DIRECTION     S (190)
  AVERAGE WIND SPEED    12.5


SKY COVER
  POSSIBLE SUNSHINE  MM
  AVERAGE SKY COVER 0.8


WEATHER CONDITIONS
 THE FOLLOWING WEATHER WAS RECORDED YESTERDAY.
  LIGHT RAIN
  FOG


RELATIVE HUMIDITY (PERCENT)
 HIGHEST   100           300 AM
 LOWEST     54           400 PM
 AVERAGE    77

..........................................................


THE MERIDIAN CLIMATE NORMALS FOR TODAY
                         NORMAL    RECORD    YEAR
 MAXIMUM TEMPERATURE (F)   65        83      1932
 MINIMUM TEMPERATURE (F)   40        19      1984


SUNRISE AND SUNSET
MARCH  1 2017.........SUNRISE   622 AM CST   SUNSET   553 PM CST
MARCH  2 2017.........SUNRISE   621 AM CST   SUNSET   554 PM CST


-  INDICATES NEGATIVE NUMBERS.
R  INDICATES RECORD WAS SET OR TIED.
MM INDICATES DATA IS MISSING.
T  INDICATES TRACE AMOUNT.




$$
