000
CDUS44 KJAN 250639
CLIMEI


CLIMATE REPORT
NATIONAL WEATHER SERVICE JACKSON MS
138 AM CDT THU AUG 25 2016


...................................

...THE MERIDIAN CLIMATE SUMMARY FOR AUGUST 24 2016...

CLIMATE NORMAL PERIOD 1981 TO 2010
CLIMATE RECORD PERIOD 1889 TO 2016


WEATHER ITEM   OBSERVED TIME   RECORD YEAR NORMAL DEPARTURE LAST
                VALUE   (LST)  VALUE       VALUE  FROM      YEAR
                                                  NORMAL
..................................................................
TEMPERATURE (F)
 YESTERDAY
  MAXIMUM         98    217 PM 100    2007  91      7       90
  MINIMUM         75    545 AM  50    1891  69      6       70
  AVERAGE         87                        80      7       80

PRECIPITATION (IN)
  YESTERDAY        0.00          1.56 1967   0.13  -0.13     0.00
  MONTH TO DATE    5.03                      3.23   1.80     3.20
  SINCE JUN 1     12.34                     12.77  -0.43    11.74
  SINCE JAN 1     37.33                     38.20  -0.87    34.80

SNOWFALL (IN)
  YESTERDAY        0.0           0.0  2002   0.0    0.0      0.0
                                      2001
  MONTH TO DATE    0.0                       0.0    0.0      0.0
  SINCE JUN 1      0.0                       0.0    0.0      0.0
  SINCE JUL 1      0.0                       0.0    0.0      0.0

DEGREE DAYS
 HEATING
  YESTERDAY        0                         0      0        0
  MONTH TO DATE    0                         0      0        0
  SINCE JUN 1      0                         0      0        0
  SINCE JUL 1      0                         0      0        0

 COOLING
  YESTERDAY       22                        15      7       15
  MONTH TO DATE  486                       374    112      420
  SINCE JUN 1   1660                      1238    422     1383
  SINCE JAN 1   1972                      1521    451     1748
..................................................................


WIND (MPH)
  HIGHEST WIND SPEED     9   HIGHEST WIND DIRECTION     E (70)
  HIGHEST GUST SPEED    12   HIGHEST GUST DIRECTION    NE (50)
  AVERAGE WIND SPEED     2.5


SKY COVER
  POSSIBLE SUNSHINE  MM
  AVERAGE SKY COVER 0.1


WEATHER CONDITIONS
 THE FOLLOWING WEATHER WAS RECORDED YESTERDAY.
  NO SIGNIFICANT WEATHER WAS OBSERVED.


RELATIVE HUMIDITY (PERCENT)
 HIGHEST    94           200 AM
 LOWEST     46           300 PM
 AVERAGE    70

..........................................................


THE MERIDIAN CLIMATE NORMALS FOR TODAY
                         NORMAL    RECORD    YEAR
 MAXIMUM TEMPERATURE (F)   91       102      2000
 MINIMUM TEMPERATURE (F)   69        49      1891


SUNRISE AND SUNSET
AUGUST 25 2016........SUNRISE   626 AM CDT   SUNSET   727 PM CDT
AUGUST 26 2016........SUNRISE   627 AM CDT   SUNSET   726 PM CDT


-  INDICATES NEGATIVE NUMBERS.
R  INDICATES RECORD WAS SET OR TIED.
MM INDICATES DATA IS MISSING.
T  INDICATES TRACE AMOUNT.




$$
