000
CDUS44 KJAN 290810
CLIMEI


CLIMATE REPORT
NATIONAL WEATHER SERVICE JACKSON MS
308 AM CDT THU SEP 29 2016


...................................

...THE MERIDIAN CLIMATE SUMMARY FOR SEPTEMBER 28 2016...

CLIMATE NORMAL PERIOD 1981 TO 2010
CLIMATE RECORD PERIOD 1889 TO 2016


WEATHER ITEM   OBSERVED TIME   RECORD YEAR NORMAL DEPARTURE LAST
                VALUE   (LST)  VALUE       VALUE  FROM      YEAR
                                                  NORMAL
..................................................................
TEMPERATURE (F)
 YESTERDAY
  MAXIMUM         92    335 PM  96    1953  83      9       78
  MINIMUM         60    609 AM  41    1967  58      2       69
  AVERAGE         76                        71      5       74

PRECIPITATION (IN)
  YESTERDAY        0.00          1.35 1998   0.12  -0.12      T
  MONTH TO DATE    0.57                      3.19  -2.62     3.60
  SINCE SEP 1      0.57                      3.19  -2.62     3.60
  SINCE JAN 1     37.90                     42.15  -4.25    39.30

SNOWFALL (IN)
  YESTERDAY        0.0           0.0  2002   0.0    0.0      0.0
                                      2001
  MONTH TO DATE    0.0                       0.0    0.0      0.0
  SINCE SEP 1      0.0                       0.0    0.0      0.0
  SINCE JUL 1      0.0                       0.0    0.0      0.0

DEGREE DAYS
 HEATING
  YESTERDAY        0                         1     -1        0
  MONTH TO DATE    0                         4     -4        1
  SINCE SEP 1      0                         4     -4        1
  SINCE JUL 1      0                         4     -4        1

 COOLING
  YESTERDAY       11                         6      5        9
  MONTH TO DATE  504                       292    212      307
  SINCE SEP 1    504                       292    212      307
  SINCE JAN 1   2615                      1912    703     2132
..................................................................


WIND (MPH)
  HIGHEST WIND SPEED    16   HIGHEST WIND DIRECTION    SW (240)
  HIGHEST GUST SPEED    22   HIGHEST GUST DIRECTION     W (250)
  AVERAGE WIND SPEED     3.6


SKY COVER
  POSSIBLE SUNSHINE  MM
  AVERAGE SKY COVER 0.0


WEATHER CONDITIONS
 THE FOLLOWING WEATHER WAS RECORDED YESTERDAY.
  NO SIGNIFICANT WEATHER WAS OBSERVED.


RELATIVE HUMIDITY (PERCENT)
 HIGHEST    84           600 AM
 LOWEST     23           400 PM
 AVERAGE    54

..........................................................


THE MERIDIAN CLIMATE NORMALS FOR TODAY
                         NORMAL    RECORD    YEAR
 MAXIMUM TEMPERATURE (F)   83        95      1986
                                             1897
 MINIMUM TEMPERATURE (F)   58        34      1967


SUNRISE AND SUNSET
SEPTEMBER 29 2016.....SUNRISE   648 AM CDT   SUNSET   642 PM CDT
SEPTEMBER 30 2016.....SUNRISE   649 AM CDT   SUNSET   640 PM CDT


-  INDICATES NEGATIVE NUMBERS.
R  INDICATES RECORD WAS SET OR TIED.
MM INDICATES DATA IS MISSING.
T  INDICATES TRACE AMOUNT.




$$
