000
CDUS44 KJAN 230639
CLIMEI


CLIMATE REPORT
NATIONAL WEATHER SERVICE JACKSON MS
135 AM CDT THU OCT 23 2014


...................................

...THE MERIDIAN CLIMATE SUMMARY FOR OCTOBER 22 2014...

CLIMATE NORMAL PERIOD 1981 TO 2010
CLIMATE RECORD PERIOD 1889 TO 2014


WEATHER ITEM   OBSERVED TIME   RECORD YEAR NORMAL DEPARTURE LAST
                VALUE   (LST)  VALUE       VALUE  FROM      YEAR
                                                  NORMAL
..................................................................
TEMPERATURE (F)
 YESTERDAY
  MAXIMUM         74    204 PM  90    1963  75     -1       75
                                      1941
                                      1939
  MINIMUM         45   1159 PM  29    1987  49     -4       50
  AVERAGE         60                        62     -2       63

PRECIPITATION (IN)
  YESTERDAY        0.00          1.67 2007   0.13  -0.13     0.00
  MONTH TO DATE    2.29                      2.61  -0.32     2.30
  SINCE SEP 1      3.98                      6.04  -2.06     5.03
  SINCE JAN 1     42.34                     45.00  -2.66    54.55

SNOWFALL (IN)
  YESTERDAY        0.0           0.0  2002   0.0    0.0      0.0
                                      2001
  MONTH TO DATE    0.0                       0.0    0.0      0.0
  SINCE SEP 1      0.0                       0.0    0.0      0.0
  SINCE JUL 1      0.0                       0.0    0.0      0.0

DEGREE DAYS
 HEATING
  YESTERDAY        5                         5      0        2
  MONTH TO DATE   43                        62    -19       34
  SINCE SEP 1     43                        69    -26       34
  SINCE JUL 1     43                        69    -26       34

 COOLING
  YESTERDAY        0                         2     -2        0
  MONTH TO DATE  111                        76     35      106
  SINCE SEP 1    480                       379    101      446
  SINCE JAN 1   2073                      1999     74     2026
..................................................................


WIND (MPH)
  HIGHEST WIND SPEED    15   HIGHEST WIND DIRECTION    NE (30)
  HIGHEST GUST SPEED    21   HIGHEST GUST DIRECTION     N (10)
  AVERAGE WIND SPEED     5.7


SKY COVER
  POSSIBLE SUNSHINE  MM
  AVERAGE SKY COVER 0.0


WEATHER CONDITIONS
 THE FOLLOWING WEATHER WAS RECORDED YESTERDAY.
  FOG


RELATIVE HUMIDITY (PERCENT)
 HIGHEST    96          1200 AM
 LOWEST     33           200 PM
 AVERAGE    65

..........................................................


THE MERIDIAN CLIMATE NORMALS FOR TODAY
                         NORMAL    RECORD    YEAR
 MAXIMUM TEMPERATURE (F)   75        90      1953
                                             1941
 MINIMUM TEMPERATURE (F)   48        29      1891


SUNRISE AND SUNSET
OCTOBER 23 2014.......SUNRISE   705 AM CDT   SUNSET   613 PM CDT
OCTOBER 24 2014.......SUNRISE   706 AM CDT   SUNSET   612 PM CDT


-  INDICATES NEGATIVE NUMBERS.
R  INDICATES RECORD WAS SET OR TIED.
MM INDICATES DATA IS MISSING.
T  INDICATES TRACE AMOUNT.




$$
