000
CDUS44 KJAN 282213
CLIMEI


CLIMATE REPORT
NATIONAL WEATHER SERVICE JACKSON MS
412 PM CST SUN DEC 28 2014


...................................

...THE MERIDIAN CLIMATE SUMMARY FOR DECEMBER 28 2014...
VALID TODAY AS OF 0400 PM LOCAL TIME.

CLIMATE NORMAL PERIOD 1981 TO 2010
CLIMATE RECORD PERIOD 1889 TO 2014


WEATHER ITEM   OBSERVED TIME   RECORD YEAR NORMAL DEPARTURE LAST
                VALUE   (LST)  VALUE       VALUE  FROM      YEAR
                                                  NORMAL
..................................................................
TEMPERATURE (F)
 TODAY
  MAXIMUM         60    629 AM  76    1946  57      3       46
  MINIMUM         55    359 PM  10    1925  34     21       42
  AVERAGE         58                        45     13       44

PRECIPITATION (IN)
  TODAY            0.93          4.37 1915   0.14   0.79     1.20
  MONTH TO DATE    8.43                      4.64   3.79     7.33
  SINCE DEC 1      8.43                      4.64   3.79     7.33
  SINCE JAN 1     53.95                     55.74  -1.79    67.25

SNOWFALL (IN)
  TODAY            0.0           0.0  2001   0.0    0.0      0.0
  MONTH TO DATE    0.0                       0.1   -0.1      0.0
  SINCE DEC 1      0.0                       0.1   -0.1      0.0
  SINCE JUL 1      0.0                       0.1   -0.1      0.0

DEGREE DAYS
 HEATING
  TODAY            7                        20    -13       21
  MONTH TO DATE  378                       498   -120      481
  SINCE DEC 1    378                       498   -120      481
  SINCE JUL 1    927                       948    -21      982

 COOLING
  TODAY            0                         0      0        0
  MONTH TO DATE    0                         0      0       25
  SINCE DEC 1      0                         0      0       25
  SINCE JAN 1   2085                      2029     56     2066
..................................................................


WIND (MPH)
  HIGHEST WIND SPEED    14   HIGHEST WIND DIRECTION     N (350)
  HIGHEST GUST SPEED    17   HIGHEST GUST DIRECTION    NW (320)
  AVERAGE WIND SPEED     5.8


SKY COVER
  POSSIBLE SUNSHINE  MM
  AVERAGE SKY COVER 0.9


WEATHER CONDITIONS
 THE FOLLOWING WEATHER WAS RECORDED TODAY.
  THUNDERSTORM
  HEAVY RAIN
  RAIN
  LIGHT RAIN
  FOG


RELATIVE HUMIDITY (PERCENT)
 HIGHEST   100           100 AM
 LOWEST     86           200 PM
 AVERAGE    93

..........................................................


THE MERIDIAN CLIMATE NORMALS FOR TOMORROW
                         NORMAL    RECORD    YEAR
 MAXIMUM TEMPERATURE (F)   57        79      1973
 MINIMUM TEMPERATURE (F)   34         9      1894


SUNRISE AND SUNSET
DECEMBER 28 2014......SUNRISE   655 AM CST   SUNSET   458 PM CST
DECEMBER 29 2014......SUNRISE   656 AM CST   SUNSET   459 PM CST


-  INDICATES NEGATIVE NUMBERS.
R  INDICATES RECORD WAS SET OR TIED.
MM INDICATES DATA IS MISSING.
T  INDICATES TRACE AMOUNT.




$$
