000
CDUS44 KMEG 240633
CLIMEM


CLIMATE REPORT
NATIONAL WEATHER SERVICE MEMPHIS TN
132 AM CDT SUN SEP 24 2017


...................................

...THE MEMPHIS CLIMATE SUMMARY FOR SEPTEMBER 23 2017...

CLIMATE NORMAL PERIOD 1981 TO 2010
CLIMATE RECORD PERIOD 1872 TO 2017


WEATHER ITEM   OBSERVED TIME   RECORD YEAR NORMAL DEPARTURE LAST
                VALUE   (LST)  VALUE       VALUE  FROM      YEAR
                                                  NORMAL
..................................................................
TEMPERATURE (F)
 YESTERDAY
  MAXIMUM         92    324 PM  96    2010  83      9       95
  MINIMUM         73    121 AM  45    1947  62     11       72
  AVERAGE         83                        72     11       84

PRECIPITATION (IN)
  YESTERDAY        0.00          3.25 1997   0.11  -0.11     0.00
  MONTH TO DATE    1.60                      2.26  -0.66     0.67
  SINCE SEP 1      1.60                      2.26  -0.66     0.67
  SINCE JAN 1     38.26                     37.64   0.62    50.48

SNOWFALL (IN)
  YESTERDAY        0.0           0.0  2002   0.0    0.0      0.0
                                      2001
  MONTH TO DATE    0.0                       0.0    0.0      0.0
  SINCE SEP 1      0.0                       0.0    0.0      0.0
  SINCE JUL 1      0.0                       0.0    0.0      0.0
  SNOW DEPTH       0

DEGREE DAYS
 HEATING
  YESTERDAY        0                         1     -1        0
  MONTH TO DATE    3                         3      0        0
  SINCE SEP 1      3                         3      0        0
  SINCE JUL 1      3                         3      0        0

 COOLING
  YESTERDAY       18                         8     10       19
  MONTH TO DATE  235                       267    -32      403
  SINCE SEP 1    235                       267    -32      403
  SINCE JAN 1   2051                      2102    -51     2504
..................................................................


WIND (MPH)
  HIGHEST WIND SPEED    10   HIGHEST WIND DIRECTION     E (100)
  HIGHEST GUST SPEED    16   HIGHEST GUST DIRECTION     E (70)
  AVERAGE WIND SPEED     4.4


SKY COVER
  POSSIBLE SUNSHINE  MM
  AVERAGE SKY COVER 0.1


WEATHER CONDITIONS
 THE FOLLOWING WEATHER WAS RECORDED YESTERDAY.
  NO SIGNIFICANT WEATHER WAS OBSERVED.


RELATIVE HUMIDITY (PERCENT)
 HIGHEST    87           500 AM
 LOWEST     44           300 PM
 AVERAGE    66

..........................................................


THE MEMPHIS CLIMATE NORMALS FOR TODAY
                         NORMAL    RECORD    YEAR
 MAXIMUM TEMPERATURE (F)   82        97      2016
 MINIMUM TEMPERATURE (F)   62        43      1983


SUNRISE AND SUNSET
SEPTEMBER 24 2017.....SUNRISE   650 AM CDT   SUNSET   653 PM CDT
SEPTEMBER 25 2017.....SUNRISE   650 AM CDT   SUNSET   652 PM CDT


-  INDICATES NEGATIVE NUMBERS.
R  INDICATES RECORD WAS SET OR TIED.
MM INDICATES DATA IS MISSING.
T  INDICATES TRACE AMOUNT.




$$
