000
CDUS44 KMEG 220651
CLIMEM


CLIMATE REPORT
NATIONAL WEATHER SERVICE MEMPHIS TN
151 AM CDT WED OCT 22 2014


...................................

...THE MEMPHIS CLIMATE SUMMARY FOR OCTOBER 21 2014...

CLIMATE NORMAL PERIOD 1981 TO 2010
CLIMATE RECORD PERIOD 1872 TO 2014


WEATHER ITEM   OBSERVED TIME   RECORD YEAR NORMAL DEPARTURE LAST
                VALUE   (LST)  VALUE       VALUE  FROM      YEAR
                                                  NORMAL
..................................................................
TEMPERATURE (F)
 YESTERDAY
  MAXIMUM         77    242 PM  89    1979  73      4       73
                                      1947
  MINIMUM         54    646 AM  32    1952  52      2       46
  AVERAGE         66                        62      4       60

PRECIPITATION (IN)
  YESTERDAY        0.00          1.97 1996   0.13  -0.13     0.06
  MONTH TO DATE    3.35                      2.61   0.74     2.08
  SINCE SEP 1      8.10                      5.70   2.40     4.77
  SINCE JAN 1     51.82                     41.08  10.74    50.72

SNOWFALL (IN)
  YESTERDAY        0.0           0.0  2002   0.0    0.0      0.0
                                      2001
  MONTH TO DATE    0.0                       0.0    0.0      0.0
  SINCE SEP 1      0.0                       0.0    0.0      0.0
  SINCE JUL 1      0.0                       0.0    0.0      0.0
  SNOW DEPTH       0

DEGREE DAYS
 HEATING
  YESTERDAY        0                         5     -5        5
  MONTH TO DATE   34                        59    -25       48
  SINCE SEP 1     35                        70    -35       48
  SINCE JUL 1     35                        70    -35       48

 COOLING
  YESTERDAY        1                         2     -1        0
  MONTH TO DATE   89                        75     14      103
  SINCE SEP 1    434                       391     43      504
  SINCE JAN 1   2140                      2226    -86     2230
..................................................................


WIND (MPH)
  HIGHEST WIND SPEED    14   HIGHEST WIND DIRECTION     N (350)
  HIGHEST GUST SPEED    21   HIGHEST GUST DIRECTION     E (70)
  AVERAGE WIND SPEED     2.8


SKY COVER
  POSSIBLE SUNSHINE  MM
  AVERAGE SKY COVER 0.0


WEATHER CONDITIONS
 THE FOLLOWING WEATHER WAS RECORDED YESTERDAY.
  NO SIGNIFICANT WEATHER WAS OBSERVED.


RELATIVE HUMIDITY (PERCENT)
 HIGHEST    93           200 AM
 LOWEST     33          1200 PM
 AVERAGE    63

..........................................................


THE MEMPHIS CLIMATE NORMALS FOR TODAY
                         NORMAL    RECORD    YEAR
 MAXIMUM TEMPERATURE (F)   72        88      1953
                                             1941
 MINIMUM TEMPERATURE (F)   52        28      1952


SUNRISE AND SUNSET
OCTOBER 22 2014.......SUNRISE   712 AM CDT   SUNSET   616 PM CDT
OCTOBER 23 2014.......SUNRISE   713 AM CDT   SUNSET   615 PM CDT


-  INDICATES NEGATIVE NUMBERS.
R  INDICATES RECORD WAS SET OR TIED.
MM INDICATES DATA IS MISSING.
T  INDICATES TRACE AMOUNT.




$$
