000
CDUS44 KMEG 260742
CLIMEM


CLIMATE REPORT
NATIONAL WEATHER SERVICE MEMPHIS TN
142 AM CST WED NOV 26 2014


...................................

...THE MEMPHIS CLIMATE SUMMARY FOR NOVEMBER 25 2014...

CLIMATE NORMAL PERIOD 1981 TO 2010
CLIMATE RECORD PERIOD 1872 TO 2014


WEATHER ITEM   OBSERVED TIME   RECORD YEAR NORMAL DEPARTURE LAST
                VALUE   (LST)  VALUE       VALUE  FROM      YEAR
                                                  NORMAL
..................................................................
TEMPERATURE (F)
 YESTERDAY
  MAXIMUM         50    216 PM  77    1908  59     -9       37
  MINIMUM         31   1142 PM   9    1950  40     -9       33
  AVERAGE         41                        49     -8       35

PRECIPITATION (IN)
  YESTERDAY        0.00          2.41 1895   0.20  -0.20     0.19
  MONTH TO DATE    2.56                      4.44  -1.88     2.63
  SINCE SEP 1     11.31                     11.51  -0.20     8.62
  SINCE JAN 1     55.03                     46.89   8.14    54.57

SNOWFALL (IN)
  YESTERDAY        0.0           T    2010   0.0    0.0      0.0
                                      1956
  MONTH TO DATE    0.2                       0.0    0.2      0.0
  SINCE SEP 1      0.2                       0.0    0.2      0.0
  SINCE JUL 1      0.2                       0.0    0.2      0.0
  SNOW DEPTH       0

DEGREE DAYS
 HEATING
  YESTERDAY       24                        16      8       30
  MONTH TO DATE  448                       285    163      336
  SINCE SEP 1    533                       416    117      449
  SINCE JUL 1    533                       416    117      449

 COOLING
  YESTERDAY        0                         0      0        0
  MONTH TO DATE    0                        11    -11        5
  SINCE SEP 1    453                       419     34      516
  SINCE JAN 1   2159                      2254    -95     2242
..................................................................


WIND (MPH)
  HIGHEST WIND SPEED    14   HIGHEST WIND DIRECTION     W (290)
  HIGHEST GUST SPEED    28   HIGHEST GUST DIRECTION    NW (320)
  AVERAGE WIND SPEED     4.6


SKY COVER
  POSSIBLE SUNSHINE  MM
  AVERAGE SKY COVER 0.4


WEATHER CONDITIONS
 THE FOLLOWING WEATHER WAS RECORDED YESTERDAY.
  NO SIGNIFICANT WEATHER WAS OBSERVED.


RELATIVE HUMIDITY (PERCENT)
 HIGHEST    82          1000 PM
 LOWEST     36          1200 PM
 AVERAGE    59

..........................................................


THE MEMPHIS CLIMATE NORMALS FOR TODAY
                         NORMAL    RECORD    YEAR
 MAXIMUM TEMPERATURE (F)   58        82      1965
 MINIMUM TEMPERATURE (F)   40        24      1977


SUNRISE AND SUNSET
NOVEMBER 26 2014......SUNRISE   645 AM CST   SUNSET   449 PM CST
NOVEMBER 27 2014......SUNRISE   646 AM CST   SUNSET   449 PM CST


-  INDICATES NEGATIVE NUMBERS.
R  INDICATES RECORD WAS SET OR TIED.
MM INDICATES DATA IS MISSING.
T  INDICATES TRACE AMOUNT.




$$
