000
CDUS44 KMEG 220636
CLIMEM


CLIMATE REPORT
NATIONAL WEATHER SERVICE MEMPHIS TN
136 AM CDT MON SEP 22 2014


...................................

...THE MEMPHIS CLIMATE SUMMARY FOR SEPTEMBER 21 2014...

CLIMATE NORMAL PERIOD 1981 TO 2010
CLIMATE RECORD PERIOD 1872 TO 2014


WEATHER ITEM   OBSERVED TIME   RECORD YEAR NORMAL DEPARTURE LAST
                VALUE   (LST)  VALUE       VALUE  FROM      YEAR
                                                  NORMAL
..................................................................
TEMPERATURE (F)
 YESTERDAY
  MAXIMUM         91    146 PM  98    2010  83      8       76
  MINIMUM         69   1159 PM  44    1875  63      6       64
  AVERAGE         80                        73      7       70

PRECIPITATION (IN)
  YESTERDAY        0.00          3.65 1957   0.10  -0.10     0.05
  MONTH TO DATE    4.75                      2.04   2.71     2.03
  SINCE SEP 1      4.75                      2.04   2.71     2.03
  SINCE JAN 1     48.47                     37.42  11.05    47.98

SNOWFALL (IN)
  YESTERDAY        0.0           0.0  2002   0.0    0.0      0.0
                                      2001
  MONTH TO DATE    0.0                       0.0    0.0      0.0
  SINCE SEP 1      0.0                       0.0    0.0      0.0
  SINCE JUL 1      0.0                       0.0    0.0      0.0
  SNOW DEPTH       0

DEGREE DAYS
 HEATING
  YESTERDAY        0                         1     -1        0
  MONTH TO DATE    1                         1      0        0
  SINCE SEP 1      1                         1      0        0
  SINCE JUL 1      1                         1      0        0

 COOLING
  YESTERDAY       15                         9      6        5
  MONTH TO DATE  263                       251     12      321
  SINCE SEP 1    263                       251     12      321
  SINCE JAN 1   1969                      2086   -117     2047
..................................................................


WIND (MPH)
  HIGHEST WIND SPEED    21   HIGHEST WIND DIRECTION     N (10)
  HIGHEST GUST SPEED    26   HIGHEST GUST DIRECTION     N (360)
  AVERAGE WIND SPEED     8.2


SKY COVER
  POSSIBLE SUNSHINE  MM
  AVERAGE SKY COVER 0.4


WEATHER CONDITIONS
 THE FOLLOWING WEATHER WAS RECORDED YESTERDAY.
  NO SIGNIFICANT WEATHER WAS OBSERVED.


RELATIVE HUMIDITY (PERCENT)
 HIGHEST    84           300 AM
 LOWEST     43           800 PM
 AVERAGE    64

..........................................................


THE MEMPHIS CLIMATE NORMALS FOR TODAY
                         NORMAL    RECORD    YEAR
 MAXIMUM TEMPERATURE (F)   83        96      2010
 MINIMUM TEMPERATURE (F)   63        42      1983


SUNRISE AND SUNSET
SEPTEMBER 22 2014.....SUNRISE   648 AM CDT   SUNSET   657 PM CDT
SEPTEMBER 23 2014.....SUNRISE   649 AM CDT   SUNSET   655 PM CDT


-  INDICATES NEGATIVE NUMBERS.
R  INDICATES RECORD WAS SET OR TIED.
MM INDICATES DATA IS MISSING.
T  INDICATES TRACE AMOUNT.




$$
