000
CDUS44 KMEG 300632
CLIMEM


CLIMATE REPORT
NATIONAL WEATHER SERVICE MEMPHIS TN
132 AM CDT TUE SEP 30 2014


...................................

...THE MEMPHIS CLIMATE SUMMARY FOR SEPTEMBER 29 2014...

CLIMATE NORMAL PERIOD 1981 TO 2010
CLIMATE RECORD PERIOD 1872 TO 2014


WEATHER ITEM   OBSERVED TIME   RECORD YEAR NORMAL DEPARTURE LAST
                VALUE   (LST)  VALUE       VALUE  FROM      YEAR
                                                  NORMAL
..................................................................
TEMPERATURE (F)
 YESTERDAY
  MAXIMUM         87    334 PM  98    1953  80      7       72
  MINIMUM         64    527 AM  36    1942  60      4       66
  AVERAGE         76                        70      6       69

PRECIPITATION (IN)
  YESTERDAY        0.00          2.69 1972   0.12  -0.12     0.08
  MONTH TO DATE    4.75                      2.97   1.78     2.64
  SINCE SEP 1      4.75                      2.97   1.78     2.64
  SINCE JAN 1     48.47                     38.35  10.12    48.59

SNOWFALL (IN)
  YESTERDAY        0.0           0.0  2002   0.0    0.0      0.0
                                      2001
  MONTH TO DATE    0.0                       0.0    0.0      0.0
  SINCE SEP 1      0.0                       0.0    0.0      0.0
  SINCE JUL 1      0.0                       0.0    0.0      0.0
  SNOW DEPTH       0

DEGREE DAYS
 HEATING
  YESTERDAY        0                         1     -1        0
  MONTH TO DATE    1                         9     -8        0
  SINCE SEP 1      1                         9     -8        0
  SINCE JUL 1      1                         9     -8        0

 COOLING
  YESTERDAY       11                         6      5        4
  MONTH TO DATE  333                       309     24      394
  SINCE SEP 1    333                       309     24      394
  SINCE JAN 1   2039                      2144   -105     2120
..................................................................


WIND (MPH)
  HIGHEST WIND SPEED    15   HIGHEST WIND DIRECTION     N (20)
  HIGHEST GUST SPEED    23   HIGHEST GUST DIRECTION     N (20)
  AVERAGE WIND SPEED     3.8


SKY COVER
  POSSIBLE SUNSHINE  MM
  AVERAGE SKY COVER 0.1


WEATHER CONDITIONS
 THE FOLLOWING WEATHER WAS RECORDED YESTERDAY.
  NO SIGNIFICANT WEATHER WAS OBSERVED.


RELATIVE HUMIDITY (PERCENT)
 HIGHEST    87           300 AM
 LOWEST     40           300 PM
 AVERAGE    64

..........................................................


THE MEMPHIS CLIMATE NORMALS FOR TODAY
                         NORMAL    RECORD    YEAR
 MAXIMUM TEMPERATURE (F)   80        96      1953
 MINIMUM TEMPERATURE (F)   59        36      1949


SUNRISE AND SUNSET
SEPTEMBER 30 2014.....SUNRISE   654 AM CDT   SUNSET   645 PM CDT
OCTOBER  1 2014.......SUNRISE   655 AM CDT   SUNSET   644 PM CDT


-  INDICATES NEGATIVE NUMBERS.
R  INDICATES RECORD WAS SET OR TIED.
MM INDICATES DATA IS MISSING.
T  INDICATES TRACE AMOUNT.




$$
