000
CDUS44 KMEG 312347
CLIMEM


CLIMATE REPORT
NATIONAL WEATHER SERVICE MEMPHIS TN
520 PM CDT FRI JUL 31 2015


...................................

...THE MEMPHIS CLIMATE SUMMARY FOR JULY 31 2015...
VALID TODAY AS OF 0500 PM LOCAL TIME.

CLIMATE NORMAL PERIOD 1981 TO 2010
CLIMATE RECORD PERIOD 1872 TO 2015


WEATHER ITEM   OBSERVED TIME   RECORD YEAR NORMAL DEPARTURE LAST
                VALUE   (LST)  VALUE       VALUE  FROM      YEAR
                                                  NORMAL
..................................................................
TEMPERATURE (F)
 TODAY
  MAXIMUM         94    255 PM 104    1986  92      2       82
  MINIMUM         72    507 AM  57    1971  74     -2       71
  AVERAGE         83                        83      0       77

PRECIPITATION (IN)
  TODAY            0.00          4.14 1996   0.14  -0.14     0.01
  MONTH TO DATE    5.17                      4.59   0.58     2.56
  SINCE JUN 1      9.64                      8.22   1.42    15.96
  SINCE JAN 1     29.86                     32.50  -2.64    41.92

SNOWFALL (IN)
  TODAY            0.0

DEGREE DAYS
 HEATING
  TODAY            0                         0      0        0
  MONTH TO DATE    0                         0      0        0
  SINCE JUN 1      0                         0      0        0
  SINCE JUL 1      0                         0      0        0

 COOLING
  TODAY           18                        18      0       12
  MONTH TO DATE  613                       549     64      407
  SINCE JUN 1   1090                       987    103      844
  SINCE JAN 1   1444                      1308    136     1155
..................................................................


WIND (MPH)
  HIGHEST WIND SPEED    20   HIGHEST WIND DIRECTION    NE (30)
  HIGHEST GUST SPEED    23   HIGHEST GUST DIRECTION    NE (50)
  AVERAGE WIND SPEED     8.4


SKY COVER
  POSSIBLE SUNSHINE  MM
  AVERAGE SKY COVER 0.3


WEATHER CONDITIONS
 THE FOLLOWING WEATHER WAS RECORDED TODAY.
  NO SIGNIFICANT WEATHER WAS OBSERVED.


RELATIVE HUMIDITY (PERCENT)
 HIGHEST    79           600 AM
 LOWEST     36           300 PM
 AVERAGE    58

..........................................................


THE MEMPHIS CLIMATE NORMALS FOR TOMORROW
                         NORMAL    RECORD    YEAR
 MAXIMUM TEMPERATURE (F)   92       101      1896
 MINIMUM TEMPERATURE (F)   74        60      1971


SUNRISE AND SUNSET
JULY 31 2015..........SUNRISE   608 AM CDT   SUNSET   804 PM CDT
AUGUST  1 2015........SUNRISE   609 AM CDT   SUNSET   803 PM CDT


-  INDICATES NEGATIVE NUMBERS.
R  INDICATES RECORD WAS SET OR TIED.
MM INDICATES DATA IS MISSING.
T  INDICATES TRACE AMOUNT.




$$
