000
CDUS44 KMEG 010733
CLIMEM


CLIMATE REPORT
NATIONAL WEATHER SERVICE MEMPHIS TN
132 AM CST SUN FEB 1 2015


...................................

...THE MEMPHIS CLIMATE SUMMARY FOR JANUARY 31 2015...

CLIMATE NORMAL PERIOD 1981 TO 2010
CLIMATE RECORD PERIOD 1872 TO 2015


WEATHER ITEM   OBSERVED TIME   RECORD YEAR NORMAL DEPARTURE LAST
                VALUE   (LST)  VALUE       VALUE  FROM      YEAR
                                                  NORMAL
..................................................................
TEMPERATURE (F)
 YESTERDAY
  MAXIMUM         50   1159 PM  79    2002  51     -1       58
  MINIMUM         38    701 AM   7    1899  33      5       41
  AVERAGE         44                        42      2       50

PRECIPITATION (IN)
  YESTERDAY        0.00          3.96 1891   0.14  -0.14      T
  MONTH TO DATE    1.30                      3.98  -2.68     3.16
  SINCE DEC 1      3.90                      9.72  -5.82     7.98
  SINCE JAN 1      1.30                      3.98  -2.68     3.16

SNOWFALL (IN)
  YESTERDAY        0.0           2.4  1951   0.1   -0.1      0.0
  MONTH TO DATE    0.0                       1.9   -1.9       T
  SINCE DEC 1      0.0                       2.1   -2.1       T
  SINCE JUL 1      0.2                       2.1   -1.9       T
  SNOW DEPTH       0

DEGREE DAYS
 HEATING
  YESTERDAY       21                        23     -2       15
  MONTH TO DATE  738                       738      0      891
  SINCE DEC 1   1312                      1403    -91     1576
  SINCE JUL 1   1921                      1902     19     2161

 COOLING
  YESTERDAY        0                         0      0        0
  MONTH TO DATE    0                         1     -1        0
  SINCE DEC 1      0                         3     -3        3
  SINCE JAN 1      0                         1     -1        0
..................................................................


WIND (MPH)
  HIGHEST WIND SPEED    14   HIGHEST WIND DIRECTION     S (160)
  HIGHEST GUST SPEED    17   HIGHEST GUST DIRECTION     S (160)
  AVERAGE WIND SPEED     6.5


SKY COVER
  POSSIBLE SUNSHINE  MM
  AVERAGE SKY COVER 1.0


WEATHER CONDITIONS
 THE FOLLOWING WEATHER WAS RECORDED YESTERDAY.
  NO SIGNIFICANT WEATHER WAS OBSERVED.


RELATIVE HUMIDITY (PERCENT)
 HIGHEST    59          1200 AM
 LOWEST     36          1100 PM
 AVERAGE    48

..........................................................


THE MEMPHIS CLIMATE NORMALS FOR TODAY
                         NORMAL    RECORD    YEAR
 MAXIMUM TEMPERATURE (F)   51        77      1911
 MINIMUM TEMPERATURE (F)   34         2      1899


SUNRISE AND SUNSET
FEBRUARY  1 2015......SUNRISE   659 AM CST   SUNSET   528 PM CST
FEBRUARY  2 2015......SUNRISE   658 AM CST   SUNSET   529 PM CST


-  INDICATES NEGATIVE NUMBERS.
R  INDICATES RECORD WAS SET OR TIED.
MM INDICATES DATA IS MISSING.
T  INDICATES TRACE AMOUNT.




$$
