000
CDUS44 KMEG 030739
CLIMEM


CLIMATE REPORT
NATIONAL WEATHER SERVICE MEMPHIS TN
138 AM CST TUE MAR 3 2015


...................................

...THE MEMPHIS CLIMATE SUMMARY FOR MARCH 2 2015...

CLIMATE NORMAL PERIOD 1981 TO 2010
CLIMATE RECORD PERIOD 1872 TO 2015


WEATHER ITEM   OBSERVED TIME   RECORD YEAR NORMAL DEPARTURE LAST
                VALUE   (LST)  VALUE       VALUE  FROM      YEAR
                                                  NORMAL
..................................................................
TEMPERATURE (F)
 YESTERDAY
  MAXIMUM         43   1154 PM  83    2012  59    -16       65
  MINIMUM         34    753 AM  17    1980  40     -6       31
                                      1943
  AVERAGE         39                        50    -11       48

PRECIPITATION (IN)
  YESTERDAY        0.01          2.39 2014   0.16  -0.15     2.39
  MONTH TO DATE    0.47                      0.31   0.16     2.39
  SINCE MAR 1      0.47                      0.31   0.16     2.39
  SINCE JAN 1      6.12                      8.68  -2.56    10.51

SNOWFALL (IN)
  YESTERDAY        0.0           T    2014   0.0    0.0       T
                                      2013
                                      1998
  MONTH TO DATE    0.0                       0.0    0.0       T
  SINCE MAR 1      0.0                       0.0    0.0       T
  SINCE JUL 1      2.5                       3.4   -0.9      0.3
  SNOW DEPTH       0

DEGREE DAYS
 HEATING
  YESTERDAY       26                        15     11       17
  MONTH TO DATE   49                        31     18       23
  SINCE MAR 1     49                        31     18       23
  SINCE JUL 1   2772                      2481    291     2849

 COOLING
  YESTERDAY        0                         0      0        0
  MONTH TO DATE    0                         0      0        0
  SINCE MAR 1      0                         0      0        0
  SINCE JAN 1      0                         3     -3        0
..................................................................


WIND (MPH)
  HIGHEST WIND SPEED    21   HIGHEST WIND DIRECTION    NE (40)
  HIGHEST GUST SPEED    25   HIGHEST GUST DIRECTION    NE (30)
  AVERAGE WIND SPEED     8.9


SKY COVER
  POSSIBLE SUNSHINE  MM
  AVERAGE SKY COVER 1.0


WEATHER CONDITIONS
 THE FOLLOWING WEATHER WAS RECORDED YESTERDAY.
  LIGHT RAIN
  FOG
  HAZE


RELATIVE HUMIDITY (PERCENT)
 HIGHEST    92          1200 AM
 LOWEST     62           100 PM
 AVERAGE    77

..........................................................


THE MEMPHIS CLIMATE NORMALS FOR TODAY
                         NORMAL    RECORD    YEAR
 MAXIMUM TEMPERATURE (F)   60        80      1899
 MINIMUM TEMPERATURE (F)   41        12      1943


SUNRISE AND SUNSET
MARCH  3 2015.........SUNRISE   627 AM CST   SUNSET   557 PM CST
MARCH  4 2015.........SUNRISE   626 AM CST   SUNSET   558 PM CST


-  INDICATES NEGATIVE NUMBERS.
R  INDICATES RECORD WAS SET OR TIED.
MM INDICATES DATA IS MISSING.
T  INDICATES TRACE AMOUNT.




$$
