000
CDUS44 KMEG 250741
CLIMEM


CLIMATE REPORT
NATIONAL WEATHER SERVICE MEMPHIS TN
140 AM CST THU DEC 25 2014


...................................

...THE MEMPHIS CLIMATE SUMMARY FOR DECEMBER 24 2014...

CLIMATE NORMAL PERIOD 1981 TO 2010
CLIMATE RECORD PERIOD 1872 TO 2014


WEATHER ITEM   OBSERVED TIME   RECORD YEAR NORMAL DEPARTURE LAST
                VALUE   (LST)  VALUE       VALUE  FROM      YEAR
                                                  NORMAL
..................................................................
TEMPERATURE (F)
 YESTERDAY
  MAXIMUM         49    210 AM  76    1955  50     -1       37
  MINIMUM         42    827 PM -13    1963  34      8       24
  AVERAGE         46                        42      4       31

PRECIPITATION (IN)
  YESTERDAY        0.03          2.74 1904   0.17  -0.14     0.00
  MONTH TO DATE    2.15                      4.58  -2.43     4.74
  SINCE DEC 1      2.15                      4.58  -2.43     4.74
  SINCE JAN 1     57.18                     52.52   4.66    59.35

SNOWFALL (IN)
  YESTERDAY        0.0           3.0  1962   0.0    0.0      0.0
  MONTH TO DATE    0.0                       0.1   -0.1       T
  SINCE DEC 1      0.0                       0.1   -0.1       T
  SINCE JUL 1      0.2                       0.1    0.1       T
  SNOW DEPTH       0

DEGREE DAYS
 HEATING
  YESTERDAY       19                        23     -4       34
  MONTH TO DATE  416                       502    -86      505
  SINCE DEC 1    416                       502    -86      505
  SINCE JUL 1   1025                      1001     24     1090

 COOLING
  YESTERDAY        0                         0      0        0
  MONTH TO DATE    0                         0      0        3
  SINCE DEC 1      0                         0      0        3
  SINCE JAN 1   2161                      2256    -95     2245
..................................................................


WIND (MPH)
  HIGHEST WIND SPEED    17   HIGHEST WIND DIRECTION    NW (300)
  HIGHEST GUST SPEED    32   HIGHEST GUST DIRECTION    SE (120)
  AVERAGE WIND SPEED     8.9


SKY COVER
  POSSIBLE SUNSHINE  MM
  AVERAGE SKY COVER 1.0


WEATHER CONDITIONS
 THE FOLLOWING WEATHER WAS RECORDED YESTERDAY.
  LIGHT RAIN
  FOG


RELATIVE HUMIDITY (PERCENT)
 HIGHEST    89           800 AM
 LOWEST     65           200 PM
 AVERAGE    77

..........................................................


THE MEMPHIS CLIMATE NORMALS FOR TODAY
                         NORMAL    RECORD    YEAR
 MAXIMUM TEMPERATURE (F)   50        76      1889
 MINIMUM TEMPERATURE (F)   34         0      1983


SUNRISE AND SUNSET
DECEMBER 25 2014......SUNRISE   706 AM CST   SUNSET   454 PM CST
DECEMBER 26 2014......SUNRISE   706 AM CST   SUNSET   455 PM CST


-  INDICATES NEGATIVE NUMBERS.
R  INDICATES RECORD WAS SET OR TIED.
MM INDICATES DATA IS MISSING.
T  INDICATES TRACE AMOUNT.




$$
