000
CDUS41 KCLE 210527
CLIMFD


CLIMATE REPORT
NATIONAL WEATHER SERVICE CLEVELAND OH
125 AM EDT THU SEP 21 2017


...................................

...THE MANSFIELD OH CLIMATE SUMMARY FOR SEPTEMBER 20 2017...

CLIMATE NORMAL PERIOD 1981 TO 2010
CLIMATE RECORD PERIOD 1916 TO 2017


WEATHER ITEM   OBSERVED TIME   RECORD YEAR NORMAL DEPARTURE LAST
                VALUE   (LST)  VALUE       VALUE  FROM      YEAR
                                                  NORMAL
..................................................................
TEMPERATURE (F)
 YESTERDAY
  MAXIMUM         83    107 PM  91    1978  72     11       86
  MINIMUM         63    554 AM  33    1956  51     12       57
                                      1937
  AVERAGE         73                        61     12       72

PRECIPITATION (IN)
  YESTERDAY        0.00                      0.11  -0.11     0.00
  MONTH TO DATE    1.60                      2.26  -0.66     2.37
  SINCE SEP 1      1.60                      2.26  -0.66     2.37
  SINCE JAN 1     38.18                     33.09   5.09    26.00

SNOWFALL (IN)
  YESTERDAY        0.0                       0.0    0.0      0.0
  MONTH TO DATE    0.0                       0.0    0.0      0.0
  SINCE SEP 1      0.0                       0.0    0.0      0.0
  SINCE JUL 1      0.0                       0.0    0.0      0.0
  SNOW DEPTH       0

DEGREE DAYS
 HEATING
  YESTERDAY        0                         5     -5        0
  MONTH TO DATE   65                        55     10        2
  SINCE SEP 1     65                        55     10        2
  SINCE JUL 1     79                        80     -1        3

 COOLING
  YESTERDAY        8                         2      6        7
  MONTH TO DATE   37                        54    -17      118
  SINCE SEP 1     37                        54    -17      118
  SINCE JAN 1    654                       616     38     1022
..................................................................


WIND (MPH)
  HIGHEST WIND SPEED     7   HIGHEST WIND DIRECTION     S (170)
  HIGHEST GUST SPEED    11   HIGHEST GUST DIRECTION     S (200)
  AVERAGE WIND SPEED     3.2


SKY COVER
  POSSIBLE SUNSHINE  MM
  AVERAGE SKY COVER 0.4


WEATHER CONDITIONS
 THE FOLLOWING WEATHER WAS RECORDED YESTERDAY.
  FOG


RELATIVE HUMIDITY (PERCENT)
 HIGHEST   100           400 AM
 LOWEST     54           400 PM
 AVERAGE    77

..........................................................


THE MANSFIELD OH CLIMATE NORMALS FOR TODAY
                         NORMAL    RECORD    YEAR
 MAXIMUM TEMPERATURE (F)   71        91      1931
 MINIMUM TEMPERATURE (F)   51        24      1956


SUNRISE AND SUNSET
SEPTEMBER 21 2017.....SUNRISE   717 AM EDT   SUNSET   728 PM EDT
SEPTEMBER 22 2017.....SUNRISE   718 AM EDT   SUNSET   727 PM EDT


-  INDICATES NEGATIVE NUMBERS.
R  INDICATES RECORD WAS SET OR TIED.
MM INDICATES DATA IS MISSING.
T  INDICATES TRACE AMOUNT.




$$
