000
CDUS41 KCLE 110527
CLIMFD


CLIMATE REPORT
NATIONAL WEATHER SERVICE CLEVELAND OH
126 AM EDT FRI JUL 11 2014


...................................

...THE MANSFIELD OH CLIMATE SUMMARY FOR JULY 10 2014...

CLIMATE NORMAL PERIOD 1981 TO 2010
CLIMATE RECORD PERIOD 1916 TO 2014


WEATHER ITEM   OBSERVED TIME   RECORD YEAR NORMAL DEPARTURE LAST
                VALUE   (LST)  VALUE       VALUE  FROM      YEAR
                                                  NORMAL
..................................................................
TEMPERATURE (F)
 YESTERDAY
  MAXIMUM         79    447 PM 100    1936  82     -3       88
  MINIMUM         56    521 AM  45    1963  61     -5       65
                                      1959
  AVERAGE         68                        72     -4       77

PRECIPITATION (IN)
  YESTERDAY        0.00                      0.15  -0.15     0.56
  MONTH TO DATE    1.24                      1.48  -0.24     4.37
  SINCE JUN 1      7.72                      6.23   1.49    11.36
  SINCE JAN 1     24.05                     23.56   0.49    25.23

SNOWFALL (IN)
  YESTERDAY        0.0                       0.0    0.0      0.0
  MONTH TO DATE    0.0                       0.0    0.0      0.0
  SINCE JUN 1      0.0                       0.0    0.0      0.0
  SINCE JUL 1      0.0                       0.0    0.0      0.0
  SNOW DEPTH       0

DEGREE DAYS
 HEATING
  YESTERDAY        0                         0      0        0
  MONTH TO DATE    4                         0      4        0
  SINCE JUN 1     28                        53    -25       39
  SINCE JUL 1      4                         0      4        0

 COOLING
  YESTERDAY        3                         7     -4       12
  MONTH TO DATE   52                        70    -18       89
  SINCE JUN 1    221                       204     17      237
  SINCE JAN 1    284                       250     34      332
..................................................................


WIND (MPH)
  HIGHEST WIND SPEED    13   HIGHEST WIND DIRECTION    NW (320)
  HIGHEST GUST SPEED    16   HIGHEST GUST DIRECTION    NW (320)
  AVERAGE WIND SPEED     4.4


SKY COVER
  POSSIBLE SUNSHINE  MM
  AVERAGE SKY COVER 0.2


WEATHER CONDITIONS
 THE FOLLOWING WEATHER WAS RECORDED YESTERDAY.
  FOG
  FOG W/VISIBILITY <= 1/4 MILE


RELATIVE HUMIDITY (PERCENT)
 HIGHEST   100           100 AM
 LOWEST     39           400 PM
 AVERAGE    70

..........................................................


THE MANSFIELD OH CLIMATE NORMALS FOR TODAY
                         NORMAL    RECORD    YEAR
 MAXIMUM TEMPERATURE (F)   82       102      1936
 MINIMUM TEMPERATURE (F)   61        40      1945


SUNRISE AND SUNSET
JULY 11 2014..........SUNRISE   608 AM EDT   SUNSET   902 PM EDT
JULY 12 2014..........SUNRISE   609 AM EDT   SUNSET   902 PM EDT


-  INDICATES NEGATIVE NUMBERS.
R  INDICATES RECORD WAS SET OR TIED.
MM INDICATES DATA IS MISSING.
T  INDICATES TRACE AMOUNT.




$$
