000
CDUS44 KBRO 240633
CLIMFE


CLIMATE REPORT
NATIONAL WEATHER SERVICE BROWNSVILLE TX
133 AM CDT THU JUL 24 2014


...................................

...THE MCALLEN CLIMATE SUMMARY FOR JULY 23 2014...

CLIMATE NORMAL PERIOD 1981 TO 2010
CLIMATE RECORD PERIOD 1941 TO 2014


WEATHER ITEM   OBSERVED TIME   RECORD YEAR NORMAL DEPARTURE LAST
                VALUE   (LST)  VALUE       VALUE  FROM      YEAR
                                                  NORMAL
..................................................................
TEMPERATURE (F)
 YESTERDAY
  MAXIMUM        102    219 PM 106    2009  98      4       99
  MINIMUM         79    634 AM  65    1945  76      3       79
  AVERAGE         91                        87      4

PRECIPITATION (IN)
  YESTERDAY        0.00          7.78 2008   0.06  -0.06     0.00
  MONTH TO DATE    0.60                      1.61  -1.01     1.16
  SINCE JUN 1      0.90                      4.19  -3.29     2.04
  SINCE JAN 1      3.78                     10.97  -7.19     5.46

SNOWFALL (IN)
  YESTERDAY        0.0
  MONTH TO DATE    0.0
  SINCE JUN 1      0.0
  SINCE JUL 1      0.0

DEGREE DAYS
 HEATING
  YESTERDAY        0                         0      0        0
  MONTH TO DATE    0                         0      0        0
  SINCE JUN 1      0                         0      0        0
  SINCE JUL 1      0                         0      0        0

 COOLING
  YESTERDAY       26                        22      4       24
  MONTH TO DATE  509                       496     13      492
  SINCE JUN 1   1179                      1124     55     1169
  SINCE JAN 1   2235                      2379   -144     2465
..................................................................


WIND (MPH)
  HIGHEST WIND SPEED    18   HIGHEST WIND DIRECTION    SE (130)
  HIGHEST GUST SPEED    23   HIGHEST GUST DIRECTION    SE (140)
  AVERAGE WIND SPEED     9.3



WEATHER CONDITIONS
 THE FOLLOWING WEATHER WAS RECORDED YESTERDAY.
  NO SIGNIFICANT WEATHER WAS OBSERVED.


RELATIVE HUMIDITY (PERCENT)
 HIGHEST    97
 LOWEST     31
 AVERAGE    64

..........................................................


THE MCALLEN CLIMATE NORMALS FOR TODAY
                         NORMAL    RECORD    YEAR
 MAXIMUM TEMPERATURE (F)   98       105      2009
                                             1980
 MINIMUM TEMPERATURE (F)   77        68      1952
                                             1974


SUNRISE AND SUNSET
JULY 24 2014..........SUNRISE   655 AM CDT   SUNSET   824 PM CDT
JULY 25 2014..........SUNRISE   655 AM CDT   SUNSET   824 PM CDT


-  INDICATES NEGATIVE NUMBERS.
R  INDICATES RECORD WAS SET OR TIED.
MM INDICATES DATA IS MISSING.
T  INDICATES TRACE AMOUNT.




$$
