000
CDUS44 KBRO 240640
CLIMFE


CLIMATE REPORT
NATIONAL WEATHER SERVICE BROWNSVILLE TX
140 AM CDT TUE OCT 24 2017


...................................

...THE MCALLEN CLIMATE SUMMARY FOR OCTOBER 23 2017...

CLIMATE NORMAL PERIOD 1981 TO 2010
CLIMATE RECORD PERIOD 1961 TO 2017


WEATHER ITEM   OBSERVED TIME   RECORD YEAR NORMAL DEPARTURE LAST
                VALUE   (LST)  VALUE       VALUE  FROM      YEAR
                                                  NORMAL
..................................................................
TEMPERATURE (F)
 YESTERDAY
  MAXIMUM         89    356 PM  95    1970  86      3       91
  MINIMUM         67    545 AM  46    2007  65      2       64
  AVERAGE         78                        76      2

PRECIPITATION (IN)
  YESTERDAY        0.00          1.08 1981   0.06  -0.06     0.00
  MONTH TO DATE    6.14                      1.63   4.51     0.14
  SINCE SEP 1      8.58                      6.10   2.48     1.83
  SINCE JAN 1     15.37                     19.67  -4.30    11.13

SNOWFALL (IN)
  YESTERDAY        0.0
  MONTH TO DATE    0.0
  SINCE SEP 1      0.0
  SINCE JUL 1      0.0

DEGREE DAYS
 HEATING
  YESTERDAY        0                         0      0        0
  MONTH TO DATE    0                         0      0        0
  SINCE SEP 1      0                         0      0        0
  SINCE JUL 1      0                         0      0        0

 COOLING
  YESTERDAY       13                        11      2       13
  MONTH TO DATE  364                       302     62      432
  SINCE SEP 1   1014                       850    164     1153
  SINCE JAN 1   5280                      4101   1179     5055
..................................................................


WIND (MPH)
  HIGHEST WIND SPEED    16   HIGHEST WIND DIRECTION     E (80)
  HIGHEST GUST SPEED    20   HIGHEST GUST DIRECTION     E (80)
  AVERAGE WIND SPEED     5.6



WEATHER CONDITIONS
 THE FOLLOWING WEATHER WAS RECORDED YESTERDAY.
  NO SIGNIFICANT WEATHER WAS OBSERVED.


RELATIVE HUMIDITY (PERCENT)
 HIGHEST    79
 LOWEST     41
 AVERAGE    60

..........................................................


THE MCALLEN CLIMATE NORMALS FOR TODAY
                         NORMAL    RECORD    YEAR
 MAXIMUM TEMPERATURE (F)   86        96      2001
 MINIMUM TEMPERATURE (F)   65        46      1993


SUNRISE AND SUNSET
OCTOBER 24 2017.......SUNRISE   737 AM CDT   SUNSET   657 PM CDT
OCTOBER 25 2017.......SUNRISE   738 AM CDT   SUNSET   656 PM CDT


-  INDICATES NEGATIVE NUMBERS.
R  INDICATES RECORD WAS SET OR TIED.
MM INDICATES DATA IS MISSING.
T  INDICATES TRACE AMOUNT.




$$
