000
CDUS44 KBRO 090725
CLIMFE


CLIMATE REPORT
NATIONAL WEATHER SERVICE BROWNSVILLE TX
125 AM CST TUE FEB 9 2016


...................................

...THE MCALLEN CLIMATE SUMMARY FOR FEBRUARY 8 2016...

CLIMATE NORMAL PERIOD 1981 TO 2010
CLIMATE RECORD PERIOD 1941 TO 2016


WEATHER ITEM   OBSERVED TIME   RECORD YEAR NORMAL DEPARTURE LAST
                VALUE   (LST)  VALUE       VALUE  FROM      YEAR
                                                  NORMAL
..................................................................
TEMPERATURE (F)
 YESTERDAY
  MAXIMUM         70    340 PM  90    1962  74     -4       85
                                      1963
  MINIMUM         50   1158 PM  30    1989  53     -3       58
  AVERAGE         60                        63     -3

PRECIPITATION (IN)
  YESTERDAY        0.00          1.14 1977   0.04  -0.04     0.00
  MONTH TO DATE    0.00                      0.35  -0.35     0.37
  SINCE DEC 1      0.44                      2.59  -2.15     1.39
  SINCE JAN 1      0.40                      1.40  -1.00     0.54

SNOWFALL (IN)
  YESTERDAY        0.0
  MONTH TO DATE    0.0
  SINCE DEC 1      0.0
  SINCE JUL 1      0.0

DEGREE DAYS
 HEATING
  YESTERDAY        5                         5      0        0
  MONTH TO DATE   36                        40     -4       48
  SINCE DEC 1    271                       407   -136      454
  SINCE JUL 1    305                       467   -162      583

 COOLING
  YESTERDAY        0                         3     -3        7
  MONTH TO DATE   17                        22     -5       13
  SINCE DEC 1    206                       167     39      113
  SINCE JAN 1     62                        84    -22       30
..................................................................


WIND (MPH)
  HIGHEST WIND SPEED    22   HIGHEST WIND DIRECTION     N (350)
  HIGHEST GUST SPEED    28   HIGHEST GUST DIRECTION     N (350)
  AVERAGE WIND SPEED     7.1



WEATHER CONDITIONS
 THE FOLLOWING WEATHER WAS RECORDED YESTERDAY.
  HAZE


RELATIVE HUMIDITY (PERCENT)
 HIGHEST    77
 LOWEST     20
 AVERAGE    49

..........................................................


THE MCALLEN CLIMATE NORMALS FOR TODAY
                         NORMAL    RECORD    YEAR
 MAXIMUM TEMPERATURE (F)   74        99      1962
 MINIMUM TEMPERATURE (F)   53        31      1967
                                             1973


SUNRISE AND SUNSET
FEBRUARY  9 2016......SUNRISE   713 AM CST   SUNSET   622 PM CST
FEBRUARY 10 2016......SUNRISE   712 AM CST   SUNSET   622 PM CST


-  INDICATES NEGATIVE NUMBERS.
R  INDICATES RECORD WAS SET OR TIED.
MM INDICATES DATA IS MISSING.
T  INDICATES TRACE AMOUNT.




$$
