000
CDUS44 KBRO 032132
CLIMFE


CLIMATE REPORT
NATIONAL WEATHER SERVICE BROWNSVILLE TX
432 PM CDT TUE MAY 3 2016


...................................

...THE MCALLEN CLIMATE SUMMARY FOR MAY 3 2016...
VALID TODAY AS OF 0400 PM LOCAL TIME.

CLIMATE NORMAL PERIOD 1981 TO 2010
CLIMATE RECORD PERIOD 1961 TO 2016


WEATHER ITEM   OBSERVED TIME   RECORD YEAR NORMAL DEPARTURE LAST
                VALUE   (LST)  VALUE       VALUE  FROM      YEAR
                                                  NORMAL
..................................................................
TEMPERATURE (F)
 TODAY
  MAXIMUM         74    256 PM 107    1984  89    -15       87
  MINIMUM         68    903 AM  51    2004  70     -2       71
  AVERAGE         71                        79     -8       79

PRECIPITATION (IN)
  TODAY            0.00          4.30 1981   0.06  -0.06      T
  MONTH TO DATE    T                         0.19  -0.19      T
  SINCE MAR 1      0.62                      2.56  -1.94     5.98
  SINCE JAN 1      1.02                      4.72  -3.70     6.57

SNOWFALL (IN)
  TODAY            0.0
  MONTH TO DATE    0.0
  SINCE MAR 1      0.0
  SINCE JUL 1      0.0
  SNOW DEPTH       0

DEGREE DAYS
 HEATING
  TODAY            0                         0      0        0
  MONTH TO DATE    0                         0      0        0
  SINCE MAR 1      7                        46    -39       66
  SINCE JUL 1    318                       579   -261      756

 COOLING
  TODAY            6                        14     -8       14
  MONTH TO DATE   41                        42     -1       35
  SINCE MAR 1    863                       614    249      631
  SINCE JAN 1   1068                       773    295      716
..................................................................


WIND (MPH)
  HIGHEST WIND SPEED    17   HIGHEST WIND DIRECTION     N (10)
  HIGHEST GUST SPEED    22   HIGHEST GUST DIRECTION     N (10)
  AVERAGE WIND SPEED     9.3



WEATHER CONDITIONS
 THE FOLLOWING WEATHER WAS RECORDED TODAY.
  NO SIGNIFICANT WEATHER WAS OBSERVED.


..........................................................


THE MCALLEN CLIMATE NORMALS FOR TOMORROW
                         NORMAL    RECORD    YEAR
 MAXIMUM TEMPERATURE (F)   89       110      1999
 MINIMUM TEMPERATURE (F)   70        52      2013


SUNRISE AND SUNSET
MAY  3 2016...........SUNRISE   654 AM CDT   SUNSET   806 PM CDT
MAY  4 2016...........SUNRISE   653 AM CDT   SUNSET   807 PM CDT


-  INDICATES NEGATIVE NUMBERS.
R  INDICATES RECORD WAS SET OR TIED.
MM INDICATES DATA IS MISSING.
T  INDICATES TRACE AMOUNT.




$$
