000
CDUS44 KBRO 230625
CLIMFE


CLIMATE REPORT
NATIONAL WEATHER SERVICE BROWNSVILLE TX
125 AM CDT SAT AUG 23 2014


...................................

...THE MCALLEN CLIMATE SUMMARY FOR AUGUST 22 2014...

CLIMATE NORMAL PERIOD 1981 TO 2010
CLIMATE RECORD PERIOD 1941 TO 2014


WEATHER ITEM   OBSERVED TIME   RECORD YEAR NORMAL DEPARTURE LAST
                VALUE   (LST)  VALUE       VALUE  FROM      YEAR
                                                  NORMAL
..................................................................
TEMPERATURE (F)
 YESTERDAY
  MAXIMUM        101    118 PM 104    2009  98      3       94
                                      1997
  MINIMUM         77    652 AM  64    1946  77      0       80
  AVERAGE         89                        87      2

PRECIPITATION (IN)
  YESTERDAY        0.00          2.19 1944   0.09  -0.09      T
  MONTH TO DATE    1.11                      1.26  -0.15     0.32
  SINCE JUN 1      2.01                      5.84  -3.83     2.36
  SINCE JAN 1      4.89                     12.62  -7.73     5.78

SNOWFALL (IN)
  YESTERDAY        0.0
  MONTH TO DATE    0.0
  SINCE JUN 1      0.0
  SINCE JUL 1      0.0

DEGREE DAYS
 HEATING
  YESTERDAY        0                         0      0        0
  MONTH TO DATE    0                         0      0        0
  SINCE JUN 1      0                         0      0        0
  SINCE JUL 1      0                         0      0        0

 COOLING
  YESTERDAY       24                        22      2       22
  MONTH TO DATE  545                       502     43      525
  SINCE JUN 1   1927                      1804    123     1900
  SINCE JAN 1   2983                      3059    -76     3196
..................................................................


WIND (MPH)
  HIGHEST WIND SPEED    24   HIGHEST WIND DIRECTION    SE (140)
  HIGHEST GUST SPEED    29   HIGHEST GUST DIRECTION    SE (140)
  AVERAGE WIND SPEED    13.4



WEATHER CONDITIONS
 THE FOLLOWING WEATHER WAS RECORDED YESTERDAY.
  NO SIGNIFICANT WEATHER WAS OBSERVED.


RELATIVE HUMIDITY (PERCENT)
 HIGHEST    94
 LOWEST     22
 AVERAGE    58

..........................................................


THE MCALLEN CLIMATE NORMALS FOR TODAY
                         NORMAL    RECORD    YEAR
 MAXIMUM TEMPERATURE (F)   98       106      2009
 MINIMUM TEMPERATURE (F)   77        66      1946


SUNRISE AND SUNSET
AUGUST 23 2014........SUNRISE   709 AM CDT   SUNSET   802 PM CDT
AUGUST 24 2014........SUNRISE   709 AM CDT   SUNSET   801 PM CDT


-  INDICATES NEGATIVE NUMBERS.
R  INDICATES RECORD WAS SET OR TIED.
MM INDICATES DATA IS MISSING.
T  INDICATES TRACE AMOUNT.




$$
