000
CDUS44 KBRO 290629
CLIMFE


CLIMATE REPORT
NATIONAL WEATHER SERVICE BROWNSVILLE TX
128 AM CDT TUE JUL 29 2014


...................................

...THE MCALLEN CLIMATE SUMMARY FOR JULY 28 2014...

CLIMATE NORMAL PERIOD 1981 TO 2010
CLIMATE RECORD PERIOD 1941 TO 2014


WEATHER ITEM   OBSERVED TIME   RECORD YEAR NORMAL DEPARTURE LAST
                VALUE   (LST)  VALUE       VALUE  FROM      YEAR
                                                  NORMAL
..................................................................
TEMPERATURE (F)
 YESTERDAY
  MAXIMUM        102    233 PM 104    1943  98      4      102
  MINIMUM         79    633 AM  70    1952  77      2       80
                                      1956
                                      1961
  AVERAGE         91                        87      4

PRECIPITATION (IN)
  YESTERDAY        0.00          1.21 2010   0.05  -0.05     0.00
  MONTH TO DATE    0.60                      1.86  -1.26     1.16
  SINCE JUN 1      0.90                      4.44  -3.54     2.04
  SINCE JAN 1      3.78                     11.22  -7.44     5.46

SNOWFALL (IN)
  YESTERDAY        0.0
  MONTH TO DATE    0.0
  SINCE JUN 1      0.0
  SINCE JUL 1      0.0

DEGREE DAYS
 HEATING
  YESTERDAY        0                         0      0        0
  MONTH TO DATE    0                         0      0        0
  SINCE JUN 1      0                         0      0        0
  SINCE JUL 1      0                         0      0        0

 COOLING
  YESTERDAY       26                        22      4       26
  MONTH TO DATE  637                       606     31      622
  SINCE JUN 1   1307                      1234     73     1299
  SINCE JAN 1   2363                      2489   -126     2595
..................................................................


WIND (MPH)
  HIGHEST WIND SPEED    22   HIGHEST WIND DIRECTION    SE (150)
  HIGHEST GUST SPEED    29   HIGHEST GUST DIRECTION    SE (140)
  AVERAGE WIND SPEED    13.4



WEATHER CONDITIONS
 THE FOLLOWING WEATHER WAS RECORDED YESTERDAY.
  NO SIGNIFICANT WEATHER WAS OBSERVED.


RELATIVE HUMIDITY (PERCENT)
 HIGHEST    97
 LOWEST     27
 AVERAGE    62

..........................................................


THE MCALLEN CLIMATE NORMALS FOR TODAY
                         NORMAL    RECORD    YEAR
 MAXIMUM TEMPERATURE (F)   98       106      1979
 MINIMUM TEMPERATURE (F)   77        69      1968
                                             1974


SUNRISE AND SUNSET
JULY 29 2014..........SUNRISE   657 AM CDT   SUNSET   821 PM CDT
JULY 30 2014..........SUNRISE   658 AM CDT   SUNSET   821 PM CDT


-  INDICATES NEGATIVE NUMBERS.
R  INDICATES RECORD WAS SET OR TIED.
MM INDICATES DATA IS MISSING.
T  INDICATES TRACE AMOUNT.




$$
