000
CDUS44 KBRO 050725
CLIMFE


CLIMATE REPORT
NATIONAL WEATHER SERVICE BROWNSVILLE TX
125 AM CST MON DEC 5 2016


...................................

...THE MCALLEN CLIMATE SUMMARY FOR DECEMBER 4 2016...

CLIMATE NORMAL PERIOD 1981 TO 2010
CLIMATE RECORD PERIOD 1961 TO 2016


WEATHER ITEM   OBSERVED TIME   RECORD YEAR NORMAL DEPARTURE LAST
                VALUE   (LST)  VALUE       VALUE  FROM      YEAR
                                                  NORMAL
..................................................................
TEMPERATURE (F)
 YESTERDAY
  MAXIMUM         66    403 AM  92    1977  74     -8       74
  MINIMUM         56   1159 PM  37    2009  54      2       43
                                      1968
  AVERAGE         61                        64     -3

PRECIPITATION (IN)
  YESTERDAY        0.33          0.83 1965   0.03   0.30     0.00
  MONTH TO DATE    0.35                      0.12   0.23     0.00
  SINCE DEC 1      0.35                      0.12   0.23     0.00
  SINCE JAN 1     13.50                     21.13  -7.63    26.36

SNOWFALL (IN)
  YESTERDAY        0.0
  MONTH TO DATE    0.0
  SINCE DEC 1      0.0
  SINCE JUL 1      0.0

DEGREE DAYS
 HEATING
  YESTERDAY        4                         4      0        6
  MONTH TO DATE    4                        16    -12       19
  SINCE DEC 1      4                        16    -12       19
  SINCE JUL 1     11                        76    -65       53

 COOLING
  YESTERDAY        0                         3     -3        0
  MONTH TO DATE   25                        14     11        0
  SINCE DEC 1     25                        14     11        0
  SINCE JAN 1   5539                      4383   1156     4800
..................................................................


WIND (MPH)
  HIGHEST WIND SPEED    18   HIGHEST WIND DIRECTION    NW (320)
  HIGHEST GUST SPEED    23   HIGHEST GUST DIRECTION     N (340)
  AVERAGE WIND SPEED    11.7



WEATHER CONDITIONS
 THE FOLLOWING WEATHER WAS RECORDED YESTERDAY.
  RAIN
  LIGHT RAIN
  FOG


RELATIVE HUMIDITY (PERCENT)
 HIGHEST    93
 LOWEST     78
 AVERAGE    86

..........................................................


THE MCALLEN CLIMATE NORMALS FOR TODAY
                         NORMAL    RECORD    YEAR
 MAXIMUM TEMPERATURE (F)   74        96      1977
 MINIMUM TEMPERATURE (F)   54        33      2009


SUNRISE AND SUNSET
DECEMBER  5 2016......SUNRISE   707 AM CST   SUNSET   541 PM CST
DECEMBER  6 2016......SUNRISE   707 AM CST   SUNSET   541 PM CST


-  INDICATES NEGATIVE NUMBERS.
R  INDICATES RECORD WAS SET OR TIED.
MM INDICATES DATA IS MISSING.
T  INDICATES TRACE AMOUNT.




$$
