000
CDUS44 KBRO 280625
CLIMFE


CLIMATE REPORT
NATIONAL WEATHER SERVICE BROWNSVILLE TX
125 AM CDT FRI APR 28 2017


...................................

...THE MCALLEN CLIMATE SUMMARY FOR APRIL 27 2017...

CLIMATE NORMAL PERIOD 1981 TO 2010
CLIMATE RECORD PERIOD 1961 TO 2017


WEATHER ITEM   OBSERVED TIME   RECORD YEAR NORMAL DEPARTURE LAST
                VALUE   (LST)  VALUE       VALUE  FROM      YEAR
                                                  NORMAL
..................................................................
TEMPERATURE (F)
 YESTERDAY
  MAXIMUM         95    317 PM 107    2014  88      7      100
  MINIMUM         72    636 AM  57    1997  69      3       76
                                      1980
  AVERAGE         84                        78      6

PRECIPITATION (IN)
  YESTERDAY        0.00          0.78 2008   0.06  -0.06     0.00
  MONTH TO DATE    0.73                      1.16  -0.43     0.59
  SINCE MAR 1      3.25                      2.19   1.06     0.62
  SINCE JAN 1      4.88                      4.35   0.53     1.02

SNOWFALL (IN)
  YESTERDAY        0.0
  MONTH TO DATE    0.0
  SINCE MAR 1      0.0
  SINCE JUL 1      0.0

DEGREE DAYS
 HEATING
  YESTERDAY        0                         0      0        0
  MONTH TO DATE    0                         3     -3        1
  SINCE MAR 1      1                        41    -40        7
  SINCE JUL 1    189                       574   -385      318

 COOLING
  YESTERDAY       19                        13      6       23
  MONTH TO DATE  424                       312    112      395
  SINCE MAR 1    785                       530    255      756
  SINCE JAN 1   1266                       689    577      961
..................................................................


WIND (MPH)
  HIGHEST WIND SPEED    21   HIGHEST WIND DIRECTION    SE (130)
  HIGHEST GUST SPEED    25   HIGHEST GUST DIRECTION    SE (120)
  AVERAGE WIND SPEED    11.3



WEATHER CONDITIONS
 THE FOLLOWING WEATHER WAS RECORDED YESTERDAY.
  NO SIGNIFICANT WEATHER WAS OBSERVED.


RELATIVE HUMIDITY (PERCENT)
 HIGHEST    79
 LOWEST     43
 AVERAGE    61

..........................................................


THE MCALLEN CLIMATE NORMALS FOR TODAY
                         NORMAL    RECORD    YEAR
 MAXIMUM TEMPERATURE (F)   89       104      1964
 MINIMUM TEMPERATURE (F)   69        50      1997


SUNRISE AND SUNSET
APRIL 28 2017.........SUNRISE   658 AM CDT   SUNSET   803 PM CDT
APRIL 29 2017.........SUNRISE   657 AM CDT   SUNSET   804 PM CDT


-  INDICATES NEGATIVE NUMBERS.
R  INDICATES RECORD WAS SET OR TIED.
MM INDICATES DATA IS MISSING.
T  INDICATES TRACE AMOUNT.




$$
