000
CDUS44 KBRO 040627
CLIMFE


CLIMATE REPORT
NATIONAL WEATHER SERVICE BROWNSVILLE TX
126 AM CDT FRI SEP 4 2015


...................................

...THE MCALLEN CLIMATE SUMMARY FOR SEPTEMBER 3 2015...

CLIMATE NORMAL PERIOD 1981 TO 2010
CLIMATE RECORD PERIOD 1941 TO 2015


WEATHER ITEM   OBSERVED TIME   RECORD YEAR NORMAL DEPARTURE LAST
                VALUE   (LST)  VALUE       VALUE  FROM      YEAR
                                                  NORMAL
..................................................................
TEMPERATURE (F)
 YESTERDAY
  MAXIMUM         97    230 PM 106    2011  96      1       82
  MINIMUM         78    555 AM  67    1950  76      2       74
  AVERAGE         88                        86      2

PRECIPITATION (IN)
  YESTERDAY        0.00          2.12 2010   0.14  -0.14     1.28
  MONTH TO DATE    0.71                      0.43   0.28     1.32
  SINCE SEP 1      0.71                      0.43   0.28     1.32
  SINCE JAN 1     20.47                     14.00   6.47     8.18

DEGREE DAYS
 HEATING
  YESTERDAY        0                         0      0        0
  MONTH TO DATE    0                         0      0        0
  SINCE SEP 1      0                         0      0        0
  SINCE JUL 1      0                         0      0        0

 COOLING
  YESTERDAY       23                        21      2       13
  MONTH TO DATE   66                        63      3       58
  SINCE SEP 1     66                        63      3       58
  SINCE JAN 1   3493                      3314    179     3253
..................................................................


WIND (MPH)
  HIGHEST WIND SPEED    21   HIGHEST WIND DIRECTION     E (100)
  HIGHEST GUST SPEED    26   HIGHEST GUST DIRECTION     E (100)
  AVERAGE WIND SPEED     8.6



WEATHER CONDITIONS
 THE FOLLOWING WEATHER WAS RECORDED YESTERDAY.
  FOG
  HAZE


RELATIVE HUMIDITY (PERCENT)
 HIGHEST    91
 LOWEST     48
 AVERAGE    70

..........................................................


THE MCALLEN CLIMATE NORMALS FOR TODAY
                         NORMAL    RECORD    YEAR
 MAXIMUM TEMPERATURE (F)   96       108      2011
 MINIMUM TEMPERATURE (F)   76        69      1946
                                             1948


SUNRISE AND SUNSET
SEPTEMBER  4 2015.....SUNRISE   714 AM CDT   SUNSET   749 PM CDT
SEPTEMBER  5 2015.....SUNRISE   714 AM CDT   SUNSET   748 PM CDT


-  INDICATES NEGATIVE NUMBERS.
R  INDICATES RECORD WAS SET OR TIED.
MM INDICATES DATA IS MISSING.
T  INDICATES TRACE AMOUNT.

$$
