612
CDUS44 KBRO 250632
CLIMFE


CLIMATE REPORT
NATIONAL WEATHER SERVICE BROWNSVILLE TX
131 AM CDT WED MAY 25 2016


...................................

...THE MCALLEN CLIMATE SUMMARY FOR MAY 24 2016...

CLIMATE NORMAL PERIOD 1981 TO 2010
CLIMATE RECORD PERIOD 1961 TO 2016


WEATHER ITEM   OBSERVED TIME   RECORD YEAR NORMAL DEPARTURE LAST
                VALUE   (LST)  VALUE       VALUE  FROM      YEAR
                                                  NORMAL
..................................................................
TEMPERATURE (F)
 YESTERDAY
  MAXIMUM         94    444 PM  99    2011  93      1       91
                                      2008
  MINIMUM         80    600 AM  60    1967  74      6       72
  AVERAGE         87                        83      4

PRECIPITATION (IN)
  YESTERDAY        0.00          3.01 1982   0.07  -0.07     0.45
  MONTH TO DATE    4.39                      1.71   2.68     3.76
  SINCE MAR 1      5.01                      4.08   0.93     9.74
  SINCE JAN 1      5.41                      6.24  -0.83    10.33

DEGREE DAYS
 HEATING
  YESTERDAY        0                         0      0        0
  MONTH TO DATE    0                         0      0        0
  SINCE MAR 1      7                        46    -39       66
  SINCE JUL 1    318                       579   -261      756

 COOLING
  YESTERDAY       22                        18      4       17
  MONTH TO DATE  441                       390     51      431
  SINCE MAR 1   1263                       962    301     1027
  SINCE JAN 1   1468                      1121    347     1112
..................................................................


WIND (MPH)
  HIGHEST WIND SPEED    22   HIGHEST WIND DIRECTION    SE (140)
  HIGHEST GUST SPEED    30   HIGHEST GUST DIRECTION    SE (130)
  AVERAGE WIND SPEED    12.9



WEATHER CONDITIONS
 THE FOLLOWING WEATHER WAS RECORDED YESTERDAY.
  FOG
  HAZE


RELATIVE HUMIDITY (PERCENT)
 HIGHEST    85
 LOWEST     56
 AVERAGE    71

..........................................................


THE MCALLEN CLIMATE NORMALS FOR TODAY
                         NORMAL    RECORD    YEAR
 MAXIMUM TEMPERATURE (F)   94       103      1989
 MINIMUM TEMPERATURE (F)   74        62      1967


SUNRISE AND SUNSET
MAY 25 2016...........SUNRISE   642 AM CDT   SUNSET   818 PM CDT
MAY 26 2016...........SUNRISE   642 AM CDT   SUNSET   818 PM CDT


-  INDICATES NEGATIVE NUMBERS.
R  INDICATES RECORD WAS SET OR TIED.
MM INDICATES DATA IS MISSING.
T  INDICATES TRACE AMOUNT.

$$
