000
CDUS46 KMFR 021210
CLIMFR

CLIMATE REPORT
NATIONAL WEATHER SERVICE MEDFORD, OR
510 AM PDT TUE JUN 2 2015


...................................

...THE MEDFORD OR CLIMATE SUMMARY FOR JUNE 1 2015...

CLIMATE NORMAL PERIOD 1981 TO 2010
CLIMATE RECORD PERIOD 1911 TO 2015


WEATHER ITEM   OBSERVED TIME   RECORD YEAR NORMAL DEPARTURE LAST
                VALUE   (LST)  VALUE       VALUE  FROM      YEAR
                                                  NORMAL
..................................................................
TEMPERATURE (F)
 YESTERDAY
  MAXIMUM         66   1213 PM 102    1924  77    -11       84
  MINIMUM         52    506 AM  36    1954  49      3       49
                                      1920
                                      1918
  AVERAGE         59                        63     -4       67

PRECIPITATION (IN)
  YESTERDAY        0.25          0.60 1925   0.04   0.21     0.00
  MONTH TO DATE    0.25                      0.04   0.21     0.00
  SINCE OCT 1     13.93                     16.52  -2.59    11.80
  SINCE JAN 1      7.08                      8.88  -1.80    10.12

SNOWFALL (IN)
  YESTERDAY        0.0                       0.0    0.0      0.0
  MONTH TO DATE    0.0                       0.0    0.0      0.0
  SINCE JUL 1      T                         4.1   -4.1      3.4
  SNOW DEPTH       0

DEGREE DAYS
 HEATING
  YESTERDAY        6                         4      2        0
  MONTH TO DATE    6                         4      2        0
  SINCE JUN 1      6                         4      2        0
  SINCE JUL 1   3242                      4201   -959     4157

 COOLING
  YESTERDAY        0                         2     -2        2
  MONTH TO DATE    0                         2     -2        2
  SINCE JUN 1      0                         2     -2        2
  SINCE JAN 1     45                        40      5       58
..................................................................


WIND (MPH)
  HIGHEST WIND SPEED    17   HIGHEST WIND DIRECTION    NW (330)
  HIGHEST GUST SPEED    22   HIGHEST GUST DIRECTION    NW (320)
  AVERAGE WIND SPEED     3.3


SKY COVER
  POSSIBLE SUNSHINE  MM
  AVERAGE SKY COVER 0.8


WEATHER CONDITIONS
 THE FOLLOWING WEATHER WAS RECORDED YESTERDAY.
  RAIN
  LIGHT RAIN
  FOG


RELATIVE HUMIDITY (PERCENT)
 HIGHEST    90           400 PM
 LOWEST     55          1200 AM
 AVERAGE    73

..........................................................


THE MEDFORD OR CLIMATE NORMALS FOR TODAY
                         NORMAL    RECORD    YEAR
 MAXIMUM TEMPERATURE (F)   78       102      1924
 MINIMUM TEMPERATURE (F)   50        35      1976


SUNRISE AND SUNSET
JUNE  2 2015..........SUNRISE   537 AM PDT   SUNSET   842 PM PDT
JUNE  3 2015..........SUNRISE   536 AM PDT   SUNSET   843 PM PDT


-  INDICATES NEGATIVE NUMBERS.
R  INDICATES RECORD WAS SET OR TIED.
MM INDICATES DATA IS MISSING.
T  INDICATES TRACE AMOUNT.

&&

LOW TEMPERATURE THIS MORNING....57
24-HOUR PRECIPITATION.........0.20

$$
