000
CDUS46 KMFR 270851
CLIMFR


CLIMATE REPORT
NATIONAL WEATHER SERVICE MEDFORD, OR
1250 AM PST THU NOV 27 2014


...................................

...THE MEDFORD OR CLIMATE SUMMARY FOR NOVEMBER 26 2014...

CLIMATE NORMAL PERIOD 1981 TO 2010
CLIMATE RECORD PERIOD 1911 TO 2014


WEATHER ITEM   OBSERVED TIME   RECORD YEAR NORMAL DEPARTURE LAST
                VALUE   (LST)  VALUE       VALUE  FROM      YEAR
                                                  NORMAL
..................................................................
TEMPERATURE (F)
 YESTERDAY
  MAXIMUM         51    328 PM  63    1938  49      2       50
                                      1936
  MINIMUM         43   1201 AM  18    1952  35      8       27
  AVERAGE         47                        42      5       39

PRECIPITATION (IN)
  YESTERDAY        0.00          1.10 1962   0.11  -0.11     0.00
  MONTH TO DATE    1.20                      2.54  -1.34     1.12
  SINCE SEP 1      5.83                      4.24   1.59     4.08
  SINCE JAN 1     17.22                     14.38   2.84     8.63

SNOWFALL (IN)
  YESTERDAY        0.0                       0.0    0.0      0.0
  MONTH TO DATE    0.0                       0.1   -0.1      0.0
  SINCE JUL 1      0.0                       0.1   -0.1      0.0
  SNOW DEPTH       0

DEGREE DAYS
 HEATING
  YESTERDAY       18                        23     -5       26
  MONTH TO DATE  433                       514    -81      515
  SINCE SEP 1    602                       864   -262      957
  SINCE JUL 1    602                       874   -272      957

 COOLING
  YESTERDAY        0                         0      0        0
  MONTH TO DATE    0                         0      0        0
  SINCE SEP 1    224                       122    102      142
  SINCE JAN 1   1238                       829    409     1057
..................................................................


WIND (MPH)
  HIGHEST WIND SPEED     8   HIGHEST WIND DIRECTION     N (10)
  HIGHEST GUST SPEED     9   HIGHEST GUST DIRECTION     N (10)
  AVERAGE WIND SPEED     1.4


SKY COVER
  POSSIBLE SUNSHINE  MM
  AVERAGE SKY COVER 0.9


WEATHER CONDITIONS
 THE FOLLOWING WEATHER WAS RECORDED YESTERDAY.
  FOG
  HAZE


RELATIVE HUMIDITY (PERCENT)
 HIGHEST   100          1200 AM
 LOWEST     80           300 PM
 AVERAGE    90

..........................................................


THE MEDFORD OR CLIMATE NORMALS FOR TODAY
                         NORMAL    RECORD    YEAR
 MAXIMUM TEMPERATURE (F)   49        64      1949
                                             1936
 MINIMUM TEMPERATURE (F)   35        13      1919


SUNRISE AND SUNSET
NOVEMBER 27 2014......SUNRISE   717 AM PST   SUNSET   441 PM PST
NOVEMBER 28 2014......SUNRISE   718 AM PST   SUNSET   441 PM PST


-  INDICATES NEGATIVE NUMBERS.
R  INDICATES RECORD WAS SET OR TIED.
MM INDICATES DATA IS MISSING.
T  INDICATES TRACE AMOUNT.




$$
