000
CDUS46 KMFR 291254
CLIMFR

CLIMATE REPORT
NATIONAL WEATHER SERVICE MEDFORD, OR
650 AM PDT FRI AUG 29 2014


...................................

...THE MEDFORD OR CLIMATE SUMMARY FOR AUGUST 28 2014...

CLIMATE NORMAL PERIOD 1981 TO 2010
CLIMATE RECORD PERIOD 1911 TO 2014


WEATHER ITEM   OBSERVED TIME   RECORD YEAR NORMAL DEPARTURE LAST
                VALUE   (LST)  VALUE       VALUE  FROM      YEAR
                                                  NORMAL
..................................................................
TEMPERATURE (F)
 YESTERDAY
  MAXIMUM         96    458 PM 104    1967  88      8       90
  MINIMUM         64    557 AM  41    1937  55      9       56
  AVERAGE         80                        72      8       73

PRECIPITATION (IN)
  YESTERDAY        0.00          0.30 1935   0.01  -0.01     0.00
  MONTH TO DATE    0.63                      0.35   0.28     0.42
  SINCE SEP 1     15.83                     18.30  -2.47    17.30
  SINCE JAN 1     11.39                     10.09   1.30     4.55

SNOWFALL (IN)
  YESTERDAY        0.0                       0.0    0.0      0.0
  MONTH TO DATE    0.0                       0.0    0.0      0.0
  SINCE JUL 1      0.0                       0.0    0.0      0.0
  SNOW DEPTH       0

DEGREE DAYS
 HEATING
  YESTERDAY        0                         0      0        0
  MONTH TO DATE    0                         0      0        0
  SINCE JUN 1     22                        60    -38       35
  SINCE JUL 1      0                         6     -6        0

 COOLING
  YESTERDAY       15                         7      8        8
  MONTH TO DATE  352                       257     95      262
  SINCE JUN 1    934                       651    283      845
  SINCE JAN 1    990                       689    301      880
..................................................................


WIND (MPH)
  HIGHEST WIND SPEED    16   HIGHEST WIND DIRECTION    NW (300)
  HIGHEST GUST SPEED    24   HIGHEST GUST DIRECTION    NW (300)
  AVERAGE WIND SPEED     3.7


SKY COVER
  POSSIBLE SUNSHINE  MM
  AVERAGE SKY COVER 0.0


WEATHER CONDITIONS
 THE FOLLOWING WEATHER WAS RECORDED YESTERDAY.

  HAZE


RELATIVE HUMIDITY (PERCENT)
 HIGHEST    63           600 AM
 LOWEST     13           500 PM
 AVERAGE    38

..........................................................


THE MEDFORD OR CLIMATE NORMALS FOR TODAY
                         NORMAL    RECORD    YEAR
 MAXIMUM TEMPERATURE (F)   88       103      2007
 MINIMUM TEMPERATURE (F)   55        40      1912


SUNRISE AND SUNSET
AUGUST 29 2014........SUNRISE   634 AM PDT   SUNSET   750 PM PDT
AUGUST 30 2014........SUNRISE   635 AM PDT   SUNSET   749 PM PDT


-  INDICATES NEGATIVE NUMBERS.
R  INDICATES RECORD WAS SET OR TIED.
MM INDICATES DATA IS MISSING.
T  INDICATES TRACE AMOUNT.

&&

LOW TEMPERATURE SINCE MIDNIGHT...64
24-HOUR PRECIPITATION............0

$$
