000
CDUS46 KMFR 190855
CLIMFR


CLIMATE REPORT
NATIONAL WEATHER SERVICE MEDFORD, OR
1255 AM PST SUN NOV 19 2017


...................................

...THE MEDFORD OR CLIMATE SUMMARY FOR NOVEMBER 18 2017...

CLIMATE NORMAL PERIOD 1981 TO 2010
CLIMATE RECORD PERIOD 1911 TO 2017


WEATHER ITEM   OBSERVED TIME   RECORD YEAR NORMAL DEPARTURE LAST
                VALUE   (LST)  VALUE       VALUE  FROM      YEAR
                                                  NORMAL
..................................................................
TEMPERATURE (F)
 YESTERDAY
  MAXIMUM         43    308 PM  68    2007  51     -8       59
  MINIMUM         26    443 AM  19    1975  36    -10       35
  AVERAGE         35                        44     -9       47

PRECIPITATION (IN)
  YESTERDAY        0.00          2.59 1946   0.11  -0.11      T
  MONTH TO DATE    1.66                      1.65   0.01     0.81
  SINCE OCT 1      2.55                      2.78  -0.23     6.30
  SINCE JAN 1     16.07                     13.49   2.58    16.32

SNOWFALL (IN)
  YESTERDAY        0.0                       0.0    0.0      0.0
  MONTH TO DATE    0.0                       0.1   -0.1      0.0
  SINCE JUL 1      0.0                       0.1   -0.1      0.0
  SNOW DEPTH       0

DEGREE DAYS
 HEATING
  YESTERDAY       30                        21      9       18
  MONTH TO DATE  346                       334     12      225
  SINCE SEP 1    717                       684     33      551
  SINCE JUL 1    717                       694     23      553

 COOLING
  YESTERDAY        0                         0      0        0
  MONTH TO DATE    0                         0      0        0
  SINCE SEP 1    156                       122     34      113
  SINCE JAN 1   1281                       829    452     1058
..................................................................


WIND (MPH)
  HIGHEST WIND SPEED     5   HIGHEST WIND DIRECTION     N (340)
  HIGHEST GUST SPEED     6   HIGHEST GUST DIRECTION     N (360)
  AVERAGE WIND SPEED     0.4


SKY COVER
  POSSIBLE SUNSHINE  MM
  AVERAGE SKY COVER 0.4


WEATHER CONDITIONS
 THE FOLLOWING WEATHER WAS RECORDED YESTERDAY.
  FOG
  FOG W/VISIBILITY <= 1/4 MILE


RELATIVE HUMIDITY (PERCENT)
 HIGHEST   100           100 AM
 LOWEST     70           300 PM
 AVERAGE    85

..........................................................


THE MEDFORD OR CLIMATE NORMALS FOR TODAY
                         NORMAL    RECORD    YEAR
 MAXIMUM TEMPERATURE (F)   51        67      2001
                                             1936
 MINIMUM TEMPERATURE (F)   36        17      1964


SUNRISE AND SUNSET
NOVEMBER 19 2017......SUNRISE   708 AM PST   SUNSET   446 PM PST
NOVEMBER 20 2017......SUNRISE   709 AM PST   SUNSET   445 PM PST


-  INDICATES NEGATIVE NUMBERS.
R  INDICATES RECORD WAS SET OR TIED.
MM INDICATES DATA IS MISSING.
T  INDICATES TRACE AMOUNT.




$$
