000
CDUS46 KMFR 170845
CLIMFR


CLIMATE REPORT
NATIONAL WEATHER SERVICE MEDFORD, OR
145 AM PDT THU AUG 17 2017


...................................

...THE MEDFORD OR CLIMATE SUMMARY FOR AUGUST 16 2017...

CLIMATE NORMAL PERIOD 1981 TO 2010
CLIMATE RECORD PERIOD 1911 TO 2017


WEATHER ITEM   OBSERVED TIME   RECORD YEAR NORMAL DEPARTURE LAST
                VALUE   (LST)  VALUE       VALUE  FROM      YEAR
                                                  NORMAL
..................................................................
TEMPERATURE (F)
 YESTERDAY
  MAXIMUM         95    429 PM 107    1977  91      4       99
  MINIMUM         56    607 AM  43    1935  57     -1       62
                                      1912
  AVERAGE         76                        74      2       81

PRECIPITATION (IN)
  YESTERDAY        0.00          0.24 1976   0.01  -0.01     0.00
  MONTH TO DATE    0.14                      0.18  -0.04     0.00
  SINCE OCT 1     24.91                     17.56   7.35    19.77
  SINCE JAN 1     13.22                      9.92   3.30    10.01

SNOWFALL (IN)
  YESTERDAY        0.0                       0.0    0.0      0.0
  MONTH TO DATE    0.0                       0.0    0.0      0.0
  SINCE JUL 1      0.0                       0.0    0.0      0.0
  SNOW DEPTH       0

DEGREE DAYS
 HEATING
  YESTERDAY        0                         0      0        0
  MONTH TO DATE    0                         0      0        0
  SINCE JUN 1     45                        60    -15       42
  SINCE JUL 1      0                         6     -6        2

 COOLING
  YESTERDAY       11                         9      2       16
  MONTH TO DATE  263                       162    101      196
  SINCE JUN 1    888                       556    332      690
  SINCE JAN 1    975                       594    381      751
..................................................................


WIND (MPH)
  HIGHEST WIND SPEED    15   HIGHEST WIND DIRECTION    NW (320)
  HIGHEST GUST SPEED    24   HIGHEST GUST DIRECTION    NW (330)
  AVERAGE WIND SPEED     3.7


SKY COVER
  POSSIBLE SUNSHINE  MM
  AVERAGE SKY COVER 0.1


WEATHER CONDITIONS
 THE FOLLOWING WEATHER WAS RECORDED YESTERDAY.
  HAZE


RELATIVE HUMIDITY (PERCENT)
 HIGHEST    66           500 AM
 LOWEST     20           400 PM
 AVERAGE    43

..........................................................


THE MEDFORD OR CLIMATE NORMALS FOR TODAY
                         NORMAL    RECORD    YEAR
 MAXIMUM TEMPERATURE (F)   91       105      1992
 MINIMUM TEMPERATURE (F)   57        42      1914


SUNRISE AND SUNSET
AUGUST 17 2017........SUNRISE   621 AM PDT   SUNSET   809 PM PDT
AUGUST 18 2017........SUNRISE   622 AM PDT   SUNSET   807 PM PDT


-  INDICATES NEGATIVE NUMBERS.
R  INDICATES RECORD WAS SET OR TIED.
MM INDICATES DATA IS MISSING.
T  INDICATES TRACE AMOUNT.




$$
