000
CDUS46 KMFR 041816
CLIMFR

CLIMATE REPORT
NATIONAL WEATHER SERVICE MEDFORD, OR
1015 AM PST WED MAR 4 2015


...................................

...THE MEDFORD OR CLIMATE SUMMARY FOR MARCH 3 2015...

CLIMATE NORMAL PERIOD 1981 TO 2010
CLIMATE RECORD PERIOD 1911 TO 2015


WEATHER ITEM   OBSERVED TIME   RECORD YEAR NORMAL DEPARTURE LAST
                VALUE   (LST)  VALUE       VALUE  FROM      YEAR
                                                  NORMAL
..................................................................
TEMPERATURE (F)
 YESTERDAY
  MAXIMUM         60    429 PM  74    1986  58      2       59
  MINIMUM         34    736 AM  18    1923  36     -2       48
  AVERAGE         47                        47      0       54

PRECIPITATION (IN)
  YESTERDAY        0.00          0.71 1991   0.07  -0.07     0.43
  MONTH TO DATE    0.00                      0.21  -0.21     0.48
  SINCE OCT 1     11.30                     12.29  -0.99     7.49
  SINCE JAN 1      4.45                      4.65  -0.20     5.81

SNOWFALL (IN)
  YESTERDAY        0.0                       0.0    0.0      0.0
  MONTH TO DATE    0.0                       0.1   -0.1      0.0
  SINCE JUL 1      T                         3.7   -3.7      3.4
  SNOW DEPTH       0

DEGREE DAYS
 HEATING
  YESTERDAY       18                        18      0       11
  MONTH TO DATE   57                        56      1       33
  SINCE MAR 1     57                        56      1       33
  SINCE JUL 1   2497                      3170   -673     3403

 COOLING
  YESTERDAY        0                         0      0        0
  MONTH TO DATE    0                         0      0        0
  SINCE MAR 1      0                         0      0        0
  SINCE JAN 1      0                         0      0        0
..................................................................


WIND (MPH)
  HIGHEST WIND SPEED     9   HIGHEST WIND DIRECTION    NW (330)
  HIGHEST GUST SPEED    14   HIGHEST GUST DIRECTION     W (280)
  AVERAGE WIND SPEED     2.6


SKY COVER
  POSSIBLE SUNSHINE  MM
  AVERAGE SKY COVER 0.2


WEATHER CONDITIONS
 THE FOLLOWING WEATHER WAS RECORDED YESTERDAY.
  NO SIGNIFICANT WEATHER WAS OBSERVED.


RELATIVE HUMIDITY (PERCENT)
 HIGHEST    92           800 AM
 LOWEST     26           500 PM
 AVERAGE    59

..........................................................


THE MEDFORD OR CLIMATE NORMALS FOR TODAY
                         NORMAL    RECORD    YEAR
 MAXIMUM TEMPERATURE (F)   58        76      1929
 MINIMUM TEMPERATURE (F)   36        20      1923


SUNRISE AND SUNSET
MARCH  4 2015.........SUNRISE   642 AM PST   SUNSET   605 PM PST
MARCH  5 2015.........SUNRISE   641 AM PST   SUNSET   606 PM PST


-  INDICATES NEGATIVE NUMBERS.
R  INDICATES RECORD WAS SET OR TIED.
MM INDICATES DATA IS MISSING.
T  INDICATES TRACE AMOUNT.


&&

LOW TEMPERATURE THIS MORNING....30
24-HOUR PRECIPITATION.........NONE

$$
