000
CDUS46 KMFR 281205
CLIMFR

CLIMATE REPORT
NATIONAL WEATHER SERVICE MEDFORD, OR
504 AM PDT WED JUN 28 2017


...................................

...THE MEDFORD OR CLIMATE SUMMARY FOR JUNE 27 2017...

CLIMATE NORMAL PERIOD 1981 TO 2010
CLIMATE RECORD PERIOD 1911 TO 2017


WEATHER ITEM   OBSERVED TIME   RECORD YEAR NORMAL DEPARTURE LAST
                VALUE   (LST)  VALUE       VALUE  FROM      YEAR
                                                  NORMAL
..................................................................
TEMPERATURE (F)
 YESTERDAY
  MAXIMUM         89    522 PM 104    2015  85      4       95
  MINIMUM         59    512 AM  34    1965  54      5       62
  AVERAGE         74                        70      4       79

PRECIPITATION (IN)
  YESTERDAY        0.00          1.12 1913   0.02  -0.02     0.00
  MONTH TO DATE    0.50                      0.59  -0.09     0.57
  SINCE OCT 1     24.77                     17.07   7.70    19.32
  SINCE JAN 1     13.08                      9.43   3.65     9.56

SNOWFALL (IN)
  YESTERDAY        0.0                       0.0    0.0      0.0
  MONTH TO DATE    0.0                       0.0    0.0      0.0
  SINCE JUL 1     11.8                       4.1    7.7      1.9
  SNOW DEPTH       0

DEGREE DAYS
 HEATING
  YESTERDAY        0                         1     -1        0
  MONTH TO DATE   45                        52     -7       40
  SINCE JUN 1     45                        52     -7       40
  SINCE JUL 1   4063                      4249   -186     3460

 COOLING
  YESTERDAY        9                         6      3       14
  MONTH TO DATE  181                        89     92      166
  SINCE JUN 1    181                        89     92      166
  SINCE JAN 1    268                       127    141      227
..................................................................


WIND (MPH)
  HIGHEST WIND SPEED    17   HIGHEST WIND DIRECTION     N (360)
  HIGHEST GUST SPEED    22   HIGHEST GUST DIRECTION    NW (320)
  AVERAGE WIND SPEED     5.9


SKY COVER
  POSSIBLE SUNSHINE  MM
  AVERAGE SKY COVER 0.1


WEATHER CONDITIONS
 THE FOLLOWING WEATHER WAS RECORDED YESTERDAY.
  NO SIGNIFICANT WEATHER WAS OBSERVED.


RELATIVE HUMIDITY (PERCENT)
 HIGHEST    78           200 AM
 LOWEST     16           400 PM
 AVERAGE    47

..........................................................


THE MEDFORD OR CLIMATE NORMALS FOR TODAY
                         NORMAL    RECORD    YEAR
 MAXIMUM TEMPERATURE (F)   86       103      2008
                                             2003
 MINIMUM TEMPERATURE (F)   55        40      1964


SUNRISE AND SUNSET
JUNE 28 2017..........SUNRISE   537 AM PDT   SUNSET   852 PM PDT
JUNE 29 2017..........SUNRISE   538 AM PDT   SUNSET   852 PM PDT


-  INDICATES NEGATIVE NUMBERS.
R  INDICATES RECORD WAS SET OR TIED.
MM INDICATES DATA IS MISSING.
T  INDICATES TRACE AMOUNT.




$$

&&

LOW TEMPERATURE THIS MORNING..............56
24 HOUR PRECIPITATION.....................0.0

$$
