000
CDUS46 KMFR 291813
CLIMFR

CLIMATE REPORT
NATIONAL WEATHER SERVICE MEDFORD, OR
1113 AM PDT FRI APR 29 2016


...................................

...THE MEDFORD OR CLIMATE SUMMARY FOR APRIL 28 2016...

CLIMATE NORMAL PERIOD 1981 TO 2010
CLIMATE RECORD PERIOD 1911 TO 2016


WEATHER ITEM   OBSERVED TIME   RECORD YEAR NORMAL DEPARTURE LAST
                VALUE   (LST)  VALUE       VALUE  FROM      YEAR
                                                  NORMAL
..................................................................
TEMPERATURE (F)
 YESTERDAY
  MAXIMUM         69    435 PM  96    1926  68      1       78
  MINIMUM         47    549 AM  26    1967  43      4       50
  AVERAGE         58                        55      3       64

PRECIPITATION (IN)
  YESTERDAY        0.00          0.59 1948   0.05  -0.05     0.00
  MONTH TO DATE    0.90                      1.30  -0.40     0.60
  SINCE OCT 1     18.36                     15.09   3.27    13.35
  SINCE JAN 1      8.60                      7.45   1.15     6.50

SNOWFALL (IN)
  YESTERDAY        0.0                       0.0    0.0      0.0
  MONTH TO DATE    0.0                       0.1   -0.1      0.0
  SINCE JUL 1      1.9                       4.2   -2.3       T
  SNOW DEPTH       0

DEGREE DAYS
 HEATING
  YESTERDAY        7                        10     -3        1
  MONTH TO DATE  193                       347   -154      323
  SINCE MAR 1    638                       865   -227      678
  SINCE JUL 1   3312                      3979   -667     3118

 COOLING
  YESTERDAY        0                         0      0        0
  MONTH TO DATE   17                         0     17        0
  SINCE MAR 1     17                         0     17        0
  SINCE JAN 1     17                         0     17        0
..................................................................


WIND (MPH)
  HIGHEST WIND SPEED    16   HIGHEST WIND DIRECTION     N (350)
  HIGHEST GUST SPEED    20   HIGHEST GUST DIRECTION     N (10)
  AVERAGE WIND SPEED     5.2


SKY COVER
  POSSIBLE SUNSHINE  MM
  AVERAGE SKY COVER 0.4


WEATHER CONDITIONS
 THE FOLLOWING WEATHER WAS RECORDED YESTERDAY.
  NO SIGNIFICANT WEATHER WAS OBSERVED.


RELATIVE HUMIDITY (PERCENT)
 HIGHEST    93           400 AM
 LOWEST     32           400 PM
 AVERAGE    63

..........................................................


THE MEDFORD OR CLIMATE NORMALS FOR TODAY
                         NORMAL    RECORD    YEAR
 MAXIMUM TEMPERATURE (F)   69        90      1957
 MINIMUM TEMPERATURE (F)   43        28      1914
                                             1911


SUNRISE AND SUNSET
APRIL 29 2016.........SUNRISE   609 AM PDT   SUNSET   810 PM PDT
APRIL 30 2016.........SUNRISE   607 AM PDT   SUNSET   811 PM PDT


-  INDICATES NEGATIVE NUMBERS.
R  INDICATES RECORD WAS SET OR TIED.
MM INDICATES DATA IS MISSING.
T  INDICATES TRACE AMOUNT.

&&

LOW TEMPERATURE THIS MORNING...45 DEGREES
24-HOUR PRECIPITATION..........NONE

$$
