000
CDUS46 KMFR 060101
CLIMFR


CLIMATE REPORT
NATIONAL WEATHER SERVICE MEDFORD, OR
548 PM PDT SUN JUL 5 2015


...................................

...THE MEDFORD OR CLIMATE SUMMARY FOR JULY 5 2015...
VALID TODAY AS OF 0500 PM LOCAL TIME.

CLIMATE NORMAL PERIOD 1981 TO 2010
CLIMATE RECORD PERIOD 1911 TO 2015


WEATHER ITEM   OBSERVED TIME   RECORD YEAR NORMAL DEPARTURE LAST
                VALUE   (LST)  VALUE       VALUE  FROM      YEAR
                                                  NORMAL
..................................................................
TEMPERATURE (F)
 TODAY
  MAXIMUM        100    357 PM 102    1926  88     12       98
                                      1911
  MINIMUM         73    613 AM  42    1986  56     17       58
                                      1977
                                      1971
  AVERAGE         87                        72     15       78

PRECIPITATION (IN)
  TODAY            0.00          0.29 1992   0.01  -0.01     0.00
  MONTH TO DATE    0.00                      0.05  -0.05     0.00
  SINCE OCT 1     13.99                     17.15  -3.16    12.34
  SINCE JAN 1      7.14                      9.51  -2.37    10.66

SNOWFALL (IN)
  TODAY            0.0                       0.0    0.0      0.0
  MONTH TO DATE    0.0                       0.0    0.0      0.0
  SINCE JUL 1      0.0                       0.0    0.0      0.0
  SNOW DEPTH       0

DEGREE DAYS
 HEATING
  TODAY            0                         0      0        0
  MONTH TO DATE    0                         1     -1        0
  SINCE JUN 1     10                        55    -45       22
  SINCE JUL 1      0                         1     -1        0

 COOLING
  TODAY           22                         7     15       13
  MONTH TO DATE  113                        34     79       70
  SINCE JUN 1    424                       142    282      181
  SINCE JAN 1    469                       180    289      237
..................................................................


WIND (MPH)
  HIGHEST WIND SPEED    14   HIGHEST WIND DIRECTION     W (280)
  HIGHEST GUST SPEED    20   HIGHEST GUST DIRECTION    NE (30)
  AVERAGE WIND SPEED     4.3


SKY COVER
  POSSIBLE SUNSHINE  MM
  AVERAGE SKY COVER 0.0


WEATHER CONDITIONS
 THE FOLLOWING WEATHER WAS RECORDED TODAY.
  NO SIGNIFICANT WEATHER WAS OBSERVED.


RELATIVE HUMIDITY (PERCENT)
 HIGHEST    49           500 AM
 LOWEST     19           400 PM
 AVERAGE    34

..........................................................


THE MEDFORD OR CLIMATE NORMALS FOR TOMORROW
                         NORMAL    RECORD    YEAR
 MAXIMUM TEMPERATURE (F)   88       104      1922
 MINIMUM TEMPERATURE (F)   56        42      1993
                                             1988
                                             1961


SUNRISE AND SUNSET
JULY  5 2015..........SUNRISE   541 AM PDT   SUNSET   851 PM PDT
JULY  6 2015..........SUNRISE   541 AM PDT   SUNSET   851 PM PDT


-  INDICATES NEGATIVE NUMBERS.
R  INDICATES RECORD WAS SET OR TIED.
MM INDICATES DATA IS MISSING.
T  INDICATES TRACE AMOUNT.




$$
