000
CDUS44 KBMX 240834
CLIMGM


CLIMATE REPORT
NATIONAL WEATHER SERVICE BIRMINGHAM, AL
333 AM CDT MON APR 24 2017


...................................

...THE MONTGOMERY CLIMATE SUMMARY FOR APRIL 23 2017...

CLIMATE NORMAL PERIOD 1981 TO 2010
CLIMATE RECORD PERIOD 1872 TO 2017


WEATHER ITEM   OBSERVED TIME   RECORD YEAR NORMAL DEPARTURE LAST
                VALUE   (LST)  VALUE       VALUE  FROM      YEAR
                                                  NORMAL
..................................................................
TEMPERATURE (F)
 YESTERDAY
  MAXIMUM         70    215 PM  90    1896  78     -8       82
  MINIMUM         56   1159 PM  36    1993  54      2       56
  AVERAGE         63                        66     -3       69

PRECIPITATION (IN)
  YESTERDAY        0.05          1.56 1909   0.11  -0.06     0.00
  MONTH TO DATE    1.50                      3.25  -1.75     5.31
  SINCE MAR 1      5.22                      9.20  -3.98     9.53
  SINCE JAN 1     19.92                     19.13   0.79    20.19

SNOWFALL (IN)
  YESTERDAY        0.0                       0.0    0.0      0.0
  MONTH TO DATE    0.0                       0.0    0.0      0.0
  SINCE MAR 1      0.0                       0.3   -0.3      0.0
  SINCE JUL 1      0.0                       0.4   -0.4       T
  SNOW DEPTH       0

DEGREE DAYS
 HEATING
  YESTERDAY        2                         2      0        0
  MONTH TO DATE   25                        87    -62       37
  SINCE MAR 1    194                       342   -148      159
  SINCE JUL 1   1191                      2214  -1023     1484

 COOLING
  YESTERDAY        0                         3     -3        4
  MONTH TO DATE  124                        47     77       36
  SINCE MAR 1    205                        70    135      109
  SINCE JAN 1    251                        76    175      122
..................................................................


WIND (MPH)
  HIGHEST WIND SPEED    21   HIGHEST WIND DIRECTION     W (290)
  HIGHEST GUST SPEED    25   HIGHEST GUST DIRECTION     W (290)
  AVERAGE WIND SPEED    10.0


SKY COVER
  AVERAGE SKY COVER 0.8


WEATHER CONDITIONS
 THE FOLLOWING WEATHER WAS RECORDED YESTERDAY.
  LIGHT RAIN
  HAZE


RELATIVE HUMIDITY (PERCENT)
 HIGHEST    87           400 AM
 LOWEST     52           400 PM
 AVERAGE    70

..........................................................


THE MONTGOMERY CLIMATE NORMALS FOR TODAY
                         NORMAL    RECORD    YEAR
 MAXIMUM TEMPERATURE (F)   79        91      1925
 MINIMUM TEMPERATURE (F)   54        36      1986


SUNRISE AND SUNSET
APRIL 24 2017.........SUNRISE   606 AM CDT   SUNSET   722 PM CDT
APRIL 25 2017.........SUNRISE   605 AM CDT   SUNSET   722 PM CDT


-  INDICATES NEGATIVE NUMBERS.
R  INDICATES RECORD WAS SET OR TIED.
MM INDICATES DATA IS MISSING.
T  INDICATES TRACE AMOUNT.




$$
