000
CDUS44 KBMX 040726
CLIMGM


CLIMATE REPORT
NATIONAL WEATHER SERVICE BIRMINGHAM, AL
225 AM CDT TUE AUG 4 2015


...................................

...THE MONTGOMERY CLIMATE SUMMARY FOR AUGUST 3 2015...

CLIMATE NORMAL PERIOD 1981 TO 2010
CLIMATE RECORD PERIOD 1994 TO 2015


WEATHER ITEM   OBSERVED TIME   RECORD YEAR NORMAL DEPARTURE LAST
                VALUE   (LST)  VALUE       VALUE  FROM      YEAR
                                                  NORMAL
..................................................................
TEMPERATURE (F)
 YESTERDAY
  MAXIMUM         99    249 PM 102    1897  92      7       92
  MINIMUM         69    453 AM  65    1998  72     -3       72
                                      1965
                                      1875
  AVERAGE         84                        82      2       82

PRECIPITATION (IN)
  YESTERDAY        0.00          1.69 2012   0.14  -0.14     0.00
  MONTH TO DATE    0.00                      0.42  -0.42     0.00
  SINCE JUN 1      8.96                      9.73  -0.77     7.45
  SINCE JAN 1     29.46                     33.17  -3.71    36.34

DEGREE DAYS
 COOLING
  YESTERDAY       19                        17      2       17
  MONTH TO DATE   59                        51      8       50
  SINCE JUN 1   1174                       991    183     1030
  SINCE JAN 1   1712                      1330    382     1396
..................................................................


WIND (MPH)
  HIGHEST WIND SPEED    13   HIGHEST WIND DIRECTION     N (340)
  HIGHEST GUST SPEED    15   HIGHEST GUST DIRECTION     N (360)
  AVERAGE WIND SPEED     2.5


SKY COVER
  AVERAGE SKY COVER 0.0


WEATHER CONDITIONS
 THE FOLLOWING WEATHER WAS RECORDED YESTERDAY.
  FOG


RELATIVE HUMIDITY (PERCENT)
 HIGHEST    90           400 AM
 LOWEST     26           300 PM
 AVERAGE    58

..........................................................


THE MONTGOMERY CLIMATE NORMALS FOR TODAY
                         NORMAL    RECORD    YEAR
 MAXIMUM TEMPERATURE (F)   92       101      2006
 MINIMUM TEMPERATURE (F)   72        64      1998


SUNRISE AND SUNSET
AUGUST  4 2015........SUNRISE   602 AM CDT   SUNSET   741 PM CDT
AUGUST  5 2015........SUNRISE   603 AM CDT   SUNSET   740 PM CDT


-  INDICATES NEGATIVE NUMBERS.
R  INDICATES RECORD WAS SET OR TIED.
MM INDICATES DATA IS MISSING.
T  INDICATES TRACE AMOUNT.




$$
