000
CDUS44 KBMX 170846
CLIMGM


CLIMATE REPORT
NATIONAL WEATHER SERVICE BIRMINGHAM, AL
245 AM CST FRI NOV 17 2017


...................................

...THE MONTGOMERY CLIMATE SUMMARY FOR NOVEMBER 16 2017...

CLIMATE NORMAL PERIOD 1981 TO 2010
CLIMATE RECORD PERIOD 1872 TO 2017


WEATHER ITEM   OBSERVED TIME   RECORD YEAR NORMAL DEPARTURE LAST
                VALUE   (LST)  VALUE       VALUE  FROM      YEAR
                                                  NORMAL
..................................................................
TEMPERATURE (F)
 YESTERDAY
  MAXIMUM         71    305 PM  85    1957  69      2       77
  MINIMUM         43    602 AM  22    1940  44     -1       46
  AVERAGE         57                        56      1       62

PRECIPITATION (IN)
  YESTERDAY        0.00          2.08 1987   0.16  -0.16     0.00
  MONTH TO DATE    0.51                      2.25  -1.74      T
  SINCE SEP 1      8.40                      9.14  -0.74     2.36
  SINCE JAN 1     67.00                     45.85  21.15    35.40

SNOWFALL (IN)
  YESTERDAY        0.0                       0.0    0.0      0.0
  MONTH TO DATE    0.0                       0.0    0.0      0.0
  SINCE SEP 1      0.0                       0.0    0.0      0.0
  SINCE JUL 1      0.0                       0.0    0.0      0.0
  SNOW DEPTH       0

DEGREE DAYS
 HEATING
  YESTERDAY        8                         9     -1        3
  MONTH TO DATE   94                       120    -26       55
  SINCE SEP 1    164                       211    -47       67
  SINCE JUL 1    164                       211    -47       67
..................................................................


WIND (MPH)
  HIGHEST WIND SPEED    10   HIGHEST WIND DIRECTION    NW (330)
  HIGHEST GUST SPEED    13   HIGHEST GUST DIRECTION    NW (310)
  AVERAGE WIND SPEED     2.6


SKY COVER
  AVERAGE SKY COVER 0.1


WEATHER CONDITIONS
 THE FOLLOWING WEATHER WAS RECORDED YESTERDAY.
  FOG
  FOG W/VISIBILITY <= 1/4 MILE


RELATIVE HUMIDITY (PERCENT)
 HIGHEST    96           600 AM
 LOWEST     44           200 PM
 AVERAGE    70

..........................................................


THE MONTGOMERY CLIMATE NORMALS FOR TODAY
                         NORMAL    RECORD    YEAR
 MAXIMUM TEMPERATURE (F)   69        85      1958
 MINIMUM TEMPERATURE (F)   43        24      1872


SUNRISE AND SUNSET
NOVEMBER 17 2017......SUNRISE   617 AM CST   SUNSET   444 PM CST
NOVEMBER 18 2017......SUNRISE   618 AM CST   SUNSET   444 PM CST


-  INDICATES NEGATIVE NUMBERS.
R  INDICATES RECORD WAS SET OR TIED.
MM INDICATES DATA IS MISSING.
T  INDICATES TRACE AMOUNT.




$$
