000
CDUS44 KBMX 250950
CLIMGM


CLIMATE REPORT
NATIONAL WEATHER SERVICE BIRMINGHAM, AL
449 AM CDT FRI JUL 25 2014


...................................

...THE MONTGOMERY CLIMATE SUMMARY FOR JULY 24 2014...

CLIMATE NORMAL PERIOD 1981 TO 2010
CLIMATE RECORD PERIOD 1872 TO 2014


WEATHER ITEM   OBSERVED TIME   RECORD YEAR NORMAL DEPARTURE LAST
                VALUE   (LST)  VALUE       VALUE  FROM      YEAR
                                                  NORMAL
..................................................................
TEMPERATURE (F)
 YESTERDAY
  MAXIMUM         92    253 PM 105    1952  92      0       87
  MINIMUM         73    528 AM  66    1966  72      1       70
                                      1906
                                      1882
  AVERAGE         83                        82      1       79

PRECIPITATION (IN)
  YESTERDAY        0.00          4.75 1910   0.17  -0.17     0.89
  MONTH TO DATE    2.28                      4.21  -1.93     8.26
  SINCE JUN 1      7.45                      8.28  -0.83    12.11
  SINCE JAN 1     36.34                     31.72   4.62    37.82

DEGREE DAYS
 COOLING
  YESTERDAY       18                        17      1       14
  MONTH TO DATE  395                       402     -7      363
  SINCE JUN 1    867                       821     46      854
  SINCE JAN 1   1233                      1160     73     1213
..................................................................


WIND (MPH)
  HIGHEST WIND SPEED    10   HIGHEST WIND DIRECTION    SW (240)
  HIGHEST GUST SPEED    15   HIGHEST GUST DIRECTION     W (290)
  AVERAGE WIND SPEED     4.2


SKY COVER
  AVERAGE SKY COVER 0.2


WEATHER CONDITIONS
 THE FOLLOWING WEATHER WAS RECORDED YESTERDAY.
  FOG
  HAZE


RELATIVE HUMIDITY (PERCENT)
 HIGHEST    93           200 AM
 LOWEST     49           200 PM
 AVERAGE    71

..........................................................


THE MONTGOMERY CLIMATE NORMALS FOR TODAY
                         NORMAL    RECORD    YEAR
 MAXIMUM TEMPERATURE (F)   92       105      1952
 MINIMUM TEMPERATURE (F)   72        64      1882


SUNRISE AND SUNSET
JULY 25 2014..........SUNRISE   556 AM CDT   SUNSET   748 PM CDT
JULY 26 2014..........SUNRISE   556 AM CDT   SUNSET   747 PM CDT


-  INDICATES NEGATIVE NUMBERS.
R  INDICATES RECORD WAS SET OR TIED.
MM INDICATES DATA IS MISSING.
T  INDICATES TRACE AMOUNT.




$$
