000
CDUS44 KBMX 300708
CLIMGM


CLIMATE REPORT
NATIONAL WEATHER SERVICE BIRMINGHAM, AL
207 AM CDT TUE JUN 30 2015


...................................

...THE MONTGOMERY CLIMATE SUMMARY FOR JUNE 29 2015...

CLIMATE NORMAL PERIOD 1981 TO 2010
CLIMATE RECORD PERIOD 1994 TO 2015


WEATHER ITEM   OBSERVED TIME   RECORD YEAR NORMAL DEPARTURE LAST
                VALUE   (LST)  VALUE       VALUE  FROM      YEAR
                                                  NORMAL
..................................................................
TEMPERATURE (F)
 YESTERDAY
  MAXIMUM         90    332 PM 101    1954  91     -1       92
  MINIMUM         66    510 AM  60    1968  70     -4       72
  AVERAGE         78                        81     -3       82

PRECIPITATION (IN)
  YESTERDAY        0.00          1.57 1886   0.17  -0.17     0.24
  MONTH TO DATE    3.93                      3.90   0.03     5.17
  SINCE JUN 1      3.93                      3.90   0.03     5.17
  SINCE JAN 1     24.43                     27.34  -2.91    34.06

DEGREE DAYS
 COOLING
  YESTERDAY       13                        16     -3       17
  MONTH TO DATE  484                       403     81      453
  SINCE JUN 1    484                       403     81      453
  SINCE JAN 1   1022                       742    280      819
..................................................................


WIND (MPH)
  HIGHEST WIND SPEED    12   HIGHEST WIND DIRECTION    SW (240)
  HIGHEST GUST SPEED    16   HIGHEST GUST DIRECTION     S (200)
  AVERAGE WIND SPEED     3.8


SKY COVER
  AVERAGE SKY COVER 0.1


WEATHER CONDITIONS
 THE FOLLOWING WEATHER WAS RECORDED YESTERDAY.
  FOG


RELATIVE HUMIDITY (PERCENT)
 HIGHEST    93           400 AM
 LOWEST     41           200 PM
 AVERAGE    67

..........................................................


THE MONTGOMERY CLIMATE NORMALS FOR TODAY
                         NORMAL    RECORD    YEAR
 MAXIMUM TEMPERATURE (F)   91       102      1954
 MINIMUM TEMPERATURE (F)   71        59      1923


SUNRISE AND SUNSET
JUNE 30 2015..........SUNRISE   542 AM CDT   SUNSET   756 PM CDT
JULY  1 2015..........SUNRISE   542 AM CDT   SUNSET   756 PM CDT


-  INDICATES NEGATIVE NUMBERS.
R  INDICATES RECORD WAS SET OR TIED.
MM INDICATES DATA IS MISSING.
T  INDICATES TRACE AMOUNT.




$$
