000
CDUS44 KBMX 040837
CLIMGM


CLIMATE REPORT
NATIONAL WEATHER SERVICE BIRMINGHAM, AL
236 AM CST SUN DEC 4 2016


...................................

...THE MONTGOMERY CLIMATE SUMMARY FOR DECEMBER 3 2016...

CLIMATE NORMAL PERIOD 1981 TO 2010
CLIMATE RECORD PERIOD 1872 TO 2016


WEATHER ITEM   OBSERVED TIME   RECORD YEAR NORMAL DEPARTURE LAST
                VALUE   (LST)  VALUE       VALUE  FROM      YEAR
                                                  NORMAL
..................................................................
TEMPERATURE (F)
 YESTERDAY
  MAXIMUM         59   1114 AM  82    1983  63     -4       50
  MINIMUM         49    341 AM  20    1960  40      9       37
                                      1929
  AVERAGE         54                        51      3       44

PRECIPITATION (IN)
  YESTERDAY        T             2.97 1953   0.16  -0.16     0.00
  MONTH TO DATE    T                         0.50  -0.50     0.21
  SINCE DEC 1      T                         0.50  -0.50     0.21
  SINCE JAN 1     37.39                     48.71 -11.32    42.76

SNOWFALL (IN)
  YESTERDAY        0.0                       0.0    0.0      0.0
  MONTH TO DATE    0.0                       0.0    0.0      0.0
  SINCE DEC 1      0.0                       0.0    0.0      0.0
  SINCE JUL 1      0.0                       0.0    0.0      0.0
  SNOW DEPTH       0

DEGREE DAYS
 HEATING
  YESTERDAY       11                        14     -3       21
  MONTH TO DATE   41                        42     -1       21
  SINCE DEC 1     41                        42     -1       21
  SINCE JUL 1    216                       413   -197      208
..................................................................


WIND (MPH)
  HIGHEST WIND SPEED    16   HIGHEST WIND DIRECTION    NE (60)
  HIGHEST GUST SPEED    19   HIGHEST GUST DIRECTION     E (70)
  AVERAGE WIND SPEED     6.2


SKY COVER
  AVERAGE SKY COVER 0.7


WEATHER CONDITIONS
 THE FOLLOWING WEATHER WAS RECORDED YESTERDAY.
  LIGHT RAIN


RELATIVE HUMIDITY (PERCENT)
 HIGHEST    66           300 AM
 LOWEST     33          1100 AM
 AVERAGE    50

..........................................................


THE MONTGOMERY CLIMATE NORMALS FOR TODAY
                         NORMAL    RECORD    YEAR
 MAXIMUM TEMPERATURE (F)   63        82      1998
 MINIMUM TEMPERATURE (F)   39        22      1989
                                             1895


SUNRISE AND SUNSET
DECEMBER  4 2016......SUNRISE   632 AM CST   SUNSET   440 PM CST
DECEMBER  5 2016......SUNRISE   633 AM CST   SUNSET   440 PM CST


-  INDICATES NEGATIVE NUMBERS.
R  INDICATES RECORD WAS SET OR TIED.
MM INDICATES DATA IS MISSING.
T  INDICATES TRACE AMOUNT.




$$
