000
CDUS44 KBMX 210834
CLIMGM


CLIMATE REPORT
NATIONAL WEATHER SERVICE BIRMINGHAM, AL
233 AM CST SAT JAN 21 2017


...................................

...THE MONTGOMERY CLIMATE SUMMARY FOR JANUARY 20 2017...

CLIMATE NORMAL PERIOD 1981 TO 2010
CLIMATE RECORD PERIOD 1872 TO 2017


WEATHER ITEM   OBSERVED TIME   RECORD YEAR NORMAL DEPARTURE LAST
                VALUE   (LST)  VALUE       VALUE  FROM      YEAR
                                                  NORMAL
..................................................................
TEMPERATURE (F)
 YESTERDAY
  MAXIMUM         78    344 PM  81    1937  57     21       63
  MINIMUM         61    126 AM   4    1985  36     25       28
  AVERAGE         70                        46     24       46

PRECIPITATION (IN)
  YESTERDAY        0.00          2.28 1979   0.16  -0.16     0.19
  MONTH TO DATE    8.05                      2.81   5.24     1.78
  SINCE DEC 1     12.16                      7.67   4.49    15.91
  SINCE JAN 1      8.05                      2.81   5.24     1.78

SNOWFALL (IN)
  YESTERDAY        0.0                       0.0    0.0     MM
  MONTH TO DATE    0.0                       0.0    0.0      0.0
  SINCE DEC 1      0.0                       0.1   -0.1      0.0
  SINCE JUL 1      0.0                       0.1   -0.1      0.0
  SNOW DEPTH       0

DEGREE DAYS
 HEATING
  YESTERDAY        0                        19    -19       19
  MONTH TO DATE  181                       380   -199      394
  SINCE DEC 1    530                       897   -367      613
  SINCE JUL 1    705                      1268   -563      800
..................................................................


WIND (MPH)
  HIGHEST WIND SPEED    13   HIGHEST WIND DIRECTION     S (200)
  HIGHEST GUST SPEED    18   HIGHEST GUST DIRECTION    SW (220)
  AVERAGE WIND SPEED     5.0


SKY COVER
  AVERAGE SKY COVER 0.6


WEATHER CONDITIONS
 THE FOLLOWING WEATHER WAS RECORDED YESTERDAY.
  FOG
  HAZE


RELATIVE HUMIDITY (PERCENT)
 HIGHEST    90           200 AM
 LOWEST     56           200 PM
 AVERAGE    73

..........................................................


THE MONTGOMERY CLIMATE NORMALS FOR TODAY
                         NORMAL    RECORD    YEAR
 MAXIMUM TEMPERATURE (F)   58        81      1999
 MINIMUM TEMPERATURE (F)   36         0      1985


SUNRISE AND SUNSET
JANUARY 21 2017.......SUNRISE   645 AM CST   SUNSET   509 PM CST
JANUARY 22 2017.......SUNRISE   645 AM CST   SUNSET   510 PM CST


-  INDICATES NEGATIVE NUMBERS.
R  INDICATES RECORD WAS SET OR TIED.
MM INDICATES DATA IS MISSING.
T  INDICATES TRACE AMOUNT.




$$
