194
CDUS44 KBMX 250833
CLIMGM


CLIMATE REPORT
NATIONAL WEATHER SERVICE BIRMINGHAM, AL
332 AM CDT THU AUG 25 2016


...................................

...THE MONTGOMERY CLIMATE SUMMARY FOR AUGUST 24 2016...

CLIMATE NORMAL PERIOD 1981 TO 2010
CLIMATE RECORD PERIOD 1872 TO 2016


WEATHER ITEM   OBSERVED TIME   RECORD YEAR NORMAL DEPARTURE LAST
                VALUE   (LST)  VALUE       VALUE  FROM      YEAR
                                                  NORMAL
..................................................................
TEMPERATURE (F)
 YESTERDAY
  MAXIMUM         97    324 PM 104    1983  92      5       96
  MINIMUM         76    552 AM  58    2009  71      5       73
                                      1891
  AVERAGE         87                        81      6       85

PRECIPITATION (IN)
  YESTERDAY        0.12          1.86 1919   0.13  -0.01      T
  MONTH TO DATE    2.47                      3.08  -0.61     1.48
  SINCE JUN 1     10.81                     12.39  -1.58    10.44
  SINCE JAN 1     33.04                     35.83  -2.79    30.94

DEGREE DAYS
 COOLING
  YESTERDAY       22                        16      6       20
  MONTH TO DATE  485                       402     83      468
  SINCE JUN 1   1626                      1342    284     1583
  SINCE JAN 1   2087                      1681    406     2121
..................................................................


WIND (MPH)
  HIGHEST WIND SPEED    17   HIGHEST WIND DIRECTION     N (10)
  HIGHEST GUST SPEED    22   HIGHEST GUST DIRECTION     N (10)
  AVERAGE WIND SPEED     4.0


SKY COVER
  AVERAGE SKY COVER 0.2


WEATHER CONDITIONS
 THE FOLLOWING WEATHER WAS RECORDED YESTERDAY.
  NO SIGNIFICANT WEATHER WAS OBSERVED.


RELATIVE HUMIDITY (PERCENT)
 HIGHEST    87           500 AM
 LOWEST     45           300 PM
 AVERAGE    66

..........................................................


THE MONTGOMERY CLIMATE NORMALS FOR TODAY
                         NORMAL    RECORD    YEAR
 MAXIMUM TEMPERATURE (F)   92       102      1938
 MINIMUM TEMPERATURE (F)   70        58      1891


SUNRISE AND SUNSET
AUGUST 25 2016........SUNRISE   617 AM CDT   SUNSET   718 PM CDT
AUGUST 26 2016........SUNRISE   617 AM CDT   SUNSET   717 PM CDT


-  INDICATES NEGATIVE NUMBERS.
R  INDICATES RECORD WAS SET OR TIED.
MM INDICATES DATA IS MISSING.
T  INDICATES TRACE AMOUNT.




$$
