000
CDUS44 KBMX 210834
CLIMGM


CLIMATE REPORT
NATIONAL WEATHER SERVICE BIRMINGHAM, AL
233 AM CST TUE FEB 21 2017


...................................

...THE MONTGOMERY CLIMATE SUMMARY FOR FEBRUARY 20 2017...

CLIMATE NORMAL PERIOD 1981 TO 2010
CLIMATE RECORD PERIOD 1872 TO 2017


WEATHER ITEM   OBSERVED TIME   RECORD YEAR NORMAL DEPARTURE LAST
                VALUE   (LST)  VALUE       VALUE  FROM      YEAR
                                                  NORMAL
..................................................................
TEMPERATURE (F)
 YESTERDAY
  MAXIMUM         80R   336 PM  80    2011  63     17       75
  MINIMUM         48    647 AM  20    2015  40      8       54
  AVERAGE         64                        52     12       65

PRECIPITATION (IN)
  YESTERDAY        0.00          1.93 1945   0.19  -0.19     0.00
  MONTH TO DATE    1.88                      3.77  -1.89     2.83
  SINCE DEC 1     17.16                     13.28   3.88    22.21
  SINCE JAN 1     13.05                      8.42   4.63     8.08

SNOWFALL (IN)
  YESTERDAY        0.0                       0.0    0.0      0.0
  MONTH TO DATE    0.0                       0.0    0.0      0.0
  SINCE DEC 1      0.0                       0.1   -0.1       T
  SINCE JUL 1      0.0                       0.1   -0.1       T
  SNOW DEPTH       0

DEGREE DAYS
 HEATING
  YESTERDAY        1                        13    -12        0
  MONTH TO DATE  139                       311   -172      277
  SINCE DEC 1    787                      1402   -615     1065
  SINCE JUL 1    962                      1773   -811     1252
..................................................................


WIND (MPH)
  HIGHEST WIND SPEED    12   HIGHEST WIND DIRECTION     E (90)
  HIGHEST GUST SPEED    15   HIGHEST GUST DIRECTION     E (110)
  AVERAGE WIND SPEED     4.7


SKY COVER
  AVERAGE SKY COVER 0.1


WEATHER CONDITIONS
 THE FOLLOWING WEATHER WAS RECORDED YESTERDAY.
  HAZE


RELATIVE HUMIDITY (PERCENT)
 HIGHEST    86           400 AM
 LOWEST     36           300 PM
 AVERAGE    61

..........................................................


THE MONTGOMERY CLIMATE NORMALS FOR TODAY
                         NORMAL    RECORD    YEAR
 MAXIMUM TEMPERATURE (F)   63        81      2011
 MINIMUM TEMPERATURE (F)   41        21      1958


SUNRISE AND SUNSET
FEBRUARY 21 2017......SUNRISE   622 AM CST   SUNSET   537 PM CST
FEBRUARY 22 2017......SUNRISE   621 AM CST   SUNSET   538 PM CST


-  INDICATES NEGATIVE NUMBERS.
R  INDICATES RECORD WAS SET OR TIED.
MM INDICATES DATA IS MISSING.
T  INDICATES TRACE AMOUNT.




$$
