696
CDUS44 KBMX 190739
CLIMGM


CLIMATE REPORT
NATIONAL WEATHER SERVICE BIRMINGHAM, AL
239 AM CDT TUE SEP 19 2017


...................................

...THE MONTGOMERY CLIMATE SUMMARY FOR SEPTEMBER 18 2017...

CLIMATE NORMAL PERIOD 1981 TO 2010
CLIMATE RECORD PERIOD 1872 TO 2017


WEATHER ITEM   OBSERVED TIME   RECORD YEAR NORMAL DEPARTURE LAST
                VALUE   (LST)  VALUE       VALUE  FROM      YEAR
                                                  NORMAL
..................................................................
TEMPERATURE (F)
 YESTERDAY
  MAXIMUM         93    216 PM 100    2010  87      6       91
                                      1925
  MINIMUM         72    607 AM  51    1903  65      7       75
  AVERAGE         83                        76      7       83

PRECIPITATION (IN)
  YESTERDAY        0.00          1.36 1927   0.13  -0.13     0.45
  MONTH TO DATE    2.15                      2.47  -0.32     2.24
  SINCE SEP 1      2.15                      2.47  -0.32     2.24
  SINCE JAN 1     60.75                     39.18  21.57    35.28

DEGREE DAYS
 HEATING
  YESTERDAY        0                         0      0        0
  MONTH TO DATE    1                         0      1        0
  SINCE SEP 1      1                         0      1        0
  SINCE JUL 1      1                         0      1        0

 COOLING
  YESTERDAY       18                        11      7       18
  MONTH TO DATE  196                       236    -40      328
  SINCE SEP 1    196                       236    -40      328
  SINCE JAN 1   2364                      2025    339     2557
..................................................................


WIND (MPH)
  HIGHEST WIND SPEED     7   HIGHEST WIND DIRECTION     N (10)
  HIGHEST GUST SPEED    12   HIGHEST GUST DIRECTION     N (340)
  AVERAGE WIND SPEED     1.4


SKY COVER
  AVERAGE SKY COVER 0.2


WEATHER CONDITIONS
 THE FOLLOWING WEATHER WAS RECORDED YESTERDAY.
  FOG
  HAZE


RELATIVE HUMIDITY (PERCENT)
 HIGHEST    90           600 AM
 LOWEST     47           100 PM
 AVERAGE    69

..........................................................


THE MONTGOMERY CLIMATE NORMALS FOR TODAY
                         NORMAL    RECORD    YEAR
 MAXIMUM TEMPERATURE (F)   87       102      1925
 MINIMUM TEMPERATURE (F)   64        49      1903


SUNRISE AND SUNSET
SEPTEMBER 19 2017.....SUNRISE   632 AM CDT   SUNSET   646 PM CDT
SEPTEMBER 20 2017.....SUNRISE   633 AM CDT   SUNSET   645 PM CDT


-  INDICATES NEGATIVE NUMBERS.
R  INDICATES RECORD WAS SET OR TIED.
MM INDICATES DATA IS MISSING.
T  INDICATES TRACE AMOUNT.




$$
