000
CDUS44 KBMX 250735
CLIMGM


CLIMATE REPORT
NATIONAL WEATHER SERVICE BIRMINGHAM, AL
235 AM CDT TUE JUL 25 2017


...................................

...THE MONTGOMERY CLIMATE SUMMARY FOR JULY 24 2017...

CLIMATE NORMAL PERIOD 1981 TO 2010
CLIMATE RECORD PERIOD 1872 TO 2017


WEATHER ITEM   OBSERVED TIME   RECORD YEAR NORMAL DEPARTURE LAST
                VALUE   (LST)  VALUE       VALUE  FROM      YEAR
                                                  NORMAL
..................................................................
TEMPERATURE (F)
 YESTERDAY
  MAXIMUM         92    319 PM 105    1952  92      0       96
  MINIMUM         75    522 AM  66    1966  72      3       76
                                      1906
                                      1882
  AVERAGE         84                        82      2       86

PRECIPITATION (IN)
  YESTERDAY        0.01          4.75 1910   0.17  -0.16     0.00
  MONTH TO DATE    3.18                      4.21  -1.03     5.07
  SINCE JUN 1     15.22                      8.28   6.94     7.80
  SINCE JAN 1     49.14                     31.72  17.42    30.03

DEGREE DAYS
 COOLING
  YESTERDAY       19                        17      2       21
  MONTH TO DATE  463                       402     61      480
  SINCE JUN 1    899                       821     78      998
  SINCE JAN 1   1481                      1160    321     1459
..................................................................


WIND (MPH)
  HIGHEST WIND SPEED    13   HIGHEST WIND DIRECTION     S (200)
  HIGHEST GUST SPEED    17   HIGHEST GUST DIRECTION     S (200)
  AVERAGE WIND SPEED     5.1


SKY COVER
  AVERAGE SKY COVER 0.4


WEATHER CONDITIONS
 THE FOLLOWING WEATHER WAS RECORDED YESTERDAY.
  LIGHT RAIN
  FOG
  HAZE


RELATIVE HUMIDITY (PERCENT)
 HIGHEST    87           300 AM
 LOWEST     49           300 PM
 AVERAGE    68

..........................................................


THE MONTGOMERY CLIMATE NORMALS FOR TODAY
                         NORMAL    RECORD    YEAR
 MAXIMUM TEMPERATURE (F)   92       105      1952
 MINIMUM TEMPERATURE (F)   72        64      1882


SUNRISE AND SUNSET
JULY 25 2017..........SUNRISE   556 AM CDT   SUNSET   748 PM CDT
JULY 26 2017..........SUNRISE   557 AM CDT   SUNSET   747 PM CDT


-  INDICATES NEGATIVE NUMBERS.
R  INDICATES RECORD WAS SET OR TIED.
MM INDICATES DATA IS MISSING.
T  INDICATES TRACE AMOUNT.




$$
