000
CDUS44 KBMX 021045
CLIMGM


CLIMATE REPORT
NATIONAL WEATHER SERVICE BIRMINGHAM, AL
443 AM CST MON MAR 2 2015


...................................

...THE MONTGOMERY CLIMATE SUMMARY FOR MARCH 1 2015...

CLIMATE NORMAL PERIOD 1981 TO 2010
CLIMATE RECORD PERIOD 1994 TO 2015


WEATHER ITEM   OBSERVED TIME   RECORD YEAR NORMAL DEPARTURE LAST
                VALUE   (LST)  VALUE       VALUE  FROM      YEAR
                                                  NORMAL
..................................................................
TEMPERATURE (F)
 YESTERDAY
  MAXIMUM         55    414 PM  82    1997  66    -11       72
                                      1932
  MINIMUM         46    728 AM  22    1920  42      4       50
  AVERAGE         51                        54     -3       61

PRECIPITATION (IN)
  YESTERDAY        0.08          2.28 1972   0.19  -0.11     0.00
  MONTH TO DATE    0.08                      0.19  -0.11     0.00
  SINCE MAR 1      0.08                      0.19  -0.11     0.00
  SINCE JAN 1      7.74                     10.12  -2.38     7.67

SNOWFALL (IN)
  YESTERDAY        0.0                       0.0    0.0      0.0
  MONTH TO DATE    0.0                       0.0    0.0      0.0
  SINCE MAR 1      0.0                       0.0    0.0      0.0
  SINCE JUL 1      0.0                       0.1   -0.1      0.5
  SNOW DEPTH       0

DEGREE DAYS
 HEATING
  YESTERDAY       14                        11      3        4
  MONTH TO DATE   14                        11      3        4
  SINCE MAR 1     14                        11      3        4
  SINCE JUL 1   1984                      1883    101     1962
..................................................................


WIND (MPH)
  HIGHEST WIND SPEED    17   HIGHEST WIND DIRECTION    SE (130)
  HIGHEST GUST SPEED    23   HIGHEST GUST DIRECTION    SE (130)
  AVERAGE WIND SPEED     8.9


SKY COVER
  AVERAGE SKY COVER 1.0


WEATHER CONDITIONS
 THE FOLLOWING WEATHER WAS RECORDED YESTERDAY.
  RAIN
  LIGHT RAIN
  FOG
  HAZE


RELATIVE HUMIDITY (PERCENT)
 HIGHEST    93           300 AM
 LOWEST     72           400 PM
 AVERAGE    83

..........................................................


THE MONTGOMERY CLIMATE NORMALS FOR TODAY
                         NORMAL    RECORD    YEAR
 MAXIMUM TEMPERATURE (F)   66        83      2012
                                             1918
 MINIMUM TEMPERATURE (F)   43        21      1890


SUNRISE AND SUNSET
MARCH  2 2015.........SUNRISE   612 AM CST   SUNSET   544 PM CST
MARCH  3 2015.........SUNRISE   611 AM CST   SUNSET   545 PM CST


-  INDICATES NEGATIVE NUMBERS.
R  INDICATES RECORD WAS SET OR TIED.
MM INDICATES DATA IS MISSING.
T  INDICATES TRACE AMOUNT.




$$
