000
CDUS44 KBMX 270734
CLIMGM


CLIMATE REPORT
NATIONAL WEATHER SERVICE BIRMINGHAM, AL
234 AM CDT MON MAR 27 2017


...................................

...THE MONTGOMERY CLIMATE SUMMARY FOR MARCH 26 2017...

CLIMATE NORMAL PERIOD 1981 TO 2010
CLIMATE RECORD PERIOD 1872 TO 2017


WEATHER ITEM   OBSERVED TIME   RECORD YEAR NORMAL DEPARTURE LAST
                VALUE   (LST)  VALUE       VALUE  FROM      YEAR
                                                  NORMAL
..................................................................
TEMPERATURE (F)
 YESTERDAY
  MAXIMUM         82    255 PM  87    2007  72     10       77
                                      1936
                                      1910
  MINIMUM         56    439 AM  26    1894  47      9       54
  AVERAGE         69                        60      9       66

PRECIPITATION (IN)
  YESTERDAY        0.01          3.10 1888   0.20  -0.19      T
  MONTH TO DATE    3.46                      5.03  -1.57     3.21
  SINCE MAR 1      3.46                      5.03  -1.57     3.21
  SINCE JAN 1     18.16                     14.96   3.20    13.87

SNOWFALL (IN)
  YESTERDAY        0.0                       0.0    0.0      0.0
  MONTH TO DATE    0.0                       0.3   -0.3      0.0
  SINCE MAR 1      0.0                       0.3   -0.3      0.0
  SINCE JUL 1      0.0                       0.4   -0.4       T
  SNOW DEPTH       0

DEGREE DAYS
 HEATING
  YESTERDAY        0                         6     -6        0
  MONTH TO DATE  169                       226    -57      117
  SINCE MAR 1    169                       226    -57      117
  SINCE JUL 1   1166                      2098   -932     1442

 COOLING
  YESTERDAY        4                         1      3        1
  MONTH TO DATE   41                        21     20       65
  SINCE MAR 1     41                        21     20       65
  SINCE JAN 1     87                        27     60       78
..................................................................


WIND (MPH)
  HIGHEST WIND SPEED    15   HIGHEST WIND DIRECTION     S (170)
  HIGHEST GUST SPEED    21   HIGHEST GUST DIRECTION     S (190)
  AVERAGE WIND SPEED     6.9


SKY COVER
  AVERAGE SKY COVER 0.5


WEATHER CONDITIONS
 THE FOLLOWING WEATHER WAS RECORDED YESTERDAY.
  FOG


RELATIVE HUMIDITY (PERCENT)
 HIGHEST    90           600 AM
 LOWEST     46           300 PM
 AVERAGE    68

..........................................................


THE MONTGOMERY CLIMATE NORMALS FOR TODAY
                         NORMAL    RECORD    YEAR
 MAXIMUM TEMPERATURE (F)   73        89      1910
 MINIMUM TEMPERATURE (F)   47        21      1955


SUNRISE AND SUNSET
MARCH 27 2017.........SUNRISE   640 AM CDT   SUNSET   702 PM CDT
MARCH 28 2017.........SUNRISE   639 AM CDT   SUNSET   703 PM CDT


-  INDICATES NEGATIVE NUMBERS.
R  INDICATES RECORD WAS SET OR TIED.
MM INDICATES DATA IS MISSING.
T  INDICATES TRACE AMOUNT.




$$
