000
CDUS41 KPBZ 282125
CLIMGW


CLIMATE REPORT
NATIONAL WEATHER SERVICE PITTSBURGH PA
524 PM EDT FRI AUG 28 2015


...................................

...THE MORGANTOWN WV CLIMATE SUMMARY FOR AUGUST 28 2015...
VALID TODAY AS OF 0500 PM LOCAL TIME.

CLIMATE NORMAL PERIOD 1981 TO 2010
CLIMATE RECORD PERIOD 1948 TO 2015


WEATHER ITEM   OBSERVED TIME   RECORD YEAR NORMAL DEPARTURE LAST
                VALUE   (LST)  VALUE       VALUE  FROM      YEAR
                                                  NORMAL
..................................................................
TEMPERATURE (F)
 TODAY
  MAXIMUM         83    353 PM  95    1953  81      2       78
  MINIMUM         55    522 AM  45    1986  60     -5       59
  AVERAGE         69                        71     -2       69

PRECIPITATION (IN)
  TODAY            0.00         MM      MM   0.11  -0.11     0.00
  MONTH TO DATE    2.00                      3.22  -1.22     4.87
  SINCE JUN 1     11.75                     11.95  -0.20    14.83
  SINCE JAN 1     29.00                     29.14  -0.14    30.32

DEGREE DAYS
 HEATING
  TODAY            0                         0      0        0
  MONTH TO DATE    1                         0      1        3
  SINCE JUN 1     14                        34    -20        8
  SINCE JUL 1      1                         3     -2        6

 COOLING
  TODAY            4                         6     -2        4
  MONTH TO DATE  231                       208     23      217
  SINCE JUN 1    785                       625    160      695
  SINCE JAN 1    969                       692    277      804
..................................................................


WIND (MPH)
  RESULTANT WIND SPEED   1   RESULTANT WIND DIRECTION  NE (60)
  HIGHEST WIND SPEED     9   HIGHEST WIND DIRECTION     S (200)
  HIGHEST GUST SPEED    15   HIGHEST GUST DIRECTION    NW (330)
  AVERAGE WIND SPEED     2.2


SKY COVER
  POSSIBLE SUNSHINE  MM
  AVERAGE SKY COVER 0.1


WEATHER CONDITIONS
 THE FOLLOWING WEATHER WAS RECORDED TODAY.
  HAZE


RELATIVE HUMIDITY (PERCENT)
 HIGHEST    83           500 AM
 LOWEST     31           300 PM
 AVERAGE    57

..........................................................


THE MORGANTOWN WV CLIMATE NORMALS FOR TOMORROW
                         NORMAL    RECORD    YEAR
 MAXIMUM TEMPERATURE (F)   81        96      1991
 MINIMUM TEMPERATURE (F)   60        38      1982


SUNRISE AND SUNSET
AUGUST 28 2015........SUNRISE   644 AM EDT   SUNSET   757 PM EDT
AUGUST 29 2015........SUNRISE   645 AM EDT   SUNSET   756 PM EDT


-  INDICATES NEGATIVE NUMBERS.
R  INDICATES RECORD WAS SET OR TIED.
MM INDICATES DATA IS MISSING.
T  INDICATES TRACE AMOUNT.




$$
