000
CDUS41 KPBZ 192219
CLIMGW


CLIMATE REPORT
NATIONAL WEATHER SERVICE PITTSBURGH PA
519 PM EST SUN FEB 19 2017


...................................

...THE MORGANTOWN WV CLIMATE SUMMARY FOR FEBRUARY 19 2017...
VALID TODAY AS OF 0500 PM LOCAL TIME.

CLIMATE NORMAL PERIOD 1981 TO 2010
CLIMATE RECORD PERIOD 1948 TO 2017


WEATHER ITEM   OBSERVED TIME   RECORD YEAR NORMAL DEPARTURE LAST
                VALUE   (LST)  VALUE       VALUE  FROM      YEAR
                                                  NORMAL
..................................................................
TEMPERATURE (F)
 TODAY
  MAXIMUM         56    358 PM  73    1994  44     12       65
  MINIMUM         48    928 AM   0    2015  26     22       29
  AVERAGE         52                        35     17       47

PRECIPITATION (IN)
  TODAY            0.01         MM      MM   0.09  -0.08     0.00
  MONTH TO DATE    1.75                      1.72   0.03     1.09
  SINCE JUN 1     35.21                     29.17   6.04    26.67
  SINCE JAN 1      5.80                      4.53   1.27     3.13

DEGREE DAYS
 HEATING
  TODAY           13                        30    -17       18
  MONTH TO DATE  495                       602   -107      553
  SINCE DEC 1   2214                      2581   -367     2188
  SINCE JUL 1   2900                      3629   -729     2907

 COOLING
  TODAY            0                         0      0        0
  MONTH TO DATE    0                         0      0        0
  SINCE DEC 1      0                         0      0        0
  SINCE JAN 1      0                         0      0        0
..................................................................


WIND (MPH)
  RESULTANT WIND SPEED   4   RESULTANT WIND DIRECTION   S (190)
  HIGHEST WIND SPEED    13   HIGHEST WIND DIRECTION    SW (230)
  HIGHEST GUST SPEED    17   HIGHEST GUST DIRECTION    SW (210)
  AVERAGE WIND SPEED     5.8


SKY COVER
  POSSIBLE SUNSHINE  MM
  AVERAGE SKY COVER 0.9


WEATHER CONDITIONS
 THE FOLLOWING WEATHER WAS RECORDED TODAY.
  LIGHT RAIN
  FOG


RELATIVE HUMIDITY (PERCENT)
 HIGHEST    80           300 AM
 LOWEST     61           400 PM
 AVERAGE    71

..........................................................


THE MORGANTOWN WV CLIMATE NORMALS FOR TOMORROW
                         NORMAL    RECORD    YEAR
 MAXIMUM TEMPERATURE (F)   44        70      1994
 MINIMUM TEMPERATURE (F)   26        -7      2015


SUNRISE AND SUNSET
FEBRUARY 19 2017......SUNRISE   706 AM EST   SUNSET   601 PM EST
FEBRUARY 20 2017......SUNRISE   705 AM EST   SUNSET   602 PM EST


-  INDICATES NEGATIVE NUMBERS.
R  INDICATES RECORD WAS SET OR TIED.
MM INDICATES DATA IS MISSING.
T  INDICATES TRACE AMOUNT.




$$
