000
CDUS41 KPBZ 311221
CLIMGW


CLIMATE REPORT
NATIONAL WEATHER SERVICE PITTSBURGH PA
820 AM EDT THU JUL 31 2014


...................................

...THE MORGANTOWN WV CLIMATE SUMMARY FOR JULY 31 2014...
VALID AS OF 0800 AM LOCAL TIME.

CLIMATE NORMAL PERIOD 1981 TO 2010
CLIMATE RECORD PERIOD 1948 TO 2014


WEATHER ITEM   OBSERVED TIME   RECORD YEAR NORMAL DEPARTURE LAST
                VALUE   (LST)  VALUE       VALUE  FROM      YEAR
                                                  NORMAL
..................................................................
TEMPERATURE (F)
 TODAY
  MINIMUM         58    445 AM  51    1965  63     -5       60

PRECIPITATION (IN)
  TODAY            0.00         MM      MM   0.13  -0.13     0.03
  MONTH TO DATE    5.44                      4.62   0.82     6.64
  SINCE JUN 1      9.96                      8.73   1.23    11.42
  SINCE JAN 1     25.45                     25.92  -0.47    24.06

DEGREE DAYS
 HEATING
  TODAY            4

 COOLING
  TODAY            0
..................................................................





WEATHER CONDITIONS
 THE FOLLOWING WEATHER WAS RECORDED TODAY.
  FOG


RELATIVE HUMIDITY (PERCENT)
 HIGHEST    90          1200 AM

..........................................................


THE MORGANTOWN WV CLIMATE NORMALS FOR TOMORROW
                         NORMAL    RECORD    YEAR
 MAXIMUM TEMPERATURE (F)   83        97      1975
 MINIMUM TEMPERATURE (F)   63        52      1952


SUNRISE AND SUNSET
JULY 31 2014..........SUNRISE   618 AM EDT   SUNSET   834 PM EDT
AUGUST  1 2014........SUNRISE   619 AM EDT   SUNSET   833 PM EDT


-  INDICATES NEGATIVE NUMBERS.
R  INDICATES RECORD WAS SET OR TIED.
MM INDICATES DATA IS MISSING.
T  INDICATES TRACE AMOUNT.




$$
