000
CDUS41 KPBZ 070816
CLIMGW


CLIMATE REPORT
NATIONAL WEATHER SERVICE PITTSBURGH PA
316 AM EST SUN FEB 7 2016


...................................

...THE MORGANTOWN WV CLIMATE SUMMARY FOR FEBRUARY 6 2016...

CLIMATE NORMAL PERIOD 1981 TO 2010
CLIMATE RECORD PERIOD 1948 TO 2016


WEATHER ITEM   OBSERVED TIME   RECORD YEAR NORMAL DEPARTURE LAST
                VALUE   (LST)  VALUE       VALUE  FROM      YEAR
                                                  NORMAL
..................................................................
TEMPERATURE (F)
 YESTERDAY
  MAXIMUM         46    338 PM  69    2008  41      5       30
  MINIMUM         24    226 AM  -1    2007  24      0        6
  AVERAGE         35                        33      2       18

PRECIPITATION (IN)
  YESTERDAY        0.00         MM      MM   0.09  -0.09     0.00
  MONTH TO DATE    0.49                      0.54  -0.05     0.74
  SINCE JUN 1     26.07                     27.99  -1.92    29.53
  SINCE JAN 1      2.53                      3.35  -0.82     3.30

DEGREE DAYS
 HEATING
  YESTERDAY       30                        32     -2       47
  MONTH TO DATE  139                       196    -57      222
  SINCE DEC 1   1774                      2175   -401     2175
  SINCE JUL 1   2493                      3223   -730     3205

 COOLING
  YESTERDAY        0                         0      0        0
  MONTH TO DATE    0                         0      0        0
  SINCE DEC 1      0                         0      0        0
  SINCE JAN 1      0                         0      0        0
..................................................................


WIND (MPH)
  HIGHEST WIND SPEED    15   HIGHEST WIND DIRECTION    SW (230)
  HIGHEST GUST SPEED    23   HIGHEST GUST DIRECTION    SW (240)
  AVERAGE WIND SPEED     3.7


SKY COVER
  POSSIBLE SUNSHINE  MM
  AVERAGE SKY COVER 0.0


WEATHER CONDITIONS
 THE FOLLOWING WEATHER WAS RECORDED YESTERDAY.
  NO SIGNIFICANT WEATHER WAS OBSERVED.


RELATIVE HUMIDITY (PERCENT)
 HIGHEST    74           100 AM
 LOWEST     27           400 PM
 AVERAGE    51

..........................................................


THE MORGANTOWN WV CLIMATE NORMALS FOR TODAY
                         NORMAL    RECORD    YEAR
 MAXIMUM TEMPERATURE (F)   41        62      2005
 MINIMUM TEMPERATURE (F)   25        -1      1988


SUNRISE AND SUNSET
FEBRUARY  7 2016......SUNRISE   722 AM EST   SUNSET   546 PM EST
FEBRUARY  8 2016......SUNRISE   721 AM EST   SUNSET   547 PM EST


-  INDICATES NEGATIVE NUMBERS.
R  INDICATES RECORD WAS SET OR TIED.
MM INDICATES DATA IS MISSING.
T  INDICATES TRACE AMOUNT.




$$
