000
CDUS41 KPBZ 032234
CLIMGW


CLIMATE REPORT
NATIONAL WEATHER SERVICE PITTSBURGH PA
533 PM EST TUE MAR 3 2015


...................................

...THE MORGANTOWN WV CLIMATE SUMMARY FOR MARCH 3 2015...
VALID TODAY AS OF 0500 PM LOCAL TIME.

CLIMATE NORMAL PERIOD 1981 TO 2010
CLIMATE RECORD PERIOD 1948 TO 2015


WEATHER ITEM   OBSERVED TIME   RECORD YEAR NORMAL DEPARTURE LAST
                VALUE   (LST)  VALUE       VALUE  FROM      YEAR
                                                  NORMAL
..................................................................
TEMPERATURE (F)
 TODAY
  MAXIMUM         47    359 PM  75    1974  47      0       19
  MINIMUM         23    137 AM   4    2014  28     -5        4
  AVERAGE         35                        38     -3       12

PRECIPITATION (IN)
  TODAY            0.04         MM      MM   0.11  -0.07     0.10
  MONTH TO DATE    0.55                      0.32   0.23     0.52
  SINCE JUN 1     31.07                     30.37   0.70    34.12
  SINCE JAN 1      4.84                      5.73  -0.89     5.69

DEGREE DAYS
 HEATING
  TODAY           30                        27      3       53
  MONTH TO DATE   95                        82     13      120
  SINCE MAR 1     95                        82     13      120
  SINCE JUL 1   4219                      3971    248     4246

 COOLING
  TODAY            0                         0      0        0
  MONTH TO DATE    0                         0      0        0
  SINCE MAR 1      0                         0      0        0
  SINCE JAN 1      0                         0      0        0
..................................................................


WIND (MPH)
  RESULTANT WIND SPEED   2   RESULTANT WIND DIRECTION  SE (130)
  HIGHEST WIND SPEED    13   HIGHEST WIND DIRECTION     S (180)
  HIGHEST GUST SPEED    17   HIGHEST GUST DIRECTION     S (160)
  AVERAGE WIND SPEED     3.7


SKY COVER
  POSSIBLE SUNSHINE  MM
  AVERAGE SKY COVER 0.8


WEATHER CONDITIONS
 THE FOLLOWING WEATHER WAS RECORDED TODAY.
  LIGHT RAIN
  HAZE


RELATIVE HUMIDITY (PERCENT)
 HIGHEST    80           500 PM
 LOWEST     44          1000 AM
 AVERAGE    62

..........................................................


THE MORGANTOWN WV CLIMATE NORMALS FOR TOMORROW
                         NORMAL    RECORD    YEAR
 MAXIMUM TEMPERATURE (F)   48        79      1976
 MINIMUM TEMPERATURE (F)   29         1      2014


SUNRISE AND SUNSET
MARCH  3 2015.........SUNRISE   650 AM EST   SUNSET   614 PM EST
MARCH  4 2015.........SUNRISE   649 AM EST   SUNSET   615 PM EST


-  INDICATES NEGATIVE NUMBERS.
R  INDICATES RECORD WAS SET OR TIED.
MM INDICATES DATA IS MISSING.
T  INDICATES TRACE AMOUNT.




$$
