000
CDUS41 KPBZ 181340
CLIMGW


CLIMATE REPORT
NATIONAL WEATHER SERVICE PITTSBURGH PA
840 AM EST MON DEC 18 2017


...................................

...THE MORGANTOWN WV CLIMATE SUMMARY FOR DECEMBER 18 2017...
VALID AS OF 0800 AM LOCAL TIME.

CLIMATE NORMAL PERIOD 1981 TO 2010
CLIMATE RECORD PERIOD 1872 TO 2017


WEATHER ITEM   OBSERVED TIME   RECORD YEAR NORMAL DEPARTURE LAST
                VALUE   (LST)  VALUE       VALUE  FROM      YEAR
                                                  NORMAL
..................................................................
TEMPERATURE (F)
 TODAY
  MAXIMUM         42   1232 AM  69    2016
  MINIMUM         39    659 AM   0    1989  26     13       25
                                      1926
                                      1919

PRECIPITATION (IN)
  TODAY            0.00          2.24 1990   0.09  -0.09     0.91
  MONTH TO DATE    0.56                      1.77  -1.21     3.19
  SINCE JUN 1     25.35                     23.50   1.85    28.55
  SINCE JAN 1     48.44                     40.69   7.75    44.59

DEGREE DAYS
 HEATING
  TODAY           24

 COOLING
  TODAY            0
..................................................................





WEATHER CONDITIONS
 THE FOLLOWING WEATHER WAS RECORDED TODAY.
  FOG
  HAZE


RELATIVE HUMIDITY (PERCENT)
 HIGHEST    85           500 AM

..........................................................


THE MORGANTOWN WV CLIMATE NORMALS FOR TOMORROW
                         NORMAL    RECORD    YEAR
 MAXIMUM TEMPERATURE (F)   41        69      1931
 MINIMUM TEMPERATURE (F)   26         0      1919
                                             1909


SUNRISE AND SUNSET
DECEMBER 18 2017......SUNRISE   735 AM EST   SUNSET   458 PM EST
DECEMBER 19 2017......SUNRISE   736 AM EST   SUNSET   458 PM EST


-  INDICATES NEGATIVE NUMBERS.
R  INDICATES RECORD WAS SET OR TIED.
MM INDICATES DATA IS MISSING.
T  INDICATES TRACE AMOUNT.




$$
