000
CDUS41 KPBZ 010702
CLIMGW


CLIMATE REPORT
NATIONAL WEATHER SERVICE PITTSBURGH PA
302 AM EDT SUN MAY 1 2016


...................................

...THE MORGANTOWN WV CLIMATE SUMMARY FOR APRIL 30 2016...

CLIMATE NORMAL PERIOD 1981 TO 2010
CLIMATE RECORD PERIOD 1948 TO 2016


WEATHER ITEM   OBSERVED TIME   RECORD YEAR NORMAL DEPARTURE LAST
                VALUE   (LST)  VALUE       VALUE  FROM      YEAR
                                                  NORMAL
..................................................................
TEMPERATURE (F)
 YESTERDAY
  MAXIMUM         69    328 PM  87    1970  69      0       65
  MINIMUM         50    633 AM  31    1961  46      4       50
  AVERAGE         60                        57      3       58

PRECIPITATION (IN)
  YESTERDAY        0.14         MM      MM   0.12   0.02     0.09
  MONTH TO DATE    3.61                      3.52   0.09     5.55
  SINCE JUN 1     34.37                     37.22  -2.85    42.26
  SINCE JAN 1     10.83                     12.58  -1.75    16.03

DEGREE DAYS
 HEATING
  YESTERDAY        5                         9     -4        7
  MONTH TO DATE  323                       381    -58      312
  SINCE MAR 1    771                      1094   -323     1074
  SINCE JUL 1   3865                      4983  -1118     5198

 COOLING
  YESTERDAY        0                         1     -1        0
  MONTH TO DATE    5                        14     -9        8
  SINCE MAR 1      6                        16    -10        8
  SINCE JAN 1      6                        16    -10        8
..................................................................


WIND (MPH)
  HIGHEST WIND SPEED    15   HIGHEST WIND DIRECTION     S (160)
  HIGHEST GUST SPEED    23   HIGHEST GUST DIRECTION     S (170)
  AVERAGE WIND SPEED     4.6


SKY COVER
  POSSIBLE SUNSHINE  MM
  AVERAGE SKY COVER 0.7


WEATHER CONDITIONS
 THE FOLLOWING WEATHER WAS RECORDED YESTERDAY.
  LIGHT RAIN


RELATIVE HUMIDITY (PERCENT)
 HIGHEST    83          1200 AM
 LOWEST     42          1200 PM
 AVERAGE    63

..........................................................


THE MORGANTOWN WV CLIMATE NORMALS FOR TODAY
                         NORMAL    RECORD    YEAR
 MAXIMUM TEMPERATURE (F)   69        89      1970
 MINIMUM TEMPERATURE (F)   46        30      1978


SUNRISE AND SUNSET
MAY  1 2016...........SUNRISE   620 AM EDT   SUNSET   814 PM EDT
MAY  2 2016...........SUNRISE   619 AM EDT   SUNSET   815 PM EDT


-  INDICATES NEGATIVE NUMBERS.
R  INDICATES RECORD WAS SET OR TIED.
MM INDICATES DATA IS MISSING.
T  INDICATES TRACE AMOUNT.




$$
