000
CDUS41 KPBZ 270801
CLIMGW


CLIMATE REPORT
NATIONAL WEATHER SERVICE PITTSBURGH PA
301 AM EST TUE JAN 27 2015


...................................

...THE MORGANTOWN WV CLIMATE SUMMARY FOR JANUARY 26 2015...

CLIMATE NORMAL PERIOD 1981 TO 2010
CLIMATE RECORD PERIOD 1948 TO 2015


WEATHER ITEM   OBSERVED TIME   RECORD YEAR NORMAL DEPARTURE LAST
                VALUE   (LST)  VALUE       VALUE  FROM      YEAR
                                                  NORMAL
..................................................................
TEMPERATURE (F)
 YESTERDAY
  MAXIMUM         36   1034 AM  68    1950  39     -3       40
  MINIMUM         24   1159 PM  -4    1948  24      0        8
  AVERAGE         30                        32     -2       24

PRECIPITATION (IN)
  YESTERDAY        0.30         MM      MM   0.09   0.21     0.08
  MONTH TO DATE    2.38                      2.35   0.03     1.75
  SINCE JUN 1     28.61                     26.99   1.62    30.18
  SINCE JAN 1      2.38                      2.35   0.03     1.75

DEGREE DAYS
 HEATING
  YESTERDAY       35                        33      2       41
  MONTH TO DATE  920                       880     40      918
  SINCE DEC 1   1747                      1816    -69     1755
  SINCE JUL 1   2777                      2864    -87     2872

 COOLING
  YESTERDAY        0                         0      0        0
  MONTH TO DATE    0                         0      0        0
  SINCE DEC 1      0                         0      0        1
  SINCE JAN 1      0                         0      0        0
..................................................................


WIND (MPH)
  HIGHEST WIND SPEED     9   HIGHEST WIND DIRECTION     W (290)
  HIGHEST GUST SPEED    13   HIGHEST GUST DIRECTION     W (270)
  AVERAGE WIND SPEED     4.8


SKY COVER
  POSSIBLE SUNSHINE  MM
  AVERAGE SKY COVER 1.0


WEATHER CONDITIONS
 THE FOLLOWING WEATHER WAS RECORDED YESTERDAY.
  RAIN
  LIGHT RAIN
  LIGHT SNOW
  FOG
  HAZE


RELATIVE HUMIDITY (PERCENT)
 HIGHEST    92           300 PM
 LOWEST     74          1000 PM
 AVERAGE    83

..........................................................


THE MORGANTOWN WV CLIMATE NORMALS FOR TODAY
                         NORMAL    RECORD    YEAR
 MAXIMUM TEMPERATURE (F)   39        64      1999
 MINIMUM TEMPERATURE (F)   24        -1      2003


SUNRISE AND SUNSET
JANUARY 27 2015.......SUNRISE   732 AM EST   SUNSET   533 PM EST
JANUARY 28 2015.......SUNRISE   731 AM EST   SUNSET   535 PM EST


-  INDICATES NEGATIVE NUMBERS.
R  INDICATES RECORD WAS SET OR TIED.
MM INDICATES DATA IS MISSING.
T  INDICATES TRACE AMOUNT.




$$
