000
CDUS41 KPBZ 232213
CLIMGW


CLIMATE REPORT
NATIONAL WEATHER SERVICE PITTSBURGH PA
512 PM EST MON JAN 23 2017


...................................

...THE MORGANTOWN WV CLIMATE SUMMARY FOR JANUARY 23 2017...
VALID TODAY AS OF 0500 PM LOCAL TIME.

CLIMATE NORMAL PERIOD 1981 TO 2010
CLIMATE RECORD PERIOD 1948 TO 2017


WEATHER ITEM   OBSERVED TIME   RECORD YEAR NORMAL DEPARTURE LAST
                VALUE   (LST)  VALUE       VALUE  FROM      YEAR
                                                  NORMAL
..................................................................
TEMPERATURE (F)
 TODAY
  MAXIMUM         53    311 AM  73    1999  39     14       23
  MINIMUM         38    333 PM  -3    1977  24     14       14
  AVERAGE         46                        31     15       19

PRECIPITATION (IN)
  TODAY            0.62         MM      MM   0.09   0.53     0.30
  MONTH TO DATE    3.53                      2.08   1.45     1.99
  SINCE JUN 1     32.94                     26.72   6.22    25.53
  SINCE JAN 1      3.53                      2.08   1.45     1.99

DEGREE DAYS
 HEATING
  TODAY           19                        34    -15       46
  MONTH TO DATE  606                       779   -173      868
  SINCE DEC 1   1482                      1715   -233     1388
  SINCE JUL 1   2168                      2763   -595     2107

 COOLING
  TODAY            0                         0      0        0
  MONTH TO DATE    0                         0      0        0
  SINCE DEC 1      0                         0      0        0
  SINCE JAN 1      0                         0      0        0
..................................................................


WIND (MPH)
  RESULTANT WIND SPEED   7   RESULTANT WIND DIRECTION  NE (60)
  HIGHEST WIND SPEED    20   HIGHEST WIND DIRECTION    NE (60)
  HIGHEST GUST SPEED    29   HIGHEST GUST DIRECTION    NE (50)
  AVERAGE WIND SPEED     7.6


SKY COVER
  POSSIBLE SUNSHINE  MM
  AVERAGE SKY COVER 1.0


WEATHER CONDITIONS
 THE FOLLOWING WEATHER WAS RECORDED TODAY.
  RAIN
  LIGHT RAIN
  FOG


RELATIVE HUMIDITY (PERCENT)
 HIGHEST    85           300 PM
 LOWEST     64           300 AM
 AVERAGE    75

..........................................................


THE MORGANTOWN WV CLIMATE NORMALS FOR TOMORROW
                         NORMAL    RECORD    YEAR
 MAXIMUM TEMPERATURE (F)   39        72      1967
 MINIMUM TEMPERATURE (F)   24       -15      1963


SUNRISE AND SUNSET
JANUARY 23 2017.......SUNRISE   734 AM EST   SUNSET   529 PM EST
JANUARY 24 2017.......SUNRISE   734 AM EST   SUNSET   530 PM EST


-  INDICATES NEGATIVE NUMBERS.
R  INDICATES RECORD WAS SET OR TIED.
MM INDICATES DATA IS MISSING.
T  INDICATES TRACE AMOUNT.




$$
