000
CDUS41 KPBZ 300711
CLIMGW


CLIMATE REPORT
NATIONAL WEATHER SERVICE PITTSBURGH PA
311 AM EDT SAT MAY 30 2015


...................................

...THE MORGANTOWN WV CLIMATE SUMMARY FOR MAY 29 2015...

CLIMATE NORMAL PERIOD 1981 TO 2010
CLIMATE RECORD PERIOD 1948 TO 2015


WEATHER ITEM   OBSERVED TIME   RECORD YEAR NORMAL DEPARTURE LAST
                VALUE   (LST)  VALUE       VALUE  FROM      YEAR
                                                  NORMAL
..................................................................
TEMPERATURE (F)
 YESTERDAY
  MAXIMUM         89R  1247 PM  89    1991  75     14       79
  MINIMUM         66    128 AM  32    1949  54     12       64
  AVERAGE         78                        64     14       72

PRECIPITATION (IN)
  YESTERDAY        0.07         MM      MM   0.16  -0.09     0.06
  MONTH TO DATE    1.18                      4.30  -3.12     4.53
  SINCE JUN 1     43.44                     41.52   1.92    43.92
  SINCE JAN 1     17.21                     16.88   0.33    15.49

DEGREE DAYS
 HEATING
  YESTERDAY        0                         3     -3        0
  MONTH TO DATE   84                       164    -80      117
  SINCE MAR 1   1158                      1258   -100     1278
  SINCE JUL 1   5282                      5147    135     5404

 COOLING
  YESTERDAY       13                         3     10        7
  MONTH TO DATE  155                        46    109       87
  SINCE MAR 1    163                        62    101      105
  SINCE JAN 1    163                        62    101      105
..................................................................


WIND (MPH)
  HIGHEST WIND SPEED    15   HIGHEST WIND DIRECTION    SW (230)
  HIGHEST GUST SPEED    23   HIGHEST GUST DIRECTION    SW (230)
  AVERAGE WIND SPEED     6.1


SKY COVER
  POSSIBLE SUNSHINE  MM
  AVERAGE SKY COVER 0.2


WEATHER CONDITIONS
 THE FOLLOWING WEATHER WAS RECORDED YESTERDAY.
  LIGHT RAIN
  FOG


RELATIVE HUMIDITY (PERCENT)
 HIGHEST    68          1200 AM
 LOWEST     36           100 PM
 AVERAGE    52

..........................................................


THE MORGANTOWN WV CLIMATE NORMALS FOR TODAY
                         NORMAL    RECORD    YEAR
 MAXIMUM TEMPERATURE (F)   75        93      2006
 MINIMUM TEMPERATURE (F)   54        35      1961


SUNRISE AND SUNSET
MAY 30 2015...........SUNRISE   555 AM EDT   SUNSET   840 PM EDT
MAY 31 2015...........SUNRISE   555 AM EDT   SUNSET   840 PM EDT


-  INDICATES NEGATIVE NUMBERS.
R  INDICATES RECORD WAS SET OR TIED.
MM INDICATES DATA IS MISSING.
T  INDICATES TRACE AMOUNT.




$$
