000
CDUS41 KPBZ 180730
CLIMGW


CLIMATE REPORT
NATIONAL WEATHER SERVICE PITTSBURGH PA
330 AM EDT FRI APR 18 2014


...................................

...THE MORGANTOWN WV CLIMATE SUMMARY FOR APRIL 17 2014...

CLIMATE NORMAL PERIOD 1981 TO 2010
CLIMATE RECORD PERIOD 1948 TO 2014


WEATHER ITEM   OBSERVED TIME   RECORD YEAR NORMAL DEPARTURE LAST
                VALUE   (LST)  VALUE       VALUE  FROM      YEAR
                                                  NORMAL
..................................................................
TEMPERATURE (F)
 YESTERDAY
  MAXIMUM         66    350 PM  89    1976  65      1       70
  MINIMUM         37    537 AM  22    1962  42     -5       58
  AVERAGE         52                        53     -1       64

PRECIPITATION (IN)
  YESTERDAY        0.00         MM      MM   0.12  -0.12     0.01
  MONTH TO DATE    2.02                      1.99   0.03     1.17
  SINCE JUN 1     38.38                     35.69   2.69    31.14
  SINCE JAN 1      9.95                     11.05  -1.10     8.12

DEGREE DAYS
 HEATING
  YESTERDAY       13                        12      1        1
  MONTH TO DATE  197                       249    -52      171
  SINCE MAR 1   1060                       961     99      952
  SINCE JUL 1   5186                      4850    336     4643

 COOLING
  YESTERDAY        0                         0      0        0
  MONTH TO DATE   18                         0     18       26
  SINCE MAR 1     18                         2     16       26
  SINCE JAN 1     18                         2     16       26
..................................................................


WIND (MPH)
  HIGHEST WIND SPEED    18   HIGHEST WIND DIRECTION    SE (120)
  HIGHEST GUST SPEED    26   HIGHEST GUST DIRECTION    SE (120)
  AVERAGE WIND SPEED     8.8


SKY COVER
  POSSIBLE SUNSHINE  MM
  AVERAGE SKY COVER 0.0


WEATHER CONDITIONS
 THE FOLLOWING WEATHER WAS RECORDED YESTERDAY.
  NO SIGNIFICANT WEATHER WAS OBSERVED.


RELATIVE HUMIDITY (PERCENT)
 HIGHEST    40           500 AM
 LOWEST     20           100 PM
 AVERAGE    30

..........................................................


THE MORGANTOWN WV CLIMATE NORMALS FOR TODAY
                         NORMAL    RECORD    YEAR
 MAXIMUM TEMPERATURE (F)   65        92      1976
 MINIMUM TEMPERATURE (F)   42        26      1951


SUNRISE AND SUNSET
APRIL 18 2014.........SUNRISE   638 AM EDT   SUNSET   801 PM EDT
APRIL 19 2014.........SUNRISE   636 AM EDT   SUNSET   802 PM EDT


-  INDICATES NEGATIVE NUMBERS.
R  INDICATES RECORD WAS SET OR TIED.
MM INDICATES DATA IS MISSING.
T  INDICATES TRACE AMOUNT.




$$
