000
CDUS43 KFSD 040622
CLIMHE


CLIMATE REPORT
NATIONAL WEATHER SERVICE SIOUX FALLS SD
121 AM CDT WED MAY 4 2016


...................................

...THE MITCHELL SD CLIMATE SUMMARY FOR MAY 3 2016...

CLIMATE NORMAL PERIOD 1981 TO 2010
CLIMATE RECORD PERIOD 1893 TO 2016


WEATHER ITEM   OBSERVED TIME   RECORD YEAR NORMAL DEPARTURE LAST
                VALUE   (LST)  VALUE       VALUE  FROM      YEAR
                                                  NORMAL
..................................................................
TEMPERATURE (F)
 YESTERDAY
  MAXIMUM         75    558 PM  92    1918  68      7       81
  MINIMUM         43    419 AM  18    1967  43      0       48
  AVERAGE         59                        55      4       65

PRECIPITATION (IN)
  YESTERDAY        0.00          1.42 1944   0.09  -0.09     0.00
  MONTH TO DATE    0.00                      0.27  -0.27     0.03
  SINCE MAR 1      6.73                      3.51   3.22     1.58
  SINCE JAN 1      7.96                      4.07   3.89     2.35

SNOWFALL (IN)
  YESTERDAY        0.0           T    1954  MM     MM        0.0
  MONTH TO DATE    0.0                      MM     MM        0.0
  SINCE MAR 1      3.9                      MM     MM        0.7
  SINCE JUL 1     46.3                      MM     MM       22.6
  SNOW DEPTH       0

DEGREE DAYS
 HEATING
  YESTERDAY        6                        10     -4        0
  MONTH TO DATE   35                        31      4        1
  SINCE MAR 1   1228                      1509   -281     1165
  SINCE JUL 1   6017                      7031  -1014     6655

 COOLING
  YESTERDAY        0                         0      0        0
  MONTH TO DATE    0                         0      0        2
  SINCE MAR 1      4                         2      2        8
  SINCE JAN 1      4                         2      2        8
..................................................................


WIND (MPH)
  HIGHEST WIND SPEED    24   HIGHEST WIND DIRECTION     N (360)
  HIGHEST GUST SPEED    30   HIGHEST GUST DIRECTION     N (360)
  AVERAGE WIND SPEED    12.2


SKY COVER
  POSSIBLE SUNSHINE  MM
  AVERAGE SKY COVER 0.0


WEATHER CONDITIONS
 THE FOLLOWING WEATHER WAS RECORDED YESTERDAY.
  NO SIGNIFICANT WEATHER WAS OBSERVED.


RELATIVE HUMIDITY (PERCENT)
 HIGHEST   100           200 AM
 LOWEST     33           500 PM
 AVERAGE    67

..........................................................


THE MITCHELL SD CLIMATE NORMALS FOR TODAY
                         NORMAL    RECORD    YEAR
 MAXIMUM TEMPERATURE (F)   68        99      1926
 MINIMUM TEMPERATURE (F)   43        20      1967


SUNRISE AND SUNSET
MAY  4 2016...........SUNRISE   619 AM CDT   SUNSET   839 PM CDT
MAY  5 2016...........SUNRISE   618 AM CDT   SUNSET   840 PM CDT


-  INDICATES NEGATIVE NUMBERS.
R  INDICATES RECORD WAS SET OR TIED.
MM INDICATES DATA IS MISSING.
T  INDICATES TRACE AMOUNT.




$$
