000
CDUS43 KTOP 020636
CLIMHK


CLIMATE REPORT
NATIONAL WEATHER SERVICE TOPEKA KS
136 AM CDT WED SEP 2 2015


...................................

...THE MANHATTAN KS CLIMATE SUMMARY FOR SEPTEMBER 1 2015...

CLIMATE NORMAL PERIOD 1981 TO 2010
CLIMATE RECORD PERIOD 9999 TO 9999


WEATHER ITEM   OBSERVED NORMAL DEPARTURE LAST
                VALUE   VALUE  FROM      YEAR
                               NORMAL
...............................................
TEMPERATURE (F)
 YESTERDAY
  MAXIMUM         94     86      8       80
  MINIMUM         68     61      7       64
  AVERAGE         81     74      7       72

PRECIPITATION (IN)
  YESTERDAY        0.00   0.16  -0.16     0.09
  MONTH TO DATE    0.00   0.16  -0.16     0.09
  SINCE SEP 1      0.00   0.16  -0.16     0.09
  SINCE JAN 1     24.96  24.70   0.26    16.99

DEGREE DAYS
 HEATING
  YESTERDAY        0      0      0        0
  MONTH TO DATE    0      0      0        0
  SINCE SEP 1      0      0      0        0
  SINCE JUL 1      0      3     -3        1

 COOLING
  YESTERDAY       16      9      7        7
  MONTH TO DATE   16      9      7        7
  SINCE SEP 1     16      9      7        7
  SINCE JAN 1   1274   1192     82     1385
...............................................


WIND (MPH)
  HIGHEST WIND SPEED    22   HIGHEST WIND DIRECTION    SW (210)
  HIGHEST GUST SPEED    27   HIGHEST GUST DIRECTION    SW (210)
  AVERAGE WIND SPEED    11.4


SKY COVER
  AVERAGE SKY COVER 0.0


WEATHER CONDITIONS
 THE FOLLOWING WEATHER WAS RECORDED YESTERDAY.
  NO SIGNIFICANT WEATHER WAS OBSERVED.


RELATIVE HUMIDITY (PERCENT)
 HIGHEST    90
 LOWEST     36
 AVERAGE    63

..........................................................


THE MANHATTAN KS CLIMATE NORMALS FOR TODAY
                         NORMAL
 MAXIMUM TEMPERATURE (F)   86
 MINIMUM TEMPERATURE (F)   60


SUNRISE AND SUNSET
SEPTEMBER  2 2015.....SUNRISE   656 AM CDT   SUNSET   756 PM CDT
SEPTEMBER  3 2015.....SUNRISE   657 AM CDT   SUNSET   754 PM CDT


-  INDICATES NEGATIVE NUMBERS.
R  INDICATES RECORD WAS SET OR TIED.
MM INDICATES DATA IS MISSING.
T  INDICATES TRACE AMOUNT.




$$
