000
CDUS43 KTOP 230646
CLIMHK


CLIMATE REPORT
NATIONAL WEATHER SERVICE TOPEKA KS
1245 AM CST FRI FEB 23 2018


...................................

...THE MANHATTAN KS CLIMATE SUMMARY FOR FEBRUARY 22 2018...

CLIMATE NORMAL PERIOD 1981 TO 2010
CLIMATE RECORD PERIOD 9999 TO 9999


WEATHER ITEM   OBSERVED NORMAL DEPARTURE LAST
                VALUE   VALUE  FROM      YEAR
                               NORMAL
...............................................
TEMPERATURE (F)
 YESTERDAY
  MAXIMUM         33     47    -14       80
  MINIMUM         28     22      6       40
  AVERAGE         31     35     -4       60

PRECIPITATION (IN)
  YESTERDAY        0.08   0.04   0.04     0.00
  MONTH TO DATE    0.08   0.83  -0.75     0.41
  SINCE DEC 1      0.69   2.50  -1.81     2.73
  SINCE JAN 1      0.58   1.48  -0.90     1.79

DEGREE DAYS
 HEATING
  YESTERDAY       34     30      4        5
  MONTH TO DATE  755    721     34      475
  SINCE DEC 1   2776   2912   -136     2534
  SINCE JUL 1   3658   3987   -329     3144

 COOLING
  YESTERDAY        0      0      0        0
  MONTH TO DATE    0      0      0        0
  SINCE DEC 1      0      0      0        0
  SINCE JAN 1      0      0      0        0
...............................................


WIND (MPH)
  HIGHEST WIND SPEED    14   HIGHEST WIND DIRECTION    NE (60)
  HIGHEST GUST SPEED    16   HIGHEST GUST DIRECTION    NE (60)
  AVERAGE WIND SPEED     4.9


SKY COVER
  AVERAGE SKY COVER 1.0


WEATHER CONDITIONS
 THE FOLLOWING WEATHER WAS RECORDED YESTERDAY.
  FREEZING RAIN
  LT FREEZING RAIN
  LIGHT SNOW
  FOG


RELATIVE HUMIDITY (PERCENT)
 HIGHEST   100
 LOWEST     85
 AVERAGE    93

..........................................................


THE MANHATTAN KS CLIMATE NORMALS FOR TODAY
                         NORMAL
 MAXIMUM TEMPERATURE (F)   48
 MINIMUM TEMPERATURE (F)   23


SUNRISE AND SUNSET
FEBRUARY 23 2018......SUNRISE   708 AM CST   SUNSET   613 PM CST
FEBRUARY 24 2018......SUNRISE   706 AM CST   SUNSET   614 PM CST


-  INDICATES NEGATIVE NUMBERS.
R  INDICATES RECORD WAS SET OR TIED.
MM INDICATES DATA IS MISSING.
T  INDICATES TRACE AMOUNT.




$$
