000
CDUS43 KTOP 260638
CLIMHK


CLIMATE REPORT
NATIONAL WEATHER SERVICE TOPEKA KS
138 AM CDT MON JUN 26 2017


...................................

...THE MANHATTAN KS CLIMATE SUMMARY FOR JUNE 25 2017...

CLIMATE NORMAL PERIOD 1981 TO 2010
CLIMATE RECORD PERIOD 9999 TO 9999


WEATHER ITEM   OBSERVED NORMAL DEPARTURE LAST
                VALUE   VALUE  FROM      YEAR
                               NORMAL
...............................................
TEMPERATURE (F)
 YESTERDAY
  MAXIMUM         72     88    -16      100
  MINIMUM         54     65    -11       75
  AVERAGE         63     76    -13       88

PRECIPITATION (IN)
  YESTERDAY        0.10   0.15  -0.05      T
  MONTH TO DATE    0.50   4.39  -3.89     0.27
  SINCE JUN 1      0.50   4.39  -3.89     0.27
  SINCE JAN 1     14.36  15.59  -1.23    15.55

DEGREE DAYS
 HEATING
  YESTERDAY        2      0      2        0
  MONTH TO DATE    2      8     -6        0
  SINCE JUN 1      2      8     -6        0
  SINCE JUL 1   4171   5312  -1141     4115

 COOLING
  YESTERDAY        0     11    -11       23
  MONTH TO DATE  297    210     87      386
  SINCE JUN 1    297    210     87      386
  SINCE JAN 1    431    310    121      496
...............................................


WIND (MPH)
  HIGHEST WIND SPEED    12   HIGHEST WIND DIRECTION    SW (230)
  HIGHEST GUST SPEED    14   HIGHEST GUST DIRECTION     W (250)
  AVERAGE WIND SPEED     3.0


SKY COVER
  AVERAGE SKY COVER 0.6


WEATHER CONDITIONS
 THE FOLLOWING WEATHER WAS RECORDED YESTERDAY.
  LIGHT RAIN
  FOG


RELATIVE HUMIDITY (PERCENT)
 HIGHEST   100
 LOWEST     47
 AVERAGE    74

..........................................................


THE MANHATTAN KS CLIMATE NORMALS FOR TODAY
                         NORMAL
 MAXIMUM TEMPERATURE (F)   88
 MINIMUM TEMPERATURE (F)   65


SUNRISE AND SUNSET
JUNE 26 2017..........SUNRISE   602 AM CDT   SUNSET   857 PM CDT
JUNE 27 2017..........SUNRISE   603 AM CDT   SUNSET   857 PM CDT


-  INDICATES NEGATIVE NUMBERS.
R  INDICATES RECORD WAS SET OR TIED.
MM INDICATES DATA IS MISSING.
T  INDICATES TRACE AMOUNT.




$$
