000
CDUS43 KTOP 230643
CLIMHK


CLIMATE REPORT
NATIONAL WEATHER SERVICE TOPEKA KS
1240 AM CST MON JAN 23 2017


...................................

...THE MANHATTAN KS CLIMATE SUMMARY FOR JANUARY 22 2017...

CLIMATE NORMAL PERIOD 1981 TO 2010
CLIMATE RECORD PERIOD 9999 TO 9999


WEATHER ITEM   OBSERVED NORMAL DEPARTURE LAST
                VALUE   VALUE  FROM      YEAR
                               NORMAL
...............................................
TEMPERATURE (F)
 YESTERDAY
  MAXIMUM         47     41      6       28
  MINIMUM         26     17      9       19
  AVERAGE         37     29      8       24

PRECIPITATION (IN)
  YESTERDAY        0.00   0.03  -0.03     0.00
  MONTH TO DATE    1.38   0.34   1.04     0.56
  SINCE DEC 1      2.32   1.36   0.96     3.65
  SINCE JAN 1      1.38   0.34   1.04     0.56

DEGREE DAYS
 HEATING
  YESTERDAY       28     36     -8       41
  MONTH TO DATE  753    807    -54      725
  SINCE DEC 1   1830   1873    -43     1560
  SINCE JUL 1   2440   2948   -508     2299

 COOLING
  YESTERDAY        0      0      0        0
  MONTH TO DATE    0      0      0        0
  SINCE DEC 1      0      0      0        0
  SINCE JAN 1      0      0      0        0
...............................................


WIND (MPH)
  HIGHEST WIND SPEED    17   HIGHEST WIND DIRECTION    NE (30)
  HIGHEST GUST SPEED    23   HIGHEST GUST DIRECTION    NE (30)
  AVERAGE WIND SPEED     5.1


SKY COVER
  AVERAGE SKY COVER 0.4


WEATHER CONDITIONS
 THE FOLLOWING WEATHER WAS RECORDED YESTERDAY.
  FOG


RELATIVE HUMIDITY (PERCENT)
 HIGHEST    92
 LOWEST     62
 AVERAGE    77

..........................................................


THE MANHATTAN KS CLIMATE NORMALS FOR TODAY
                         NORMAL
 MAXIMUM TEMPERATURE (F)   41
 MINIMUM TEMPERATURE (F)   17


SUNRISE AND SUNSET
JANUARY 23 2017.......SUNRISE   740 AM CST   SUNSET   537 PM CST
JANUARY 24 2017.......SUNRISE   739 AM CST   SUNSET   539 PM CST


-  INDICATES NEGATIVE NUMBERS.
R  INDICATES RECORD WAS SET OR TIED.
MM INDICATES DATA IS MISSING.
T  INDICATES TRACE AMOUNT.




$$
