000
CDUS43 KTOP 272235
CLIMHK


CLIMATE REPORT
NATIONAL WEATHER SERVICE TOPEKA KS
434 PM CST SAT DEC 27 2014


...................................

...THE MANHATTAN KS CLIMATE SUMMARY FOR DECEMBER 27 2014...
VALID TODAY AS OF 0400 PM LOCAL TIME.

CLIMATE NORMAL PERIOD 1981 TO 2010
CLIMATE RECORD PERIOD 9999 TO 9999


WEATHER ITEM   OBSERVED NORMAL DEPARTURE LAST
                VALUE   VALUE  FROM      YEAR
                               NORMAL
...............................................
TEMPERATURE (F)
 TODAY
  MAXIMUM         33     40     -7       49
  MINIMUM         23     17      6       11
  AVERAGE         28     28      0       30

PRECIPITATION (IN)
  TODAY            0.00   0.02  -0.02     0.00
  MONTH TO DATE    2.22   0.92   1.30     0.59
  SINCE DEC 1      2.22   0.92   1.30     0.59
  SINCE JAN 1     22.95  32.45  -9.50    29.19

DEGREE DAYS
 HEATING
  TODAY           37     37      0       35
  MONTH TO DATE  752    919   -167     1037
  SINCE DEC 1    752    919   -167     1037
  SINCE JUL 1   1889   1994   -105     2124

 COOLING
  TODAY            0      0      0        0
  MONTH TO DATE    0      0      0        0
  SINCE DEC 1      0      0      0        0
  SINCE JAN 1   1581   1362    219     1513
...............................................


WIND (MPH)
  HIGHEST WIND SPEED    15   HIGHEST WIND DIRECTION     W (280)
  HIGHEST GUST SPEED    19   HIGHEST GUST DIRECTION     W (290)
  AVERAGE WIND SPEED     7.6



WEATHER CONDITIONS
 THE FOLLOWING WEATHER WAS RECORDED TODAY.
  NO SIGNIFICANT WEATHER WAS OBSERVED.


RELATIVE HUMIDITY (PERCENT)
 HIGHEST    92
 LOWEST     49
 AVERAGE    71

..........................................................


THE MANHATTAN KS CLIMATE NORMALS FOR TOMORROW
                         NORMAL
 MAXIMUM TEMPERATURE (F)   40
 MINIMUM TEMPERATURE (F)   17


SUNRISE AND SUNSET
DECEMBER 27 2014......SUNRISE   745 AM CST   SUNSET   511 PM CST
DECEMBER 28 2014......SUNRISE   745 AM CST   SUNSET   512 PM CST


-  INDICATES NEGATIVE NUMBERS.
R  INDICATES RECORD WAS SET OR TIED.
MM INDICATES DATA IS MISSING.
T  INDICATES TRACE AMOUNT.




$$
