000
CDUS43 KTOP 290635
CLIMHK


CLIMATE REPORT
NATIONAL WEATHER SERVICE TOPEKA KS
133 AM CDT FRI MAY 29 2015


...................................

...THE MANHATTAN KS CLIMATE SUMMARY FOR MAY 28 2015...

CLIMATE NORMAL PERIOD 1981 TO 2010
CLIMATE RECORD PERIOD 9999 TO 9999


WEATHER ITEM   OBSERVED NORMAL DEPARTURE LAST
                VALUE   VALUE  FROM      YEAR
                               NORMAL
...............................................
TEMPERATURE (F)
 YESTERDAY
  MAXIMUM         79     80     -1       91
  MINIMUM         63     56      7       62
  AVERAGE         71     68      3       77

PRECIPITATION (IN)
  YESTERDAY        0.89   0.17   0.72     0.00
  MONTH TO DATE    9.92   3.95   5.97     2.15
  SINCE MAR 1     12.70   8.95   3.75     4.63
  SINCE JAN 1     14.16  10.67   3.49     5.85

DEGREE DAYS
 HEATING
  YESTERDAY        0      2     -2        0
  MONTH TO DATE  101    120    -19      118
  SINCE MAR 1    926   1141   -215     1210
  SINCE JUL 1   5120   5301   -181     5741

 COOLING
  YESTERDAY        6      4      2       12
  MONTH TO DATE   69     68      1      141
  SINCE MAR 1     77     85     -8      171
  SINCE JAN 1     77     85     -8      171
...............................................


WIND (MPH)
  HIGHEST WIND SPEED    22   HIGHEST WIND DIRECTION     S (170)
  HIGHEST GUST SPEED    29   HIGHEST GUST DIRECTION    SW (210)
  AVERAGE WIND SPEED     8.3


SKY COVER
  AVERAGE SKY COVER 0.8


WEATHER CONDITIONS
 THE FOLLOWING WEATHER WAS RECORDED YESTERDAY.
  THUNDERSTORM
  HEAVY RAIN
  RAIN
  LIGHT RAIN
  FOG


RELATIVE HUMIDITY (PERCENT)
 HIGHEST   100
 LOWEST     60
 AVERAGE    80

..........................................................


THE MANHATTAN KS CLIMATE NORMALS FOR TODAY
                         NORMAL
 MAXIMUM TEMPERATURE (F)   80
 MINIMUM TEMPERATURE (F)   56


SUNRISE AND SUNSET
MAY 29 2015...........SUNRISE   604 AM CDT   SUNSET   845 PM CDT
MAY 30 2015...........SUNRISE   603 AM CDT   SUNSET   845 PM CDT


-  INDICATES NEGATIVE NUMBERS.
R  INDICATES RECORD WAS SET OR TIED.
MM INDICATES DATA IS MISSING.
T  INDICATES TRACE AMOUNT.




$$
