000
CDUS46 KMFR 240835
CLIMHS


CLIMATE REPORT
NATIONAL WEATHER SERVICE MEDFORD, OR
135 AM PDT SUN SEP 24 2017


...................................

...THE MT SHASTA CITY CA CLIMATE SUMMARY FOR SEPTEMBER 23 2017...

CLIMATE NORMAL PERIOD 1981 TO 2010
CLIMATE RECORD PERIOD 1908 TO 2017


WEATHER ITEM   OBSERVED TIME   RECORD YEAR NORMAL DEPARTURE LAST
                VALUE   (LST)  VALUE       VALUE  FROM      YEAR
                                                  NORMAL
..................................................................
TEMPERATURE (F)
 YESTERDAY
  MAXIMUM         65    225 PM  96    2009  76    -11       60
                                      2009
  MINIMUM         32    619 AM  29    2000  42    -10       37
  AVERAGE         49                        59    -10       49

PRECIPITATION (IN)
  YESTERDAY        0.00          0.15 1920   0.02  -0.02      T
  MONTH TO DATE    0.28                      0.47  -0.19     0.08
  SINCE OCT 1     60.15                     43.01  17.14    42.39
  SINCE JAN 1     38.99                     27.80  11.19    32.90

SNOWFALL (IN)
  YESTERDAY       MM                         0.0   MM       MM
  MONTH TO DATE   MM                         0.0   MM       MM
  SINCE JUL 1     MM                         0.0   MM       MM
  SNOW DEPTH      MM

DEGREE DAYS
 HEATING
  YESTERDAY       16                         7      9       16
  MONTH TO DATE  107                       108     -1       87
  SINCE SEP 1    107                       108     -1       87
  SINCE JUL 1    107                       183    -76      102

 COOLING
  YESTERDAY        0                         1     -1        0
  MONTH TO DATE  100                        24     76       21
  SINCE SEP 1    100                        24     76       21
  SINCE JAN 1    700                       284    416      499
..................................................................


WIND (MPH)
  HIGHEST WIND SPEED    10   HIGHEST WIND DIRECTION    NW (310)
  HIGHEST GUST SPEED    18   HIGHEST GUST DIRECTION    NW (300)
  AVERAGE WIND SPEED     2.6


SKY COVER
  POSSIBLE SUNSHINE  MM
  AVERAGE SKY COVER 0.1


WEATHER CONDITIONS
 THE FOLLOWING WEATHER WAS RECORDED YESTERDAY.
  NO SIGNIFICANT WEATHER WAS OBSERVED.


RELATIVE HUMIDITY (PERCENT)
 HIGHEST    89           300 AM
 LOWEST     31           100 PM

..........................................................


THE MT SHASTA CITY CA CLIMATE NORMALS FOR TODAY
                         NORMAL    RECORD    YEAR
 MAXIMUM TEMPERATURE (F)   76        91      2009
                                             1964
 MINIMUM TEMPERATURE (F)   41        26      1929


SUNRISE AND SUNSET
SEPTEMBER 24 2017.....SUNRISE   659 AM PDT   SUNSET   702 PM PDT
SEPTEMBER 25 2017.....SUNRISE   700 AM PDT   SUNSET   701 PM PDT


-  INDICATES NEGATIVE NUMBERS.
R  INDICATES RECORD WAS SET OR TIED.
MM INDICATES DATA IS MISSING.
T  INDICATES TRACE AMOUNT.




$$
