000
CDUS46 KMFR 010837
CLIMHS


CLIMATE REPORT
NATIONAL WEATHER SERVICE MEDFORD, OR
1237 AM PST SUN MAR 1 2015


...................................

...THE MT SHASTA CITY CA CLIMATE SUMMARY FOR FEBRUARY 28 2015...

CLIMATE NORMAL PERIOD 1981 TO 2010
CLIMATE RECORD PERIOD 1908 TO 2015


WEATHER ITEM   OBSERVED TIME   RECORD YEAR NORMAL DEPARTURE LAST
                VALUE   (LST)  VALUE       VALUE  FROM      YEAR
                                                  NORMAL
..................................................................
TEMPERATURE (F)
 YESTERDAY
  MAXIMUM         49    231 PM  67    1926  51     -2       45
  MINIMUM         32    858 PM   9    1955  29      3       39
  AVERAGE         41                        40      1       42

PRECIPITATION (IN)
  YESTERDAY        T             3.50 1940   0.27  -0.27     0.14
  MONTH TO DATE   10.16                      7.23   2.93     5.83
  SINCE OCT 1     30.16                     29.50   0.66     7.15
  SINCE JAN 1     10.64                     14.29  -3.65     6.04

SNOWFALL (IN)
  YESTERDAY       MM                         0.7   MM       MM
  MONTH TO DATE   MM                        19.6   MM       MM
  SINCE JUL 1     MM                        72.9   MM        0.0
  SNOW DEPTH      MM

DEGREE DAYS
 HEATING
  YESTERDAY       24                        25     -1       23
  MONTH TO DATE  542                       749   -207      674
  SINCE DEC 1   1956                      2578   -622     2379
  SINCE JUL 1   2966                      3975  -1009     3616

 COOLING
  YESTERDAY        0                         0      0        0
  MONTH TO DATE    0                         0      0        0
  SINCE DEC 1      0                         0      0        0
  SINCE JAN 1      0                         0      0        0
..................................................................


WIND (MPH)
  HIGHEST WIND SPEED    14   HIGHEST WIND DIRECTION    NW (330)
  HIGHEST GUST SPEED    24   HIGHEST GUST DIRECTION    NW (310)
  AVERAGE WIND SPEED     4.4


SKY COVER
  POSSIBLE SUNSHINE  MM
  AVERAGE SKY COVER 0.6


WEATHER CONDITIONS
 THE FOLLOWING WEATHER WAS RECORDED YESTERDAY.
  NO SIGNIFICANT WEATHER WAS OBSERVED.


RELATIVE HUMIDITY (PERCENT)
 HIGHEST    92           500 AM
 LOWEST     45           200 PM

..........................................................


THE MT SHASTA CITY CA CLIMATE NORMALS FOR TODAY
                         NORMAL    RECORD    YEAR
 MAXIMUM TEMPERATURE (F)   51        66      1994
 MINIMUM TEMPERATURE (F)   29        10      1917


SUNRISE AND SUNSET
MARCH  1 2015.........SUNRISE   644 AM PST   SUNSET   600 PM PST
MARCH  2 2015.........SUNRISE   642 AM PST   SUNSET   601 PM PST


-  INDICATES NEGATIVE NUMBERS.
R  INDICATES RECORD WAS SET OR TIED.
MM INDICATES DATA IS MISSING.
T  INDICATES TRACE AMOUNT.




$$
