000
CDUS46 KMFR 190836
CLIMHS


CLIMATE REPORT
NATIONAL WEATHER SERVICE MEDFORD, OR
136 AM PDT FRI SEP 19 2014


...................................

...THE MT SHASTA CITY CA CLIMATE SUMMARY FOR SEPTEMBER 18 2014...

CLIMATE NORMAL PERIOD 1981 TO 2010
CLIMATE RECORD PERIOD 1908 TO 2014


WEATHER ITEM   OBSERVED TIME   RECORD YEAR NORMAL DEPARTURE LAST
                VALUE   (LST)  VALUE       VALUE  FROM      YEAR
                                                  NORMAL
..................................................................
TEMPERATURE (F)
 YESTERDAY
  MAXIMUM         73    302 PM  93    1951  78     -5       70
  MINIMUM         49   1005 PM  28    1926  43      6       42
  AVERAGE         61                        60      1       56

PRECIPITATION (IN)
  YESTERDAY        0.14          1.23 1959   0.02   0.12     0.00
  MONTH TO DATE    0.14                      0.35  -0.21     0.04
  SINCE SEP 1      0.14                      0.35  -0.21     0.04
  SINCE JAN 1     12.42                     27.68 -15.26     7.22

SNOWFALL (IN)
  YESTERDAY       MM                         0.0   MM       MM
  MONTH TO DATE   MM                         0.0   MM       MM
  SINCE JUL 1     MM                         0.0   MM       MM
  SNOW DEPTH      MM

DEGREE DAYS
 HEATING
  YESTERDAY        4                         6     -2        9
  MONTH TO DATE    9                        76    -67       24
  SINCE SEP 1      9                        76    -67       24
  SINCE JUL 1     14                       151   -137       36

 COOLING
  YESTERDAY        0                         1     -1        0
  MONTH TO DATE   36                        19     17       47
  SINCE SEP 1     36                        19     17       47
  SINCE JAN 1    534                       279    255      474
..................................................................


WIND (MPH)
  HIGHEST WIND SPEED     7   HIGHEST WIND DIRECTION    SE (150)
  HIGHEST GUST SPEED    14   HIGHEST GUST DIRECTION    SE (150)
  AVERAGE WIND SPEED     0.9


SKY COVER
  POSSIBLE SUNSHINE  MM
  AVERAGE SKY COVER 0.2


WEATHER CONDITIONS
 THE FOLLOWING WEATHER WAS RECORDED YESTERDAY.
  LIGHT RAIN
  FOG


RELATIVE HUMIDITY (PERCENT)
 HIGHEST    93           600 AM
 LOWEST     44           200 PM

..........................................................


THE MT SHASTA CITY CA CLIMATE NORMALS FOR TODAY
                         NORMAL    RECORD    YEAR
 MAXIMUM TEMPERATURE (F)   77        93      1974
 MINIMUM TEMPERATURE (F)   42        26      1965


SUNRISE AND SUNSET
SEPTEMBER 19 2014.....SUNRISE   654 AM PDT   SUNSET   711 PM PDT
SEPTEMBER 20 2014.....SUNRISE   655 AM PDT   SUNSET   710 PM PDT


-  INDICATES NEGATIVE NUMBERS.
R  INDICATES RECORD WAS SET OR TIED.
MM INDICATES DATA IS MISSING.
T  INDICATES TRACE AMOUNT.




$$
