000
CDUS46 KMFR 210839
CLIMHS


CLIMATE REPORT
NATIONAL WEATHER SERVICE MEDFORD, OR
138 AM PDT FRI JUL 21 2017


...................................

...THE MT SHASTA CITY CA CLIMATE SUMMARY FOR JULY 20 2017...

CLIMATE NORMAL PERIOD 1981 TO 2010
CLIMATE RECORD PERIOD 1908 TO 2017


WEATHER ITEM   OBSERVED TIME   RECORD YEAR NORMAL DEPARTURE LAST
                VALUE   (LST)  VALUE       VALUE  FROM      YEAR
                                                  NORMAL
..................................................................
TEMPERATURE (F)
 YESTERDAY
  MAXIMUM         87    246 PM 100    1946  87      0       85
  MINIMUM         50    546 AM  36    1929  51     -1       46
  AVERAGE         69                        69      0       66

PRECIPITATION (IN)
  YESTERDAY        0.00          0.20 1958   0.01  -0.01     0.00
  MONTH TO DATE    0.00                      0.28  -0.28      T
  SINCE OCT 1     59.73                     42.09  17.64    42.31
  SINCE JAN 1     38.57                     26.88  11.69    32.82

SNOWFALL (IN)
  YESTERDAY       MM                         0.0   MM       MM
  MONTH TO DATE   MM                         0.0   MM       MM
  SINCE JUL 1     MM                         0.0   MM       MM
  SNOW DEPTH      MM

DEGREE DAYS
 HEATING
  YESTERDAY        0                         1     -1        0
  MONTH TO DATE    0                        26    -26       15
  SINCE JUN 1    105                       168    -63      102
  SINCE JUL 1      0                        26    -26       15

 COOLING
  YESTERDAY        4                         5     -1        1
  MONTH TO DATE  133                        72     61       68
  SINCE JUN 1    239                       109    130      175
  SINCE JAN 1    253                       117    136      183
..................................................................


WIND (MPH)
  HIGHEST WIND SPEED     6   HIGHEST WIND DIRECTION    NE (60)
  HIGHEST GUST SPEED     9   HIGHEST GUST DIRECTION    NW (300)
  AVERAGE WIND SPEED     1.2


SKY COVER
  POSSIBLE SUNSHINE  MM
  AVERAGE SKY COVER 0.0


WEATHER CONDITIONS
 THE FOLLOWING WEATHER WAS RECORDED YESTERDAY.
  NO SIGNIFICANT WEATHER WAS OBSERVED.


RELATIVE HUMIDITY (PERCENT)
 HIGHEST    77           500 AM
 LOWEST     24           500 PM

..........................................................


THE MT SHASTA CITY CA CLIMATE NORMALS FOR TODAY
                         NORMAL    RECORD    YEAR
 MAXIMUM TEMPERATURE (F)   87       101      2013
 MINIMUM TEMPERATURE (F)   51        35      1929


SUNRISE AND SUNSET
JULY 21 2017..........SUNRISE   555 AM PDT   SUNSET   836 PM PDT
JULY 22 2017..........SUNRISE   555 AM PDT   SUNSET   836 PM PDT


-  INDICATES NEGATIVE NUMBERS.
R  INDICATES RECORD WAS SET OR TIED.
MM INDICATES DATA IS MISSING.
T  INDICATES TRACE AMOUNT.




$$
