000
CDUS46 KMFR 010838
CLIMHS


CLIMATE REPORT
NATIONAL WEATHER SERVICE MEDFORD, OR
138 AM PDT MON SEP 1 2014


...................................

...THE MT SHASTA CITY CA CLIMATE SUMMARY FOR AUGUST 31 2014...

CLIMATE NORMAL PERIOD 1981 TO 2010
CLIMATE RECORD PERIOD 1908 TO 2014


WEATHER ITEM   OBSERVED TIME   RECORD YEAR NORMAL DEPARTURE LAST
                VALUE   (LST)  VALUE       VALUE  FROM      YEAR
                                                  NORMAL
..................................................................
TEMPERATURE (F)
 YESTERDAY
  MAXIMUM         78    117 PM  96    1950  82     -4       88
  MINIMUM         46    545 AM  34    1999  46      0       50
  AVERAGE         62                        64     -2       69

PRECIPITATION (IN)
  YESTERDAY        0.00          0.39 1963   0.02  -0.02     0.00
  MONTH TO DATE    0.21                      0.34  -0.13      T
  SINCE SEP 1     15.10                     43.21 -28.11    27.88
  SINCE JAN 1     12.28                     27.33 -15.05     7.18

SNOWFALL (IN)
  YESTERDAY       MM                         0.0   MM       MM
  MONTH TO DATE   MM                         0.0   MM       MM
  SINCE JUL 1     MM                         0.0   MM       MM
  SNOW DEPTH      MM

DEGREE DAYS
 HEATING
  YESTERDAY        3                         3      0        0
  MONTH TO DATE    4                        45    -41       12
  SINCE JUN 1     61                       217   -156       99
  SINCE JUL 1      5                        75    -70       12

 COOLING
  YESTERDAY        0                         2     -2        4
  MONTH TO DATE  141                        92     49       96
  SINCE JUN 1    489                       252    237      418
  SINCE JAN 1    498                       260    238      427
..................................................................


WIND (MPH)
  HIGHEST WIND SPEED    14   HIGHEST WIND DIRECTION    NW (320)
  HIGHEST GUST SPEED    26   HIGHEST GUST DIRECTION     N (10)
  AVERAGE WIND SPEED     4.7


SKY COVER
  POSSIBLE SUNSHINE  MM
  AVERAGE SKY COVER 0.2


WEATHER CONDITIONS
 THE FOLLOWING WEATHER WAS RECORDED YESTERDAY.
  HAZE


RELATIVE HUMIDITY (PERCENT)
 HIGHEST    93           600 AM
 LOWEST     21           200 PM

..........................................................


THE MT SHASTA CITY CA CLIMATE NORMALS FOR TODAY
                         NORMAL    RECORD    YEAR
 MAXIMUM TEMPERATURE (F)   82       101      1950
 MINIMUM TEMPERATURE (F)   46        33      1927


SUNRISE AND SUNSET
SEPTEMBER  1 2014.....SUNRISE   636 AM PDT   SUNSET   742 PM PDT
SEPTEMBER  2 2014.....SUNRISE   637 AM PDT   SUNSET   740 PM PDT


-  INDICATES NEGATIVE NUMBERS.
R  INDICATES RECORD WAS SET OR TIED.
MM INDICATES DATA IS MISSING.
T  INDICATES TRACE AMOUNT.




$$
