000
CDUS46 KMFR 300837
CLIMHS


CLIMATE REPORT
NATIONAL WEATHER SERVICE MEDFORD, OR
136 AM PDT THU JUL 30 2015


...................................

...THE MT SHASTA CITY CA CLIMATE SUMMARY FOR JULY 29 2015...

CLIMATE NORMAL PERIOD 1981 TO 2010
CLIMATE RECORD PERIOD 1908 TO 2015


WEATHER ITEM   OBSERVED TIME   RECORD YEAR NORMAL DEPARTURE LAST
                VALUE   (LST)  VALUE       VALUE  FROM      YEAR
                                                  NORMAL
..................................................................
TEMPERATURE (F)
 YESTERDAY
  MAXIMUM         96    307 PM  99    2014  88      8       99
                                      2009
  MINIMUM         48    459 AM  36    1919  50     -2       54
  AVERAGE         72                        69      3       77

PRECIPITATION (IN)
  YESTERDAY        0.00          0.04 1997   0.01  -0.01     0.00
  MONTH TO DATE    1.50                      0.37   1.13     0.24
  SINCE OCT 1     36.40                     42.18  -5.78    13.18
  SINCE JAN 1     16.88                     26.97 -10.09    12.07

SNOWFALL (IN)
  YESTERDAY       MM                         0.0   MM       MM
  MONTH TO DATE   MM                         0.0   MM       MM
  SINCE JUL 1     MM                         0.0   MM       MM
  SNOW DEPTH      MM

DEGREE DAYS
 HEATING
  YESTERDAY        0                         1     -1        0
  MONTH TO DATE    5                        35    -30        1
  SINCE JUN 1     26                       177   -151       57
  SINCE JUL 1      5                        35    -30        1

 COOLING
  YESTERDAY        7                         4      3       12
  MONTH TO DATE  153                       116     37      269
  SINCE JUN 1    328                       153    175      327
  SINCE JAN 1    333                       161    172      336
..................................................................


WIND (MPH)
  HIGHEST WIND SPEED     6   HIGHEST WIND DIRECTION    NE (50)
  HIGHEST GUST SPEED    10   HIGHEST GUST DIRECTION    NW (320)
  AVERAGE WIND SPEED     1.7


SKY COVER
  POSSIBLE SUNSHINE  MM
  AVERAGE SKY COVER 0.0


WEATHER CONDITIONS
 THE FOLLOWING WEATHER WAS RECORDED YESTERDAY.
  NO SIGNIFICANT WEATHER WAS OBSERVED.


RELATIVE HUMIDITY (PERCENT)
 HIGHEST    71           500 AM
 LOWEST     11           400 PM

..........................................................


THE MT SHASTA CITY CA CLIMATE NORMALS FOR TODAY
                         NORMAL    RECORD    YEAR
 MAXIMUM TEMPERATURE (F)   88        98      2003
 MINIMUM TEMPERATURE (F)   50        37      1919


SUNRISE AND SUNSET
JULY 30 2015..........SUNRISE   602 AM PDT   SUNSET   828 PM PDT
JULY 31 2015..........SUNRISE   603 AM PDT   SUNSET   827 PM PDT


-  INDICATES NEGATIVE NUMBERS.
R  INDICATES RECORD WAS SET OR TIED.
MM INDICATES DATA IS MISSING.
T  INDICATES TRACE AMOUNT.




$$
