000
CDUS46 KMFR 250837
CLIMHS


CLIMATE REPORT
NATIONAL WEATHER SERVICE MEDFORD, OR
137 AM PDT TUE APR 25 2017


...................................

...THE MT SHASTA CITY CA CLIMATE SUMMARY FOR APRIL 24 2017...

CLIMATE NORMAL PERIOD 1981 TO 2010
CLIMATE RECORD PERIOD 1908 TO 2017


WEATHER ITEM   OBSERVED TIME   RECORD YEAR NORMAL DEPARTURE LAST
                VALUE   (LST)  VALUE       VALUE  FROM      YEAR
                                                  NORMAL
..................................................................
TEMPERATURE (F)
 YESTERDAY
  MAXIMUM         56    435 PM  84    1946  63     -7       56
  MINIMUM         41    635 AM  20    1964  35      6       35
  AVERAGE         49                        49      0       46

PRECIPITATION (IN)
  YESTERDAY        T             0.99 2003   0.09  -0.09     0.13
  MONTH TO DATE    8.42                      2.45   5.97     1.89
  SINCE OCT 1     57.88                     37.91  19.97    38.62
  SINCE JAN 1     36.72                     22.70  14.02    29.13

SNOWFALL (IN)
  YESTERDAY       MM                         0.1   MM       MM
  MONTH TO DATE   MM                         5.0   MM       MM
  SINCE JUL 1     MM                        91.1   MM       MM
  SNOW DEPTH      MM

DEGREE DAYS
 HEATING
  YESTERDAY       16                        16      0       19
  MONTH TO DATE  463                       444     19      268
  SINCE MAR 1   1092                      1148    -56      896
  SINCE JUL 1   4989                      5123   -134     4411

 COOLING
  YESTERDAY        0                         0      0        0
  MONTH TO DATE    0                         0      0        0
  SINCE MAR 1      0                         0      0        0
  SINCE JAN 1      0                         0      0        0
..................................................................


WIND (MPH)
  HIGHEST WIND SPEED    12   HIGHEST WIND DIRECTION     E (100)
  HIGHEST GUST SPEED    18   HIGHEST GUST DIRECTION     E (90)
  AVERAGE WIND SPEED     3.7


SKY COVER
  POSSIBLE SUNSHINE  MM
  AVERAGE SKY COVER 0.7


WEATHER CONDITIONS
 THE FOLLOWING WEATHER WAS RECORDED YESTERDAY.
  LIGHT RAIN


RELATIVE HUMIDITY (PERCENT)
 HIGHEST    73           400 AM
 LOWEST     38           500 PM

..........................................................


THE MT SHASTA CITY CA CLIMATE NORMALS FOR TODAY
                         NORMAL    RECORD    YEAR
 MAXIMUM TEMPERATURE (F)   63        84      1926
 MINIMUM TEMPERATURE (F)   35        23      1975


SUNRISE AND SUNSET
APRIL 25 2017.........SUNRISE   614 AM PDT   SUNSET   801 PM PDT
APRIL 26 2017.........SUNRISE   613 AM PDT   SUNSET   802 PM PDT


-  INDICATES NEGATIVE NUMBERS.
R  INDICATES RECORD WAS SET OR TIED.
MM INDICATES DATA IS MISSING.
T  INDICATES TRACE AMOUNT.




$$
