000
CDUS46 KMFR 220836
CLIMHS


CLIMATE REPORT
NATIONAL WEATHER SERVICE MEDFORD, OR
1235 AM PST WED FEB 22 2017


...................................

...THE MT SHASTA CITY CA CLIMATE SUMMARY FOR FEBRUARY 21 2017...

CLIMATE NORMAL PERIOD 1981 TO 2010
CLIMATE RECORD PERIOD 1908 TO 2017


WEATHER ITEM   OBSERVED TIME   RECORD YEAR NORMAL DEPARTURE LAST
                VALUE   (LST)  VALUE       VALUE  FROM      YEAR
                                                  NORMAL
..................................................................
TEMPERATURE (F)
 YESTERDAY
  MAXIMUM         49    353 PM  68    1995  50     -1       53
  MINIMUM         31   1136 PM   5    1915  28      3       27
  AVERAGE         40                        39      1       40

PRECIPITATION (IN)
  YESTERDAY        0.20          2.79 1956   0.27  -0.07     0.00
  MONTH TO DATE   10.82                      5.33   5.49     2.87
  SINCE OCT 1     43.08                     27.60  15.48    25.36
  SINCE JAN 1     21.92                     12.39   9.53    15.87

SNOWFALL (IN)
  YESTERDAY       MM                         0.8   MM       MM
  MONTH TO DATE   MM                        14.7   MM       MM
  SINCE JUL 1     MM                        68.0   MM       MM
  SNOW DEPTH      MM

DEGREE DAYS
 HEATING
  YESTERDAY       25                        26     -1       25
  MONTH TO DATE  488                       571    -83      448
  SINCE DEC 1   2478                      2400     78     2220
  SINCE JUL 1   3663                      3797   -134     3352

 COOLING
  YESTERDAY        0                         0      0        0
  MONTH TO DATE    0                         0      0        0
  SINCE DEC 1      0                         0      0        0
  SINCE JAN 1      0                         0      0        0
..................................................................


WIND (MPH)
  HIGHEST WIND SPEED     8   HIGHEST WIND DIRECTION     E (80)
  HIGHEST GUST SPEED    14   HIGHEST GUST DIRECTION    SE (130)
  AVERAGE WIND SPEED     2.3


SKY COVER
  POSSIBLE SUNSHINE  MM
  AVERAGE SKY COVER 0.6


WEATHER CONDITIONS
 THE FOLLOWING WEATHER WAS RECORDED YESTERDAY.
  RAIN
  LIGHT RAIN
  FOG


RELATIVE HUMIDITY (PERCENT)
 HIGHEST    92           700 AM
 LOWEST     45           400 PM

..........................................................


THE MT SHASTA CITY CA CLIMATE NORMALS FOR TODAY
                         NORMAL    RECORD    YEAR
 MAXIMUM TEMPERATURE (F)   50        68      1995
 MINIMUM TEMPERATURE (F)   28        12      1920


SUNRISE AND SUNSET
FEBRUARY 22 2017......SUNRISE   654 AM PST   SUNSET   552 PM PST
FEBRUARY 23 2017......SUNRISE   652 AM PST   SUNSET   553 PM PST


-  INDICATES NEGATIVE NUMBERS.
R  INDICATES RECORD WAS SET OR TIED.
MM INDICATES DATA IS MISSING.
T  INDICATES TRACE AMOUNT.




$$
