000
CDUS46 KMFR 270835
CLIMHS


CLIMATE REPORT
NATIONAL WEATHER SERVICE MEDFORD, OR
135 AM PDT SAT MAY 27 2017


...................................

...THE MT SHASTA CITY CA CLIMATE SUMMARY FOR MAY 26 2017...

CLIMATE NORMAL PERIOD 1981 TO 2010
CLIMATE RECORD PERIOD 1908 TO 2017


WEATHER ITEM   OBSERVED TIME   RECORD YEAR NORMAL DEPARTURE LAST
                VALUE   (LST)  VALUE       VALUE  FROM      YEAR
                                                  NORMAL
..................................................................
TEMPERATURE (F)
 YESTERDAY
  MAXIMUM         75    303 PM  89    1983  72      3       75
  MINIMUM         43    455 AM  25    1911  42      1       43
  AVERAGE         59                        57      2       59

PRECIPITATION (IN)
  YESTERDAY        0.00          0.93 1945   0.07  -0.07     0.00
  MONTH TO DATE    0.17                      1.87  -1.70     1.28
  SINCE OCT 1     58.11                     40.26  17.85    39.91
  SINCE JAN 1     36.95                     25.05  11.90    30.42

SNOWFALL (IN)
  YESTERDAY       MM                         0.0   MM       MM
  MONTH TO DATE   MM                         0.3   MM       MM
  SINCE JUL 1     MM                        91.8   MM       MM
  SNOW DEPTH      MM

DEGREE DAYS
 HEATING
  YESTERDAY        6                         9     -3        6
  MONTH TO DATE  225                       296    -71      208
  SINCE MAR 1   1405                      1536   -131     1198
  SINCE JUL 1   5302                      5511   -209     4713

 COOLING
  YESTERDAY        0                         0      0        0
  MONTH TO DATE   10                         0     10        4
  SINCE MAR 1     10                         0     10        4
  SINCE JAN 1     10                         0     10        4
..................................................................


WIND (MPH)
  HIGHEST WIND SPEED     6   HIGHEST WIND DIRECTION    SE (130)
  HIGHEST GUST SPEED    12   HIGHEST GUST DIRECTION    SE (120)
  AVERAGE WIND SPEED     0.9


SKY COVER
  POSSIBLE SUNSHINE  MM
  AVERAGE SKY COVER 0.2


WEATHER CONDITIONS
 THE FOLLOWING WEATHER WAS RECORDED YESTERDAY.
  FOG


RELATIVE HUMIDITY (PERCENT)
 HIGHEST    92           200 AM
 LOWEST     31           100 PM

..........................................................


THE MT SHASTA CITY CA CLIMATE NORMALS FOR TODAY
                         NORMAL    RECORD    YEAR
 MAXIMUM TEMPERATURE (F)   72        90      1983
 MINIMUM TEMPERATURE (F)   42        19      1927


SUNRISE AND SUNSET
MAY 27 2017...........SUNRISE   541 AM PDT   SUNSET   833 PM PDT
MAY 28 2017...........SUNRISE   540 AM PDT   SUNSET   833 PM PDT


-  INDICATES NEGATIVE NUMBERS.
R  INDICATES RECORD WAS SET OR TIED.
MM INDICATES DATA IS MISSING.
T  INDICATES TRACE AMOUNT.




$$
