000
CDUS46 KMFR 180837
CLIMHS


CLIMATE REPORT
NATIONAL WEATHER SERVICE MEDFORD, OR
1236 AM PST WED JAN 18 2017


...................................

...THE MT SHASTA CITY CA CLIMATE SUMMARY FOR JANUARY 17 2017...

CLIMATE NORMAL PERIOD 1981 TO 2010
CLIMATE RECORD PERIOD 1908 TO 2017


WEATHER ITEM   OBSERVED TIME   RECORD YEAR NORMAL DEPARTURE LAST
                VALUE   (LST)  VALUE       VALUE  FROM      YEAR
                                                  NORMAL
..................................................................
TEMPERATURE (F)
 YESTERDAY
  MAXIMUM         49   1254 PM  63    1920  45      4       45
  MINIMUM         25    449 AM   0    1917  26     -1       39
  AVERAGE         37                        36      1       42

PRECIPITATION (IN)
  YESTERDAY        T             2.00 1921   0.22  -0.22     1.78
  MONTH TO DATE    7.11                      4.05   3.06     6.96
  SINCE OCT 1     28.27                     19.26   9.01    16.45
  SINCE JAN 1      7.11                      4.05   3.06     6.96

SNOWFALL (IN)
  YESTERDAY       MM                         0.7   MM       MM
  MONTH TO DATE   MM                        12.5   MM       MM
  SINCE JUL 1     MM                        45.2   MM       MM
  SNOW DEPTH      MM

DEGREE DAYS
 HEATING
  YESTERDAY       28                        29     -1       23
  MONTH TO DATE  558                       503     55      507
  SINCE DEC 1   1540                      1428    112     1422
  SINCE JUL 1   2725                      2825   -100     2554

 COOLING
  YESTERDAY        0                         0      0        0
  MONTH TO DATE    0                         0      0        0
  SINCE DEC 1      0                         0      0        0
  SINCE JAN 1      0                         0      0        0
..................................................................


WIND (MPH)
  HIGHEST WIND SPEED    14   HIGHEST WIND DIRECTION     E (90)
  HIGHEST GUST SPEED    28   HIGHEST GUST DIRECTION     E (90)
  AVERAGE WIND SPEED     3.7


SKY COVER
  POSSIBLE SUNSHINE  MM
  AVERAGE SKY COVER 0.5


WEATHER CONDITIONS
 THE FOLLOWING WEATHER WAS RECORDED YESTERDAY.
  LIGHT SNOW
  FOG
  HAZE


RELATIVE HUMIDITY (PERCENT)
 HIGHEST    84          1200 AM
 LOWEST     36           100 PM

..........................................................


THE MT SHASTA CITY CA CLIMATE NORMALS FOR TODAY
                         NORMAL    RECORD    YEAR
 MAXIMUM TEMPERATURE (F)   46        64      1920
                                             1994
 MINIMUM TEMPERATURE (F)   27         2      1943


SUNRISE AND SUNSET
JANUARY 18 2017.......SUNRISE   731 AM PST   SUNSET   509 PM PST
JANUARY 19 2017.......SUNRISE   731 AM PST   SUNSET   510 PM PST


-  INDICATES NEGATIVE NUMBERS.
R  INDICATES RECORD WAS SET OR TIED.
MM INDICATES DATA IS MISSING.
T  INDICATES TRACE AMOUNT.




$$
