000
CDUS46 KMFR 140835
CLIMHS


CLIMATE REPORT
NATIONAL WEATHER SERVICE MEDFORD, OR
135 AM PDT MON JUL 14 2014


...................................

...THE MT SHASTA CITY CA CLIMATE SUMMARY FOR JULY 13 2014...

CLIMATE NORMAL PERIOD 1981 TO 2010
CLIMATE RECORD PERIOD 1908 TO 2014


WEATHER ITEM   OBSERVED TIME   RECORD YEAR NORMAL DEPARTURE LAST
                VALUE   (LST)  VALUE       VALUE  FROM      YEAR
                                                  NORMAL
..................................................................
TEMPERATURE (F)
 YESTERDAY
  MAXIMUM         99R   251 PM  97    1987  86     13       87
  MINIMUM         64    542 AM  38    1936  50     14       48
  AVERAGE         82                        68     14       68

PRECIPITATION (IN)
  YESTERDAY        0.00          0.23 1952   0.02  -0.02     0.00
  MONTH TO DATE    0.06                      0.22  -0.16     0.05
  SINCE SEP 1     14.71                     42.70 -27.99    27.83
  SINCE JAN 1     11.89                     26.82 -14.93     7.13

SNOWFALL (IN)
  YESTERDAY       MM                         0.0   MM       MM
  MONTH TO DATE   MM                         0.0   MM       MM
  SINCE JUL 1     MM                         0.0   MM       MM
  SNOW DEPTH      MM

DEGREE DAYS
 HEATING
  YESTERDAY        0                         1     -1        0
  MONTH TO DATE    0                        19    -19        0
  SINCE JUN 1     56                       161   -105       87
  SINCE JUL 1      0                        19    -19        0

 COOLING
  YESTERDAY       17                         4     13        3
  MONTH TO DATE  129                        43     86       92
  SINCE JUN 1    187                        80    107      191
  SINCE JAN 1    196                        88    108      200
..................................................................


WIND (MPH)
  HIGHEST WIND SPEED    10   HIGHEST WIND DIRECTION    NW (330)
  HIGHEST GUST SPEED    17   HIGHEST GUST DIRECTION    NW (330)
  AVERAGE WIND SPEED     1.8


SKY COVER
  POSSIBLE SUNSHINE  MM
  AVERAGE SKY COVER 0.0


WEATHER CONDITIONS
 THE FOLLOWING WEATHER WAS RECORDED YESTERDAY.
  NO SIGNIFICANT WEATHER WAS OBSERVED.


RELATIVE HUMIDITY (PERCENT)
 HIGHEST    67           400 AM
 LOWEST     20           200 PM

..........................................................


THE MT SHASTA CITY CA CLIMATE NORMALS FOR TODAY
                         NORMAL    RECORD    YEAR
 MAXIMUM TEMPERATURE (F)   86       102      1987
 MINIMUM TEMPERATURE (F)   50        34      1929


SUNRISE AND SUNSET
JULY 14 2014..........SUNRISE   548 AM PDT   SUNSET   841 PM PDT
JULY 15 2014..........SUNRISE   549 AM PDT   SUNSET   841 PM PDT


-  INDICATES NEGATIVE NUMBERS.
R  INDICATES RECORD WAS SET OR TIED.
MM INDICATES DATA IS MISSING.
T  INDICATES TRACE AMOUNT.




$$
