000
CDUS46 KMFR 010043
CLIMHS


CLIMATE REPORT
NATIONAL WEATHER SERVICE MEDFORD, OR
543 PM PDT MON AUG 31 2015


...................................

...THE MT SHASTA CITY CA CLIMATE SUMMARY FOR AUGUST 31 2015...
VALID TODAY AS OF 0500 PM LOCAL TIME.

CLIMATE NORMAL PERIOD 1981 TO 2010
CLIMATE RECORD PERIOD 1908 TO 2015


WEATHER ITEM   OBSERVED TIME   RECORD YEAR NORMAL DEPARTURE LAST
                VALUE   (LST)  VALUE       VALUE  FROM      YEAR
                                                  NORMAL
..................................................................
TEMPERATURE (F)
 TODAY
  MAXIMUM         83    234 PM  96    1950  82      1       78
  MINIMUM         48    632 AM  34    1999  46      2       46
  AVERAGE         66                        64      2       62

PRECIPITATION (IN)
  TODAY            0.00          0.39 1963   0.02  -0.02     0.00
  MONTH TO DATE    0.02                      0.34  -0.32     0.21
  SINCE OCT 1     36.42                     42.54  -6.12    13.39
  SINCE JAN 1     16.90                     27.33 -10.43    12.28

SNOWFALL (IN)
  TODAY           MM                         0.0   MM       MM
  MONTH TO DATE   MM                         0.0   MM       MM
  SINCE JUL 1     MM                         0.0   MM       MM
  SNOW DEPTH      MM

DEGREE DAYS
 HEATING
  TODAY            0                         3     -3        3
  MONTH TO DATE    6                        45    -39        4
  SINCE JUN 1     32                       217   -185       61
  SINCE JUL 1     11                        75    -64        5

 COOLING
  TODAY            1                         2     -1        0
  MONTH TO DATE  136                        92     44      141
  SINCE JUN 1    489                       252    237      489
  SINCE JAN 1    494                       260    234      498
..................................................................


WIND (MPH)
  HIGHEST WIND SPEED    12   HIGHEST WIND DIRECTION     W (290)
  HIGHEST GUST SPEED    17   HIGHEST GUST DIRECTION    NW (300)
  AVERAGE WIND SPEED     3.0


SKY COVER
  POSSIBLE SUNSHINE  MM
  AVERAGE SKY COVER 0.0


WEATHER CONDITIONS
 THE FOLLOWING WEATHER WAS RECORDED TODAY.
  NO SIGNIFICANT WEATHER WAS OBSERVED.


RELATIVE HUMIDITY (PERCENT)
 HIGHEST    80           400 AM
 LOWEST     24           300 PM

..........................................................


THE MT SHASTA CITY CA CLIMATE NORMALS FOR TOMORROW
                         NORMAL    RECORD    YEAR
 MAXIMUM TEMPERATURE (F)   82       101      1950
 MINIMUM TEMPERATURE (F)   46        33      1927


SUNRISE AND SUNSET
AUGUST 31 2015........SUNRISE   634 AM PDT   SUNSET   744 PM PDT
SEPTEMBER  1 2015.....SUNRISE   635 AM PDT   SUNSET   742 PM PDT


-  INDICATES NEGATIVE NUMBERS.
R  INDICATES RECORD WAS SET OR TIED.
MM INDICATES DATA IS MISSING.
T  INDICATES TRACE AMOUNT.




$$
