000
CDUS42 KMFL 300827
CLIMIA


CLIMATE REPORT
NATIONAL WEATHER SERVICE MIAMI, FL
426 AM EDT SAT APR 30 2016


...................................

...THE MIAMI CLIMATE SUMMARY FOR APRIL 29 2016...

CLIMATE NORMAL PERIOD 1981 TO 2010
CLIMATE RECORD PERIOD 1895 TO 2016


WEATHER ITEM   OBSERVED TIME   RECORD YEAR NORMAL DEPARTURE LAST
                VALUE   (LST)  VALUE       VALUE  FROM      YEAR
                                                  NORMAL
..................................................................
TEMPERATURE (F)
 YESTERDAY
  MAXIMUM         87    306 PM  92    1986  85      2       79
  MINIMUM         74    551 AM  48    1928  70      4       70
  AVERAGE         81                        78      3       75

PRECIPITATION (IN)
  YESTERDAY        0.00          2.88 2012   0.10  -0.10     2.12
  MONTH TO DATE    1.09                      3.05  -1.96     4.03
  SINCE NOV 1     29.49                     15.23  14.26    13.09
  SINCE JAN 1     12.12                      9.92   2.20     9.11

SNOWFALL (IN)
  YESTERDAY        0.0
  MONTH TO DATE    0.0
  SINCE MAR 1      0.0
  SINCE JUL 1      0.0
  SNOW DEPTH       0

DEGREE DAYS
 HEATING
  YESTERDAY        0                         0      0        0
  MONTH TO DATE    0                         0      0        0
  SINCE MAR 1      0                        11    -11        0
  SINCE JUL 1     67                       127    -60       76

 COOLING
  YESTERDAY       16                        13      3       10
  MONTH TO DATE  353                       311     42      456
  SINCE MAR 1    717                       558    159      828
  SINCE JAN 1    974                       880     94     1167
..................................................................


WIND (MPH)
  HIGHEST WIND SPEED    15   HIGHEST WIND DIRECTION    SE (130)
  HIGHEST GUST SPEED    22   HIGHEST GUST DIRECTION     E (110)
  AVERAGE WIND SPEED     6.9


SKY COVER
  POSSIBLE SUNSHINE  91 PERCENT
  AVERAGE SKY COVER 0.4


WEATHER CONDITIONS
 THE FOLLOWING WEATHER WAS RECORDED YESTERDAY.
  NO SIGNIFICANT WEATHER WAS OBSERVED.


RELATIVE HUMIDITY (PERCENT)
 HIGHEST    82
 LOWEST     48
 AVERAGE    65

..........................................................


THE MIAMI CLIMATE NORMALS FOR TODAY
                         NORMAL    RECORD    YEAR
 MAXIMUM TEMPERATURE (F)   85        96      1971
 MINIMUM TEMPERATURE (F)   70        55      1939
                                             1938
                                             1916


SUNRISE AND SUNSET
APRIL 30 2016.........SUNRISE   645 AM EDT   SUNSET   752 PM EDT
MAY  1 2016...........SUNRISE   644 AM EDT   SUNSET   753 PM EDT


-  INDICATES NEGATIVE NUMBERS.
R  INDICATES RECORD WAS SET OR TIED.
MM INDICATES DATA IS MISSING.
T  INDICATES TRACE AMOUNT.




$$
