000
CDUS42 KMFL 230822
CLIMIA


CLIMATE REPORT
NATIONAL WEATHER SERVICE MIAMI, FL
421 AM EDT SAT JUL 23 2016


...................................

...THE MIAMI CLIMATE SUMMARY FOR JULY 22 2016...

CLIMATE NORMAL PERIOD 1981 TO 2010
CLIMATE RECORD PERIOD 1895 TO 2016


WEATHER ITEM   OBSERVED TIME   RECORD YEAR NORMAL DEPARTURE LAST
                VALUE   (LST)  VALUE       VALUE  FROM      YEAR
                                                  NORMAL
..................................................................
TEMPERATURE (F)
 YESTERDAY
  MAXIMUM         91   1235 PM  96    1942  91      0       92
  MINIMUM         76   1156 PM  70    1938  78     -2       77
                                      1937
  AVERAGE         84                        84      0       85

PRECIPITATION (IN)
  YESTERDAY        0.04          1.97 1953   0.19  -0.15     0.03
  MONTH TO DATE    3.26                      4.72  -1.46     2.54
  SINCE JUN 1     11.98                     14.39  -2.41     6.14
  SINCE JAN 1     32.37                     29.74   2.63    17.64

SNOWFALL (IN)
  YESTERDAY        0.0
  MONTH TO DATE    0.0
  SINCE JUN 1      0.0
  SINCE JUL 1      0.0
  SNOW DEPTH       0

DEGREE DAYS
 HEATING
  YESTERDAY        0                         0      0        0
  MONTH TO DATE    0                         0      0        0
  SINCE JUN 1      0                         0      0        0
  SINCE JUL 1      0                         0      0        0

 COOLING
  YESTERDAY       19                        19      0       20
  MONTH TO DATE  443                       417     26      437
  SINCE JUN 1   1004                       949     55     1002
  SINCE JAN 1   2466                      2305    161     2679
..................................................................


WIND (MPH)
  HIGHEST WIND SPEED    13   HIGHEST WIND DIRECTION    SE (140)
  HIGHEST GUST SPEED    17   HIGHEST GUST DIRECTION    SE (140)
  AVERAGE WIND SPEED     4.6


SKY COVER
  POSSIBLE SUNSHINE  47 PERCENT
  AVERAGE SKY COVER 0.7


WEATHER CONDITIONS
 THE FOLLOWING WEATHER WAS RECORDED YESTERDAY.
  THUNDERSTORM
  LIGHT RAIN
  FOG


RELATIVE HUMIDITY (PERCENT)
 HIGHEST    85
 LOWEST     63
 AVERAGE    74

..........................................................


THE MIAMI CLIMATE NORMALS FOR TODAY
                         NORMAL    RECORD    YEAR
 MAXIMUM TEMPERATURE (F)   91        95      2005
                                             1942
 MINIMUM TEMPERATURE (F)   78        70      1985
                                             1953
                                             1937


SUNRISE AND SUNSET
JULY 23 2016..........SUNRISE   643 AM EDT   SUNSET   812 PM EDT
JULY 24 2016..........SUNRISE   644 AM EDT   SUNSET   811 PM EDT


-  INDICATES NEGATIVE NUMBERS.
R  INDICATES RECORD WAS SET OR TIED.
MM INDICATES DATA IS MISSING.
T  INDICATES TRACE AMOUNT.




$$
