000
CDUS42 KMFL 290842
CLIMIA


CLIMATE REPORT
NATIONAL WEATHER SERVICE MIAMI, FL
441 AM EDT FRI MAY 29 2015


...................................

...THE MIAMI CLIMATE SUMMARY FOR MAY 28 2015...

CLIMATE NORMAL PERIOD 1981 TO 2010
CLIMATE RECORD PERIOD 1895 TO 2015


WEATHER ITEM   OBSERVED TIME   RECORD YEAR NORMAL DEPARTURE LAST
                VALUE   (LST)  VALUE       VALUE  FROM      YEAR
                                                  NORMAL
..................................................................
TEMPERATURE (F)
 YESTERDAY
  MAXIMUM         87    120 PM  93    1996  88     -1       88
  MINIMUM         76    603 AM  60    1937  75      1       78
  AVERAGE         82                        82      0       83

PRECIPITATION (IN)
  YESTERDAY        0.00          5.26 1936   0.25  -0.25     0.00
  MONTH TO DATE    1.62                      4.58  -2.96     3.23
  SINCE NOV 1     14.71                     19.90  -5.19    20.49
  SINCE JAN 1     10.73                     14.59  -3.86    10.09

SNOWFALL (IN)
  YESTERDAY        0.0
  MONTH TO DATE    0.0
  SINCE MAR 1      0.0
  SINCE JUL 1      0.0
  SNOW DEPTH       0

DEGREE DAYS
 HEATING
  YESTERDAY        0                         0      0        0
  MONTH TO DATE    0                         0      0        0
  SINCE MAR 1      0                        12    -12        0
  SINCE JUL 1     76                       128    -52       61

 COOLING
  YESTERDAY       17                        16      1       18
  MONTH TO DATE  450                       412     38      443
  SINCE MAR 1   1290                       983    307     1103
  SINCE JAN 1   1629                      1305    324     1524
..................................................................


WIND (MPH)
  HIGHEST WIND SPEED    21   HIGHEST WIND DIRECTION     E (100)
  HIGHEST GUST SPEED    25   HIGHEST GUST DIRECTION     E (90)
  AVERAGE WIND SPEED    12.5


SKY COVER
  POSSIBLE SUNSHINE  34 PERCENT
  AVERAGE SKY COVER 0.6


WEATHER CONDITIONS
 THE FOLLOWING WEATHER WAS RECORDED YESTERDAY.
  NO SIGNIFICANT WEATHER WAS OBSERVED.


RELATIVE HUMIDITY (PERCENT)
 HIGHEST    62
 LOWEST     44
 AVERAGE    53

..........................................................


THE MIAMI CLIMATE NORMALS FOR TODAY
                         NORMAL    RECORD    YEAR
 MAXIMUM TEMPERATURE (F)   88        94      1951
 MINIMUM TEMPERATURE (F)   75        58      1937


SUNRISE AND SUNSET
MAY 29 2015...........SUNRISE   630 AM EDT   SUNSET   807 PM EDT
MAY 30 2015...........SUNRISE   630 AM EDT   SUNSET   807 PM EDT


-  INDICATES NEGATIVE NUMBERS.
R  INDICATES RECORD WAS SET OR TIED.
MM INDICATES DATA IS MISSING.
T  INDICATES TRACE AMOUNT.




$$
