000
CDUS43 KIND 210536
CLIMIE


CLIMATE REPORT
NATIONAL WEATHER SERVICE INDIANAPOLIS IN
1236 AM EST WED FEB 21 2018


...................................

...THE MUNCIE IN CLIMATE SUMMARY FOR FEBRUARY 20 2018...

CLIMATE NORMAL PERIOD 1981 TO 2010
CLIMATE RECORD PERIOD 9999 TO 9999


WEATHER ITEM   OBSERVED TIME   NORMAL DEPARTURE LAST
                VALUE   (LST)  VALUE  FROM      YEAR
                                      NORMAL
......................................................
TEMPERATURE (F)
 YESTERDAY
  MAXIMUM         77    351 PM  39     38       67
  MINIMUM         61   1159 PM  23     38       36
  AVERAGE         69            31     38       52

PRECIPITATION (IN)
  YESTERDAY        0.02          0.08  -0.06     0.00
  MONTH TO DATE    1.86          1.66   0.20     0.51
  SINCE DEC 1      4.07          6.77  -2.70     6.43
  SINCE JAN 1      3.10          3.89  -0.79     5.24

DEGREE DAYS
 HEATING
  YESTERDAY        0            34    -34       13
  MONTH TO DATE  632           728    -96      498
  SINCE DEC 1   2910          2986    -76     2475
  SINCE JUL 1   3822          4121   -299     3177

 COOLING
  YESTERDAY        4             0      4        0
  MONTH TO DATE    4             0      4        0
  SINCE DEC 1      4             0      4        0
  SINCE JAN 1      4             0      4        0
......................................................


WIND (MPH)
  HIGHEST WIND SPEED    28   HIGHEST WIND DIRECTION    SW (230)
  HIGHEST GUST SPEED    49   HIGHEST GUST DIRECTION    SW (240)
  AVERAGE WIND SPEED    15.4


SKY COVER
  AVERAGE SKY COVER 0.2


WEATHER CONDITIONS
 THE FOLLOWING WEATHER WAS RECORDED YESTERDAY.
  LIGHT RAIN


RELATIVE HUMIDITY (PERCENT)
 HIGHEST    78           400 AM
 LOWEST     50           200 PM
 AVERAGE    64

..........................................................


THE MUNCIE IN CLIMATE NORMALS FOR TODAY
                         NORMAL
 MAXIMUM TEMPERATURE (F)   40
 MINIMUM TEMPERATURE (F)   23


SUNRISE AND SUNSET
FEBRUARY 21 2018......SUNRISE   727 AM EST   SUNSET   624 PM EST
FEBRUARY 22 2018......SUNRISE   725 AM EST   SUNSET   625 PM EST


-  INDICATES NEGATIVE NUMBERS.
R  INDICATES RECORD WAS SET OR TIED.
MM INDICATES DATA IS MISSING.
T  INDICATES TRACE AMOUNT.




$$
