000
CDUS43 KIND 280546
CLIMIE


CLIMATE REPORT
NATIONAL WEATHER SERVICE INDIANAPOLIS IN
146 AM EDT THU MAY 28 2015


...................................

...THE MUNCIE IN CLIMATE SUMMARY FOR MAY 27 2015...

CLIMATE NORMAL PERIOD 1981 TO 2010
CLIMATE RECORD PERIOD 9999 TO 9999


WEATHER ITEM   OBSERVED TIME   NORMAL DEPARTURE LAST
                VALUE   (LST)  VALUE  FROM      YEAR
                                      NORMAL
......................................................
TEMPERATURE (F)
 YESTERDAY
  MAXIMUM         83    310 PM  75      8       88
  MINIMUM         64    559 AM  55      9       69
  AVERAGE         74            65      9       79

PRECIPITATION (IN)
  YESTERDAY        0.04          0.16  -0.12     0.00
  MONTH TO DATE    2.89          3.78  -0.89     3.35
  SINCE MAR 1     10.05         10.40  -0.35    11.02
  SINCE JAN 1     12.99         14.94  -1.95    13.98

DEGREE DAYS
 HEATING
  YESTERDAY        0             3     -3        0
  MONTH TO DATE   85           156    -71      152
  SINCE MAR 1   1320          1365    -45     1501
  SINCE JUL 1   6185          5748    437     6411

 COOLING
  YESTERDAY        9             3      6       14
  MONTH TO DATE  116            52     64       79
  SINCE MAR 1    119            67     52       85
  SINCE JAN 1    119            67     52       85
......................................................


WIND (MPH)
  HIGHEST WIND SPEED    22   HIGHEST WIND DIRECTION    SW (220)
  HIGHEST GUST SPEED    33   HIGHEST GUST DIRECTION    SW (210)
  AVERAGE WIND SPEED    10.4


SKY COVER
  AVERAGE SKY COVER 0.2


WEATHER CONDITIONS
 THE FOLLOWING WEATHER WAS RECORDED YESTERDAY.
  LIGHT RAIN


RELATIVE HUMIDITY (PERCENT)
 HIGHEST    87           400 AM
 LOWEST     46           300 PM
 AVERAGE    67

..........................................................


THE MUNCIE IN CLIMATE NORMALS FOR TODAY
                         NORMAL
 MAXIMUM TEMPERATURE (F)   76
 MINIMUM TEMPERATURE (F)   56


SUNRISE AND SUNSET
MAY 28 2015...........SUNRISE   616 AM EDT   SUNSET   902 PM EDT
MAY 29 2015...........SUNRISE   616 AM EDT   SUNSET   903 PM EDT


-  INDICATES NEGATIVE NUMBERS.
R  INDICATES RECORD WAS SET OR TIED.
MM INDICATES DATA IS MISSING.
T  INDICATES TRACE AMOUNT.




$$
