000
CDUS43 KIND 040542
CLIMIE


CLIMATE REPORT
NATIONAL WEATHER SERVICE INDIANAPOLIS IN
141 AM EDT WED MAY 4 2016


...................................

...THE MUNCIE IN CLIMATE SUMMARY FOR MAY 3 2016...

CLIMATE NORMAL PERIOD 1981 TO 2010
CLIMATE RECORD PERIOD 9999 TO 9999


WEATHER ITEM   OBSERVED TIME   NORMAL DEPARTURE LAST
                VALUE   (LST)  VALUE  FROM      YEAR
                                      NORMAL
......................................................
TEMPERATURE (F)
 YESTERDAY
  MAXIMUM         62    534 PM  68     -6       78
  MINIMUM         51    830 AM  47      4       55
  AVERAGE         57            58     -1       67

PRECIPITATION (IN)
  YESTERDAY        T             0.12  -0.12     0.00
  MONTH TO DATE    0.38          0.36   0.02     0.00
  SINCE MAR 1      8.64          6.98   1.66     7.16
  SINCE JAN 1     11.75         11.52   0.23    10.10

DEGREE DAYS
 HEATING
  YESTERDAY        8             8      0        0
  MONTH TO DATE   18            26     -8       14
  SINCE MAR 1    898          1235   -337     1249
  SINCE JUL 1   4489          5618  -1129     6114

 COOLING
  YESTERDAY        0             1     -1        2
  MONTH TO DATE    1             3     -2        2
  SINCE MAR 1     11            18     -7        5
  SINCE JAN 1     11            18     -7        5
......................................................


WIND (MPH)
  HIGHEST WIND SPEED    12   HIGHEST WIND DIRECTION    NW (330)
  HIGHEST GUST SPEED    14   HIGHEST GUST DIRECTION    NW (330)
  AVERAGE WIND SPEED     5.9


SKY COVER
  AVERAGE SKY COVER 0.8


WEATHER CONDITIONS
 THE FOLLOWING WEATHER WAS RECORDED YESTERDAY.
  LIGHT RAIN
  FOG
  HAZE


RELATIVE HUMIDITY (PERCENT)
 HIGHEST    89           200 AM
 LOWEST     53           700 PM
 AVERAGE    71

..........................................................


THE MUNCIE IN CLIMATE NORMALS FOR TODAY
                         NORMAL
 MAXIMUM TEMPERATURE (F)   68
 MINIMUM TEMPERATURE (F)   48


SUNRISE AND SUNSET
MAY  4 2016...........SUNRISE   637 AM EDT   SUNSET   840 PM EDT
MAY  5 2016...........SUNRISE   636 AM EDT   SUNSET   841 PM EDT


-  INDICATES NEGATIVE NUMBERS.
R  INDICATES RECORD WAS SET OR TIED.
MM INDICATES DATA IS MISSING.
T  INDICATES TRACE AMOUNT.




$$
