000
CDUS43 KIND 020536
CLIMIE


CLIMATE REPORT
NATIONAL WEATHER SERVICE INDIANAPOLIS IN
135 AM EDT WED SEP 2 2015


...................................

...THE MUNCIE IN CLIMATE SUMMARY FOR SEPTEMBER 1 2015...

CLIMATE NORMAL PERIOD 1981 TO 2010
CLIMATE RECORD PERIOD 9999 TO 9999


WEATHER ITEM   OBSERVED TIME   NORMAL DEPARTURE LAST
                VALUE   (LST)  VALUE  FROM      YEAR
                                      NORMAL
......................................................
TEMPERATURE (F)
 YESTERDAY
  MAXIMUM         85    118 PM  82      3       83
  MINIMUM         65    137 AM  60      5       71
  AVERAGE         75            71      4       77

PRECIPITATION (IN)
  YESTERDAY        T             0.11  -0.11     0.06
  MONTH TO DATE    T             0.11  -0.11     0.06
  SINCE SEP 1      T             0.11  -0.11     0.06
  SINCE JAN 1     31.48         28.02   3.46    28.48

DEGREE DAYS
 HEATING
  YESTERDAY        0             1     -1        0
  MONTH TO DATE    0             1     -1        0
  SINCE SEP 1      0             1     -1        0
  SINCE JUL 1     15            11      4       26

 COOLING
  YESTERDAY       10             6      4       12
  MONTH TO DATE   10             6      4       12
  SINCE SEP 1     10             6      4       12
  SINCE JAN 1    771           840    -69      767
......................................................


WIND (MPH)
  HIGHEST WIND SPEED    21   HIGHEST WIND DIRECTION     W (280)
  HIGHEST GUST SPEED    27   HIGHEST GUST DIRECTION    NW (300)
  AVERAGE WIND SPEED     5.2


SKY COVER
  AVERAGE SKY COVER 0.2


WEATHER CONDITIONS
 THE FOLLOWING WEATHER WAS RECORDED YESTERDAY.
  THUNDERSTORM
  LIGHT RAIN
  FOG


RELATIVE HUMIDITY (PERCENT)
 HIGHEST    93          1200 AM
 LOWEST     58           500 PM
 AVERAGE    76

..........................................................


THE MUNCIE IN CLIMATE NORMALS FOR TODAY
                         NORMAL
 MAXIMUM TEMPERATURE (F)   81
 MINIMUM TEMPERATURE (F)   59


SUNRISE AND SUNSET
SEPTEMBER  2 2015.....SUNRISE   710 AM EDT   SUNSET   812 PM EDT
SEPTEMBER  3 2015.....SUNRISE   711 AM EDT   SUNSET   810 PM EDT


-  INDICATES NEGATIVE NUMBERS.
R  INDICATES RECORD WAS SET OR TIED.
MM INDICATES DATA IS MISSING.
T  INDICATES TRACE AMOUNT.




$$
