000
CDUS43 KMKX 300711
CLIMKE


CLIMATE REPORT
NATIONAL WEATHER SERVICE IN MILWAUKEE
209 AM CDT SUN APR 30 2017


...................................

...THE MILWAUKEE WI CLIMATE SUMMARY FOR APRIL 29 2017...

CLIMATE NORMAL PERIOD 1981 TO 2010
CLIMATE RECORD PERIOD 1871 TO 2017


WEATHER ITEM   OBSERVED TIME   RECORD YEAR NORMAL DEPARTURE LAST
                VALUE   (LST)  VALUE       VALUE  FROM      YEAR
                                                  NORMAL
..................................................................
TEMPERATURE (F)
 YESTERDAY
  MAXIMUM         45   1221 AM  86    1899  59    -14       47
  MINIMUM         39    655 PM  24    1977  42     -3       39
  AVERAGE         42                        50     -8       43

PRECIPITATION (IN)
  YESTERDAY        0.47          1.56 1984   0.11   0.36     0.02
  MONTH TO DATE    5.14                      3.44   1.70     1.40
  SINCE MAR 1      8.86                      5.71   3.15     4.74
  SINCE JAN 1     12.87                      9.12   3.75     6.05

SNOWFALL (IN)
  YESTERDAY        0.0           1.0  1907   0.0    0.0      0.0
  MONTH TO DATE    0.0                       2.0   -2.0      3.4
  SINCE MAR 1     13.6                       9.0    4.6     10.0
  SINCE JUL 1     37.6                      46.8   -9.2     39.1
  SNOW DEPTH       0

DEGREE DAYS
 HEATING
  YESTERDAY       23                        15      8       22
  MONTH TO DATE  395                       574   -179      611
  SINCE MAR 1   1282                      1503   -221     1375
  SINCE JUL 1   5281                      6483  -1202     5594

 COOLING
  YESTERDAY        0                         0      0        0
  MONTH TO DATE    3                         0      3        0
  SINCE MAR 1      3                         0      3        0
  SINCE JAN 1      3                         0      3        0
..................................................................


WIND (MPH)
  HIGHEST WIND SPEED    28   HIGHEST WIND DIRECTION     N (20)
  HIGHEST GUST SPEED    38   HIGHEST GUST DIRECTION    NE (40)
  AVERAGE WIND SPEED    18.1


SKY COVER
  POSSIBLE SUNSHINE  MM
  AVERAGE SKY COVER 1.0


WEATHER CONDITIONS
 THE FOLLOWING WEATHER WAS RECORDED YESTERDAY.
  RAIN
  LIGHT RAIN
  FOG


RELATIVE HUMIDITY (PERCENT)
 HIGHEST    93           900 PM
 LOWEST     65          1100 AM
 AVERAGE    79

..........................................................


THE MILWAUKEE WI CLIMATE NORMALS FOR TODAY
                         NORMAL    RECORD    YEAR
 MAXIMUM TEMPERATURE (F)   59        85      2013
 MINIMUM TEMPERATURE (F)   42        29      1969
                                             1877


SUNRISE AND SUNSET
APRIL 30 2017.........SUNRISE   547 AM CDT   SUNSET   752 PM CDT
MAY  1 2017...........SUNRISE   545 AM CDT   SUNSET   753 PM CDT


-  INDICATES NEGATIVE NUMBERS.
R  INDICATES RECORD WAS SET OR TIED.
MM INDICATES DATA IS MISSING.
T  INDICATES TRACE AMOUNT.




$$
