000
CDUS43 KMKX 280647
CLIMKE


CLIMATE REPORT
NATIONAL WEATHER SERVICE IN MILWAUKEE
1247 AM CST WED JAN 28 2015


...................................

...THE MILWAUKEE WI CLIMATE SUMMARY FOR JANUARY 27 2015...

CLIMATE NORMAL PERIOD 1981 TO 2010
CLIMATE RECORD PERIOD 1871 TO 2015


WEATHER ITEM   OBSERVED TIME   RECORD YEAR NORMAL DEPARTURE LAST
                VALUE   (LST)  VALUE       VALUE  FROM      YEAR
                                                  NORMAL
..................................................................
TEMPERATURE (F)
 YESTERDAY
  MAXIMUM         30    201 PM  56    1916  29      1        6
  MINIMUM         26    533 PM -14    1966  16     10       -8
  AVERAGE         28                        22      6       -1

PRECIPITATION (IN)
  YESTERDAY        T             0.81 1944   0.05  -0.05     0.00
  MONTH TO DATE    0.77                      1.54  -0.77     1.10
  SINCE DEC 1      1.80                      3.58  -1.78     2.89
  SINCE JAN 1      0.77                      1.54  -0.77     1.10

SNOWFALL (IN)
  YESTERDAY        0.1           5.5  1886   0.5   -0.4      0.0
  MONTH TO DATE   12.1                      12.9   -0.8     19.3
  SINCE DEC 1     12.6                      23.5  -10.9     38.6
  SINCE JUL 1     17.4                      26.2   -8.8     40.6
  SNOW DEPTH       1

DEGREE DAYS
 HEATING
  YESTERDAY       37                        43     -6       66
  MONTH TO DATE 1159                      1156      3     1357
  SINCE DEC 1   2195                      2351   -156     2715
  SINCE JUL 1   3766                      3716     50     4090

 COOLING
  YESTERDAY        0                         0      0        0
  MONTH TO DATE    0                         0      0        0
  SINCE DEC 1      0                         0      0        0
  SINCE JAN 1      0                         0      0        0
..................................................................


WIND (MPH)
  HIGHEST WIND SPEED    13   HIGHEST WIND DIRECTION    NE (50)
  HIGHEST GUST SPEED    16   HIGHEST GUST DIRECTION    NE (60)
  AVERAGE WIND SPEED     6.2


SKY COVER
  POSSIBLE SUNSHINE  MM
  AVERAGE SKY COVER 0.8


WEATHER CONDITIONS
 THE FOLLOWING WEATHER WAS RECORDED YESTERDAY.
  LIGHT SNOW
  HAZE


RELATIVE HUMIDITY (PERCENT)
 HIGHEST    81          1200 AM
 LOWEST     58          1000 AM
 AVERAGE    70

..........................................................


THE MILWAUKEE WI CLIMATE NORMALS FOR TODAY
                         NORMAL    RECORD    YEAR
 MAXIMUM TEMPERATURE (F)   29        55      1914
 MINIMUM TEMPERATURE (F)   16       -20      1885


SUNRISE AND SUNSET
JANUARY 28 2015.......SUNRISE   711 AM CST   SUNSET   459 PM CST
JANUARY 29 2015.......SUNRISE   710 AM CST   SUNSET   500 PM CST


-  INDICATES NEGATIVE NUMBERS.
R  INDICATES RECORD WAS SET OR TIED.
MM INDICATES DATA IS MISSING.
T  INDICATES TRACE AMOUNT.




$$
