000
CDUS43 KMKX 230701
CLIMKE


CLIMATE REPORT
NATIONAL WEATHER SERVICE IN MILWAUKEE
201 AM CDT SAT AUG 23 2014


...................................

...THE MILWAUKEE WI CLIMATE SUMMARY FOR AUGUST 22 2014...

CLIMATE NORMAL PERIOD 1981 TO 2010
CLIMATE RECORD PERIOD 1871 TO 2014


WEATHER ITEM   OBSERVED TIME   RECORD YEAR NORMAL DEPARTURE LAST
                VALUE   (LST)  VALUE       VALUE  FROM      YEAR
                                                  NORMAL
..................................................................
TEMPERATURE (F)
 YESTERDAY
  MAXIMUM         83    216 PM  98    1936  78      5       76
  MINIMUM         69   1159 PM  43    1875  63      6       62
  AVERAGE         76                        70      6       69

PRECIPITATION (IN)
  YESTERDAY        0.00          1.94 1906   0.12  -0.12     1.67
  MONTH TO DATE    3.58                      2.92   0.66     3.27
  SINCE JUN 1     12.23                     10.49   1.74    10.62
  SINCE JAN 1     23.18                     23.13   0.05    30.13

SNOWFALL (IN)
  YESTERDAY        0.0           0.0    MM   0.0    0.0      0.0
  MONTH TO DATE    0.0                       0.0    0.0      0.0
  SINCE JUN 1      0.0                       0.0    0.0      0.0
  SINCE JUL 1      0.0                       0.0    0.0      0.0
  SNOW DEPTH       0

DEGREE DAYS
 HEATING
  YESTERDAY        0                         1     -1        0
  MONTH TO DATE    5                         1      4        8
  SINCE JUN 1    100                        96      4      109
  SINCE JUL 1     26                        12     14       22

 COOLING
  YESTERDAY       11                         6      5        4
  MONTH TO DATE  102                       146    -44      102
  SINCE JUN 1    319                       488   -169      442
  SINCE JAN 1    337                       518   -181      481
..................................................................


WIND (MPH)
  HIGHEST WIND SPEED    13   HIGHEST WIND DIRECTION    NE (50)
  HIGHEST GUST SPEED    14   HIGHEST GUST DIRECTION    NE (50)
  AVERAGE WIND SPEED     4.9


SKY COVER
  POSSIBLE SUNSHINE  MM
  AVERAGE SKY COVER 0.9


WEATHER CONDITIONS
 THE FOLLOWING WEATHER WAS RECORDED YESTERDAY.
  FOG
  FOG W/VISIBILITY <= 1/4 MILE
  HAZE


RELATIVE HUMIDITY (PERCENT)
 HIGHEST   100           100 AM
 LOWEST     74           200 PM
 AVERAGE    87

..........................................................


THE MILWAUKEE WI CLIMATE NORMALS FOR TODAY
                         NORMAL    RECORD    YEAR
 MAXIMUM TEMPERATURE (F)   78        98      1947
 MINIMUM TEMPERATURE (F)   63        42      1875


SUNRISE AND SUNSET
AUGUST 23 2014........SUNRISE   606 AM CDT   SUNSET   741 PM CDT
AUGUST 24 2014........SUNRISE   607 AM CDT   SUNSET   740 PM CDT


-  INDICATES NEGATIVE NUMBERS.
R  INDICATES RECORD WAS SET OR TIED.
MM INDICATES DATA IS MISSING.
T  INDICATES TRACE AMOUNT.




$$
