000
CDUS43 KMKX 010646
CLIMKE


CLIMATE REPORT
NATIONAL WEATHER SERVICE IN MILWAUKEE
145 AM CDT WED JUL 1 2015


...................................

...THE MILWAUKEE WI CLIMATE SUMMARY FOR JUNE 30 2015...

CLIMATE NORMAL PERIOD 1981 TO 2010
CLIMATE RECORD PERIOD 1871 TO 2015


WEATHER ITEM   OBSERVED TIME   RECORD YEAR NORMAL DEPARTURE LAST
                VALUE   (LST)  VALUE       VALUE  FROM      YEAR
                                                  NORMAL
..................................................................
TEMPERATURE (F)
 YESTERDAY
  MAXIMUM         74   1122 AM 100    1931  79     -5       87
  MINIMUM         53   1135 PM  43    1943  62     -9       67
  AVERAGE         64                        70     -6       77

PRECIPITATION (IN)
  YESTERDAY        0.00          2.27 1997   0.13  -0.13     0.76
  MONTH TO DATE    2.49                      3.90  -1.41     6.34
  SINCE JUN 1      2.49                      3.90  -1.41     6.34
  SINCE JAN 1     12.69                     16.54  -3.85    17.29

SNOWFALL (IN)
  YESTERDAY        0.0           0.0    MM   0.0    0.0      0.0
  MONTH TO DATE    0.0                       0.0    0.0      0.0
  SINCE JUN 1      0.0                       0.0    0.0      0.0
  SINCE JUL 1     43.0                      46.9   -3.9     63.4
  SNOW DEPTH       0

DEGREE DAYS
 HEATING
  YESTERDAY        1                         1      0        0
  MONTH TO DATE  102                        84     18       74
  SINCE JUN 1    102                        84     18       74
  SINCE JUL 1   7197                      6894    303     7742

 COOLING
  YESTERDAY        0                         6     -6       12
  MONTH TO DATE   73                       120    -47       90
  SINCE JUN 1     73                       120    -47       90
  SINCE JAN 1     99                       150    -51      108
..................................................................


WIND (MPH)
  HIGHEST WIND SPEED    21   HIGHEST WIND DIRECTION     N (20)
  HIGHEST GUST SPEED    26   HIGHEST GUST DIRECTION     N (20)
  AVERAGE WIND SPEED     9.0


SKY COVER
  POSSIBLE SUNSHINE  MM
  AVERAGE SKY COVER 0.7


WEATHER CONDITIONS
 THE FOLLOWING WEATHER WAS RECORDED YESTERDAY.
  FOG
  HAZE


RELATIVE HUMIDITY (PERCENT)
 HIGHEST    93          1200 AM
 LOWEST     61          1100 AM
 AVERAGE    77

..........................................................


THE MILWAUKEE WI CLIMATE NORMALS FOR TODAY
                         NORMAL    RECORD    YEAR
 MAXIMUM TEMPERATURE (F)   79        99      1931
 MINIMUM TEMPERATURE (F)   62        40      1965


SUNRISE AND SUNSET
JULY  1 2015..........SUNRISE   516 AM CDT   SUNSET   834 PM CDT
JULY  2 2015..........SUNRISE   517 AM CDT   SUNSET   834 PM CDT


-  INDICATES NEGATIVE NUMBERS.
R  INDICATES RECORD WAS SET OR TIED.
MM INDICATES DATA IS MISSING.
T  INDICATES TRACE AMOUNT.




$$
