000
CDUS44 KMEG 262151
CLIMKL


CLIMATE REPORT
NATIONAL WEATHER SERVICE MEMPHIS TN
450 PM CDT FRI AUG 26 2016


...................................

...THE JACKSON CLIMATE SUMMARY FOR AUGUST 26 2016...
VALID TODAY AS OF 0400 PM LOCAL TIME.

CLIMATE NORMAL PERIOD 1981 TO 2010
CLIMATE RECORD PERIOD 1948 TO 2016


WEATHER ITEM   OBSERVED TIME   RECORD YEAR NORMAL DEPARTURE LAST
                VALUE   (LST)  VALUE       VALUE  FROM      YEAR
                                                  NORMAL
..................................................................
TEMPERATURE (F)
 TODAY
  MAXIMUM         93   1243 PM 102    1954  90      3       82
  MINIMUM         73    439 AM  51    2015  66      7       51
  AVERAGE         83                        78      5       67

PRECIPITATION (IN)
  TODAY            0.03          1.90 2005   0.08  -0.05     0.00
  MONTH TO DATE    3.60                      2.60   1.00     3.72
  SINCE JUN 1      8.44                     11.93  -3.49     8.78
  SINCE JAN 1     33.68                     35.47  -1.79    30.56

SNOWFALL (IN)
  TODAY            0.0

DEGREE DAYS
 HEATING
  TODAY            0                         0      0        0
  MONTH TO DATE    0                         0      0        0
  SINCE JUN 1      0                         2     -2        0
  SINCE JUL 1      0                         0      0        0

 COOLING
  TODAY           18                        13      5        2
  MONTH TO DATE  406                       357     49      322
  SINCE JUN 1   1360                      1145    215     1283
  SINCE JAN 1   1544                      1360    184     1514
..................................................................


WIND (MPH)
  HIGHEST WIND SPEED    20   HIGHEST WIND DIRECTION     E (100)
  HIGHEST GUST SPEED    27   HIGHEST GUST DIRECTION     E (100)
  AVERAGE WIND SPEED     1.7


SKY COVER
  POSSIBLE SUNSHINE  MM
  AVERAGE SKY COVER 0.2


WEATHER CONDITIONS
 THE FOLLOWING WEATHER WAS RECORDED TODAY.
  THUNDERSTORM
  LIGHT RAIN
  FOG


RELATIVE HUMIDITY (PERCENT)
 HIGHEST   100          1200 AM
 LOWEST     70          1100 AM
 AVERAGE    85

..........................................................


THE JACKSON CLIMATE NORMALS FOR TOMORROW
                         NORMAL    RECORD    YEAR
 MAXIMUM TEMPERATURE (F)   89       102      1990
 MINIMUM TEMPERATURE (F)   66        54      1958


SUNRISE AND SUNSET
AUGUST 26 2016........SUNRISE   624 AM CDT   SUNSET   730 PM CDT
AUGUST 27 2016........SUNRISE   624 AM CDT   SUNSET   729 PM CDT


-  INDICATES NEGATIVE NUMBERS.
R  INDICATES RECORD WAS SET OR TIED.
MM INDICATES DATA IS MISSING.
T  INDICATES TRACE AMOUNT.




$$
