000
CDUS44 KMEG 280737
CLIMKL


CLIMATE REPORT
NATIONAL WEATHER SERVICE MEMPHIS TN
137 AM CST TUE FEB 28 2017


...................................

...THE JACKSON CLIMATE SUMMARY FOR FEBRUARY 27 2017...

CLIMATE NORMAL PERIOD 1981 TO 2010
CLIMATE RECORD PERIOD 1948 TO 2017


WEATHER ITEM   OBSERVED TIME   RECORD YEAR NORMAL DEPARTURE LAST
                VALUE   (LST)  VALUE       VALUE  FROM      YEAR
                                                  NORMAL
..................................................................
TEMPERATURE (F)
 YESTERDAY
  MAXIMUM         65    422 PM  80    1981  57      8       65
  MINIMUM         47    417 AM  14    2014  35     12       26
                                      1963
  AVERAGE         56                        46     10       46

PRECIPITATION (IN)
  YESTERDAY        0.33          2.37 1962   0.15   0.18     0.00
  MONTH TO DATE    1.87                      4.03  -2.16     3.58
  SINCE DEC 1     11.97                     13.45  -1.48    10.77
  SINCE JAN 1      4.79                      8.10  -3.31     5.62

DEGREE DAYS
 HEATING
  YESTERDAY        9                        19    -10       19
  MONTH TO DATE  365                       616   -251      583
  SINCE DEC 1   1655                      2198   -543     1873
  SINCE JUL 1   2039                      2865   -826     2348

 COOLING
  YESTERDAY        0                         0      0        0
  MONTH TO DATE    2                         0      2        0
  SINCE DEC 1      4                         1      3        9
  SINCE JAN 1      2                         0      2        0
..................................................................


WIND (MPH)
  HIGHEST WIND SPEED    18   HIGHEST WIND DIRECTION    SW (210)
  HIGHEST GUST SPEED    26   HIGHEST GUST DIRECTION    SW (210)
  AVERAGE WIND SPEED     8.7


SKY COVER
  POSSIBLE SUNSHINE  MM
  AVERAGE SKY COVER 0.3


WEATHER CONDITIONS
 THE FOLLOWING WEATHER WAS RECORDED YESTERDAY.
  RAIN
  LIGHT RAIN
  FOG


RELATIVE HUMIDITY (PERCENT)
 HIGHEST    93           400 AM
 LOWEST     56           200 PM
 AVERAGE    75

..........................................................


THE JACKSON CLIMATE NORMALS FOR TODAY
                         NORMAL    RECORD    YEAR
 MAXIMUM TEMPERATURE (F)   57        75      1980
                                             1976
 MINIMUM TEMPERATURE (F)   35        17      2002


SUNRISE AND SUNSET
FEBRUARY 28 2017......SUNRISE   626 AM CST   SUNSET   550 PM CST
MARCH  1 2017.........SUNRISE   625 AM CST   SUNSET   551 PM CST


-  INDICATES NEGATIVE NUMBERS.
R  INDICATES RECORD WAS SET OR TIED.
MM INDICATES DATA IS MISSING.
T  INDICATES TRACE AMOUNT.




$$
