000
CDUS44 KMEG 112201
CLIMKL


CLIMATE REPORT
NATIONAL WEATHER SERVICE MEMPHIS TN
451 PM CDT FRI JUL 11 2014


...................................

...THE JACKSON CLIMATE SUMMARY FOR JULY 11 2014...
VALID TODAY AS OF 0400 PM LOCAL TIME.

CLIMATE NORMAL PERIOD 1981 TO 2010
CLIMATE RECORD PERIOD 1948 TO 2014


WEATHER ITEM   OBSERVED TIME   RECORD YEAR NORMAL DEPARTURE LAST
                VALUE   (LST)  VALUE       VALUE  FROM      YEAR
                                                  NORMAL
..................................................................
TEMPERATURE (F)
 TODAY
  MAXIMUM         90    259 PM 104    1980  91     -1       93
  MINIMUM         65    522 AM  58    1956  69     -4       68
  AVERAGE         78                        80     -2       81

PRECIPITATION (IN)
  TODAY            0.00          2.92 1990   0.15  -0.15     0.00
  MONTH TO DATE    1.22                      1.61  -0.39     1.26
  SINCE JUN 1     13.81                      6.45   7.36     4.04
  SINCE JAN 1     35.82                     29.99   5.83    39.02

SNOWFALL (IN)
  TODAY            0.0

DEGREE DAYS
 HEATING
  TODAY            0                         0      0        0
  MONTH TO DATE    0                         0      0        0
  SINCE JUN 1      0                         2     -2        0
  SINCE JUL 1      0                         0      0        0

 COOLING
  TODAY           13                        15     -2       16
  MONTH TO DATE  109                       158    -49      133
  SINCE JUN 1    472                       497    -25      476
  SINCE JAN 1    722                       712     10      676
..................................................................


WIND (MPH)
  HIGHEST WIND SPEED     7   HIGHEST WIND DIRECTION    NE (40)
  HIGHEST GUST SPEED     8   HIGHEST GUST DIRECTION    SE (130)
  AVERAGE WIND SPEED     0.4


SKY COVER
  POSSIBLE SUNSHINE  MM
  AVERAGE SKY COVER 0.1


WEATHER CONDITIONS
 THE FOLLOWING WEATHER WAS RECORDED TODAY.
  FOG
  FOG W/VISIBILITY <= 1/4 MILE


RELATIVE HUMIDITY (PERCENT)
 HIGHEST   100           400 AM
 LOWEST     41           100 PM
 AVERAGE    71

..........................................................


THE JACKSON CLIMATE NORMALS FOR TOMORROW
                         NORMAL    RECORD    YEAR
 MAXIMUM TEMPERATURE (F)   91       104      1980
 MINIMUM TEMPERATURE (F)   69        60      1973
                                             1959


SUNRISE AND SUNSET
JULY 11 2014..........SUNRISE   549 AM CDT   SUNSET   813 PM CDT
JULY 12 2014..........SUNRISE   550 AM CDT   SUNSET   813 PM CDT


-  INDICATES NEGATIVE NUMBERS.
R  INDICATES RECORD WAS SET OR TIED.
MM INDICATES DATA IS MISSING.
T  INDICATES TRACE AMOUNT.




$$
