000
CDUS44 KMEG 250632
CLIMKL


CLIMATE REPORT
NATIONAL WEATHER SERVICE MEMPHIS TN
132 AM CDT FRI APR 25 2014


...................................

...THE JACKSON CLIMATE SUMMARY FOR APRIL 24 2014...

CLIMATE NORMAL PERIOD 1981 TO 2010
CLIMATE RECORD PERIOD 1948 TO 2014


WEATHER ITEM   OBSERVED TIME   RECORD YEAR NORMAL DEPARTURE LAST
                VALUE   (LST)  VALUE       VALUE  FROM      YEAR
                                                  NORMAL
..................................................................
TEMPERATURE (F)
 YESTERDAY
  MAXIMUM         81    413 PM  90    1965  75      6       68
  MINIMUM         45    557 AM  34    2013  51     -6       34
  AVERAGE         63                        62      1       51

PRECIPITATION (IN)
  YESTERDAY        0.20          1.71 1953   0.17   0.03     1.43
  MONTH TO DATE    2.80                      3.84  -1.04     7.41
  SINCE MAR 1      8.64                      8.59   0.05    11.26
  SINCE JAN 1     16.80                     16.83  -0.03    23.20

SNOWFALL (IN)
  YESTERDAY        0.0          MM      MM   0.0    0.0      0.0
  MONTH TO DATE    T                         0.1   -0.1      0.0
  SINCE MAR 1      0.8                       0.5    0.3       T
  SINCE JUL 1      1.3                       4.7   -3.4      1.4
  SNOW DEPTH       0

DEGREE DAYS
 HEATING
  YESTERDAY        2                         5     -3       14
  MONTH TO DATE  174                       175     -1      200
  SINCE MAR 1    768                       619    149      834
  SINCE JUL 1   4064                      3503    561     3537

 COOLING
  YESTERDAY        0                         2     -2        0
  MONTH TO DATE   31                        34     -3       52
  SINCE MAR 1     31                        44    -13       52
  SINCE JAN 1     31                        45    -14       56
..................................................................


WIND (MPH)
  HIGHEST WIND SPEED    17   HIGHEST WIND DIRECTION    SW (220)
  HIGHEST GUST SPEED    25   HIGHEST GUST DIRECTION     S (200)
  AVERAGE WIND SPEED     7.6


SKY COVER
  POSSIBLE SUNSHINE  MM
  AVERAGE SKY COVER 0.2


WEATHER CONDITIONS
 THE FOLLOWING WEATHER WAS RECORDED YESTERDAY.
  THUNDERSTORM
  RAIN
  LIGHT RAIN
  FOG


RELATIVE HUMIDITY (PERCENT)
 HIGHEST    93          1100 PM
 LOWEST     32          1100 AM
 AVERAGE    63

..........................................................


THE JACKSON CLIMATE NORMALS FOR TODAY
                         NORMAL    RECORD    YEAR
 MAXIMUM TEMPERATURE (F)   75        87      2009
                                             1986
                                             1954
 MINIMUM TEMPERATURE (F)   51        32      2013


SUNRISE AND SUNSET
APRIL 25 2014.........SUNRISE   611 AM CDT   SUNSET   737 PM CDT
APRIL 26 2014.........SUNRISE   609 AM CDT   SUNSET   738 PM CDT


-  INDICATES NEGATIVE NUMBERS.
R  INDICATES RECORD WAS SET OR TIED.
MM INDICATES DATA IS MISSING.
T  INDICATES TRACE AMOUNT.




$$
