613
CDUS44 KMEG 080733
CLIMKL


CLIMATE REPORT
NATIONAL WEATHER SERVICE MEMPHIS TN
133 AM CST MON FEB 8 2016


...................................

...THE JACKSON CLIMATE SUMMARY FOR FEBRUARY 7 2016...

CLIMATE NORMAL PERIOD 1981 TO 2010
CLIMATE RECORD PERIOD 1948 TO 2016


WEATHER ITEM   OBSERVED TIME   RECORD YEAR NORMAL DEPARTURE LAST
                VALUE   (LST)  VALUE       VALUE  FROM      YEAR
                                                  NORMAL
..................................................................
TEMPERATURE (F)
 YESTERDAY
  MAXIMUM         59    307 PM  71    2001  51      8       65
  MINIMUM         21    650 AM  10    1979  30     -9       37
  AVERAGE         40                        40      0       51

PRECIPITATION (IN)
  YESTERDAY        0.00          1.22 1973   0.16  -0.16     0.00
  MONTH TO DATE    1.42                      1.06   0.36     0.72
  SINCE DEC 1      8.61                     10.48  -1.87     4.54
  SINCE JAN 1      3.46                      5.13  -1.67     1.46

SNOWFALL (IN)
  YESTERDAY        0.0           3.0  2011   0.0    0.0      0.0
                                      1979
  MONTH TO DATE    0.0                       0.5   -0.5      0.0
  SINCE DEC 1      1.5                       3.0   -1.5       T
  SINCE JUL 1      1.5                       3.1   -1.6      0.1
  SNOW DEPTH       0

DEGREE DAYS
 HEATING
  YESTERDAY       25                        25      0       14
  MONTH TO DATE  142                       177    -35      191
  SINCE DEC 1   1432                      1759   -327     1683
  SINCE JUL 1   1907                      2426   -519     2475

 COOLING
  YESTERDAY        0                         0      0        0
  MONTH TO DATE    0                         0      0        0
  SINCE DEC 1      9                         1      8        0
  SINCE JAN 1      0                         0      0        0
..................................................................


WIND (MPH)
  HIGHEST WIND SPEED    20   HIGHEST WIND DIRECTION    SW (240)
  HIGHEST GUST SPEED    27   HIGHEST GUST DIRECTION    SW (210)
  AVERAGE WIND SPEED     8.1


SKY COVER
  POSSIBLE SUNSHINE  MM
  AVERAGE SKY COVER 0.0


WEATHER CONDITIONS
 THE FOLLOWING WEATHER WAS RECORDED YESTERDAY.
  NO SIGNIFICANT WEATHER WAS OBSERVED.


RELATIVE HUMIDITY (PERCENT)
 HIGHEST    92          1200 AM
 LOWEST     25           300 PM
 AVERAGE    59

..........................................................


THE JACKSON CLIMATE NORMALS FOR TODAY
                         NORMAL    RECORD    YEAR
 MAXIMUM TEMPERATURE (F)   51        77      1950
 MINIMUM TEMPERATURE (F)   30         6      1971


SUNRISE AND SUNSET
FEBRUARY  8 2016......SUNRISE   650 AM CST   SUNSET   530 PM CST
FEBRUARY  9 2016......SUNRISE   649 AM CST   SUNSET   531 PM CST


-  INDICATES NEGATIVE NUMBERS.
R  INDICATES RECORD WAS SET OR TIED.
MM INDICATES DATA IS MISSING.
T  INDICATES TRACE AMOUNT.




$$
