000
CDUS44 KMEG 232144
CLIMKL


CLIMATE REPORT
NATIONAL WEATHER SERVICE MEMPHIS TN
444 PM CDT MON OCT 23 2017


...................................

...THE JACKSON CLIMATE SUMMARY FOR OCTOBER 23 2017...
VALID TODAY AS OF 0400 PM LOCAL TIME.

CLIMATE NORMAL PERIOD 1981 TO 2010
CLIMATE RECORD PERIOD 1948 TO 2017


WEATHER ITEM   OBSERVED TIME   RECORD YEAR NORMAL DEPARTURE LAST
                VALUE   (LST)  VALUE       VALUE  FROM      YEAR
                                                  NORMAL
..................................................................
TEMPERATURE (F)
 TODAY
  MAXIMUM         67    259 PM  85    2000  71     -4       80
                                      1963
                                      1953
  MINIMUM         54   1026 AM  28    1952  46      8       40
  AVERAGE         61                        58      3       60

PRECIPITATION (IN)
  TODAY            0.03          1.80 1957   0.13  -0.10     0.00
  MONTH TO DATE    1.79                      2.78  -0.99     1.15
  SINCE SEP 1      3.65                      6.16  -2.51     2.84
  SINCE JAN 1     38.68                     42.03  -3.35    36.71

DEGREE DAYS
 HEATING
  TODAY            4                         8     -4        5
  MONTH TO DATE   55                       117    -62       41
  SINCE SEP 1     62                       143    -81       46
  SINCE JUL 1     62                       143    -81       46

 COOLING
  TODAY            0                         1     -1        0
  MONTH TO DATE   91                        41     50       97
  SINCE SEP 1    311                       261     50      419
  SINCE JAN 1   1791                      1684    107     2048
..................................................................


WIND (MPH)
  HIGHEST WIND SPEED    17   HIGHEST WIND DIRECTION     W (290)
  HIGHEST GUST SPEED    22   HIGHEST GUST DIRECTION     W (270)
  AVERAGE WIND SPEED    10.1


SKY COVER
  POSSIBLE SUNSHINE  MM
  AVERAGE SKY COVER 0.8


WEATHER CONDITIONS
 THE FOLLOWING WEATHER WAS RECORDED TODAY.
  LIGHT RAIN
  FOG


RELATIVE HUMIDITY (PERCENT)
 HIGHEST   100          1200 AM
 LOWEST     48           200 PM
 AVERAGE    74

..........................................................


THE JACKSON CLIMATE NORMALS FOR TOMORROW
                         NORMAL    RECORD    YEAR
 MAXIMUM TEMPERATURE (F)   71        83      2000
                                             1992
                                             1973
 MINIMUM TEMPERATURE (F)   45        27      1981


SUNRISE AND SUNSET
OCTOBER 23 2017.......SUNRISE   709 AM CDT   SUNSET   610 PM CDT
OCTOBER 24 2017.......SUNRISE   710 AM CDT   SUNSET   609 PM CDT


-  INDICATES NEGATIVE NUMBERS.
R  INDICATES RECORD WAS SET OR TIED.
MM INDICATES DATA IS MISSING.
T  INDICATES TRACE AMOUNT.




$$
