000
CDUS42 KMLB 260627
CLIMLB


CLIMATE REPORT
NATIONAL WEATHER SERVICE MELBOURNE FL
226 AM EDT TUE SEP 26 2017


...................................

...THE MELBOURNE CLIMATE SUMMARY FOR SEPTEMBER 25 2017...

CLIMATE NORMAL PERIOD 1981 TO 2010
CLIMATE RECORD PERIOD 1939 TO 2017


WEATHER ITEM   OBSERVED TIME   RECORD YEAR NORMAL DEPARTURE LAST
                VALUE   (LST)  VALUE       VALUE  FROM      YEAR
                                                  NORMAL
..................................................................
TEMPERATURE (F)
 YESTERDAY
  MAXIMUM         91    118 PM  92    1997  88      3       87
                                      1991
  MINIMUM         76    643 AM  62    1982  72      4       75
  AVERAGE         84                        80      4       81

PRECIPITATION (IN)
  YESTERDAY        0.00          7.98 1999   0.25  -0.25      T
  MONTH TO DATE   19.81                      6.36  13.45    11.23
  SINCE SEP 1     19.81                      6.36  13.45    11.23
  SINCE JAN 1     47.50                     40.21   7.29    49.79

SNOWFALL (IN)
  YESTERDAY        0.0
  MONTH TO DATE    0.0
  SINCE JUL 1      0.0

DEGREE DAYS
 HEATING
  YESTERDAY        0                         0      0        0
  MONTH TO DATE    0                         0      0        0
  SINCE SEP 1      0                         0      0        0
  SINCE JUL 1      0                         0      0        0

 COOLING
  YESTERDAY       19                        15      4       16
  MONTH TO DATE  438                       393     45      432
  SINCE SEP 1    438                       393     45      432
  SINCE JAN 1   3326                      2619    707     3080
..................................................................


WIND (MPH)
  HIGHEST WIND SPEED    15   HIGHEST WIND DIRECTION    NE (40)
  HIGHEST GUST SPEED    17   HIGHEST GUST DIRECTION    NE (60)
  AVERAGE WIND SPEED     7.3


SKY COVER
  AVERAGE SKY COVER 0.3


WEATHER CONDITIONS
 THE FOLLOWING WEATHER WAS RECORDED YESTERDAY.
  NO SIGNIFICANT WEATHER WAS OBSERVED.


RELATIVE HUMIDITY (PERCENT)
 HIGHEST    94           500 AM
 LOWEST     56           100 PM
 AVERAGE    75

..........................................................


THE MELBOURNE CLIMATE NORMALS FOR TODAY
                         NORMAL    RECORD    YEAR
 MAXIMUM TEMPERATURE (F)   87        93      2013
 MINIMUM TEMPERATURE (F)   72        61      1982


SUNRISE AND SUNSET
SEPTEMBER 26 2017.....SUNRISE   713 AM EDT   SUNSET   714 PM EDT
SEPTEMBER 27 2017.....SUNRISE   714 AM EDT   SUNSET   713 PM EDT


-  INDICATES NEGATIVE NUMBERS.
R  INDICATES RECORD WAS SET OR TIED.
MM INDICATES DATA IS MISSING.
T  INDICATES TRACE AMOUNT.




$$
