000
CDUS42 KMLB 172117
CLIMLB


CLIMATE REPORT
NATIONAL WEATHER SERVICE MELBOURNE FL
417 PM EST SAT FEB 17 2018


...................................

...THE MELBOURNE CLIMATE SUMMARY FOR FEBRUARY 17 2018...
VALID TODAY AS OF 0400 PM LOCAL TIME.

CLIMATE NORMAL PERIOD 1981 TO 2010
CLIMATE RECORD PERIOD 1939 TO 2018


WEATHER ITEM   OBSERVED TIME   RECORD YEAR NORMAL DEPARTURE LAST
                VALUE   (LST)  VALUE       VALUE  FROM      YEAR
                                                  NORMAL
..................................................................
TEMPERATURE (F)
 TODAY
  MAXIMUM         81    337 PM  87    2001  74      7       72
                                      1975
                                      1944
  MINIMUM         60    721 AM  31    1996  52      8       43
                                      1958
  AVERAGE         71                        63      8       58

PRECIPITATION (IN)
  TODAY            0.00          1.55 1994   0.09  -0.09     0.00
  MONTH TO DATE    0.21                      1.51  -1.30     0.93
  SINCE DEC 1      4.21                      6.35  -2.14     2.71
  SINCE JAN 1      3.14                      3.78  -0.64     2.39

SNOWFALL (IN)
  TODAY            0.0
  MONTH TO DATE    0.0
  SINCE JUL 1      0.0

DEGREE DAYS
 HEATING
  TODAY            0                         4     -4        7
  MONTH TO DATE    4                        80    -76       30
  SINCE DEC 1    240                       407   -167      159
  SINCE JUL 1    253                       449   -196      178

 COOLING
  TODAY            6                         2      4        0
  MONTH TO DATE  124                        34     90       43
  SINCE DEC 1    346                       154    192      297
  SINCE JAN 1    203                        78    125      121
..................................................................


WIND (MPH)
  HIGHEST WIND SPEED    14   HIGHEST WIND DIRECTION    SE (120)
  HIGHEST GUST SPEED    18   HIGHEST GUST DIRECTION    SE (140)
  AVERAGE WIND SPEED     4.9


SKY COVER
  AVERAGE SKY COVER 0.1


WEATHER CONDITIONS
 THE FOLLOWING WEATHER WAS RECORDED TODAY.
  FOG


RELATIVE HUMIDITY (PERCENT)
 HIGHEST    97           700 AM
 LOWEST     54           300 PM
 AVERAGE    76

..........................................................


THE MELBOURNE CLIMATE NORMALS FOR TOMORROW
                         NORMAL    RECORD    YEAR
 MAXIMUM TEMPERATURE (F)   74        88      2008
 MINIMUM TEMPERATURE (F)   52        30      1996
                                             1977
                                             1958


SUNRISE AND SUNSET
FEBRUARY 17 2018......SUNRISE   659 AM EST   SUNSET   615 PM EST
FEBRUARY 18 2018......SUNRISE   658 AM EST   SUNSET   616 PM EST


-  INDICATES NEGATIVE NUMBERS.
R  INDICATES RECORD WAS SET OR TIED.
MM INDICATES DATA IS MISSING.
T  INDICATES TRACE AMOUNT.




$$
