000
CDUS42 KMLB 302017
CLIMLB


CLIMATE REPORT
NATIONAL WEATHER SERVICE MELBOURNE FL
417 PM EDT THU MAR 30 2017


...................................

...THE MELBOURNE CLIMATE SUMMARY FOR MARCH 30 2017...
VALID TODAY AS OF 0400 PM LOCAL TIME.

CLIMATE NORMAL PERIOD 1981 TO 2010
CLIMATE RECORD PERIOD 1939 TO 2017


WEATHER ITEM   OBSERVED TIME   RECORD YEAR NORMAL DEPARTURE LAST
                VALUE   (LST)  VALUE       VALUE  FROM      YEAR
                                                  NORMAL
..................................................................
TEMPERATURE (F)
 TODAY
  MAXIMUM         85    123 PM  92    1975  79      6       78
                                      1961
  MINIMUM         68    649 AM  44    1941  57     11       68
  AVERAGE         77                        68      9       73

PRECIPITATION (IN)
  TODAY            0.00          2.04 1944   0.10  -0.10     0.18
  MONTH TO DATE    0.41                      3.17  -2.76     3.08
  SINCE MAR 1      0.41                      3.17  -2.76     3.08
  SINCE JAN 1      5.30                      7.97  -2.67    12.94

SNOWFALL (IN)
  TODAY            0.0
  MONTH TO DATE    0.0
  SINCE JUL 1      0.0

DEGREE DAYS
 HEATING
  TODAY            0                         1     -1        0
  MONTH TO DATE   39                        69    -30       17
  SINCE MAR 1     39                        69    -30       17
  SINCE JUL 1    217                       558   -341      338

 COOLING
  TODAY           12                         4      8        8
  MONTH TO DATE  172                        95     77      222
  SINCE MAR 1    172                        95     77      222
  SINCE JAN 1    350                       193    157      312
..................................................................


WIND (MPH)
  HIGHEST WIND SPEED    18   HIGHEST WIND DIRECTION     E (110)
  HIGHEST GUST SPEED    22   HIGHEST GUST DIRECTION     E (110)
  AVERAGE WIND SPEED     8.3


SKY COVER
  AVERAGE SKY COVER 0.2


WEATHER CONDITIONS
 THE FOLLOWING WEATHER WAS RECORDED TODAY.
  NO SIGNIFICANT WEATHER WAS OBSERVED.


RELATIVE HUMIDITY (PERCENT)
 HIGHEST    87           500 AM
 LOWEST     44          1100 AM
 AVERAGE    66

..........................................................


THE MELBOURNE CLIMATE NORMALS FOR TOMORROW
                         NORMAL    RECORD    YEAR
 MAXIMUM TEMPERATURE (F)   79        91      1954
 MINIMUM TEMPERATURE (F)   57        36      1971


SUNRISE AND SUNSET
MARCH 30 2017.........SUNRISE   715 AM EDT   SUNSET   739 PM EDT
MARCH 31 2017.........SUNRISE   714 AM EDT   SUNSET   740 PM EDT


-  INDICATES NEGATIVE NUMBERS.
R  INDICATES RECORD WAS SET OR TIED.
MM INDICATES DATA IS MISSING.
T  INDICATES TRACE AMOUNT.




$$
