713
CDUS42 KMLB 200632
CLIMLB


CLIMATE REPORT
NATIONAL WEATHER SERVICE MELBOURNE FL
130 AM EST MON FEB 20 2017


...................................

...THE MELBOURNE CLIMATE SUMMARY FOR FEBRUARY 19 2017...

CLIMATE NORMAL PERIOD 1981 TO 2010
CLIMATE RECORD PERIOD 1939 TO 2017


WEATHER ITEM   OBSERVED TIME   RECORD YEAR NORMAL DEPARTURE LAST
                VALUE   (LST)  VALUE       VALUE  FROM      YEAR
                                                  NORMAL
..................................................................
TEMPERATURE (F)
 YESTERDAY
  MAXIMUM         81    225 PM  88    1975  74      7       73
  MINIMUM         59   1137 PM  33    1958  52      7       55
  AVERAGE         70                        63      7       64

PRECIPITATION (IN)
  YESTERDAY        0.00          2.03 1980   0.09  -0.09     0.00
  MONTH TO DATE    0.93                      1.68  -0.75     2.00
  SINCE DEC 1      2.71                      6.52  -3.81    13.52
  SINCE JAN 1      2.39                      3.95  -1.56     9.83

SNOWFALL (IN)
  YESTERDAY        0.0
  MONTH TO DATE    0.0
  SINCE JUL 1      0.0

DEGREE DAYS
 HEATING
  YESTERDAY        0                         4     -4        1
  MONTH TO DATE   30                        88    -58      102
  SINCE DEC 1    159                       415   -256      280
  SINCE JUL 1    178                       457   -279      285

 COOLING
  YESTERDAY        5                         2      3        0
  MONTH TO DATE   53                        38     15       40
  SINCE DEC 1    307                       158    149      360
  SINCE JAN 1    131                        82     49       76
..................................................................


WIND (MPH)
  HIGHEST WIND SPEED    20   HIGHEST WIND DIRECTION    NE (30)
  HIGHEST GUST SPEED    22   HIGHEST GUST DIRECTION     N (20)
  AVERAGE WIND SPEED     8.0


SKY COVER
  AVERAGE SKY COVER 0.4


WEATHER CONDITIONS
 THE FOLLOWING WEATHER WAS RECORDED YESTERDAY.
  FOG
  HAZE


RELATIVE HUMIDITY (PERCENT)
 HIGHEST   100           500 AM
 LOWEST     33           500 PM
 AVERAGE    67

..........................................................


THE MELBOURNE CLIMATE NORMALS FOR TODAY
                         NORMAL    RECORD    YEAR
 MAXIMUM TEMPERATURE (F)   74        86      1988
                                             1975
 MINIMUM TEMPERATURE (F)   52        34      2015


SUNRISE AND SUNSET
FEBRUARY 20 2017......SUNRISE   656 AM EST   SUNSET   617 PM EST
FEBRUARY 21 2017......SUNRISE   655 AM EST   SUNSET   618 PM EST


-  INDICATES NEGATIVE NUMBERS.
R  INDICATES RECORD WAS SET OR TIED.
MM INDICATES DATA IS MISSING.
T  INDICATES TRACE AMOUNT.




$$
