000
CDUS42 KMLB 060628
CLIMLB


CLIMATE REPORT
NATIONAL WEATHER SERVICE MELBOURNE FL
227 AM EDT FRI MAY 6 2016


...................................

...THE MELBOURNE CLIMATE SUMMARY FOR MAY 5 2016...

CLIMATE NORMAL PERIOD 1981 TO 2010
CLIMATE RECORD PERIOD 1939 TO 2016


WEATHER ITEM   OBSERVED TIME   RECORD YEAR NORMAL DEPARTURE LAST
                VALUE   (LST)  VALUE       VALUE  FROM      YEAR
                                                  NORMAL
..................................................................
TEMPERATURE (F)
 YESTERDAY
  MAXIMUM         83    319 PM  93    1948  84     -1       80
  MINIMUM         59    608 AM  48    1971  64     -5       68
  AVERAGE         71                        74     -3       74

PRECIPITATION (IN)
  YESTERDAY        0.00          0.59 2005   0.06  -0.06     0.54
  MONTH TO DATE    2.78                      0.31   2.47     0.55
  SINCE MAR 1      7.20                      5.72   1.48     4.72
  SINCE JAN 1     17.06                     10.52   6.54    10.83

SNOWFALL (IN)
  YESTERDAY        0.0
  MONTH TO DATE    0.0
  SINCE JUL 1      0.0

DEGREE DAYS
 HEATING
  YESTERDAY        0                         0      0        0
  MONTH TO DATE    0                         0      0        0
  SINCE MAR 1     20                        87    -67       14
  SINCE JUL 1    341                       576   -235      424

 COOLING
  YESTERDAY        6                         9     -3        9
  MONTH TO DATE   59                        44     15       41
  SINCE MAR 1    529                       321    208      652
  SINCE JAN 1    619                       419    200      750
..................................................................


WIND (MPH)
  HIGHEST WIND SPEED    28   HIGHEST WIND DIRECTION     W (260)
  HIGHEST GUST SPEED    35   HIGHEST GUST DIRECTION     W (260)
  AVERAGE WIND SPEED    13.2


SKY COVER
  AVERAGE SKY COVER 0.1


WEATHER CONDITIONS
 THE FOLLOWING WEATHER WAS RECORDED YESTERDAY.
  NO SIGNIFICANT WEATHER WAS OBSERVED.


RELATIVE HUMIDITY (PERCENT)
 HIGHEST    93          1200 AM
 LOWEST     37           200 PM
 AVERAGE    65

..........................................................


THE MELBOURNE CLIMATE NORMALS FOR TODAY
                         NORMAL    RECORD    YEAR
 MAXIMUM TEMPERATURE (F)   84        92      2006
                                             1952
 MINIMUM TEMPERATURE (F)   65        49      1963


SUNRISE AND SUNSET
MAY  6 2016...........SUNRISE   638 AM EDT   SUNSET   800 PM EDT
MAY  7 2016...........SUNRISE   638 AM EDT   SUNSET   801 PM EDT


-  INDICATES NEGATIVE NUMBERS.
R  INDICATES RECORD WAS SET OR TIED.
MM INDICATES DATA IS MISSING.
T  INDICATES TRACE AMOUNT.




$$
