000
CDUS42 KMLB 250659
CLIMLB


CLIMATE REPORT
NATIONAL WEATHER SERVICE MELBOURNE FL
158 AM EST SUN JAN 25 2015


...................................

...THE MELBOURNE CLIMATE SUMMARY FOR JANUARY 24 2015...

CLIMATE NORMAL PERIOD 1981 TO 2010
CLIMATE RECORD PERIOD 1939 TO 2015


WEATHER ITEM   OBSERVED TIME   RECORD YEAR NORMAL DEPARTURE LAST
                VALUE   (LST)  VALUE       VALUE  FROM      YEAR
                                                  NORMAL
..................................................................
TEMPERATURE (F)
 YESTERDAY
  MAXIMUM         72    132 AM  84    2002  72      0       60
                                      1965
                                      1954
  MINIMUM         49   1159 PM  29    2003  49      0       42
  AVERAGE         61                        60      1       51

PRECIPITATION (IN)
  YESTERDAY        0.49          2.15 1958   0.08   0.41     0.00
  MONTH TO DATE    2.34                      1.71   0.63     1.17
  SINCE DEC 1      3.96                      4.28  -0.32     3.32
  SINCE JAN 1      2.34                      1.71   0.63     1.17

SNOWFALL (IN)
  YESTERDAY       MM
  MONTH TO DATE    0.0
  SINCE JUL 1      0.0

DEGREE DAYS
 HEATING
  YESTERDAY        4                         6     -2       14
  MONTH TO DATE   61                       144    -83      176
  SINCE DEC 1    143                       281   -138      201
  SINCE JUL 1    208                       323   -115      215

 COOLING
  YESTERDAY        0                         1     -1        0
  MONTH TO DATE   67                        27     40       48
  SINCE DEC 1    198                       103     95      199
  SINCE JAN 1     67                        27     40       48
..................................................................


WIND (MPH)
  HIGHEST WIND SPEED    35   HIGHEST WIND DIRECTION     W (280)
  HIGHEST GUST SPEED    42   HIGHEST GUST DIRECTION     W (280)
  AVERAGE WIND SPEED    17.6


SKY COVER
  AVERAGE SKY COVER 0.3


WEATHER CONDITIONS
 THE FOLLOWING WEATHER WAS RECORDED YESTERDAY.
  RAIN
  LIGHT RAIN
  FOG


RELATIVE HUMIDITY (PERCENT)
 HIGHEST    93           700 AM
 LOWEST     51           200 PM
 AVERAGE    72

..........................................................


THE MELBOURNE CLIMATE NORMALS FOR TODAY
                         NORMAL    RECORD    YEAR
 MAXIMUM TEMPERATURE (F)   72        85      1990
                                             1975
 MINIMUM TEMPERATURE (F)   49        32      2003


SUNRISE AND SUNSET
JANUARY 25 2015.......SUNRISE   713 AM EST   SUNSET   557 PM EST
JANUARY 26 2015.......SUNRISE   713 AM EST   SUNSET   558 PM EST


-  INDICATES NEGATIVE NUMBERS.
R  INDICATES RECORD WAS SET OR TIED.
MM INDICATES DATA IS MISSING.
T  INDICATES TRACE AMOUNT.




$$
