000
CDUS42 KMLB 272018
CLIMLB


CLIMATE REPORT
NATIONAL WEATHER SERVICE MELBOURNE FL
417 PM EDT TUE SEP 27 2016


...................................

...THE MELBOURNE CLIMATE SUMMARY FOR SEPTEMBER 27 2016...
VALID TODAY AS OF 0400 PM LOCAL TIME.

CLIMATE NORMAL PERIOD 1981 TO 2010
CLIMATE RECORD PERIOD 1939 TO 2016


WEATHER ITEM   OBSERVED TIME   RECORD YEAR NORMAL DEPARTURE LAST
                VALUE   (LST)  VALUE       VALUE  FROM      YEAR
                                                  NORMAL
..................................................................
TEMPERATURE (F)
 TODAY
  MAXIMUM         90    131 PM  93    1993  87      3       88
                                      1974
                                      1942
  MINIMUM         71    628 AM  58    1982  72     -1       75
  AVERAGE         81                        80      1       82

PRECIPITATION (IN)
  TODAY            0.00          3.14 1967   0.26  -0.26     0.00
  MONTH TO DATE   11.23                      6.88   4.35     5.03
  SINCE SEP 1     11.23                      6.88   4.35     5.03
  SINCE JAN 1     49.79                     40.73   9.06    44.15

SNOWFALL (IN)
  TODAY            0.0
  MONTH TO DATE    0.0
  SINCE JUL 1      0.0

DEGREE DAYS
 HEATING
  TODAY            0                         0      0        0
  MONTH TO DATE    0                         0      0        0
  SINCE SEP 1      0                         0      0        0
  SINCE JUL 1      0                         0      0        0

 COOLING
  TODAY           16                        15      1       17
  MONTH TO DATE  463                       423     40      440
  SINCE SEP 1    463                       423     40      440
  SINCE JAN 1   3111                      2649    462     3099
..................................................................


WIND (MPH)
  HIGHEST WIND SPEED    10   HIGHEST WIND DIRECTION     E (90)
  HIGHEST GUST SPEED    13   HIGHEST GUST DIRECTION     E (100)
  AVERAGE WIND SPEED     3.7


SKY COVER
  AVERAGE SKY COVER 0.1


WEATHER CONDITIONS
 THE FOLLOWING WEATHER WAS RECORDED TODAY.
  NO SIGNIFICANT WEATHER WAS OBSERVED.


RELATIVE HUMIDITY (PERCENT)
 HIGHEST   100           200 AM
 LOWEST     55          1200 PM
 AVERAGE    78

..........................................................


THE MELBOURNE CLIMATE NORMALS FOR TOMORROW
                         NORMAL    RECORD    YEAR
 MAXIMUM TEMPERATURE (F)   87        95      1976
                                             1974
                                             1942
 MINIMUM TEMPERATURE (F)   72        64      1977


SUNRISE AND SUNSET
SEPTEMBER 27 2016.....SUNRISE   714 AM EDT   SUNSET   713 PM EDT
SEPTEMBER 28 2016.....SUNRISE   714 AM EDT   SUNSET   711 PM EDT


-  INDICATES NEGATIVE NUMBERS.
R  INDICATES RECORD WAS SET OR TIED.
MM INDICATES DATA IS MISSING.
T  INDICATES TRACE AMOUNT.




$$
