000
CDUS42 KMLB 242120
CLIMLB


CLIMATE REPORT
NATIONAL WEATHER SERVICE MELBOURNE FL
418 PM EST FRI NOV 24 2017


...................................

...THE MELBOURNE CLIMATE SUMMARY FOR NOVEMBER 24 2017...
VALID TODAY AS OF 0400 PM LOCAL TIME.

CLIMATE NORMAL PERIOD 1981 TO 2010
CLIMATE RECORD PERIOD 1939 TO 2017


WEATHER ITEM   OBSERVED TIME   RECORD YEAR NORMAL DEPARTURE LAST
                VALUE   (LST)  VALUE       VALUE  FROM      YEAR
                                                  NORMAL
..................................................................
TEMPERATURE (F)
 TODAY
  MAXIMUM         71   1205 AM  88    2014  77     -6       80
                                      1979
  MINIMUM         66   1224 PM  31    1970  57      9       61
  AVERAGE         69                        67      2       71

PRECIPITATION (IN)
  TODAY            T             2.70 1953   0.08  -0.08      T
  MONTH TO DATE    2.58                      2.37   0.21     0.12
  SINCE SEP 1     36.96                     15.07  21.89    20.61
  SINCE JAN 1     64.65                     48.92  15.73    59.17

SNOWFALL (IN)
  TODAY            0.0
  MONTH TO DATE    0.0
  SINCE JUL 1      0.0

DEGREE DAYS
 HEATING
  TODAY            0                         2     -2        0
  MONTH TO DATE    0                        26    -26       19
  SINCE SEP 1     13                        30    -17       19
  SINCE JUL 1     13                        30    -17       19

 COOLING
  TODAY            4                         4      0        6
  MONTH TO DATE  217                       134     83      129
  SINCE SEP 1   1165                       945    220     1038
  SINCE JAN 1   4053                      3171    882     3686
..................................................................


WIND (MPH)
  HIGHEST WIND SPEED    16   HIGHEST WIND DIRECTION     W (290)
  HIGHEST GUST SPEED    19   HIGHEST GUST DIRECTION    NW (300)
  AVERAGE WIND SPEED     7.9


SKY COVER
  AVERAGE SKY COVER 0.9


WEATHER CONDITIONS
 THE FOLLOWING WEATHER WAS RECORDED TODAY.
  LIGHT RAIN
  FOG
  HAZE


RELATIVE HUMIDITY (PERCENT)
 HIGHEST   100           900 AM
 LOWEST     78           100 PM
 AVERAGE    89

..........................................................


THE MELBOURNE CLIMATE NORMALS FOR TOMORROW
                         NORMAL    RECORD    YEAR
 MAXIMUM TEMPERATURE (F)   77        86      1992
                                             1967
 MINIMUM TEMPERATURE (F)   57        32      1970


SUNRISE AND SUNSET
NOVEMBER 24 2017......SUNRISE   652 AM EST   SUNSET   527 PM EST
NOVEMBER 25 2017......SUNRISE   652 AM EST   SUNSET   527 PM EST


-  INDICATES NEGATIVE NUMBERS.
R  INDICATES RECORD WAS SET OR TIED.
MM INDICATES DATA IS MISSING.
T  INDICATES TRACE AMOUNT.




$$
