000
CDUS42 KMLB 232018
CLIMLB


CLIMATE REPORT
NATIONAL WEATHER SERVICE MELBOURNE FL
418 PM EDT SUN JUL 23 2017


...................................

...THE MELBOURNE CLIMATE SUMMARY FOR JULY 23 2017...
VALID TODAY AS OF 0400 PM LOCAL TIME.

CLIMATE NORMAL PERIOD 1981 TO 2010
CLIMATE RECORD PERIOD 1939 TO 2017


WEATHER ITEM   OBSERVED TIME   RECORD YEAR NORMAL DEPARTURE LAST
                VALUE   (LST)  VALUE       VALUE  FROM      YEAR
                                                  NORMAL
..................................................................
TEMPERATURE (F)
 TODAY
  MAXIMUM         90   1203 PM  97    1983  91     -1       92
                                      1942
  MINIMUM         76    612 AM  67    1974  73      3       73
  AVERAGE         83                        82      1       83

PRECIPITATION (IN)
  TODAY            0.00          2.01 1964   0.20  -0.20     0.00
  MONTH TO DATE    6.25                      4.31   1.94     1.09
  SINCE JUN 1     12.70                     11.02   1.68    10.00
  SINCE JAN 1     21.04                     24.52  -3.48    31.97

SNOWFALL (IN)
  TODAY            0.0
  MONTH TO DATE    0.0
  SINCE JUL 1      0.0

DEGREE DAYS
 HEATING
  TODAY            0                         0      0        0
  MONTH TO DATE    0                         0      0        0
  SINCE JUN 1      0                         0      0        0
  SINCE JUL 1      0                         0      0        0

 COOLING
  TODAY           18                        17      1       18
  MONTH TO DATE  443                       380     63      460
  SINCE JUN 1    962                       842    120      970
  SINCE JAN 1   2109                      1568    541     1903
..................................................................


WIND (MPH)
  HIGHEST WIND SPEED    14   HIGHEST WIND DIRECTION     W (280)
  HIGHEST GUST SPEED    17   HIGHEST GUST DIRECTION     W (280)
  AVERAGE WIND SPEED     5.0


SKY COVER
  AVERAGE SKY COVER 0.1


WEATHER CONDITIONS
 THE FOLLOWING WEATHER WAS RECORDED TODAY.
  THUNDERSTORM
  HAZE


RELATIVE HUMIDITY (PERCENT)
 HIGHEST    94          1200 AM
 LOWEST     64          1100 AM
 AVERAGE    79

..........................................................


THE MELBOURNE CLIMATE NORMALS FOR TOMORROW
                         NORMAL    RECORD    YEAR
 MAXIMUM TEMPERATURE (F)   91        98      1983
 MINIMUM TEMPERATURE (F)   73        68      1944
                                             1938


SUNRISE AND SUNSET
JULY 23 2017..........SUNRISE   640 AM EDT   SUNSET   818 PM EDT
JULY 24 2017..........SUNRISE   641 AM EDT   SUNSET   817 PM EDT


-  INDICATES NEGATIVE NUMBERS.
R  INDICATES RECORD WAS SET OR TIED.
MM INDICATES DATA IS MISSING.
T  INDICATES TRACE AMOUNT.




$$
