000
CDUS42 KMLB 270632
CLIMLB


CLIMATE REPORT
NATIONAL WEATHER SERVICE MELBOURNE FL
230 AM EDT WED AUG 27 2014


...................................

...THE MELBOURNE CLIMATE SUMMARY FOR AUGUST 26 2014...

CLIMATE NORMAL PERIOD 1981 TO 2010
CLIMATE RECORD PERIOD 1939 TO 2014


WEATHER ITEM   OBSERVED TIME   RECORD YEAR NORMAL DEPARTURE LAST
                VALUE   (LST)  VALUE       VALUE  FROM      YEAR
                                                  NORMAL
..................................................................
TEMPERATURE (F)
 YESTERDAY
  MAXIMUM         90    146 PM  97    1998  90      0       88
  MINIMUM         80    522 AM  68    1996  73      7       74
                                      1968
  AVERAGE         85                        82      3       81

PRECIPITATION (IN)
  YESTERDAY        T             3.00 1968   0.26  -0.26      T
  MONTH TO DATE    3.73                      6.44  -2.71     1.77
  SINCE JUN 1     20.99                     19.11   1.88    15.42
  SINCE JAN 1     37.21                     32.61   4.60    30.75

SNOWFALL (IN)
  YESTERDAY        0.0
  MONTH TO DATE    0.0
  SINCE JUL 1      0.0

DEGREE DAYS
 HEATING
  YESTERDAY        0                         0      0        0
  MONTH TO DATE    0                         0      0        0
  SINCE JUN 1      0                         0      0        0
  SINCE JUL 1      0                         0      0        0

 COOLING
  YESTERDAY       20                        17      3       16
  MONTH TO DATE  497                       442     55      473
  SINCE JUN 1   1508                      1420     88     1501
  SINCE JAN 1   2401                      2146    255     2362
..................................................................


WIND (MPH)
  HIGHEST WIND SPEED    21   HIGHEST WIND DIRECTION    NE (50)
  HIGHEST GUST SPEED    26   HIGHEST GUST DIRECTION    NE (50)
  AVERAGE WIND SPEED    14.9


SKY COVER
  AVERAGE SKY COVER 0.2


WEATHER CONDITIONS
 THE FOLLOWING WEATHER WAS RECORDED YESTERDAY.
  LIGHT RAIN


RELATIVE HUMIDITY (PERCENT)
 HIGHEST    79           400 AM
 LOWEST     55          1200 PM
 AVERAGE    67

..........................................................


THE MELBOURNE CLIMATE NORMALS FOR TODAY
                         NORMAL    RECORD    YEAR
 MAXIMUM TEMPERATURE (F)   90        98      1938
 MINIMUM TEMPERATURE (F)   73        65      1964


SUNRISE AND SUNSET
AUGUST 27 2014........SUNRISE   659 AM EDT   SUNSET   749 PM EDT
AUGUST 28 2014........SUNRISE   659 AM EDT   SUNSET   748 PM EDT


-  INDICATES NEGATIVE NUMBERS.
R  INDICATES RECORD WAS SET OR TIED.
MM INDICATES DATA IS MISSING.
T  INDICATES TRACE AMOUNT.




$$
