000
CDUS43 KDVN 012124
CLIMLI


CLIMATE REPORT
NATIONAL WEATHER SERVICE QUAD CITIES IA IL
422 PM CDT FRI AUG 1 2014


...................................

...THE MOLINE IL CLIMATE SUMMARY FOR AUGUST 1 2014...
VALID TODAY AS OF 0400 PM LOCAL TIME.

CLIMATE NORMAL PERIOD 1981 TO 2010
CLIMATE RECORD PERIOD 1872 TO 2014


WEATHER ITEM   OBSERVED TIME   RECORD YEAR NORMAL DEPARTURE LAST
                VALUE   (LST)  VALUE       VALUE  FROM      YEAR
                                                  NORMAL
..................................................................
TEMPERATURE (F)
 TODAY
  MAXIMUM         83    135 PM 103    1987  85     -2       82
  MINIMUM         63   1206 AM  55    1998  65     -2       57
                                      1992
                                      1973
  AVERAGE         73                        75     -2       70

PRECIPITATION (IN)
  TODAY            0.21          3.48 1921   0.14   0.07     0.00
  MONTH TO DATE    0.21                      0.14   0.07     0.00
  SINCE JUN 1     12.90                      8.92   3.98     8.70
  SINCE JAN 1     24.46                     22.78   1.68    31.85

SNOWFALL (IN)
  TODAY            0.0          MM      MM   0.0    0.0      0.0
  MONTH TO DATE    0.0                       0.0    0.0      0.0
  SINCE JUN 1      0.0                       0.0    0.0      0.0
  SINCE JUL 1      0.0                       0.0    0.0      0.0
  SNOW DEPTH       0

DEGREE DAYS
 HEATING
  TODAY            0                         0      0        0
  MONTH TO DATE    0                         0      0        0
  SINCE JUN 1      8                        21    -13       34
  SINCE JUL 1      4                         2      2        7

 COOLING
  TODAY            8                        10     -2        5
  MONTH TO DATE    8                        10     -2        5
  SINCE JUN 1    407                       548   -141      466
  SINCE JAN 1    512                       624   -112      556
..................................................................


WIND (MPH)
  HIGHEST WIND SPEED    26   HIGHEST WIND DIRECTION     W (250)
  HIGHEST GUST SPEED    32   HIGHEST GUST DIRECTION     W (250)
  AVERAGE WIND SPEED     4.0


SKY COVER
  POSSIBLE SUNSHINE  MM
  AVERAGE SKY COVER 0.4


WEATHER CONDITIONS
 THE FOLLOWING WEATHER WAS RECORDED TODAY.
  HEAVY RAIN
  RAIN
  LIGHT RAIN


RELATIVE HUMIDITY (PERCENT)
 HIGHEST    93           400 AM
 LOWEST     47           200 PM
 AVERAGE    70

..........................................................


THE MOLINE IL CLIMATE NORMALS FOR TOMORROW
                         NORMAL    RECORD    YEAR
 MAXIMUM TEMPERATURE (F)   85       101      1987
 MINIMUM TEMPERATURE (F)   65        51      1985


SUNRISE AND SUNSET
AUGUST  1 2014........SUNRISE   557 AM CDT   SUNSET   819 PM CDT
AUGUST  2 2014........SUNRISE   558 AM CDT   SUNSET   818 PM CDT


-  INDICATES NEGATIVE NUMBERS.
R  INDICATES RECORD WAS SET OR TIED.
MM INDICATES DATA IS MISSING.
T  INDICATES TRACE AMOUNT.




$$
