000
CDUS43 KDVN 231004
CLIMLI


CLIMATE REPORT
NATIONAL WEATHER SERVICE QUAD CITIES IA IL
403 AM CST SUN NOV 23 2014


...................................

...THE MOLINE IL CLIMATE SUMMARY FOR NOVEMBER 22 2014...

CLIMATE NORMAL PERIOD 1981 TO 2010
CLIMATE RECORD PERIOD 1872 TO 2014


WEATHER ITEM   OBSERVED TIME   RECORD YEAR NORMAL DEPARTURE LAST
                VALUE   (LST)  VALUE       VALUE  FROM      YEAR
                                                  NORMAL
..................................................................
TEMPERATURE (F)
 YESTERDAY
  MAXIMUM         56    340 PM  71    2010  45     11       40
  MINIMUM         34    121 AM   3    1937  28      6       19
  AVERAGE         45                        37      8       30

PRECIPITATION (IN)
  YESTERDAY        0.09          1.10 1963   0.09   0.00     0.02
  MONTH TO DATE    0.56                      1.90  -1.34     1.22
  SINCE SEP 1      8.99                      7.96   1.03     5.41
  SINCE JAN 1     37.56                     35.12   2.44    38.02

SNOWFALL (IN)
  YESTERDAY        0.0          MM      MM   0.1   -0.1       T
  MONTH TO DATE    2.1                       0.5    1.6      0.6
  SINCE SEP 1      2.1                       0.5    1.6      1.0
  SINCE JUL 1      2.1                       0.5    1.6      1.0
  SNOW DEPTH       0

DEGREE DAYS
 HEATING
  YESTERDAY       20                        28     -8       35
  MONTH TO DATE  698                       501    197      527
  SINCE SEP 1   1223                       975    248     1015
  SINCE JUL 1   1228                       983    245     1026

 COOLING
  YESTERDAY        0                         0      0        0
  MONTH TO DATE    0                         0      0        0
  SINCE SEP 1     73                       120    -47      184
  SINCE JAN 1    839                      1003   -164      998
..................................................................


WIND (MPH)
  HIGHEST WIND SPEED    20   HIGHEST WIND DIRECTION     S (200)
  HIGHEST GUST SPEED    25   HIGHEST GUST DIRECTION     S (200)
  AVERAGE WIND SPEED    10.1


SKY COVER
  POSSIBLE SUNSHINE  MM
  AVERAGE SKY COVER 0.9


WEATHER CONDITIONS
 THE FOLLOWING WEATHER WAS RECORDED YESTERDAY.
  RAIN
  LIGHT RAIN
  FOG


RELATIVE HUMIDITY (PERCENT)
 HIGHEST    92           500 AM
 LOWEST     77           100 PM
 AVERAGE    85

..........................................................


THE MOLINE IL CLIMATE NORMALS FOR TODAY
                         NORMAL    RECORD    YEAR
 MAXIMUM TEMPERATURE (F)   45        68      1931
 MINIMUM TEMPERATURE (F)   27         3      1950


SUNRISE AND SUNSET
NOVEMBER 23 2014......SUNRISE   700 AM CST   SUNSET   437 PM CST
NOVEMBER 24 2014......SUNRISE   701 AM CST   SUNSET   436 PM CST


-  INDICATES NEGATIVE NUMBERS.
R  INDICATES RECORD WAS SET OR TIED.
MM INDICATES DATA IS MISSING.
T  INDICATES TRACE AMOUNT.




$$
