000
CDUS43 KDVN 141245
CLIMLI


CLIMATE REPORT
NATIONAL WEATHER SERVICE QUAD CITIES IA IL
645 AM CST SUN FEB 14 2016


...................................

...THE MOLINE IL CLIMATE SUMMARY FOR FEBRUARY 13 2016...

CLIMATE NORMAL PERIOD 1981 TO 2010
CLIMATE RECORD PERIOD 1872 TO 2016


WEATHER ITEM   OBSERVED TIME   RECORD YEAR NORMAL DEPARTURE LAST
                VALUE   (LST)  VALUE       VALUE  FROM      YEAR
                                                  NORMAL
..................................................................
TEMPERATURE (F)
 YESTERDAY
  MAXIMUM         20    316 PM  64    1938  35    -15       31
  MINIMUM          4    722 AM -25    1905  18    -14        5
  AVERAGE         12                        26    -14       18

PRECIPITATION (IN)
  YESTERDAY        0.00          0.99 1906   0.05  -0.05     0.00
  MONTH TO DATE    0.65                      0.62   0.03     1.09
  SINCE DEC 1      5.29                      4.29   1.00     3.36
  SINCE JAN 1      1.09                      2.11  -1.02     2.64

SNOWFALL (IN)
  YESTERDAY        0.0          MM      MM   0.3   -0.3      0.0
  MONTH TO DATE    1.7                       3.6   -1.9     14.6
  SINCE DEC 1      6.7                      22.3  -15.6     29.7
  SINCE JUL 1     16.6                      23.5   -6.9     34.3
  SNOW DEPTH       0

DEGREE DAYS
 HEATING
  YESTERDAY       53                        39     14       47
  MONTH TO DATE  518                       526     -8      603
  SINCE DEC 1   2586                      3029   -443     2949
  SINCE JUL 1   3549                      4260   -711     4454

 COOLING
  YESTERDAY        0                         0      0        0
  MONTH TO DATE    0                         0      0        0
  SINCE DEC 1      0                         0      0        0
  SINCE JAN 1      0                         0      0        0
..................................................................


WIND (MPH)
  HIGHEST WIND SPEED    14   HIGHEST WIND DIRECTION    NW (330)
  HIGHEST GUST SPEED    17   HIGHEST GUST DIRECTION    NW (320)
  AVERAGE WIND SPEED     6.9


SKY COVER
  POSSIBLE SUNSHINE  MM
  AVERAGE SKY COVER 0.1


WEATHER CONDITIONS
 THE FOLLOWING WEATHER WAS RECORDED YESTERDAY.
  NO SIGNIFICANT WEATHER WAS OBSERVED.


RELATIVE HUMIDITY (PERCENT)
 HIGHEST    68           600 AM
 LOWEST     33          1200 PM
 AVERAGE    51

..........................................................


THE MOLINE IL CLIMATE NORMALS FOR TODAY
                         NORMAL    RECORD    YEAR
 MAXIMUM TEMPERATURE (F)   35        65      1954
 MINIMUM TEMPERATURE (F)   18        -8      1905


SUNRISE AND SUNSET
FEBRUARY 14 2016......SUNRISE   659 AM CST   SUNSET   534 PM CST
FEBRUARY 15 2016......SUNRISE   658 AM CST   SUNSET   535 PM CST


-  INDICATES NEGATIVE NUMBERS.
R  INDICATES RECORD WAS SET OR TIED.
MM INDICATES DATA IS MISSING.
T  INDICATES TRACE AMOUNT.




$$
