000
CDUS43 KDVN 302122
CLIMLI


CLIMATE REPORT
NATIONAL WEATHER SERVICE QUAD CITIES IA IL
421 PM CDT SUN APR 30 2017


...................................

...THE MOLINE IL CLIMATE SUMMARY FOR APRIL 30 2017...
VALID TODAY AS OF 0400 PM LOCAL TIME.

CLIMATE NORMAL PERIOD 1981 TO 2010
CLIMATE RECORD PERIOD 1872 TO 2017


WEATHER ITEM   OBSERVED TIME   RECORD YEAR NORMAL DEPARTURE LAST
                VALUE   (LST)  VALUE       VALUE  FROM      YEAR
                                                  NORMAL
..................................................................
TEMPERATURE (F)
 TODAY
  MAXIMUM         49    250 PM  89    2007  68    -19       51
                                      1942
                                      1926
  MINIMUM         44    853 AM  31    1971  46     -2       46
                                      1956
                                      1908
  AVERAGE         47                        57    -10       49

PRECIPITATION (IN)
  TODAY            0.05          1.52 2003   0.14  -0.09     0.66
  MONTH TO DATE    5.40                      3.59   1.81     2.44
  SINCE MAR 1      8.89                      6.45   2.44     5.35
  SINCE JAN 1     11.30                      9.54   1.76     6.68

SNOWFALL (IN)
  TODAY            0.0          MM      MM   0.0    0.0      0.0
  MONTH TO DATE    0.0                       0.9   -0.9       T
  SINCE MAR 1      5.9                       4.9    1.0      2.9
  SINCE JUL 1     22.4                      31.6   -9.2     24.1
  SNOW DEPTH       0

DEGREE DAYS
 HEATING
  TODAY           18                         9      9       16
  MONTH TO DATE  318                       421   -103      417
  SINCE MAR 1   1064                      1225   -161     1016
  SINCE JUL 1   4867                      6023  -1156     5005

 COOLING
  TODAY            0                         1     -1        0
  MONTH TO DATE   14                        13      1        8
  SINCE MAR 1     14                        14      0       11
  SINCE JAN 1     14                        14      0       11
..................................................................


WIND (MPH)
  HIGHEST WIND SPEED    25   HIGHEST WIND DIRECTION     E (70)
  HIGHEST GUST SPEED    33   HIGHEST GUST DIRECTION     E (70)
  AVERAGE WIND SPEED    15.8


SKY COVER
  POSSIBLE SUNSHINE  MM
  AVERAGE SKY COVER 1.0


WEATHER CONDITIONS
 THE FOLLOWING WEATHER WAS RECORDED TODAY.
  LIGHT RAIN
  FOG


RELATIVE HUMIDITY (PERCENT)
 HIGHEST    92          1000 AM
 LOWEST     83           800 AM
 AVERAGE    88

..........................................................


THE MOLINE IL CLIMATE NORMALS FOR TOMORROW
                         NORMAL    RECORD    YEAR
 MAXIMUM TEMPERATURE (F)   68        90      1952
 MINIMUM TEMPERATURE (F)   46        30      1909


SUNRISE AND SUNSET
APRIL 30 2017.........SUNRISE   600 AM CDT   SUNSET   759 PM CDT
MAY  1 2017...........SUNRISE   559 AM CDT   SUNSET   800 PM CDT


-  INDICATES NEGATIVE NUMBERS.
R  INDICATES RECORD WAS SET OR TIED.
MM INDICATES DATA IS MISSING.
T  INDICATES TRACE AMOUNT.




$$
