000
CDUS43 KDVN 111017
CLIMLI


CLIMATE REPORT
NATIONAL WEATHER SERVICE QUAD CITIES IA IL
415 AM CST MON DEC 11 2017


...................................

...THE MOLINE IL CLIMATE SUMMARY FOR DECEMBER 10 2017...

CLIMATE NORMAL PERIOD 1981 TO 2010
CLIMATE RECORD PERIOD 1872 TO 2017


WEATHER ITEM   OBSERVED TIME   RECORD YEAR NORMAL DEPARTURE LAST
                VALUE   (LST)  VALUE       VALUE  FROM      YEAR
                                                  NORMAL
..................................................................
TEMPERATURE (F)
 YESTERDAY
  MAXIMUM         41    116 PM  60    1979  36      5       27
  MINIMUM         20   1127 PM -16    1972  20      0       20
  AVERAGE         31                        28      3       24

PRECIPITATION (IN)
  YESTERDAY        0.00          1.50 1970   0.08  -0.08     0.11
  MONTH TO DATE    0.03                      0.82  -0.79     0.72
  SINCE DEC 1      0.03                      0.82  -0.79     0.72
  SINCE JAN 1     35.62                     36.60  -0.98    35.56

SNOWFALL (IN)
  YESTERDAY        0.0          MM      MM   0.3   -0.3      1.7
  MONTH TO DATE    T                         2.5   -2.5      9.5
  SINCE DEC 1      T                         2.5   -2.5      9.5
  SINCE JUL 1      T                         3.7   -3.7      9.5
  SNOW DEPTH       0

DEGREE DAYS
 HEATING
  YESTERDAY       34                        37     -3       41
  MONTH TO DATE  303                       352    -49      345
  SINCE DEC 1    303                       352    -49      345
  SINCE JUL 1   1376                      1583   -207     1126

 COOLING
  YESTERDAY        0                         0      0        0
  MONTH TO DATE    0                         0      0        0
  SINCE DEC 1      0                         0      0        0
  SINCE JAN 1    993                      1004    -11     1314
..................................................................


WIND (MPH)
  HIGHEST WIND SPEED    20   HIGHEST WIND DIRECTION    NW (320)
  HIGHEST GUST SPEED    26   HIGHEST GUST DIRECTION    NW (300)
  AVERAGE WIND SPEED     8.5


SKY COVER
  POSSIBLE SUNSHINE  MM
  AVERAGE SKY COVER 0.2


WEATHER CONDITIONS
 THE FOLLOWING WEATHER WAS RECORDED YESTERDAY.
  NO SIGNIFICANT WEATHER WAS OBSERVED.


RELATIVE HUMIDITY (PERCENT)
 HIGHEST    84          1100 PM
 LOWEST     54           100 PM
 AVERAGE    69

..........................................................


THE MOLINE IL CLIMATE NORMALS FOR TODAY
                         NORMAL    RECORD    YEAR
 MAXIMUM TEMPERATURE (F)   36        67      1949
 MINIMUM TEMPERATURE (F)   20       -18      1972


SUNRISE AND SUNSET
DECEMBER 11 2017......SUNRISE   718 AM CST   SUNSET   432 PM CST
DECEMBER 12 2017......SUNRISE   719 AM CST   SUNSET   433 PM CST


-  INDICATES NEGATIVE NUMBERS.
R  INDICATES RECORD WAS SET OR TIED.
MM INDICATES DATA IS MISSING.
T  INDICATES TRACE AMOUNT.




$$
