000
CDUS43 KDVN 270916
CLIMLI


CLIMATE REPORT
NATIONAL WEATHER SERVICE QUAD CITIES IA IL
415 AM CDT MON MAR 27 2017


...................................

...THE MOLINE IL CLIMATE SUMMARY FOR MARCH 26 2017...

CLIMATE NORMAL PERIOD 1981 TO 2010
CLIMATE RECORD PERIOD 1872 TO 2017


WEATHER ITEM   OBSERVED TIME   RECORD YEAR NORMAL DEPARTURE LAST
                VALUE   (LST)  VALUE       VALUE  FROM      YEAR
                                                  NORMAL
..................................................................
TEMPERATURE (F)
 YESTERDAY
  MAXIMUM         56   1121 AM  84    1991  54      2       55
  MINIMUM         47   1229 AM   9    1955  33     14       33
  AVERAGE         52                        43      9       44

PRECIPITATION (IN)
  YESTERDAY        0.01          1.35 1916   0.10  -0.09     0.00
  MONTH TO DATE    1.77                      2.37  -0.60     2.38
  SINCE MAR 1      1.77                      2.37  -0.60     2.38
  SINCE JAN 1      4.18                      5.46  -1.28     3.71

SNOWFALL (IN)
  YESTERDAY        0.0          MM      MM   0.1   -0.1      0.0
  MONTH TO DATE    5.9                       3.6    2.3      2.9
  SINCE MAR 1      5.9                       3.6    2.3      2.9
  SINCE JUL 1     22.4                      30.3   -7.9     24.1
  SNOW DEPTH       0

DEGREE DAYS
 HEATING
  YESTERDAY       13                        22     -9       21
  MONTH TO DATE  643                       703    -60      524
  SINCE MAR 1    643                       703    -60      524
  SINCE JUL 1   4446                      5501  -1055     4513

 COOLING
  YESTERDAY        0                         0      0        0
  MONTH TO DATE    0                         0      0        3
  SINCE MAR 1      0                         0      0        3
  SINCE JAN 1      0                         0      0        3
..................................................................


WIND (MPH)
  HIGHEST WIND SPEED    15   HIGHEST WIND DIRECTION     W (270)
  HIGHEST GUST SPEED    18   HIGHEST GUST DIRECTION     W (270)
  AVERAGE WIND SPEED     7.8


SKY COVER
  POSSIBLE SUNSHINE  MM
  AVERAGE SKY COVER 1.0


WEATHER CONDITIONS
 THE FOLLOWING WEATHER WAS RECORDED YESTERDAY.
  LIGHT RAIN
  FOG
  FOG W/VISIBILITY <= 1/4 MILE


RELATIVE HUMIDITY (PERCENT)
 HIGHEST   100           500 AM
 LOWEST     83           700 PM
 AVERAGE    92

..........................................................


THE MOLINE IL CLIMATE NORMALS FOR TODAY
                         NORMAL    RECORD    YEAR
 MAXIMUM TEMPERATURE (F)   54        83      1945
 MINIMUM TEMPERATURE (F)   34        13      1964


SUNRISE AND SUNSET
MARCH 27 2017.........SUNRISE   653 AM CDT   SUNSET   722 PM CDT
MARCH 28 2017.........SUNRISE   651 AM CDT   SUNSET   723 PM CDT


-  INDICATES NEGATIVE NUMBERS.
R  INDICATES RECORD WAS SET OR TIED.
MM INDICATES DATA IS MISSING.
T  INDICATES TRACE AMOUNT.




$$
